[INFO] cloning repository https://github.com/eda3/rust_by_example
[INFO] running `Command { std: "git" "-c" "credential.helper=" "-c" "credential.helper=/workspace/cargo-home/bin/git-credential-null" "clone" "--bare" "https://github.com/eda3/rust_by_example" "/workspace/cache/git-repos/https%3A%2F%2Fgithub.com%2Feda3%2Frust_by_example", kill_on_drop: false }`
[INFO] [stderr] Cloning into bare repository '/workspace/cache/git-repos/https%3A%2F%2Fgithub.com%2Feda3%2Frust_by_example'...
[INFO] running `Command { std: "git" "rev-parse" "HEAD", kill_on_drop: false }`
[INFO] [stdout] 6a6ce944bf302d0525297dbb34073341a008778a
[INFO] testing eda3/rust_by_example against 1.69.0 for beta-1.70-1
[INFO] running `Command { std: "git" "clone" "/workspace/cache/git-repos/https%3A%2F%2Fgithub.com%2Feda3%2Frust_by_example" "/workspace/builds/worker-2-tc1/source", kill_on_drop: false }`
[INFO] [stderr] Cloning into '/workspace/builds/worker-2-tc1/source'...
[INFO] [stderr] done.
[INFO] validating manifest of git repo https://github.com/eda3/rust_by_example on toolchain 1.69.0
[INFO] running `Command { std: CARGO_HOME="/workspace/cargo-home" RUSTUP_HOME="/workspace/rustup-home" "/workspace/cargo-home/bin/cargo" "+1.69.0" "metadata" "--manifest-path" "Cargo.toml" "--no-deps", kill_on_drop: false }`
[INFO] started tweaking git repo https://github.com/eda3/rust_by_example
[INFO] finished tweaking git repo https://github.com/eda3/rust_by_example
[INFO] tweaked toml for git repo https://github.com/eda3/rust_by_example written to /workspace/builds/worker-2-tc1/source/Cargo.toml
[INFO] crate git repo https://github.com/eda3/rust_by_example already has a lockfile, it will not be regenerated
[INFO] running `Command { std: CARGO_HOME="/workspace/cargo-home" RUSTUP_HOME="/workspace/rustup-home" "/workspace/cargo-home/bin/cargo" "+1.69.0" "fetch" "--manifest-path" "Cargo.toml", kill_on_drop: false }`
[INFO] running `Command { std: "docker" "create" "-v" "/var/lib/crater-agent-workspace/builds/worker-2-tc1/target:/opt/rustwide/target:rw,Z" "-v" "/var/lib/crater-agent-workspace/builds/worker-2-tc1/source:/opt/rustwide/workdir:ro,Z" "-v" "/var/lib/crater-agent-workspace/cargo-home:/opt/rustwide/cargo-home:ro,Z" "-v" "/var/lib/crater-agent-workspace/rustup-home:/opt/rustwide/rustup-home:ro,Z" "-e" "SOURCE_DIR=/opt/rustwide/workdir" "-e" "CARGO_TARGET_DIR=/opt/rustwide/target" "-e" "CARGO_HOME=/opt/rustwide/cargo-home" "-e" "RUSTUP_HOME=/opt/rustwide/rustup-home" "-w" "/opt/rustwide/workdir" "-m" "1610612736" "--user" "0:0" "--network" "none" "ghcr.io/rust-lang/crates-build-env/linux@sha256:5ff2268d62e97bff2cde7d5815dd6ed5b47097566f13b8d0ca110b04b60e07ed" "/opt/rustwide/cargo-home/bin/cargo" "+1.69.0" "metadata" "--no-deps" "--format-version=1", kill_on_drop: false }`
[INFO] [stdout] e721f7a9c13f3d6b7e3f0b15b1b76bc5cf5f5256a431c5fc4964fec5368fd161
[INFO] running `Command { std: "docker" "start" "-a" "e721f7a9c13f3d6b7e3f0b15b1b76bc5cf5f5256a431c5fc4964fec5368fd161", kill_on_drop: false }`
[INFO] running `Command { std: "docker" "inspect" "e721f7a9c13f3d6b7e3f0b15b1b76bc5cf5f5256a431c5fc4964fec5368fd161", kill_on_drop: false }`
[INFO] running `Command { std: "docker" "rm" "-f" "e721f7a9c13f3d6b7e3f0b15b1b76bc5cf5f5256a431c5fc4964fec5368fd161", kill_on_drop: false }`
[INFO] [stdout] e721f7a9c13f3d6b7e3f0b15b1b76bc5cf5f5256a431c5fc4964fec5368fd161
[INFO] running `Command { std: "docker" "create" "-v" "/var/lib/crater-agent-workspace/builds/worker-2-tc1/target:/opt/rustwide/target:rw,Z" "-v" "/var/lib/crater-agent-workspace/builds/worker-2-tc1/source:/opt/rustwide/workdir:ro,Z" "-v" "/var/lib/crater-agent-workspace/cargo-home:/opt/rustwide/cargo-home:ro,Z" "-v" "/var/lib/crater-agent-workspace/rustup-home:/opt/rustwide/rustup-home:ro,Z" "-e" "SOURCE_DIR=/opt/rustwide/workdir" "-e" "CARGO_TARGET_DIR=/opt/rustwide/target" "-e" "CARGO_INCREMENTAL=0" "-e" "RUST_BACKTRACE=full" "-e" "RUSTFLAGS=--cap-lints=warn" "-e" "RUSTDOCFLAGS=--cap-lints=warn" "-e" "CARGO_HOME=/opt/rustwide/cargo-home" "-e" "RUSTUP_HOME=/opt/rustwide/rustup-home" "-w" "/opt/rustwide/workdir" "-m" "1610612736" "--user" "0:0" "--network" "none" "ghcr.io/rust-lang/crates-build-env/linux@sha256:5ff2268d62e97bff2cde7d5815dd6ed5b47097566f13b8d0ca110b04b60e07ed" "/opt/rustwide/cargo-home/bin/cargo" "+1.69.0" "build" "--frozen" "--message-format=json", kill_on_drop: false }`
[INFO] [stdout] b901ea696d14c5e898d0d6d2cebc908f84e21b570111a34e9aa9be5361a3bd21
[INFO] running `Command { std: "docker" "start" "-a" "b901ea696d14c5e898d0d6d2cebc908f84e21b570111a34e9aa9be5361a3bd21", kill_on_drop: false }`
[INFO] [stderr]    Compiling rust_by_example v0.1.0 (/opt/rustwide/workdir)
[INFO] [stdout] warning: field `value` is never read
[INFO] [stdout]   --> src/bin/06-1-0_from_into.rs:24:3
[INFO] [stdout]    |
[INFO] [stdout] 23 | struct Number {
[INFO] [stdout]    |        ------ field in this struct
[INFO] [stdout] 24 |   value: i32,
[INFO] [stdout]    |   ^^^^^
[INFO] [stdout]    |
[INFO] [stdout]    = note: `Number` has a derived impl for the trait `Debug`, but this is intentionally ignored during dead code analysis
[INFO] [stdout]    = note: `#[warn(dead_code)]` on by default
[INFO] [stdout] 
[INFO] [stdout] 
[INFO] [stdout] warning: path statement with no effect
[INFO] [stdout]  --> src/bin/07-0_expression.rs:6:3
[INFO] [stdout]   |
[INFO] [stdout] 6 |   x;
[INFO] [stdout]   |   ^^
[INFO] [stdout]   |
[INFO] [stdout]   = note: `#[warn(path_statements)]` on by default
[INFO] [stdout] 
[INFO] [stdout] 
[INFO] [stdout] warning: struct `S` is never constructed
[INFO] [stdout]  --> src/bin/14-2-0_impl.rs:1:8
[INFO] [stdout]   |
[INFO] [stdout] 1 | struct S; // 具象型`S`
[INFO] [stdout]   |        ^
[INFO] [stdout]   |
[INFO] [stdout]   = note: `#[warn(dead_code)]` on by default
[INFO] [stdout] 
[INFO] [stdout] 
[INFO] [stdout] warning: unused arithmetic operation that must be used
[INFO] [stdout]  --> src/bin/07-0_expression.rs:7:3
[INFO] [stdout]   |
[INFO] [stdout] 7 |   x + 1;
[INFO] [stdout]   |   ^^^^^ the arithmetic operation produces a value
[INFO] [stdout]   |
[INFO] [stdout]   = note: `#[warn(unused_must_use)]` on by default
[INFO] [stdout] help: use `let _ = ...` to ignore the resulting value
[INFO] [stdout]   |
[INFO] [stdout] 7 |   let _ = x + 1;
[INFO] [stdout]   |   +++++++
[INFO] [stdout] 
[INFO] [stdout] 
[INFO] [stdout] warning: unused arithmetic operation that must be used
[INFO] [stdout]   --> src/bin/07-0_expression.rs:22:5
[INFO] [stdout]    |
[INFO] [stdout] 22 |     2 * x;
[INFO] [stdout]    |     ^^^^^ the arithmetic operation produces a value
[INFO] [stdout]    |
[INFO] [stdout] help: use `let _ = ...` to ignore the resulting value
[INFO] [stdout]    |
[INFO] [stdout] 22 |     let _ = 2 * x;
[INFO] [stdout]    |     +++++++
[INFO] [stdout] 
[INFO] [stdout] 
[INFO] [stdout] error[E0053]: method `contains` has an incompatible type for trait
[INFO] [stdout]   --> src/bin/14-8-2-types.rs:21:32
[INFO] [stdout]    |
[INFO] [stdout] 21 |   fn contains(&self, number_1: &i32, number_2: &i32) -> bool {
[INFO] [stdout]    |                                ^^^^
[INFO] [stdout]    |                                |
[INFO] [stdout]    |                                expected `i32`, found `&i32`
[INFO] [stdout]    |                                help: change the parameter type to match the trait: `i32`
[INFO] [stdout]    |
[INFO] [stdout] note: type in trait
[INFO] [stdout]   --> src/bin/14-8-2-types.rs:10:25
[INFO] [stdout]    |
[INFO] [stdout] 10 |   fn contains(&self, _: Self::A, _: &Self::B) -> bool;
[INFO] [stdout]    |                         ^^^^^^^
[INFO] [stdout]    = note: expected signature `fn(&Container, i32, &i32) -> _`
[INFO] [stdout]               found signature `fn(&Container, &i32, &i32) -> _`
[INFO] [stdout] 
[INFO] [stdout] 
[INFO] [stdout] warning: struct `GenericVal` is never constructed
[INFO] [stdout]  --> src/bin/14-2-0_impl.rs:3:8
[INFO] [stdout]   |
[INFO] [stdout] 3 | struct GenericVal<T>(T); // ジェネリック型`GenericVal`
[INFO] [stdout]   |        ^^^^^^^^^^
[INFO] [stdout] 
[INFO] [stdout] 
[INFO] [stdout] error[E0425]: cannot find value `integer` in this scope
[INFO] [stdout]   --> src/bin/02-0_primitives.rs:13:17
[INFO] [stdout]    |
[INFO] [stdout] 13 |   let default = integer = 7; // i32
[INFO] [stdout]    |                 ^^^^^^^
[INFO] [stdout]    |
[INFO] [stdout] help: you might have meant to introduce a new binding
[INFO] [stdout]    |
[INFO] [stdout] 13 |   let default = let integer = 7; // i32
[INFO] [stdout]    |                 +++
[INFO] [stdout] 
[INFO] [stdout] 
[INFO] [stdout] error[E0308]: mismatched types
[INFO] [stdout]   --> src/bin/14-8-2-types.rs:50:24
[INFO] [stdout]    |
[INFO] [stdout] 50 |     container.contains(&number_1, &number_2)
[INFO] [stdout]    |               -------- ^^^^^^^^^ expected `i32`, found `&i32`
[INFO] [stdout]    |               |
[INFO] [stdout]    |               arguments to this method are incorrect
[INFO] [stdout]    |
[INFO] [stdout] note: method defined here
[INFO] [stdout]   --> src/bin/14-8-2-types.rs:10:6
[INFO] [stdout]    |
[INFO] [stdout] 10 |   fn contains(&self, _: Self::A, _: &Self::B) -> bool;
[INFO] [stdout]    |      ^^^^^^^^
[INFO] [stdout] help: consider removing the borrow
[INFO] [stdout]    |
[INFO] [stdout] 50 -     container.contains(&number_1, &number_2)
[INFO] [stdout] 50 +     container.contains(number_1, &number_2)
[INFO] [stdout]    |
[INFO] [stdout] 
[INFO] [stdout] 
[INFO] [stdout] warning: fields `x` and `y` are never read
[INFO] [stdout]   --> src/bin/15-4-4_struct.rs:10:3
[INFO] [stdout]    |
[INFO] [stdout] 9  | struct NamedBorrowed<'a> {
[INFO] [stdout]    |        ------------- fields in this struct
[INFO] [stdout] 10 |   x: &'a i32,
[INFO] [stdout]    |   ^
[INFO] [stdout] 11 |   y: &'a i32,
[INFO] [stdout]    |   ^
[INFO] [stdout]    |
[INFO] [stdout]    = note: `NamedBorrowed` has a derived impl for the trait `Debug`, but this is intentionally ignored during dead code analysis
[INFO] [stdout]    = note: `#[warn(dead_code)]` on by default
[INFO] [stdout] 
[INFO] [stdout] 
[INFO] [stdout] error: aborting due to 2 previous errors
[INFO] [stdout] 
[INFO] [stdout] 
[INFO] [stdout] error: aborting due to previous error
[INFO] [stdout] 
[INFO] [stdout] 
[INFO] [stdout] Some errors have detailed explanations: E0053, E0308.
[INFO] [stdout] 
[INFO] [stdout] For more information about this error, try `rustc --explain E0425`.
[INFO] [stdout] 
[INFO] [stdout] For more information about an error, try `rustc --explain E0053`.
[INFO] [stdout] 
[INFO] [stdout] warning: field `x` is never read
[INFO] [stdout]  --> src/bin/15-4-5_trait.rs:3:3
[INFO] [stdout]   |
[INFO] [stdout] 2 | struct Borrowed<'a> {
[INFO] [stdout]   |        -------- field in this struct
[INFO] [stdout] 3 |   x: &'a i32,
[INFO] [stdout]   |   ^
[INFO] [stdout]   |
[INFO] [stdout]   = note: `Borrowed` has a derived impl for the trait `Debug`, but this is intentionally ignored during dead code analysis
[INFO] [stdout]   = note: `#[warn(dead_code)]` on by default
[INFO] [stdout] 
[INFO] [stdout] 
[INFO] [stderr] error: could not compile `rust_by_example` due to 2 previous errors
[INFO] [stderr] warning: build failed, waiting for other jobs to finish...
[INFO] [stderr] error: could not compile `rust_by_example` due to 3 previous errors
[INFO] [stdout] warning: unused variable: `short_lived_binding`
[INFO] [stdout]  --> src/bin/04-2-0_scope.rs:8:9
[INFO] [stdout]   |
[INFO] [stdout] 8 |     let short_lived_binding = 2;
[INFO] [stdout]   |         ^^^^^^^^^^^^^^^^^^^ help: if this is intentional, prefix it with an underscore: `_short_lived_binding`
[INFO] [stdout]   |
[INFO] [stdout]   = note: `#[warn(unused_variables)]` on by default
[INFO] [stdout] 
[INFO] [stdout] 
[INFO] [stdout] warning: 1 warning emitted
[INFO] [stdout] 
[INFO] [stdout] 
[INFO] [stdout] warning: 3 warnings emitted
[INFO] [stdout] 
[INFO] [stdout] 
[INFO] [stdout] warning: 1 warning emitted
[INFO] [stdout] 
[INFO] [stdout] 
[INFO] [stdout] warning: 1 warning emitted
[INFO] [stdout] 
[INFO] [stdout] 
[INFO] [stdout] warning: 2 warnings emitted
[INFO] [stdout] 
[INFO] [stdout] 
[INFO] [stdout] warning: 1 warning emitted
[INFO] [stdout] 
[INFO] [stdout] 
[INFO] running `Command { std: "docker" "inspect" "b901ea696d14c5e898d0d6d2cebc908f84e21b570111a34e9aa9be5361a3bd21", kill_on_drop: false }`
[INFO] running `Command { std: "docker" "rm" "-f" "b901ea696d14c5e898d0d6d2cebc908f84e21b570111a34e9aa9be5361a3bd21", kill_on_drop: false }`
[INFO] [stdout] b901ea696d14c5e898d0d6d2cebc908f84e21b570111a34e9aa9be5361a3bd21
