[INFO] cloning repository https://github.com/ecumene/bindgen-rust-bt-sdp
[INFO] running `Command { std: "git" "-c" "credential.helper=" "-c" "credential.helper=/workspace/cargo-home/bin/git-credential-null" "clone" "--bare" "https://github.com/ecumene/bindgen-rust-bt-sdp" "/workspace/cache/git-repos/https%3A%2F%2Fgithub.com%2Fecumene%2Fbindgen-rust-bt-sdp", kill_on_drop: false }`
[INFO] [stderr] Cloning into bare repository '/workspace/cache/git-repos/https%3A%2F%2Fgithub.com%2Fecumene%2Fbindgen-rust-bt-sdp'...
[INFO] running `Command { std: "git" "rev-parse" "HEAD", kill_on_drop: false }`
[INFO] [stdout] 49d5e77dd3a5ff82e7e3c81a191f0fd008a6ce18
[INFO] testing ecumene/bindgen-rust-bt-sdp against 1.69.0 for beta-1.70-1
[INFO] running `Command { std: "git" "clone" "/workspace/cache/git-repos/https%3A%2F%2Fgithub.com%2Fecumene%2Fbindgen-rust-bt-sdp" "/workspace/builds/worker-3-tc1/source", kill_on_drop: false }`
[INFO] [stderr] Cloning into '/workspace/builds/worker-3-tc1/source'...
[INFO] [stderr] done.
[INFO] validating manifest of git repo https://github.com/ecumene/bindgen-rust-bt-sdp on toolchain 1.69.0
[INFO] running `Command { std: CARGO_HOME="/workspace/cargo-home" RUSTUP_HOME="/workspace/rustup-home" "/workspace/cargo-home/bin/cargo" "+1.69.0" "metadata" "--manifest-path" "Cargo.toml" "--no-deps", kill_on_drop: false }`
[INFO] started tweaking git repo https://github.com/ecumene/bindgen-rust-bt-sdp
[INFO] finished tweaking git repo https://github.com/ecumene/bindgen-rust-bt-sdp
[INFO] tweaked toml for git repo https://github.com/ecumene/bindgen-rust-bt-sdp written to /workspace/builds/worker-3-tc1/source/Cargo.toml
[INFO] crate git repo https://github.com/ecumene/bindgen-rust-bt-sdp already has a lockfile, it will not be regenerated
[INFO] running `Command { std: CARGO_HOME="/workspace/cargo-home" RUSTUP_HOME="/workspace/rustup-home" "/workspace/cargo-home/bin/cargo" "+1.69.0" "fetch" "--manifest-path" "Cargo.toml", kill_on_drop: false }`
[INFO] running `Command { std: "docker" "create" "-v" "/var/lib/crater-agent-workspace/builds/worker-3-tc1/target:/opt/rustwide/target:rw,Z" "-v" "/var/lib/crater-agent-workspace/builds/worker-3-tc1/source:/opt/rustwide/workdir:ro,Z" "-v" "/var/lib/crater-agent-workspace/cargo-home:/opt/rustwide/cargo-home:ro,Z" "-v" "/var/lib/crater-agent-workspace/rustup-home:/opt/rustwide/rustup-home:ro,Z" "-e" "SOURCE_DIR=/opt/rustwide/workdir" "-e" "CARGO_TARGET_DIR=/opt/rustwide/target" "-e" "CARGO_HOME=/opt/rustwide/cargo-home" "-e" "RUSTUP_HOME=/opt/rustwide/rustup-home" "-w" "/opt/rustwide/workdir" "-m" "1610612736" "--user" "0:0" "--network" "none" "ghcr.io/rust-lang/crates-build-env/linux@sha256:5ff2268d62e97bff2cde7d5815dd6ed5b47097566f13b8d0ca110b04b60e07ed" "/opt/rustwide/cargo-home/bin/cargo" "+1.69.0" "metadata" "--no-deps" "--format-version=1", kill_on_drop: false }`
[INFO] [stdout] 500f7053e6ff951ff37aab727f19081e81d458bdfd4edab46b975cb49eaaa644
[INFO] running `Command { std: "docker" "start" "-a" "500f7053e6ff951ff37aab727f19081e81d458bdfd4edab46b975cb49eaaa644", kill_on_drop: false }`
[INFO] running `Command { std: "docker" "inspect" "500f7053e6ff951ff37aab727f19081e81d458bdfd4edab46b975cb49eaaa644", kill_on_drop: false }`
[INFO] running `Command { std: "docker" "rm" "-f" "500f7053e6ff951ff37aab727f19081e81d458bdfd4edab46b975cb49eaaa644", kill_on_drop: false }`
[INFO] [stdout] 500f7053e6ff951ff37aab727f19081e81d458bdfd4edab46b975cb49eaaa644
[INFO] running `Command { std: "docker" "create" "-v" "/var/lib/crater-agent-workspace/builds/worker-3-tc1/target:/opt/rustwide/target:rw,Z" "-v" "/var/lib/crater-agent-workspace/builds/worker-3-tc1/source:/opt/rustwide/workdir:ro,Z" "-v" "/var/lib/crater-agent-workspace/cargo-home:/opt/rustwide/cargo-home:ro,Z" "-v" "/var/lib/crater-agent-workspace/rustup-home:/opt/rustwide/rustup-home:ro,Z" "-e" "SOURCE_DIR=/opt/rustwide/workdir" "-e" "CARGO_TARGET_DIR=/opt/rustwide/target" "-e" "CARGO_INCREMENTAL=0" "-e" "RUST_BACKTRACE=full" "-e" "RUSTFLAGS=--cap-lints=warn" "-e" "RUSTDOCFLAGS=--cap-lints=warn" "-e" "CARGO_HOME=/opt/rustwide/cargo-home" "-e" "RUSTUP_HOME=/opt/rustwide/rustup-home" "-w" "/opt/rustwide/workdir" "-m" "1610612736" "--user" "0:0" "--network" "none" "ghcr.io/rust-lang/crates-build-env/linux@sha256:5ff2268d62e97bff2cde7d5815dd6ed5b47097566f13b8d0ca110b04b60e07ed" "/opt/rustwide/cargo-home/bin/cargo" "+1.69.0" "build" "--frozen" "--message-format=json", kill_on_drop: false }`
[INFO] [stdout] 667b81aad671d19ea2de723e0af0b6157e06869cab45e3fff70e1f4c073ddfca
[INFO] running `Command { std: "docker" "start" "-a" "667b81aad671d19ea2de723e0af0b6157e06869cab45e3fff70e1f4c073ddfca", kill_on_drop: false }`
[INFO] [stderr]    Compiling libc v0.2.81
[INFO] [stderr]    Compiling memchr v2.3.4
[INFO] [stderr]    Compiling version_check v0.9.2
[INFO] [stderr]    Compiling cc v1.0.66
[INFO] [stderr]    Compiling glob v0.3.0
[INFO] [stderr]    Compiling log v0.4.11
[INFO] [stderr]    Compiling proc-macro2 v1.0.24
[INFO] [stderr]    Compiling bitflags v1.2.1
[INFO] [stderr]    Compiling regex-syntax v0.6.21
[INFO] [stderr]    Compiling unicode-width v0.1.8
[INFO] [stderr]    Compiling quick-error v1.2.3
[INFO] [stderr]    Compiling cfg-if v0.1.10
[INFO] [stderr]    Compiling vec_map v0.8.2
[INFO] [stderr]    Compiling bindgen v0.53.3
[INFO] [stderr]    Compiling thread_local v1.0.1
[INFO] [stderr]    Compiling ansi_term v0.11.0
[INFO] [stderr]    Compiling humantime v1.3.0
[INFO] [stderr]    Compiling textwrap v0.11.0
[INFO] [stderr]    Compiling strsim v0.8.0
[INFO] [stderr]    Compiling termcolor v1.1.2
[INFO] [stderr]    Compiling peeking_take_while v0.1.2
[INFO] [stderr]    Compiling rustc-hash v1.1.0
[INFO] [stderr]    Compiling lazycell v1.3.0
[INFO] [stderr]    Compiling nom v5.1.2
[INFO] [stderr]    Compiling shlex v0.1.1
[INFO] [stderr]    Compiling clang-sys v0.29.3
[INFO] [stderr]    Compiling aho-corasick v0.7.15
[INFO] [stderr]    Compiling libloading v0.5.2
[INFO] [stderr]    Compiling quote v1.0.8
[INFO] [stderr]    Compiling atty v0.2.14
[INFO] [stderr]    Compiling which v3.1.1
[INFO] [stderr]    Compiling clap v2.33.3
[INFO] [stderr]    Compiling regex v1.4.2
[INFO] [stderr]    Compiling cexpr v0.4.0
[INFO] [stderr]    Compiling env_logger v0.7.1
[INFO] [stderr]    Compiling bindgen-test v0.1.0 (/opt/rustwide/workdir)
[INFO] [stdout] error[E0507]: cannot move out of `self.caps` which is behind a shared reference
[INFO] [stdout]  --> /opt/rustwide/target/debug/build/bindgen-test-830d5c15cc7c2323/out/bindings.rs:3:180920
[INFO] [stdout]   |
[INFO] [stdout] 3 | ...e (Debug)] pub struct bt_codec { pub id : u8 , pub cid : u16 , pub vid : u16 , pub data_path_id : u8 , pub num_caps : u8 , pub caps : __IncompleteArrayField < bt_codec_codec_caps > , ...
[INFO] [stdout]   |       ----- in this derive macro expansion                                                                                    ^^^^^^^^^^^^^^^^^^^^^^^^^^^^^^^^^^^^^^^^^^^^^^^^^^^^^^^^^ move occurs because `self.caps` has type `__IncompleteArrayField<bt_codec_codec_caps>`, which does not implement the `Copy` trait
[INFO] [stdout]   |
[INFO] [stdout]   = note: this error originates in the derive macro `Debug` (in Nightly builds, run with -Z macro-backtrace for more info)
[INFO] [stdout] 
[INFO] [stdout] 
[INFO] [stdout] error[E0507]: cannot move out of `self.codecs` which is behind a shared reference
[INFO] [stdout]  --> /opt/rustwide/target/debug/build/bindgen-test-830d5c15cc7c2323/out/bindings.rs:3:183488
[INFO] [stdout]   |
[INFO] [stdout] 3 | ...] # [derive (Debug)] pub struct bt_codecs { pub num_codecs : u8 , pub codecs : __IncompleteArrayField < bt_codec > , } # [test] fn bin...
[INFO] [stdout]   |                 ----- in this derive macro expansion                 ^^^^^^^^^^^^^^^^^^^^^^^^^^^^^^^^^^^^^^^^^^^^^^^^ move occurs because `self.codecs` has type `__IncompleteArrayField<bt_codec>`, which does not implement the `Copy` trait
[INFO] [stdout]   |
[INFO] [stdout]   = note: this error originates in the derive macro `Debug` (in Nightly builds, run with -Z macro-backtrace for more info)
[INFO] [stdout] 
[INFO] [stdout] 
[INFO] [stdout] error[E0507]: cannot move out of `self.condition` which is behind a shared reference
[INFO] [stdout]  --> /opt/rustwide/target/debug/build/bindgen-test-830d5c15cc7c2323/out/bindings.rs:3:260057
[INFO] [stdout]   |
[INFO] [stdout] 3 | ...e (Debug)] pub struct set_event_flt_cp { pub flt_type : u8 , pub cond_type : u8 , pub condition : __IncompleteArrayField < u8 > , } # ...
[INFO] [stdout]   |       ----- in this derive macro expansion                                           ^^^^^^^^^^^^^^^^^^^^^^^^^^^^^^^^^^^^^^^^^^^^^ move occurs because `self.condition` has type `__IncompleteArrayField<u8>`, which does not implement the `Copy` trait
[INFO] [stdout]   |
[INFO] [stdout]   = note: this error originates in the derive macro `Debug` (in Nightly builds, run with -Z macro-backtrace for more info)
[INFO] [stdout] 
[INFO] [stdout] 
[INFO] [stdout] error[E0507]: cannot move out of `self.data` which is behind a shared reference
[INFO] [stdout]  --> /opt/rustwide/target/debug/build/bindgen-test-830d5c15cc7c2323/out/bindings.rs:3:459040
[INFO] [stdout]   |
[INFO] [stdout] 3 | ...] # [derive (Debug)] pub struct evt_le_meta_event { pub subevent : u8 , pub data : __IncompleteArrayField < u8 > , } # [test] fn bindg...
[INFO] [stdout]   |                 ----- in this derive macro expansion                       ^^^^^^^^^^^^^^^^^^^^^^^^^^^^^^^^^^^^^^^^ move occurs because `self.data` has type `__IncompleteArrayField<u8>`, which does not implement the `Copy` trait
[INFO] [stdout]   |
[INFO] [stdout]   = note: this error originates in the derive macro `Debug` (in Nightly builds, run with -Z macro-backtrace for more info)
[INFO] [stdout] 
[INFO] [stdout] 
[INFO] [stdout] error[E0507]: cannot move out of `self.data` which is behind a shared reference
[INFO] [stdout]  --> /opt/rustwide/target/debug/build/bindgen-test-830d5c15cc7c2323/out/bindings.rs:3:462972
[INFO] [stdout]   |
[INFO] [stdout] 3 | ...e (Debug)] pub struct le_advertising_info { pub evt_type : u8 , pub bdaddr_type : u8 , pub bdaddr : bdaddr_t , pub length : u8 , pub data : __IncompleteArrayField < u8 > , ...
[INFO] [stdout]   |       ----- in this derive macro expansion                                                                                          ^^^^^^^^^^^^^^^^^^^^^^^^^^^^^^^^^^^^^^^^ move occurs because `self.data` has type `__IncompleteArrayField<u8>`, which does not implement the `Copy` trait
[INFO] [stdout]   |
[INFO] [stdout]   = note: this error originates in the derive macro `Debug` (in Nightly builds, run with -Z macro-backtrace for more info)
[INFO] [stdout] 
[INFO] [stdout] 
[INFO] [stdout] error[E0507]: cannot move out of `self.handles` which is behind a shared reference
[INFO] [stdout]  --> /opt/rustwide/target/debug/build/bindgen-test-830d5c15cc7c2323/out/bindings.rs:3:477116
[INFO] [stdout]   |
[INFO] [stdout] 3 | ...e (Debug)] pub struct evt_num_completed_blocks { pub total_num_blocks : u16 , pub num_handles : u8 , pub handles : __IncompleteArrayField < cmplt_handle > , ...
[INFO] [stdout]   |       ----- in this derive macro expansion                                                              ^^^^^^^^^^^^^^^^^^^^^^^^^^^^^^^^^^^^^^^^^^^^^^^^^^^^^ move occurs because `self.handles` has type `__IncompleteArrayField<cmplt_handle>`, which does not implement the `Copy` trait
[INFO] [stdout]   |
[INFO] [stdout]   = note: this error originates in the derive macro `Debug` (in Nightly builds, run with -Z macro-backtrace for more info)
[INFO] [stdout] 
[INFO] [stdout] 
[INFO] [stdout] error[E0507]: cannot move out of `self.data` which is behind a shared reference
[INFO] [stdout]  --> /opt/rustwide/target/debug/build/bindgen-test-830d5c15cc7c2323/out/bindings.rs:3:479333
[INFO] [stdout]   |
[INFO] [stdout] 3 | ...d)] # [derive (Debug)] pub struct evt_stack_internal { pub type_ : u16 , pub data : __IncompleteArrayField < u8 > , } # [test] fn bind...
[INFO] [stdout]   |                   ----- in this derive macro expansion                      ^^^^^^^^^^^^^^^^^^^^^^^^^^^^^^^^^^^^^^^^ move occurs because `self.data` has type `__IncompleteArrayField<u8>`, which does not implement the `Copy` trait
[INFO] [stdout]   |
[INFO] [stdout]   = note: this error originates in the derive macro `Debug` (in Nightly builds, run with -Z macro-backtrace for more info)
[INFO] [stdout] 
[INFO] [stdout] 
[INFO] [stdout] error: aborting due to 7 previous errors
[INFO] [stdout] 
[INFO] [stdout] 
[INFO] [stdout] For more information about this error, try `rustc --explain E0507`.
[INFO] [stdout] 
[INFO] [stderr] error: could not compile `bindgen-test` due to 8 previous errors
[INFO] running `Command { std: "docker" "inspect" "667b81aad671d19ea2de723e0af0b6157e06869cab45e3fff70e1f4c073ddfca", kill_on_drop: false }`
[INFO] running `Command { std: "docker" "rm" "-f" "667b81aad671d19ea2de723e0af0b6157e06869cab45e3fff70e1f4c073ddfca", kill_on_drop: false }`
[INFO] [stdout] 667b81aad671d19ea2de723e0af0b6157e06869cab45e3fff70e1f4c073ddfca
