[INFO] cloning repository https://github.com/ear7h/bool
[INFO] running `Command { std: "git" "-c" "credential.helper=" "-c" "credential.helper=/workspace/cargo-home/bin/git-credential-null" "clone" "--bare" "https://github.com/ear7h/bool" "/workspace/cache/git-repos/https%3A%2F%2Fgithub.com%2Fear7h%2Fbool", kill_on_drop: false }`
[INFO] [stderr] Cloning into bare repository '/workspace/cache/git-repos/https%3A%2F%2Fgithub.com%2Fear7h%2Fbool'...
[INFO] running `Command { std: "git" "rev-parse" "HEAD", kill_on_drop: false }`
[INFO] [stdout] 10839f1bd6a3ec331bf8b10071a0d6935e6a968e
[INFO] testing ear7h/bool against 1.69.0 for beta-1.70-1
[INFO] running `Command { std: "git" "clone" "/workspace/cache/git-repos/https%3A%2F%2Fgithub.com%2Fear7h%2Fbool" "/workspace/builds/worker-3-tc1/source", kill_on_drop: false }`
[INFO] [stderr] Cloning into '/workspace/builds/worker-3-tc1/source'...
[INFO] [stderr] done.
[INFO] validating manifest of git repo https://github.com/ear7h/bool on toolchain 1.69.0
[INFO] running `Command { std: CARGO_HOME="/workspace/cargo-home" RUSTUP_HOME="/workspace/rustup-home" "/workspace/cargo-home/bin/cargo" "+1.69.0" "metadata" "--manifest-path" "Cargo.toml" "--no-deps", kill_on_drop: false }`
[INFO] started tweaking git repo https://github.com/ear7h/bool
[INFO] finished tweaking git repo https://github.com/ear7h/bool
[INFO] tweaked toml for git repo https://github.com/ear7h/bool written to /workspace/builds/worker-3-tc1/source/Cargo.toml
[INFO] crate git repo https://github.com/ear7h/bool already has a lockfile, it will not be regenerated
[INFO] running `Command { std: CARGO_HOME="/workspace/cargo-home" RUSTUP_HOME="/workspace/rustup-home" "/workspace/cargo-home/bin/cargo" "+1.69.0" "fetch" "--manifest-path" "Cargo.toml", kill_on_drop: false }`
[INFO] running `Command { std: "docker" "create" "-v" "/var/lib/crater-agent-workspace/builds/worker-3-tc1/target:/opt/rustwide/target:rw,Z" "-v" "/var/lib/crater-agent-workspace/builds/worker-3-tc1/source:/opt/rustwide/workdir:ro,Z" "-v" "/var/lib/crater-agent-workspace/cargo-home:/opt/rustwide/cargo-home:ro,Z" "-v" "/var/lib/crater-agent-workspace/rustup-home:/opt/rustwide/rustup-home:ro,Z" "-e" "SOURCE_DIR=/opt/rustwide/workdir" "-e" "CARGO_TARGET_DIR=/opt/rustwide/target" "-e" "CARGO_HOME=/opt/rustwide/cargo-home" "-e" "RUSTUP_HOME=/opt/rustwide/rustup-home" "-w" "/opt/rustwide/workdir" "-m" "1610612736" "--user" "0:0" "--network" "none" "ghcr.io/rust-lang/crates-build-env/linux@sha256:5ff2268d62e97bff2cde7d5815dd6ed5b47097566f13b8d0ca110b04b60e07ed" "/opt/rustwide/cargo-home/bin/cargo" "+1.69.0" "metadata" "--no-deps" "--format-version=1", kill_on_drop: false }`
[INFO] [stdout] c899b61530260f2278ddcd852d8529151bbd70376df195779ae8c2155ee637ed
[INFO] running `Command { std: "docker" "start" "-a" "c899b61530260f2278ddcd852d8529151bbd70376df195779ae8c2155ee637ed", kill_on_drop: false }`
[INFO] running `Command { std: "docker" "inspect" "c899b61530260f2278ddcd852d8529151bbd70376df195779ae8c2155ee637ed", kill_on_drop: false }`
[INFO] running `Command { std: "docker" "rm" "-f" "c899b61530260f2278ddcd852d8529151bbd70376df195779ae8c2155ee637ed", kill_on_drop: false }`
[INFO] [stdout] c899b61530260f2278ddcd852d8529151bbd70376df195779ae8c2155ee637ed
[INFO] running `Command { std: "docker" "create" "-v" "/var/lib/crater-agent-workspace/builds/worker-3-tc1/target:/opt/rustwide/target:rw,Z" "-v" "/var/lib/crater-agent-workspace/builds/worker-3-tc1/source:/opt/rustwide/workdir:ro,Z" "-v" "/var/lib/crater-agent-workspace/cargo-home:/opt/rustwide/cargo-home:ro,Z" "-v" "/var/lib/crater-agent-workspace/rustup-home:/opt/rustwide/rustup-home:ro,Z" "-e" "SOURCE_DIR=/opt/rustwide/workdir" "-e" "CARGO_TARGET_DIR=/opt/rustwide/target" "-e" "CARGO_INCREMENTAL=0" "-e" "RUST_BACKTRACE=full" "-e" "RUSTFLAGS=--cap-lints=warn" "-e" "RUSTDOCFLAGS=--cap-lints=warn" "-e" "CARGO_HOME=/opt/rustwide/cargo-home" "-e" "RUSTUP_HOME=/opt/rustwide/rustup-home" "-w" "/opt/rustwide/workdir" "-m" "1610612736" "--user" "0:0" "--network" "none" "ghcr.io/rust-lang/crates-build-env/linux@sha256:5ff2268d62e97bff2cde7d5815dd6ed5b47097566f13b8d0ca110b04b60e07ed" "/opt/rustwide/cargo-home/bin/cargo" "+1.69.0" "build" "--frozen" "--message-format=json", kill_on_drop: false }`
[INFO] [stdout] 3099168a278b4b87f05f4c2309027ebf5559641647e41176ff40116d18731dcb
[INFO] running `Command { std: "docker" "start" "-a" "3099168a278b4b87f05f4c2309027ebf5559641647e41176ff40116d18731dcb", kill_on_drop: false }`
[INFO] [stderr]    Compiling bool v0.1.0 (/opt/rustwide/workdir)
[INFO] [stdout] error[E0554]: `#![feature]` may not be used on the stable release channel
[INFO] [stdout]  --> src/main.rs:1:1
[INFO] [stdout]   |
[INFO] [stdout] 1 | #![feature(box_patterns)]
[INFO] [stdout]   | ^^^^^^^^^^^^^^^^^^^^^^^^^
[INFO] [stdout] 
[INFO] [stdout] 
[INFO] [stdout] error[E0554]: `#![feature]` may not be used on the stable release channel
[INFO] [stdout]  --> src/main.rs:2:1
[INFO] [stdout]   |
[INFO] [stdout] 2 | #![feature(box_syntax)]
[INFO] [stdout]   | ^^^^^^^^^^^^^^^^^^^^^^^
[INFO] [stdout] 
[INFO] [stdout] 
[INFO] [stdout] error[E0554]: `#![feature]` may not be used on the stable release channel
[INFO] [stdout]  --> src/main.rs:3:1
[INFO] [stdout]   |
[INFO] [stdout] 3 | #![feature(bindings_after_at)]
[INFO] [stdout]   | ^^^^^^^^^^^^^^^^^^^^^^^^^^^^^^ help: remove the attribute
[INFO] [stdout]   |
[INFO] [stdout]   = help: the feature `bindings_after_at` has been stable since `1.56.0` and no longer requires an attribute to enable
[INFO] [stdout] 
[INFO] [stdout] 
[INFO] [stdout] error[E0554]: `#![feature]` may not be used on the stable release channel
[INFO] [stdout]  --> src/main.rs:4:1
[INFO] [stdout]   |
[INFO] [stdout] 4 | #![feature(or_patterns)]
[INFO] [stdout]   | ^^^^^^^^^^^^^^^^^^^^^^^^ help: remove the attribute
[INFO] [stdout]   |
[INFO] [stdout]   = help: the feature `or_patterns` has been stable since `1.53.0` and no longer requires an attribute to enable
[INFO] [stdout] 
[INFO] [stdout] 
[INFO] [stdout] warning: unnecessary parentheses around pattern
[INFO] [stdout]    --> src/main.rs:319:33
[INFO] [stdout]     |
[INFO] [stdout] 319 | ...                   (box Expr::Or(x, y) | box Expr::And(x, y)),
[INFO] [stdout]     |                       ^                                        ^
[INFO] [stdout]     |
[INFO] [stdout]     = note: `#[warn(unused_parens)]` on by default
[INFO] [stdout] help: remove these parentheses
[INFO] [stdout]     |
[INFO] [stdout] 319 -                                 (box Expr::Or(x, y) | box Expr::And(x, y)),
[INFO] [stdout] 319 +                                 box Expr::Or(x, y) | box Expr::And(x, y) ,
[INFO] [stdout]     |
[INFO] [stdout] 
[INFO] [stdout] 
[INFO] [stdout] warning: unnecessary parentheses around pattern
[INFO] [stdout]    --> src/main.rs:347:33
[INFO] [stdout]     |
[INFO] [stdout] 347 | ...                   (box Expr::Or(y, z) | box Expr::And(y, z)),
[INFO] [stdout]     |                       ^                                        ^
[INFO] [stdout]     |
[INFO] [stdout] help: remove these parentheses
[INFO] [stdout]     |
[INFO] [stdout] 347 -                                 (box Expr::Or(y, z) | box Expr::And(y, z)),
[INFO] [stdout] 347 +                                 box Expr::Or(y, z) | box Expr::And(y, z) ,
[INFO] [stdout]     |
[INFO] [stdout] 
[INFO] [stdout] 
[INFO] [stdout] warning: unused import: `super::*`
[INFO] [stdout]    --> src/main.rs:741:9
[INFO] [stdout]     |
[INFO] [stdout] 741 |     use super::*;
[INFO] [stdout]     |         ^^^^^^^^
[INFO] [stdout]     |
[INFO] [stdout] help: consider adding a `#[cfg(test)]` to the containing module
[INFO] [stdout]    --> src/main.rs:740:1
[INFO] [stdout]     |
[INFO] [stdout] 740 | mod tests {
[INFO] [stdout]     | ^^^^^^^^^
[INFO] [stdout]     = note: `#[warn(unused_imports)]` on by default
[INFO] [stdout] 
[INFO] [stdout] 
[INFO] [stdout] warning: unused import: `super::dsl::*`
[INFO] [stdout]    --> src/main.rs:742:9
[INFO] [stdout]     |
[INFO] [stdout] 742 |     use super::dsl::*;
[INFO] [stdout]     |         ^^^^^^^^^^^^^
[INFO] [stdout]     |
[INFO] [stdout] help: consider adding a `#[cfg(test)]` to the containing module
[INFO] [stdout]    --> src/main.rs:740:1
[INFO] [stdout]     |
[INFO] [stdout] 740 | mod tests {
[INFO] [stdout]     | ^^^^^^^^^
[INFO] [stdout] 
[INFO] [stdout] 
[INFO] [stdout] warning: the feature `bindings_after_at` has been stable since 1.56.0 and no longer requires an attribute to enable
[INFO] [stdout]  --> src/main.rs:3:12
[INFO] [stdout]   |
[INFO] [stdout] 3 | #![feature(bindings_after_at)]
[INFO] [stdout]   |            ^^^^^^^^^^^^^^^^^
[INFO] [stdout]   |
[INFO] [stdout]   = note: `#[warn(stable_features)]` on by default
[INFO] [stdout] 
[INFO] [stdout] 
[INFO] [stdout] warning: the feature `or_patterns` has been stable since 1.53.0 and no longer requires an attribute to enable
[INFO] [stdout]  --> src/main.rs:4:12
[INFO] [stdout]   |
[INFO] [stdout] 4 | #![feature(or_patterns)]
[INFO] [stdout]   |            ^^^^^^^^^^^
[INFO] [stdout] 
[INFO] [stdout] 
[INFO] [stdout] error: aborting due to 4 previous errors; 6 warnings emitted
[INFO] [stdout] 
[INFO] [stdout] 
[INFO] [stdout] For more information about this error, try `rustc --explain E0554`.
[INFO] [stdout] 
[INFO] [stderr] error: could not compile `bool` due to 5 previous errors; 6 warnings emitted
[INFO] running `Command { std: "docker" "inspect" "3099168a278b4b87f05f4c2309027ebf5559641647e41176ff40116d18731dcb", kill_on_drop: false }`
[INFO] running `Command { std: "docker" "rm" "-f" "3099168a278b4b87f05f4c2309027ebf5559641647e41176ff40116d18731dcb", kill_on_drop: false }`
[INFO] [stdout] 3099168a278b4b87f05f4c2309027ebf5559641647e41176ff40116d18731dcb
