[INFO] cloning repository https://github.com/dunnock/poll_oneoff_tests
[INFO] running `Command { std: "git" "-c" "credential.helper=" "-c" "credential.helper=/workspace/cargo-home/bin/git-credential-null" "clone" "--bare" "https://github.com/dunnock/poll_oneoff_tests" "/workspace/cache/git-repos/https%3A%2F%2Fgithub.com%2Fdunnock%2Fpoll_oneoff_tests", kill_on_drop: false }`
[INFO] [stderr] Cloning into bare repository '/workspace/cache/git-repos/https%3A%2F%2Fgithub.com%2Fdunnock%2Fpoll_oneoff_tests'...
[INFO] running `Command { std: "git" "rev-parse" "HEAD", kill_on_drop: false }`
[INFO] [stdout] 412f7b2fe903dade36b97c9863d3339939bd4bcb
[INFO] testing dunnock/poll_oneoff_tests against beta-2023-04-20 for beta-1.70-1
[INFO] running `Command { std: "git" "clone" "/workspace/cache/git-repos/https%3A%2F%2Fgithub.com%2Fdunnock%2Fpoll_oneoff_tests" "/workspace/builds/worker-6-tc2/source", kill_on_drop: false }`
[INFO] [stderr] Cloning into '/workspace/builds/worker-6-tc2/source'...
[INFO] [stderr] done.
[INFO] validating manifest of git repo https://github.com/dunnock/poll_oneoff_tests on toolchain beta-2023-04-20
[INFO] running `Command { std: CARGO_HOME="/workspace/cargo-home" RUSTUP_HOME="/workspace/rustup-home" "/workspace/cargo-home/bin/cargo" "+beta-2023-04-20" "metadata" "--manifest-path" "Cargo.toml" "--no-deps", kill_on_drop: false }`
[INFO] removed /workspace/builds/worker-6-tc2/source/.cargo/config
[INFO] started tweaking git repo https://github.com/dunnock/poll_oneoff_tests
[INFO] finished tweaking git repo https://github.com/dunnock/poll_oneoff_tests
[INFO] tweaked toml for git repo https://github.com/dunnock/poll_oneoff_tests written to /workspace/builds/worker-6-tc2/source/Cargo.toml
[INFO] crate git repo https://github.com/dunnock/poll_oneoff_tests already has a lockfile, it will not be regenerated
[INFO] running `Command { std: CARGO_HOME="/workspace/cargo-home" RUSTUP_HOME="/workspace/rustup-home" "/workspace/cargo-home/bin/cargo" "+beta-2023-04-20" "fetch" "--manifest-path" "Cargo.toml", kill_on_drop: false }`
[INFO] running `Command { std: "docker" "create" "-v" "/var/lib/crater-agent-workspace/builds/worker-6-tc2/target:/opt/rustwide/target:rw,Z" "-v" "/var/lib/crater-agent-workspace/builds/worker-6-tc2/source:/opt/rustwide/workdir:ro,Z" "-v" "/var/lib/crater-agent-workspace/cargo-home:/opt/rustwide/cargo-home:ro,Z" "-v" "/var/lib/crater-agent-workspace/rustup-home:/opt/rustwide/rustup-home:ro,Z" "-e" "SOURCE_DIR=/opt/rustwide/workdir" "-e" "CARGO_TARGET_DIR=/opt/rustwide/target" "-e" "CARGO_HOME=/opt/rustwide/cargo-home" "-e" "RUSTUP_HOME=/opt/rustwide/rustup-home" "-w" "/opt/rustwide/workdir" "-m" "1610612736" "--user" "0:0" "--network" "none" "ghcr.io/rust-lang/crates-build-env/linux@sha256:5ff2268d62e97bff2cde7d5815dd6ed5b47097566f13b8d0ca110b04b60e07ed" "/opt/rustwide/cargo-home/bin/cargo" "+beta-2023-04-20" "metadata" "--no-deps" "--format-version=1", kill_on_drop: false }`
[INFO] [stdout] 562f4dbe42cb748fcd6471e3cadaf587be1c9e216d3c2a1b8dbfcc3e4ee6d512
[INFO] running `Command { std: "docker" "start" "-a" "562f4dbe42cb748fcd6471e3cadaf587be1c9e216d3c2a1b8dbfcc3e4ee6d512", kill_on_drop: false }`
[INFO] running `Command { std: "docker" "inspect" "562f4dbe42cb748fcd6471e3cadaf587be1c9e216d3c2a1b8dbfcc3e4ee6d512", kill_on_drop: false }`
[INFO] running `Command { std: "docker" "rm" "-f" "562f4dbe42cb748fcd6471e3cadaf587be1c9e216d3c2a1b8dbfcc3e4ee6d512", kill_on_drop: false }`
[INFO] [stdout] 562f4dbe42cb748fcd6471e3cadaf587be1c9e216d3c2a1b8dbfcc3e4ee6d512
[INFO] running `Command { std: "docker" "create" "-v" "/var/lib/crater-agent-workspace/builds/worker-6-tc2/target:/opt/rustwide/target:rw,Z" "-v" "/var/lib/crater-agent-workspace/builds/worker-6-tc2/source:/opt/rustwide/workdir:ro,Z" "-v" "/var/lib/crater-agent-workspace/cargo-home:/opt/rustwide/cargo-home:ro,Z" "-v" "/var/lib/crater-agent-workspace/rustup-home:/opt/rustwide/rustup-home:ro,Z" "-e" "SOURCE_DIR=/opt/rustwide/workdir" "-e" "CARGO_TARGET_DIR=/opt/rustwide/target" "-e" "CARGO_INCREMENTAL=0" "-e" "RUST_BACKTRACE=full" "-e" "RUSTFLAGS=--cap-lints=warn" "-e" "RUSTDOCFLAGS=--cap-lints=warn" "-e" "CARGO_HOME=/opt/rustwide/cargo-home" "-e" "RUSTUP_HOME=/opt/rustwide/rustup-home" "-w" "/opt/rustwide/workdir" "-m" "1610612736" "--user" "0:0" "--network" "none" "ghcr.io/rust-lang/crates-build-env/linux@sha256:5ff2268d62e97bff2cde7d5815dd6ed5b47097566f13b8d0ca110b04b60e07ed" "/opt/rustwide/cargo-home/bin/cargo" "+beta-2023-04-20" "build" "--frozen" "--message-format=json", kill_on_drop: false }`
[INFO] [stdout] b3d0779f0189cfeac2911335f8c88e30978440144116269eb1a6cdc0da163871
[INFO] running `Command { std: "docker" "start" "-a" "b3d0779f0189cfeac2911335f8c88e30978440144116269eb1a6cdc0da163871", kill_on_drop: false }`
[INFO] [stderr]    Compiling wasi v0.7.0
[INFO] [stderr]    Compiling poll_oneoff_tests v0.1.0 (/opt/rustwide/workdir)
[INFO] [stdout] error[E0433]: failed to resolve: could not find `wasi` in `os`
[INFO] [stdout]  --> src/main.rs:3:14
[INFO] [stdout]   |
[INFO] [stdout] 3 | use std::os::wasi::io::AsRawFd;
[INFO] [stdout]   |              ^^^^ could not find `wasi` in `os`
[INFO] [stdout] 
[INFO] [stdout] 
[INFO] [stdout] error[E0554]: `#![feature]` may not be used on the beta release channel
[INFO] [stdout]  --> src/main.rs:1:12
[INFO] [stdout]   |
[INFO] [stdout] 1 | #![feature(wasi_ext)]
[INFO] [stdout]   |            ^^^^^^^^
[INFO] [stdout] 
[INFO] [stdout] 
[INFO] [stdout] error[E0635]: unknown feature `wasi_ext`
[INFO] [stdout]  --> src/main.rs:1:12
[INFO] [stdout]   |
[INFO] [stdout] 1 | #![feature(wasi_ext)]
[INFO] [stdout]   |            ^^^^^^^^
[INFO] [stdout] 
[INFO] [stdout] 
[INFO] [stdout] error[E0599]: no method named `as_raw_fd` found for struct `File` in the current scope
[INFO] [stdout]   --> src/main.rs:79:43
[INFO] [stdout]    |
[INFO] [stdout] 79 |     println!("File descriptor: {}", input.as_raw_fd());
[INFO] [stdout]    |                                           ^^^^^^^^^ method not found in `File`
[INFO] [stdout]   --> /rustc/1b7dd2252b99671ce5d1cb9664c5f8636329436d/library/std/src/os/fd/raw.rs:65:8
[INFO] [stdout]    |
[INFO] [stdout]    = note: the method is available for `File` here
[INFO] [stdout]    |
[INFO] [stdout]    = help: items from traits can only be used if the trait is in scope
[INFO] [stdout] help: the following trait is implemented but not in scope; perhaps add a `use` for it:
[INFO] [stdout]    |
[INFO] [stdout] 2  + use std::os::fd::AsRawFd;
[INFO] [stdout]    |
[INFO] [stdout] 
[INFO] [stdout] 
[INFO] [stdout] error[E0599]: no method named `as_raw_fd` found for struct `File` in the current scope
[INFO] [stdout]   --> src/main.rs:82:19
[INFO] [stdout]    |
[INFO] [stdout] 82 |         fd: input.as_raw_fd()
[INFO] [stdout]    |                   ^^^^^^^^^ method not found in `File`
[INFO] [stdout]    |
[INFO] [stdout]    = help: items from traits can only be used if the trait is in scope
[INFO] [stdout] help: the following trait is implemented but not in scope; perhaps add a `use` for it:
[INFO] [stdout]    |
[INFO] [stdout] 2  + use std::os::fd::AsRawFd;
[INFO] [stdout]    |
[INFO] [stdout] 
[INFO] [stdout] 
[INFO] [stdout] error: aborting due to 5 previous errors
[INFO] [stdout] 
[INFO] [stdout] 
[INFO] [stdout] Some errors have detailed explanations: E0433, E0554, E0599, E0635.
[INFO] [stdout] 
[INFO] [stdout] For more information about an error, try `rustc --explain E0433`.
[INFO] [stdout] 
[INFO] [stderr] error: could not compile `poll_oneoff_tests` (bin "poll_oneoff_tests") due to 6 previous errors
[INFO] running `Command { std: "docker" "inspect" "b3d0779f0189cfeac2911335f8c88e30978440144116269eb1a6cdc0da163871", kill_on_drop: false }`
[INFO] running `Command { std: "docker" "rm" "-f" "b3d0779f0189cfeac2911335f8c88e30978440144116269eb1a6cdc0da163871", kill_on_drop: false }`
[INFO] [stdout] b3d0779f0189cfeac2911335f8c88e30978440144116269eb1a6cdc0da163871
