[INFO] cloning repository https://github.com/duguorong009/simple-template-engine
[INFO] running `Command { std: "git" "-c" "credential.helper=" "-c" "credential.helper=/workspace/cargo-home/bin/git-credential-null" "clone" "--bare" "https://github.com/duguorong009/simple-template-engine" "/workspace/cache/git-repos/https%3A%2F%2Fgithub.com%2Fduguorong009%2Fsimple-template-engine", kill_on_drop: false }`
[INFO] [stderr] Cloning into bare repository '/workspace/cache/git-repos/https%3A%2F%2Fgithub.com%2Fduguorong009%2Fsimple-template-engine'...
[INFO] running `Command { std: "git" "rev-parse" "HEAD", kill_on_drop: false }`
[INFO] [stdout] 98cbbf2ff61f5a1ea4f544a392865cd0b84dfcd7
[INFO] testing duguorong009/simple-template-engine against 1.69.0 for beta-1.70-1
[INFO] running `Command { std: "git" "clone" "/workspace/cache/git-repos/https%3A%2F%2Fgithub.com%2Fduguorong009%2Fsimple-template-engine" "/workspace/builds/worker-7-tc1/source", kill_on_drop: false }`
[INFO] [stderr] Cloning into '/workspace/builds/worker-7-tc1/source'...
[INFO] [stderr] done.
[INFO] validating manifest of git repo https://github.com/duguorong009/simple-template-engine on toolchain 1.69.0
[INFO] running `Command { std: CARGO_HOME="/workspace/cargo-home" RUSTUP_HOME="/workspace/rustup-home" "/workspace/cargo-home/bin/cargo" "+1.69.0" "metadata" "--manifest-path" "Cargo.toml" "--no-deps", kill_on_drop: false }`
[INFO] started tweaking git repo https://github.com/duguorong009/simple-template-engine
[INFO] finished tweaking git repo https://github.com/duguorong009/simple-template-engine
[INFO] tweaked toml for git repo https://github.com/duguorong009/simple-template-engine written to /workspace/builds/worker-7-tc1/source/Cargo.toml
[INFO] crate git repo https://github.com/duguorong009/simple-template-engine already has a lockfile, it will not be regenerated
[INFO] running `Command { std: CARGO_HOME="/workspace/cargo-home" RUSTUP_HOME="/workspace/rustup-home" "/workspace/cargo-home/bin/cargo" "+1.69.0" "fetch" "--manifest-path" "Cargo.toml", kill_on_drop: false }`
[INFO] running `Command { std: "docker" "create" "-v" "/var/lib/crater-agent-workspace/builds/worker-7-tc1/target:/opt/rustwide/target:rw,Z" "-v" "/var/lib/crater-agent-workspace/builds/worker-7-tc1/source:/opt/rustwide/workdir:ro,Z" "-v" "/var/lib/crater-agent-workspace/cargo-home:/opt/rustwide/cargo-home:ro,Z" "-v" "/var/lib/crater-agent-workspace/rustup-home:/opt/rustwide/rustup-home:ro,Z" "-e" "SOURCE_DIR=/opt/rustwide/workdir" "-e" "CARGO_TARGET_DIR=/opt/rustwide/target" "-e" "CARGO_HOME=/opt/rustwide/cargo-home" "-e" "RUSTUP_HOME=/opt/rustwide/rustup-home" "-w" "/opt/rustwide/workdir" "-m" "1610612736" "--user" "0:0" "--network" "none" "ghcr.io/rust-lang/crates-build-env/linux@sha256:5ff2268d62e97bff2cde7d5815dd6ed5b47097566f13b8d0ca110b04b60e07ed" "/opt/rustwide/cargo-home/bin/cargo" "+1.69.0" "metadata" "--no-deps" "--format-version=1", kill_on_drop: false }`
[INFO] [stdout] 6117aefab205dbfebb747c48fa7f7d06d48e68bbbcefa51b01239a7b04f7ffde
[INFO] running `Command { std: "docker" "start" "-a" "6117aefab205dbfebb747c48fa7f7d06d48e68bbbcefa51b01239a7b04f7ffde", kill_on_drop: false }`
[INFO] running `Command { std: "docker" "inspect" "6117aefab205dbfebb747c48fa7f7d06d48e68bbbcefa51b01239a7b04f7ffde", kill_on_drop: false }`
[INFO] running `Command { std: "docker" "rm" "-f" "6117aefab205dbfebb747c48fa7f7d06d48e68bbbcefa51b01239a7b04f7ffde", kill_on_drop: false }`
[INFO] [stdout] 6117aefab205dbfebb747c48fa7f7d06d48e68bbbcefa51b01239a7b04f7ffde
[INFO] running `Command { std: "docker" "create" "-v" "/var/lib/crater-agent-workspace/builds/worker-7-tc1/target:/opt/rustwide/target:rw,Z" "-v" "/var/lib/crater-agent-workspace/builds/worker-7-tc1/source:/opt/rustwide/workdir:ro,Z" "-v" "/var/lib/crater-agent-workspace/cargo-home:/opt/rustwide/cargo-home:ro,Z" "-v" "/var/lib/crater-agent-workspace/rustup-home:/opt/rustwide/rustup-home:ro,Z" "-e" "SOURCE_DIR=/opt/rustwide/workdir" "-e" "CARGO_TARGET_DIR=/opt/rustwide/target" "-e" "CARGO_INCREMENTAL=0" "-e" "RUST_BACKTRACE=full" "-e" "RUSTFLAGS=--cap-lints=warn" "-e" "RUSTDOCFLAGS=--cap-lints=warn" "-e" "CARGO_HOME=/opt/rustwide/cargo-home" "-e" "RUSTUP_HOME=/opt/rustwide/rustup-home" "-w" "/opt/rustwide/workdir" "-m" "1610612736" "--user" "0:0" "--network" "none" "ghcr.io/rust-lang/crates-build-env/linux@sha256:5ff2268d62e97bff2cde7d5815dd6ed5b47097566f13b8d0ca110b04b60e07ed" "/opt/rustwide/cargo-home/bin/cargo" "+1.69.0" "build" "--frozen" "--message-format=json", kill_on_drop: false }`
[INFO] [stdout] 25642684e15e3a10d386ad8ef0a2c88bcd7357b42467f66966b9d3db8bcfff50
[INFO] running `Command { std: "docker" "start" "-a" "25642684e15e3a10d386ad8ef0a2c88bcd7357b42467f66966b9d3db8bcfff50", kill_on_drop: false }`
[INFO] [stderr]    Compiling template-engine v0.1.0 (/opt/rustwide/workdir)
[INFO] [stderr]     Finished dev [unoptimized + debuginfo] target(s) in 0.44s
[INFO] running `Command { std: "docker" "inspect" "25642684e15e3a10d386ad8ef0a2c88bcd7357b42467f66966b9d3db8bcfff50", kill_on_drop: false }`
[INFO] running `Command { std: "docker" "rm" "-f" "25642684e15e3a10d386ad8ef0a2c88bcd7357b42467f66966b9d3db8bcfff50", kill_on_drop: false }`
[INFO] [stdout] 25642684e15e3a10d386ad8ef0a2c88bcd7357b42467f66966b9d3db8bcfff50
[INFO] running `Command { std: "docker" "create" "-v" "/var/lib/crater-agent-workspace/builds/worker-7-tc1/target:/opt/rustwide/target:rw,Z" "-v" "/var/lib/crater-agent-workspace/builds/worker-7-tc1/source:/opt/rustwide/workdir:ro,Z" "-v" "/var/lib/crater-agent-workspace/cargo-home:/opt/rustwide/cargo-home:ro,Z" "-v" "/var/lib/crater-agent-workspace/rustup-home:/opt/rustwide/rustup-home:ro,Z" "-e" "SOURCE_DIR=/opt/rustwide/workdir" "-e" "CARGO_TARGET_DIR=/opt/rustwide/target" "-e" "CARGO_INCREMENTAL=0" "-e" "RUST_BACKTRACE=full" "-e" "RUSTFLAGS=--cap-lints=warn" "-e" "RUSTDOCFLAGS=--cap-lints=warn" "-e" "CARGO_HOME=/opt/rustwide/cargo-home" "-e" "RUSTUP_HOME=/opt/rustwide/rustup-home" "-w" "/opt/rustwide/workdir" "-m" "1610612736" "--user" "0:0" "--network" "none" "ghcr.io/rust-lang/crates-build-env/linux@sha256:5ff2268d62e97bff2cde7d5815dd6ed5b47097566f13b8d0ca110b04b60e07ed" "/opt/rustwide/cargo-home/bin/cargo" "+1.69.0" "test" "--frozen" "--no-run" "--message-format=json", kill_on_drop: false }`
[INFO] [stdout] c31edd46bb95a4297aaf9fdf3df50bad14bc9c8de7bc5d747d63576e520f580a
[INFO] running `Command { std: "docker" "start" "-a" "c31edd46bb95a4297aaf9fdf3df50bad14bc9c8de7bc5d747d63576e520f580a", kill_on_drop: false }`
[INFO] [stderr]     Blocking waiting for file lock on package cache
[INFO] [stderr]    Compiling template-engine v0.1.0 (/opt/rustwide/workdir)
[INFO] [stdout] error[E0560]: struct `ExpressionData` has no field named `head`
[INFO] [stdout]    --> src/lib.rs:116:13
[INFO] [stdout]     |
[INFO] [stdout] 116 |             head: Some("Hi".to_string()),
[INFO] [stdout]     |             ^^^^ `ExpressionData` does not have this field
[INFO] [stdout]     |
[INFO] [stdout]     = note: available fields are: `expression`, `var_map`, `gen_html`
[INFO] [stdout] 
[INFO] [stdout] 
[INFO] [stdout] error[E0560]: struct `ExpressionData` has no field named `variable`
[INFO] [stdout]    --> src/lib.rs:117:13
[INFO] [stdout]     |
[INFO] [stdout] 117 |             variable: "name".to_string(),
[INFO] [stdout]     |             ^^^^^^^^ `ExpressionData` does not have this field
[INFO] [stdout]     |
[INFO] [stdout]     = note: available fields are: `expression`, `var_map`, `gen_html`
[INFO] [stdout] 
[INFO] [stdout] 
[INFO] [stdout] error[E0560]: struct `ExpressionData` has no field named `tail`
[INFO] [stdout]    --> src/lib.rs:118:13
[INFO] [stdout]     |
[INFO] [stdout] 118 |             tail: Some(" , welcome".to_string()),
[INFO] [stdout]     |             ^^^^ `ExpressionData` does not have this field
[INFO] [stdout]     |
[INFO] [stdout]     = note: available fields are: `expression`, `var_map`, `gen_html`
[INFO] [stdout] 
[INFO] [stdout] 
[INFO] [stdout] error[E0560]: struct `ExpressionData` has no field named `head`
[INFO] [stdout]    --> src/lib.rs:146:13
[INFO] [stdout]     |
[INFO] [stdout] 146 |             head: Some("Hi ".to_string()),
[INFO] [stdout]     |             ^^^^ `ExpressionData` does not have this field
[INFO] [stdout]     |
[INFO] [stdout]     = note: available fields are: `expression`, `var_map`, `gen_html`
[INFO] [stdout] 
[INFO] [stdout] 
[INFO] [stdout] error[E0560]: struct `ExpressionData` has no field named `variable`
[INFO] [stdout]    --> src/lib.rs:147:13
[INFO] [stdout]     |
[INFO] [stdout] 147 |             variable: "name".to_string(),
[INFO] [stdout]     |             ^^^^^^^^ `ExpressionData` does not have this field
[INFO] [stdout]     |
[INFO] [stdout]     = note: available fields are: `expression`, `var_map`, `gen_html`
[INFO] [stdout] 
[INFO] [stdout] 
[INFO] [stdout] error[E0560]: struct `ExpressionData` has no field named `tail`
[INFO] [stdout]    --> src/lib.rs:148:13
[INFO] [stdout]     |
[INFO] [stdout] 148 |             tail: Some(" , welcome".to_string()),
[INFO] [stdout]     |             ^^^^ `ExpressionData` does not have this field
[INFO] [stdout]     |
[INFO] [stdout]     = note: available fields are: `expression`, `var_map`, `gen_html`
[INFO] [stdout] 
[INFO] [stdout] 
[INFO] [stdout] error: aborting due to 6 previous errors
[INFO] [stdout] 
[INFO] [stdout] 
[INFO] [stdout] For more information about this error, try `rustc --explain E0560`.
[INFO] [stdout] 
[INFO] [stderr] error: could not compile `template-engine` due to 7 previous errors
[INFO] [stderr] warning: build failed, waiting for other jobs to finish...
[INFO] running `Command { std: "docker" "inspect" "c31edd46bb95a4297aaf9fdf3df50bad14bc9c8de7bc5d747d63576e520f580a", kill_on_drop: false }`
[INFO] running `Command { std: "docker" "rm" "-f" "c31edd46bb95a4297aaf9fdf3df50bad14bc9c8de7bc5d747d63576e520f580a", kill_on_drop: false }`
[INFO] [stdout] c31edd46bb95a4297aaf9fdf3df50bad14bc9c8de7bc5d747d63576e520f580a
