[INFO] cloning repository https://github.com/ds84182/pomelo
[INFO] running `Command { std: "git" "-c" "credential.helper=" "-c" "credential.helper=/workspace/cargo-home/bin/git-credential-null" "clone" "--bare" "https://github.com/ds84182/pomelo" "/workspace/cache/git-repos/https%3A%2F%2Fgithub.com%2Fds84182%2Fpomelo", kill_on_drop: false }`
[INFO] [stderr] Cloning into bare repository '/workspace/cache/git-repos/https%3A%2F%2Fgithub.com%2Fds84182%2Fpomelo'...
[INFO] running `Command { std: "git" "rev-parse" "HEAD", kill_on_drop: false }`
[INFO] [stdout] a613c22fcd836349227629f20b86f3fc34213522
[INFO] testing ds84182/pomelo against beta-2023-04-20 for beta-1.70-1
[INFO] running `Command { std: "git" "clone" "/workspace/cache/git-repos/https%3A%2F%2Fgithub.com%2Fds84182%2Fpomelo" "/workspace/builds/worker-3-tc2/source", kill_on_drop: false }`
[INFO] [stderr] Cloning into '/workspace/builds/worker-3-tc2/source'...
[INFO] [stderr] done.
[INFO] validating manifest of git repo https://github.com/ds84182/pomelo on toolchain beta-2023-04-20
[INFO] running `Command { std: CARGO_HOME="/workspace/cargo-home" RUSTUP_HOME="/workspace/rustup-home" "/workspace/cargo-home/bin/cargo" "+beta-2023-04-20" "metadata" "--manifest-path" "Cargo.toml" "--no-deps", kill_on_drop: false }`
[INFO] started tweaking git repo https://github.com/ds84182/pomelo
[INFO] finished tweaking git repo https://github.com/ds84182/pomelo
[INFO] tweaked toml for git repo https://github.com/ds84182/pomelo written to /workspace/builds/worker-3-tc2/source/Cargo.toml
[INFO] crate git repo https://github.com/ds84182/pomelo already has a lockfile, it will not be regenerated
[INFO] running `Command { std: CARGO_HOME="/workspace/cargo-home" RUSTUP_HOME="/workspace/rustup-home" "/workspace/cargo-home/bin/cargo" "+beta-2023-04-20" "fetch" "--manifest-path" "Cargo.toml", kill_on_drop: false }`
[INFO] [stderr]     Updating crates.io index
[INFO] [stderr]  Downloading crates ...
[INFO] [stderr]   Downloaded clocksource v0.4.0
[INFO] running `Command { std: "docker" "create" "-v" "/var/lib/crater-agent-workspace/builds/worker-3-tc2/target:/opt/rustwide/target:rw,Z" "-v" "/var/lib/crater-agent-workspace/builds/worker-3-tc2/source:/opt/rustwide/workdir:ro,Z" "-v" "/var/lib/crater-agent-workspace/cargo-home:/opt/rustwide/cargo-home:ro,Z" "-v" "/var/lib/crater-agent-workspace/rustup-home:/opt/rustwide/rustup-home:ro,Z" "-e" "SOURCE_DIR=/opt/rustwide/workdir" "-e" "CARGO_TARGET_DIR=/opt/rustwide/target" "-e" "CARGO_HOME=/opt/rustwide/cargo-home" "-e" "RUSTUP_HOME=/opt/rustwide/rustup-home" "-w" "/opt/rustwide/workdir" "-m" "1610612736" "--user" "0:0" "--network" "none" "ghcr.io/rust-lang/crates-build-env/linux@sha256:5ff2268d62e97bff2cde7d5815dd6ed5b47097566f13b8d0ca110b04b60e07ed" "/opt/rustwide/cargo-home/bin/cargo" "+beta-2023-04-20" "metadata" "--no-deps" "--format-version=1", kill_on_drop: false }`
[INFO] [stdout] 55fab6fb91ca207b4b0ad654c2a2650ad0613157275d4ce8d24dbc584278a607
[INFO] running `Command { std: "docker" "start" "-a" "55fab6fb91ca207b4b0ad654c2a2650ad0613157275d4ce8d24dbc584278a607", kill_on_drop: false }`
[INFO] running `Command { std: "docker" "inspect" "55fab6fb91ca207b4b0ad654c2a2650ad0613157275d4ce8d24dbc584278a607", kill_on_drop: false }`
[INFO] running `Command { std: "docker" "rm" "-f" "55fab6fb91ca207b4b0ad654c2a2650ad0613157275d4ce8d24dbc584278a607", kill_on_drop: false }`
[INFO] [stdout] 55fab6fb91ca207b4b0ad654c2a2650ad0613157275d4ce8d24dbc584278a607
[INFO] running `Command { std: "docker" "create" "-v" "/var/lib/crater-agent-workspace/builds/worker-3-tc2/target:/opt/rustwide/target:rw,Z" "-v" "/var/lib/crater-agent-workspace/builds/worker-3-tc2/source:/opt/rustwide/workdir:ro,Z" "-v" "/var/lib/crater-agent-workspace/cargo-home:/opt/rustwide/cargo-home:ro,Z" "-v" "/var/lib/crater-agent-workspace/rustup-home:/opt/rustwide/rustup-home:ro,Z" "-e" "SOURCE_DIR=/opt/rustwide/workdir" "-e" "CARGO_TARGET_DIR=/opt/rustwide/target" "-e" "CARGO_INCREMENTAL=0" "-e" "RUST_BACKTRACE=full" "-e" "RUSTFLAGS=--cap-lints=warn" "-e" "RUSTDOCFLAGS=--cap-lints=warn" "-e" "CARGO_HOME=/opt/rustwide/cargo-home" "-e" "RUSTUP_HOME=/opt/rustwide/rustup-home" "-w" "/opt/rustwide/workdir" "-m" "1610612736" "--user" "0:0" "--network" "none" "ghcr.io/rust-lang/crates-build-env/linux@sha256:5ff2268d62e97bff2cde7d5815dd6ed5b47097566f13b8d0ca110b04b60e07ed" "/opt/rustwide/cargo-home/bin/cargo" "+beta-2023-04-20" "build" "--frozen" "--message-format=json", kill_on_drop: false }`
[INFO] [stdout] e1c19c2271375180cc0ccb3e8bc29d23fff0c77edcfc48b435a6558e18927fd6
[INFO] running `Command { std: "docker" "start" "-a" "e1c19c2271375180cc0ccb3e8bc29d23fff0c77edcfc48b435a6558e18927fd6", kill_on_drop: false }`
[INFO] [stderr]    Compiling autocfg v1.1.0
[INFO] [stderr]    Compiling rand_core v0.4.0
[INFO] [stderr]    Compiling libc v0.2.51
[INFO] [stderr]    Compiling semver-parser v0.7.0
[INFO] [stderr]    Compiling maybe-uninit v2.0.0
[INFO] [stderr]    Compiling byteorder v1.3.1
[INFO] [stderr]    Compiling stable_deref_trait v1.2.0
[INFO] [stderr]    Compiling cc v1.0.34
[INFO] [stderr]    Compiling scopeguard v0.3.3
[INFO] [stderr]    Compiling lazy_static v0.2.11
[INFO] [stderr]    Compiling version_check v0.1.5
[INFO] [stderr]    Compiling memchr v2.5.0
[INFO] [stderr]    Compiling plain v0.2.3
[INFO] [stderr]    Compiling static_assertions v0.3.4
[INFO] [stderr]    Compiling owning_ref v0.4.1
[INFO] [stderr]    Compiling semver v0.9.0
[INFO] [stderr]    Compiling rand_core v0.3.1
[INFO] [stderr]    Compiling rand_jitter v0.1.4
[INFO] [stderr]    Compiling lock_api v0.1.5
[INFO] [stderr]    Compiling autocfg v0.1.8
[INFO] [stderr]    Compiling nom v4.2.3
[INFO] [stderr]    Compiling rand_xorshift v0.1.1
[INFO] [stderr]    Compiling rustc_version v0.2.3
[INFO] [stderr]    Compiling rand_isaac v0.1.1
[INFO] [stderr]    Compiling rand_hc v0.1.0
[INFO] [stderr]    Compiling rand_pcg v0.1.2
[INFO] [stderr]    Compiling rand_chacha v0.1.1
[INFO] [stderr]    Compiling rand v0.6.5
[INFO] [stderr]    Compiling cmake v0.1.38
[INFO] [stderr]    Compiling parking_lot_core v0.4.0
[INFO] [stderr]    Compiling smallvec v0.6.14
[INFO] [stderr]    Compiling dynarmic-sys v0.1.0 (https://github.com/ds84182/dynarmic-rs#3d347463)
[INFO] [stderr]    Compiling rand_os v0.1.3
[INFO] [stderr]    Compiling rand v0.4.6
[INFO] [stderr]    Compiling clocksource v0.4.0
[INFO] [stderr]    Compiling pomelo_formats v0.1.0 (/opt/rustwide/workdir/formats)
[INFO] [stdout] warning: trait objects without an explicit `dyn` are deprecated
[INFO] [stdout]   --> formats/src/exheader/mod.rs:18:23
[INFO] [stdout]    |
[INFO] [stdout] 18 |         (self as &mut plain::Plain).copy_from_bytes(b).expect("ExHeader truncated");
[INFO] [stdout]    |                       ^^^^^^^^^^^^
[INFO] [stdout]    |
[INFO] [stdout]    = warning: this is accepted in the current edition (Rust 2018) but is a hard error in Rust 2021!
[INFO] [stdout]    = note: for more information, see <https://doc.rust-lang.org/nightly/edition-guide/rust-2021/warnings-promoted-to-error.html>
[INFO] [stdout]    = note: `#[warn(bare_trait_objects)]` on by default
[INFO] [stdout] help: use `dyn`
[INFO] [stdout]    |
[INFO] [stdout] 18 |         (self as &mut dyn plain::Plain).copy_from_bytes(b).expect("ExHeader truncated");
[INFO] [stdout]    |                       +++
[INFO] [stdout] 
[INFO] [stdout] 
[INFO] [stderr]    Compiling rand v0.3.23
[INFO] [stdout] warning: 1 warning emitted
[INFO] [stdout] 
[INFO] [stdout] 
[INFO] [stderr]    Compiling xorshift v0.1.3
[INFO] [stderr]    Compiling parking_lot v0.7.1
[INFO] [stderr]    Compiling pomelo_kernel v0.1.0 (/opt/rustwide/workdir/kernel)
[INFO] [stdout] error[E0432]: unresolved import `std::raw`
[INFO] [stdout]  --> kernel/src/object/mod.rs:2:30
[INFO] [stdout]   |
[INFO] [stdout] 2 | use std::{ptr, ptr::NonNull, raw, mem};
[INFO] [stdout]   |                              ^^^ no `raw` in the root
[INFO] [stdout]   |
[INFO] [stdout]   = help: consider importing one of these items instead:
[INFO] [stdout]           std::os::linux::raw
[INFO] [stdout]           std::os::raw
[INFO] [stdout]           std::os::unix::raw
[INFO] [stdout] 
[INFO] [stdout] 
[INFO] [stdout] error[E0554]: `#![feature]` may not be used on the beta release channel
[INFO] [stdout]  --> kernel/src/lib.rs:2:1
[INFO] [stdout]   |
[INFO] [stdout] 2 | #![feature(raw, specialization, const_transmute, const_raw_ptr_deref)]
[INFO] [stdout]   | ^^^^^^^^^^^^^^^^^^^^^^^^^^^^^^^^^^^^^^^^^^^^^^^^^^^^^^^^^^^^^^^^^^^^^^
[INFO] [stdout]   |
[INFO] [stdout]   = help: the feature `const_raw_ptr_deref` has been stable since `1.58.0` and no longer requires an attribute to enable
[INFO] [stdout] 
[INFO] [stdout] 
[INFO] [stdout] error[E0554]: `#![feature]` may not be used on the beta release channel
[INFO] [stdout]  --> kernel/src/lib.rs:4:1
[INFO] [stdout]   |
[INFO] [stdout] 4 | #![feature(rustc_attrs)]
[INFO] [stdout]   | ^^^^^^^^^^^^^^^^^^^^^^^^
[INFO] [stdout] 
[INFO] [stdout] 
[INFO] [stdout] warning: the feature `specialization` is incomplete and may not be safe to use and/or cause compiler crashes
[INFO] [stdout]  --> kernel/src/lib.rs:2:17
[INFO] [stdout]   |
[INFO] [stdout] 2 | #![feature(raw, specialization, const_transmute, const_raw_ptr_deref)]
[INFO] [stdout]   |                 ^^^^^^^^^^^^^^
[INFO] [stdout]   |
[INFO] [stdout]   = note: see issue #31844 <https://github.com/rust-lang/rust/issues/31844> for more information
[INFO] [stdout]   = help: consider using `min_specialization` instead, which is more stable and complete
[INFO] [stdout]   = note: `#[warn(incomplete_features)]` on by default
[INFO] [stdout] 
[INFO] [stdout] 
[INFO] [stdout] warning: the feature `const_raw_ptr_deref` has been stable since 1.58.0 and no longer requires an attribute to enable
[INFO] [stdout]  --> kernel/src/lib.rs:2:50
[INFO] [stdout]   |
[INFO] [stdout] 2 | #![feature(raw, specialization, const_transmute, const_raw_ptr_deref)]
[INFO] [stdout]   |                                                  ^^^^^^^^^^^^^^^^^^^
[INFO] [stdout]   |
[INFO] [stdout]   = note: `#[warn(stable_features)]` on by default
[INFO] [stdout] 
[INFO] [stdout] 
[INFO] [stdout] error[E0554]: `#![feature]` may not be used on the beta release channel
[INFO] [stdout]  --> kernel/src/lib.rs:2:12
[INFO] [stdout]   |
[INFO] [stdout] 2 | #![feature(raw, specialization, const_transmute, const_raw_ptr_deref)]
[INFO] [stdout]   |            ^^^
[INFO] [stdout] 
[INFO] [stdout] 
[INFO] [stdout] error[E0554]: `#![feature]` may not be used on the beta release channel
[INFO] [stdout]  --> kernel/src/lib.rs:2:33
[INFO] [stdout]   |
[INFO] [stdout] 2 | #![feature(raw, specialization, const_transmute, const_raw_ptr_deref)]
[INFO] [stdout]   |                                 ^^^^^^^^^^^^^^^
[INFO] [stdout] 
[INFO] [stdout] 
[INFO] [stdout] warning: the feature `const_transmute` has been stable since 1.56.0 and no longer requires an attribute to enable
[INFO] [stdout]  --> kernel/src/lib.rs:2:33
[INFO] [stdout]   |
[INFO] [stdout] 2 | #![feature(raw, specialization, const_transmute, const_raw_ptr_deref)]
[INFO] [stdout]   |                                 ^^^^^^^^^^^^^^^
[INFO] [stdout] 
[INFO] [stdout] 
[INFO] [stdout] error[E0635]: unknown feature `raw`
[INFO] [stdout]  --> kernel/src/lib.rs:2:12
[INFO] [stdout]   |
[INFO] [stdout] 2 | #![feature(raw, specialization, const_transmute, const_raw_ptr_deref)]
[INFO] [stdout]   |            ^^^
[INFO] [stdout] 
[INFO] [stdout] 
[INFO] [stdout] warning: trait objects without an explicit `dyn` are deprecated
[INFO] [stdout]    --> kernel/src/lib.rs:459:24
[INFO] [stdout]     |
[INFO] [stdout] 459 |     kobj: KTypedObject<KThread>,
[INFO] [stdout]     |                        ^^^^^^^
[INFO] [stdout]     |
[INFO] [stdout]     = warning: this is accepted in the current edition (Rust 2018) but is a hard error in Rust 2021!
[INFO] [stdout]     = note: for more information, see <https://doc.rust-lang.org/nightly/edition-guide/rust-2021/warnings-promoted-to-error.html>
[INFO] [stdout]     = note: `#[warn(bare_trait_objects)]` on by default
[INFO] [stdout] help: use `dyn`
[INFO] [stdout]     |
[INFO] [stdout] 459 |     kobj: KTypedObject<dyn KThread>,
[INFO] [stdout]     |                        +++
[INFO] [stdout] 
[INFO] [stdout] 
[INFO] [stdout] warning: trait objects without an explicit `dyn` are deprecated
[INFO] [stdout]    --> kernel/src/lib.rs:580:43
[INFO] [stdout]     |
[INFO] [stdout] 580 | pub type ProcessPair = (CommonProcess, Rc<Process>);
[INFO] [stdout]     |                                           ^^^^^^^
[INFO] [stdout]     |
[INFO] [stdout]     = warning: this is accepted in the current edition (Rust 2018) but is a hard error in Rust 2021!
[INFO] [stdout]     = note: for more information, see <https://doc.rust-lang.org/nightly/edition-guide/rust-2021/warnings-promoted-to-error.html>
[INFO] [stdout] help: use `dyn`
[INFO] [stdout]     |
[INFO] [stdout] 580 | pub type ProcessPair = (CommonProcess, Rc<dyn Process>);
[INFO] [stdout]     |                                           +++
[INFO] [stdout] 
[INFO] [stdout] 
[INFO] [stdout] warning: trait objects without an explicit `dyn` are deprecated
[INFO] [stdout]    --> kernel/src/lib.rs:828:20
[INFO] [stdout]     |
[INFO] [stdout] 828 |     hle_hooks: Box<HLEHooks>,
[INFO] [stdout]     |                    ^^^^^^^^
[INFO] [stdout]     |
[INFO] [stdout]     = warning: this is accepted in the current edition (Rust 2018) but is a hard error in Rust 2021!
[INFO] [stdout]     = note: for more information, see <https://doc.rust-lang.org/nightly/edition-guide/rust-2021/warnings-promoted-to-error.html>
[INFO] [stdout] help: use `dyn`
[INFO] [stdout]     |
[INFO] [stdout] 828 |     hle_hooks: Box<dyn HLEHooks>,
[INFO] [stdout]     |                    +++
[INFO] [stdout] 
[INFO] [stdout] 
[INFO] [stdout] warning: trait objects without an explicit `dyn` are deprecated
[INFO] [stdout]    --> kernel/src/lib.rs:833:56
[INFO] [stdout]     |
[INFO] [stdout] 833 |     thread_boxes: RefCell<Vec<(ThreadIndex, Option<Box<Thread>>)>>,
[INFO] [stdout]     |                                                        ^^^^^^
[INFO] [stdout]     |
[INFO] [stdout]     = warning: this is accepted in the current edition (Rust 2018) but is a hard error in Rust 2021!
[INFO] [stdout]     = note: for more information, see <https://doc.rust-lang.org/nightly/edition-guide/rust-2021/warnings-promoted-to-error.html>
[INFO] [stdout] help: use `dyn`
[INFO] [stdout]     |
[INFO] [stdout] 833 |     thread_boxes: RefCell<Vec<(ThreadIndex, Option<Box<dyn Thread>>)>>,
[INFO] [stdout]     |                                                        +++
[INFO] [stdout] 
[INFO] [stdout] 
[INFO] [stdout] warning: trait objects without an explicit `dyn` are deprecated
[INFO] [stdout]    --> kernel/src/lib.rs:837:42
[INFO] [stdout]     |
[INFO] [stdout] 837 |     ports: HashMap<[u8; 8], KTypedObject<KClientPort>>,
[INFO] [stdout]     |                                          ^^^^^^^^^^^
[INFO] [stdout]     |
[INFO] [stdout]     = warning: this is accepted in the current edition (Rust 2018) but is a hard error in Rust 2021!
[INFO] [stdout]     = note: for more information, see <https://doc.rust-lang.org/nightly/edition-guide/rust-2021/warnings-promoted-to-error.html>
[INFO] [stdout] help: use `dyn`
[INFO] [stdout]     |
[INFO] [stdout] 837 |     ports: HashMap<[u8; 8], KTypedObject<dyn KClientPort>>,
[INFO] [stdout]     |                                          +++
[INFO] [stdout] 
[INFO] [stdout] 
[INFO] [stdout] warning: trait objects without an explicit `dyn` are deprecated
[INFO] [stdout]    --> kernel/src/lib.rs:838:43
[INFO] [stdout]     |
[INFO] [stdout] 838 |     interrupts: HashMap<u32, KTypedObject<KEvent>>,
[INFO] [stdout]     |                                           ^^^^^^
[INFO] [stdout]     |
[INFO] [stdout]     = warning: this is accepted in the current edition (Rust 2018) but is a hard error in Rust 2021!
[INFO] [stdout]     = note: for more information, see <https://doc.rust-lang.org/nightly/edition-guide/rust-2021/warnings-promoted-to-error.html>
[INFO] [stdout] help: use `dyn`
[INFO] [stdout]     |
[INFO] [stdout] 838 |     interrupts: HashMap<u32, KTypedObject<dyn KEvent>>,
[INFO] [stdout]     |                                           +++
[INFO] [stdout] 
[INFO] [stdout] 
[INFO] [stdout] warning: trait objects without an explicit `dyn` are deprecated
[INFO] [stdout]    --> kernel/src/lib.rs:445:56
[INFO] [stdout]     |
[INFO] [stdout] 445 |     fn resume(&self, payload: ThreadResume, kctx: &mut Kernel);
[INFO] [stdout]     |                                                        ^^^^^^
[INFO] [stdout]     |
[INFO] [stdout]     = warning: this is accepted in the current edition (Rust 2018) but is a hard error in Rust 2021!
[INFO] [stdout]     = note: for more information, see <https://doc.rust-lang.org/nightly/edition-guide/rust-2021/warnings-promoted-to-error.html>
[INFO] [stdout] help: use `dyn`
[INFO] [stdout]     |
[INFO] [stdout] 445 |     fn resume(&self, payload: ThreadResume, kctx: &mut dyn Kernel);
[INFO] [stdout]     |                                                        +++
[INFO] [stdout] 
[INFO] [stdout] 
[INFO] [stdout] warning: trait objects without an explicit `dyn` are deprecated
[INFO] [stdout]    --> kernel/src/lib.rs:575:59
[INFO] [stdout]     |
[INFO] [stdout] 575 |     fn init_thread(&self, init: ThreadInitializer) -> Box<Thread> {
[INFO] [stdout]     |                                                           ^^^^^^
[INFO] [stdout]     |
[INFO] [stdout]     = warning: this is accepted in the current edition (Rust 2018) but is a hard error in Rust 2021!
[INFO] [stdout]     = note: for more information, see <https://doc.rust-lang.org/nightly/edition-guide/rust-2021/warnings-promoted-to-error.html>
[INFO] [stdout] help: use `dyn`
[INFO] [stdout]     |
[INFO] [stdout] 575 |     fn init_thread(&self, init: ThreadInitializer) -> Box<dyn Thread> {
[INFO] [stdout]     |                                                           +++
[INFO] [stdout] 
[INFO] [stdout] 
[INFO] [stdout] warning: trait objects without an explicit `dyn` are deprecated
[INFO] [stdout]    --> kernel/src/lib.rs:745:105
[INFO] [stdout]     |
[INFO] [stdout] 745 |     fn make_hle_thread_object(&mut self, tid: ThreadIndex, obj_man: &mut ObjectManager) -> KTypedObject<KThread>;
[INFO] [stdout]     |                                                                                                         ^^^^^^^
[INFO] [stdout]     |
[INFO] [stdout]     = warning: this is accepted in the current edition (Rust 2018) but is a hard error in Rust 2021!
[INFO] [stdout]     = note: for more information, see <https://doc.rust-lang.org/nightly/edition-guide/rust-2021/warnings-promoted-to-error.html>
[INFO] [stdout] help: use `dyn`
[INFO] [stdout]     |
[INFO] [stdout] 745 |     fn make_hle_thread_object(&mut self, tid: ThreadIndex, obj_man: &mut ObjectManager) -> KTypedObject<dyn KThread>;
[INFO] [stdout]     |                                                                                                         +++
[INFO] [stdout] 
[INFO] [stdout] 
[INFO] [stdout] warning: trait objects without an explicit `dyn` are deprecated
[INFO] [stdout]    --> kernel/src/lib.rs:774:138
[INFO] [stdout]     |
[INFO] [stdout] 774 | ...ectRef>, timeout: Option<u64>, wait_type: ThreadWaitType) -> Rc<Waker> {
[INFO] [stdout]     |                                                                    ^^^^^
[INFO] [stdout]     |
[INFO] [stdout]     = warning: this is accepted in the current edition (Rust 2018) but is a hard error in Rust 2021!
[INFO] [stdout]     = note: for more information, see <https://doc.rust-lang.org/nightly/edition-guide/rust-2021/warnings-promoted-to-error.html>
[INFO] [stdout] help: use `dyn`
[INFO] [stdout]     |
[INFO] [stdout] 774 |     fn suspend_thread<'a>(&mut self, objects: impl Iterator<Item=&'a KObjectRef>, timeout: Option<u64>, wait_type: ThreadWaitType) -> Rc<dyn Waker> {
[INFO] [stdout]     |                                                                                                                                          +++
[INFO] [stdout] 
[INFO] [stdout] 
[INFO] [stdout] warning: trait objects without an explicit `dyn` are deprecated
[INFO] [stdout]    --> kernel/src/lib.rs:800:74
[INFO] [stdout]     |
[INFO] [stdout] 800 |     fn new_process_boxed(&mut self, name: Cow<'static, str>, process: Rc<Process>) -> ProcessId;
[INFO] [stdout]     |                                                                          ^^^^^^^
[INFO] [stdout]     |
[INFO] [stdout]     = warning: this is accepted in the current edition (Rust 2018) but is a hard error in Rust 2021!
[INFO] [stdout]     = note: for more information, see <https://doc.rust-lang.org/nightly/edition-guide/rust-2021/warnings-promoted-to-error.html>
[INFO] [stdout] help: use `dyn`
[INFO] [stdout]     |
[INFO] [stdout] 800 |     fn new_process_boxed(&mut self, name: Cow<'static, str>, process: Rc<dyn Process>) -> ProcessId;
[INFO] [stdout]     |                                                                          +++
[INFO] [stdout] 
[INFO] [stdout] 
[INFO] [stdout] warning: trait objects without an explicit `dyn` are deprecated
[INFO] [stdout]    --> kernel/src/lib.rs:801:64
[INFO] [stdout]     |
[INFO] [stdout] 801 |     fn new_thread_boxed(&mut self, pid: ProcessId, thread: Box<Thread>) -> (ThreadIndex, KObjectRef);
[INFO] [stdout]     |                                                                ^^^^^^
[INFO] [stdout]     |
[INFO] [stdout]     = warning: this is accepted in the current edition (Rust 2018) but is a hard error in Rust 2021!
[INFO] [stdout]     = note: for more information, see <https://doc.rust-lang.org/nightly/edition-guide/rust-2021/warnings-promoted-to-error.html>
[INFO] [stdout] help: use `dyn`
[INFO] [stdout]     |
[INFO] [stdout] 801 |     fn new_thread_boxed(&mut self, pid: ProcessId, thread: Box<dyn Thread>) -> (ThreadIndex, KObjectRef);
[INFO] [stdout]     |                                                                +++
[INFO] [stdout] 
[INFO] [stdout] 
[INFO] [stdout] warning: trait objects without an explicit `dyn` are deprecated
[INFO] [stdout]    --> kernel/src/lib.rs:809:51
[INFO] [stdout]     |
[INFO] [stdout] 809 |     fn find_process(&self, pid: ProcessId) -> &Rc<Process>;
[INFO] [stdout]     |                                                   ^^^^^^^
[INFO] [stdout]     |
[INFO] [stdout]     = warning: this is accepted in the current edition (Rust 2018) but is a hard error in Rust 2021!
[INFO] [stdout]     = note: for more information, see <https://doc.rust-lang.org/nightly/edition-guide/rust-2021/warnings-promoted-to-error.html>
[INFO] [stdout] help: use `dyn`
[INFO] [stdout]     |
[INFO] [stdout] 809 |     fn find_process(&self, pid: ProcessId) -> &Rc<dyn Process>;
[INFO] [stdout]     |                                                   +++
[INFO] [stdout] 
[INFO] [stdout] 
[INFO] [stdout] warning: trait objects without an explicit `dyn` are deprecated
[INFO] [stdout]    --> kernel/src/lib.rs:818:65
[INFO] [stdout]     |
[INFO] [stdout] 818 |     fn register_port(&mut self, name: &[u8], port: KTypedObject<KClientPort>);
[INFO] [stdout]     |                                                                 ^^^^^^^^^^^
[INFO] [stdout]     |
[INFO] [stdout]     = warning: this is accepted in the current edition (Rust 2018) but is a hard error in Rust 2021!
[INFO] [stdout]     = note: for more information, see <https://doc.rust-lang.org/nightly/edition-guide/rust-2021/warnings-promoted-to-error.html>
[INFO] [stdout] help: use `dyn`
[INFO] [stdout]     |
[INFO] [stdout] 818 |     fn register_port(&mut self, name: &[u8], port: KTypedObject<dyn KClientPort>);
[INFO] [stdout]     |                                                                 +++
[INFO] [stdout] 
[INFO] [stdout] 
[INFO] [stdout] warning: trait objects without an explicit `dyn` are deprecated
[INFO] [stdout]    --> kernel/src/lib.rs:819:63
[INFO] [stdout]     |
[INFO] [stdout] 819 |     fn lookup_port(&self, name: &[u8]) -> Option<KTypedObject<KClientPort>>;
[INFO] [stdout]     |                                                               ^^^^^^^^^^^
[INFO] [stdout]     |
[INFO] [stdout]     = warning: this is accepted in the current edition (Rust 2018) but is a hard error in Rust 2021!
[INFO] [stdout]     = note: for more information, see <https://doc.rust-lang.org/nightly/edition-guide/rust-2021/warnings-promoted-to-error.html>
[INFO] [stdout] help: use `dyn`
[INFO] [stdout]     |
[INFO] [stdout] 819 |     fn lookup_port(&self, name: &[u8]) -> Option<KTypedObject<dyn KClientPort>>;
[INFO] [stdout]     |                                                               +++
[INFO] [stdout] 
[INFO] [stdout] 
[INFO] [stdout] warning: trait objects without an explicit `dyn` are deprecated
[INFO] [stdout]    --> kernel/src/lib.rs:820:65
[INFO] [stdout]     |
[INFO] [stdout] 820 |     fn bind_interrupt(&mut self, name: u32, event: KTypedObject<KEvent>);
[INFO] [stdout]     |                                                                 ^^^^^^
[INFO] [stdout]     |
[INFO] [stdout]     = warning: this is accepted in the current edition (Rust 2018) but is a hard error in Rust 2021!
[INFO] [stdout]     = note: for more information, see <https://doc.rust-lang.org/nightly/edition-guide/rust-2021/warnings-promoted-to-error.html>
[INFO] [stdout] help: use `dyn`
[INFO] [stdout]     |
[INFO] [stdout] 820 |     fn bind_interrupt(&mut self, name: u32, event: KTypedObject<dyn KEvent>);
[INFO] [stdout]     |                                                                 +++
[INFO] [stdout] 
[INFO] [stdout] 
[INFO] [stdout] warning: trait objects without an explicit `dyn` are deprecated
[INFO] [stdout]    --> kernel/src/lib.rs:464:69
[INFO] [stdout]     |
[INFO] [stdout] 464 |     pub fn new(pid: ProcessId, tid: ThreadIndex, kobj: KTypedObject<KThread>) -> CommonThread {
[INFO] [stdout]     |                                                                     ^^^^^^^
[INFO] [stdout]     |
[INFO] [stdout]     = warning: this is accepted in the current edition (Rust 2018) but is a hard error in Rust 2021!
[INFO] [stdout]     = note: for more information, see <https://doc.rust-lang.org/nightly/edition-guide/rust-2021/warnings-promoted-to-error.html>
[INFO] [stdout] help: use `dyn`
[INFO] [stdout]     |
[INFO] [stdout] 464 |     pub fn new(pid: ProcessId, tid: ThreadIndex, kobj: KTypedObject<dyn KThread>) -> CommonThread {
[INFO] [stdout]     |                                                                     +++
[INFO] [stdout] 
[INFO] [stdout] 
[INFO] [stdout] warning: trait objects without an explicit `dyn` are deprecated
[INFO] [stdout]    --> kernel/src/lib.rs:705:55
[INFO] [stdout]     |
[INFO] [stdout] 705 |     pub fn find_process(&self, pid: ProcessId) -> &Rc<Process> {
[INFO] [stdout]     |                                                       ^^^^^^^
[INFO] [stdout]     |
[INFO] [stdout]     = warning: this is accepted in the current edition (Rust 2018) but is a hard error in Rust 2021!
[INFO] [stdout]     = note: for more information, see <https://doc.rust-lang.org/nightly/edition-guide/rust-2021/warnings-promoted-to-error.html>
[INFO] [stdout] help: use `dyn`
[INFO] [stdout]     |
[INFO] [stdout] 705 |     pub fn find_process(&self, pid: ProcessId) -> &Rc<dyn Process> {
[INFO] [stdout]     |                                                       +++
[INFO] [stdout] 
[INFO] [stdout] 
[INFO] [stdout] warning: trait objects without an explicit `dyn` are deprecated
[INFO] [stdout]    --> kernel/src/lib.rs:843:25
[INFO] [stdout]     |
[INFO] [stdout] 843 |     pub fn new(hle: Box<HLEHooks>, kmm: memory::KMM<'mem, M>) -> KernelImpl<'mem, M> {
[INFO] [stdout]     |                         ^^^^^^^^
[INFO] [stdout]     |
[INFO] [stdout]     = warning: this is accepted in the current edition (Rust 2018) but is a hard error in Rust 2021!
[INFO] [stdout]     = note: for more information, see <https://doc.rust-lang.org/nightly/edition-guide/rust-2021/warnings-promoted-to-error.html>
[INFO] [stdout] help: use `dyn`
[INFO] [stdout]     |
[INFO] [stdout] 843 |     pub fn new(hle: Box<dyn HLEHooks>, kmm: memory::KMM<'mem, M>) -> KernelImpl<'mem, M> {
[INFO] [stdout]     |                         +++
[INFO] [stdout] 
[INFO] [stdout] 
[INFO] [stdout] warning: trait objects without an explicit `dyn` are deprecated
[INFO] [stdout]    --> kernel/src/lib.rs:867:56
[INFO] [stdout]     |
[INFO] [stdout] 867 |     fn take_thread_box(&self, tid: ThreadIndex) -> Box<Thread> {
[INFO] [stdout]     |                                                        ^^^^^^
[INFO] [stdout]     |
[INFO] [stdout]     = warning: this is accepted in the current edition (Rust 2018) but is a hard error in Rust 2021!
[INFO] [stdout]     = note: for more information, see <https://doc.rust-lang.org/nightly/edition-guide/rust-2021/warnings-promoted-to-error.html>
[INFO] [stdout] help: use `dyn`
[INFO] [stdout]     |
[INFO] [stdout] 867 |     fn take_thread_box(&self, tid: ThreadIndex) -> Box<dyn Thread> {
[INFO] [stdout]     |                                                        +++
[INFO] [stdout] 
[INFO] [stdout] 
[INFO] [stdout] warning: trait objects without an explicit `dyn` are deprecated
[INFO] [stdout]    --> kernel/src/lib.rs:872:64
[INFO] [stdout]     |
[INFO] [stdout] 872 |     fn replace_thread_box(&self, tid: ThreadIndex, thread: Box<Thread>) {
[INFO] [stdout]     |                                                                ^^^^^^
[INFO] [stdout]     |
[INFO] [stdout]     = warning: this is accepted in the current edition (Rust 2018) but is a hard error in Rust 2021!
[INFO] [stdout]     = note: for more information, see <https://doc.rust-lang.org/nightly/edition-guide/rust-2021/warnings-promoted-to-error.html>
[INFO] [stdout] help: use `dyn`
[INFO] [stdout]     |
[INFO] [stdout] 872 |     fn replace_thread_box(&self, tid: ThreadIndex, thread: Box<dyn Thread>) {
[INFO] [stdout]     |                                                                +++
[INFO] [stdout] 
[INFO] [stdout] 
[INFO] [stdout] warning: trait objects without an explicit `dyn` are deprecated
[INFO] [stdout]    --> kernel/src/lib.rs:930:74
[INFO] [stdout]     |
[INFO] [stdout] 930 |     fn new_process_boxed(&mut self, name: Cow<'static, str>, process: Rc<Process>) -> ProcessId {
[INFO] [stdout]     |                                                                          ^^^^^^^
[INFO] [stdout]     |
[INFO] [stdout]     = warning: this is accepted in the current edition (Rust 2018) but is a hard error in Rust 2021!
[INFO] [stdout]     = note: for more information, see <https://doc.rust-lang.org/nightly/edition-guide/rust-2021/warnings-promoted-to-error.html>
[INFO] [stdout] help: use `dyn`
[INFO] [stdout]     |
[INFO] [stdout] 930 |     fn new_process_boxed(&mut self, name: Cow<'static, str>, process: Rc<dyn Process>) -> ProcessId {
[INFO] [stdout]     |                                                                          +++
[INFO] [stdout] 
[INFO] [stdout] 
[INFO] [stdout] warning: trait objects without an explicit `dyn` are deprecated
[INFO] [stdout]    --> kernel/src/lib.rs:948:64
[INFO] [stdout]     |
[INFO] [stdout] 948 |     fn new_thread_boxed(&mut self, pid: ProcessId, thread: Box<Thread>) -> (ThreadIndex, KObjectRef) {
[INFO] [stdout]     |                                                                ^^^^^^
[INFO] [stdout]     |
[INFO] [stdout]     = warning: this is accepted in the current edition (Rust 2018) but is a hard error in Rust 2021!
[INFO] [stdout]     = note: for more information, see <https://doc.rust-lang.org/nightly/edition-guide/rust-2021/warnings-promoted-to-error.html>
[INFO] [stdout] help: use `dyn`
[INFO] [stdout]     |
[INFO] [stdout] 948 |     fn new_thread_boxed(&mut self, pid: ProcessId, thread: Box<dyn Thread>) -> (ThreadIndex, KObjectRef) {
[INFO] [stdout]     |                                                                +++
[INFO] [stdout] 
[INFO] [stdout] 
[INFO] [stdout] warning: trait objects without an explicit `dyn` are deprecated
[INFO] [stdout]     --> kernel/src/lib.rs:1027:51
[INFO] [stdout]      |
[INFO] [stdout] 1027 |     fn find_process(&self, pid: ProcessId) -> &Rc<Process> {
[INFO] [stdout]      |                                                   ^^^^^^^
[INFO] [stdout]      |
[INFO] [stdout]      = warning: this is accepted in the current edition (Rust 2018) but is a hard error in Rust 2021!
[INFO] [stdout]      = note: for more information, see <https://doc.rust-lang.org/nightly/edition-guide/rust-2021/warnings-promoted-to-error.html>
[INFO] [stdout] help: use `dyn`
[INFO] [stdout]      |
[INFO] [stdout] 1027 |     fn find_process(&self, pid: ProcessId) -> &Rc<dyn Process> {
[INFO] [stdout]      |                                                   +++
[INFO] [stdout] 
[INFO] [stdout] 
[INFO] [stdout] warning: trait objects without an explicit `dyn` are deprecated
[INFO] [stdout]     --> kernel/src/lib.rs:1154:65
[INFO] [stdout]      |
[INFO] [stdout] 1154 |     fn register_port(&mut self, name: &[u8], port: KTypedObject<KClientPort>) {
[INFO] [stdout]      |                                                                 ^^^^^^^^^^^
[INFO] [stdout]      |
[INFO] [stdout]      = warning: this is accepted in the current edition (Rust 2018) but is a hard error in Rust 2021!
[INFO] [stdout]      = note: for more information, see <https://doc.rust-lang.org/nightly/edition-guide/rust-2021/warnings-promoted-to-error.html>
[INFO] [stdout] help: use `dyn`
[INFO] [stdout]      |
[INFO] [stdout] 1154 |     fn register_port(&mut self, name: &[u8], port: KTypedObject<dyn KClientPort>) {
[INFO] [stdout]      |                                                                 +++
[INFO] [stdout] 
[INFO] [stdout] 
[INFO] [stdout] warning: trait objects without an explicit `dyn` are deprecated
[INFO] [stdout]     --> kernel/src/lib.rs:1161:63
[INFO] [stdout]      |
[INFO] [stdout] 1161 |     fn lookup_port(&self, name: &[u8]) -> Option<KTypedObject<KClientPort>> {
[INFO] [stdout]      |                                                               ^^^^^^^^^^^
[INFO] [stdout]      |
[INFO] [stdout]      = warning: this is accepted in the current edition (Rust 2018) but is a hard error in Rust 2021!
[INFO] [stdout]      = note: for more information, see <https://doc.rust-lang.org/nightly/edition-guide/rust-2021/warnings-promoted-to-error.html>
[INFO] [stdout] help: use `dyn`
[INFO] [stdout]      |
[INFO] [stdout] 1161 |     fn lookup_port(&self, name: &[u8]) -> Option<KTypedObject<dyn KClientPort>> {
[INFO] [stdout]      |                                                               +++
[INFO] [stdout] 
[INFO] [stdout] 
[INFO] [stdout] warning: trait objects without an explicit `dyn` are deprecated
[INFO] [stdout]     --> kernel/src/lib.rs:1168:65
[INFO] [stdout]      |
[INFO] [stdout] 1168 |     fn bind_interrupt(&mut self, name: u32, event: KTypedObject<KEvent>) {
[INFO] [stdout]      |                                                                 ^^^^^^
[INFO] [stdout]      |
[INFO] [stdout]      = warning: this is accepted in the current edition (Rust 2018) but is a hard error in Rust 2021!
[INFO] [stdout]      = note: for more information, see <https://doc.rust-lang.org/nightly/edition-guide/rust-2021/warnings-promoted-to-error.html>
[INFO] [stdout] help: use `dyn`
[INFO] [stdout]      |
[INFO] [stdout] 1168 |     fn bind_interrupt(&mut self, name: u32, event: KTypedObject<dyn KEvent>) {
[INFO] [stdout]      |                                                                 +++
[INFO] [stdout] 
[INFO] [stdout] 
[INFO] [stdout] warning: trait objects without an explicit `dyn` are deprecated
[INFO] [stdout]    --> kernel/src/object/mod.rs:126:35
[INFO] [stdout]     |
[INFO] [stdout] 126 |         impl<'a> Into<Option<&'a $($trait)*>> for &'a KObject {
[INFO] [stdout]     |                                   ^^^^^^^^
[INFO] [stdout]     |
[INFO] [stdout]     = warning: this is accepted in the current edition (Rust 2018) but is a hard error in Rust 2021!
[INFO] [stdout]     = note: for more information, see <https://doc.rust-lang.org/nightly/edition-guide/rust-2021/warnings-promoted-to-error.html>
[INFO] [stdout] help: use `dyn`
[INFO] [stdout]     |
[INFO] [stdout] 126 |         impl<'a> Into<Option<&'a $dyn ($trait)*>> for &'a KObject {
[INFO] [stdout]     |                                   +++
[INFO] [stdout] 
[INFO] [stdout] 
[INFO] [stdout] warning: trait objects without an explicit `dyn` are deprecated
[INFO] [stdout]    --> kernel/src/object/mod.rs:147:57
[INFO] [stdout]     |
[INFO] [stdout] 147 |     fn wait(&self, this: &kernel::KObjectRef, waker: Rc<kernel::Waker>, ct: &mut kernel::CommonThreadManager);
[INFO] [stdout]     |                                                         ^^^^^^^^^^^^^
[INFO] [stdout]     |
[INFO] [stdout]     = warning: this is accepted in the current edition (Rust 2018) but is a hard error in Rust 2021!
[INFO] [stdout]     = note: for more information, see <https://doc.rust-lang.org/nightly/edition-guide/rust-2021/warnings-promoted-to-error.html>
[INFO] [stdout] help: use `dyn`
[INFO] [stdout]     |
[INFO] [stdout] 147 |     fn wait(&self, this: &kernel::KObjectRef, waker: Rc<dyn kernel::Waker>, ct: &mut kernel::CommonThreadManager);
[INFO] [stdout]     |                                                         +++
[INFO] [stdout] 
[INFO] [stdout] 
[INFO] [stdout] warning: trait objects without an explicit `dyn` are deprecated
[INFO] [stdout]    --> kernel/src/object/mod.rs:161:71
[INFO] [stdout]     |
[INFO] [stdout] 161 |     fn handle_sync_request<'a>(&self, ipc: IPCContext<'a>, kctx: &mut kernel::Kernel) {}
[INFO] [stdout]     |                                                                       ^^^^^^^^^^^^^^
[INFO] [stdout]     |
[INFO] [stdout]     = warning: this is accepted in the current edition (Rust 2018) but is a hard error in Rust 2021!
[INFO] [stdout]     = note: for more information, see <https://doc.rust-lang.org/nightly/edition-guide/rust-2021/warnings-promoted-to-error.html>
[INFO] [stdout] help: use `dyn`
[INFO] [stdout]     |
[INFO] [stdout] 161 |     fn handle_sync_request<'a>(&self, ipc: IPCContext<'a>, kctx: &mut dyn kernel::Kernel) {}
[INFO] [stdout]     |                                                                       +++
[INFO] [stdout] 
[INFO] [stdout] 
[INFO] [stdout] warning: trait objects without an explicit `dyn` are deprecated
[INFO] [stdout]    --> kernel/src/object/mod.rs:164:38
[INFO] [stdout]     |
[INFO] [stdout] 164 |     fn sync_request(&self, waker: Rc<kernel::Waker>, ct: &mut kernel::CommonThreadManager) -> bool { false }
[INFO] [stdout]     |                                      ^^^^^^^^^^^^^
[INFO] [stdout]     |
[INFO] [stdout]     = warning: this is accepted in the current edition (Rust 2018) but is a hard error in Rust 2021!
[INFO] [stdout]     = note: for more information, see <https://doc.rust-lang.org/nightly/edition-guide/rust-2021/warnings-promoted-to-error.html>
[INFO] [stdout] help: use `dyn`
[INFO] [stdout]     |
[INFO] [stdout] 164 |     fn sync_request(&self, waker: Rc<dyn kernel::Waker>, ct: &mut kernel::CommonThreadManager) -> bool { false }
[INFO] [stdout]     |                                      +++
[INFO] [stdout] 
[INFO] [stdout] 
[INFO] [stdout] warning: trait objects without an explicit `dyn` are deprecated
[INFO] [stdout]    --> kernel/src/object/mod.rs:175:68
[INFO] [stdout]     |
[INFO] [stdout] 175 |     fn receive(&self, this_thread: kernel::ThreadIndex, kctx: &mut kernel::Kernel) -> bool;
[INFO] [stdout]     |                                                                    ^^^^^^^^^^^^^^
[INFO] [stdout]     |
[INFO] [stdout]     = warning: this is accepted in the current edition (Rust 2018) but is a hard error in Rust 2021!
[INFO] [stdout]     = note: for more information, see <https://doc.rust-lang.org/nightly/edition-guide/rust-2021/warnings-promoted-to-error.html>
[INFO] [stdout] help: use `dyn`
[INFO] [stdout]     |
[INFO] [stdout] 175 |     fn receive(&self, this_thread: kernel::ThreadIndex, kctx: &mut dyn kernel::Kernel) -> bool;
[INFO] [stdout]     |                                                                    +++
[INFO] [stdout] 
[INFO] [stdout] 
[INFO] [stdout] warning: trait objects without an explicit `dyn` are deprecated
[INFO] [stdout]    --> kernel/src/object/mod.rs:177:66
[INFO] [stdout]     |
[INFO] [stdout] 177 |     fn reply(&self, this_thread: kernel::ThreadIndex, kctx: &mut kernel::Kernel);
[INFO] [stdout]     |                                                                  ^^^^^^^^^^^^^^
[INFO] [stdout]     |
[INFO] [stdout]     = warning: this is accepted in the current edition (Rust 2018) but is a hard error in Rust 2021!
[INFO] [stdout]     = note: for more information, see <https://doc.rust-lang.org/nightly/edition-guide/rust-2021/warnings-promoted-to-error.html>
[INFO] [stdout] help: use `dyn`
[INFO] [stdout]     |
[INFO] [stdout] 177 |     fn reply(&self, this_thread: kernel::ThreadIndex, kctx: &mut dyn kernel::Kernel);
[INFO] [stdout]     |                                                                  +++
[INFO] [stdout] 
[INFO] [stdout] 
[INFO] [stdout] warning: trait objects without an explicit `dyn` are deprecated
[INFO] [stdout]    --> kernel/src/object/mod.rs:186:75
[INFO] [stdout]     |
[INFO] [stdout] 186 |     fn create_session_to_port(&self, server_session: kernel::KTypedObject<KServerSession>, ct: &mut kernel::CommonThreadManager);
[INFO] [stdout]     |                                                                           ^^^^^^^^^^^^^^
[INFO] [stdout]     |
[INFO] [stdout]     = warning: this is accepted in the current edition (Rust 2018) but is a hard error in Rust 2021!
[INFO] [stdout]     = note: for more information, see <https://doc.rust-lang.org/nightly/edition-guide/rust-2021/warnings-promoted-to-error.html>
[INFO] [stdout] help: use `dyn`
[INFO] [stdout]     |
[INFO] [stdout] 186 |     fn create_session_to_port(&self, server_session: kernel::KTypedObject<dyn KServerSession>, ct: &mut kernel::CommonThreadManager);
[INFO] [stdout]     |                                                                           +++
[INFO] [stdout] 
[INFO] [stdout] 
[INFO] [stdout] warning: trait objects without an explicit `dyn` are deprecated
[INFO] [stdout]    --> kernel/src/object/mod.rs:191:99
[INFO] [stdout]     |
[INFO] [stdout] 191 |     fn accept_session(&self, ct: &mut kernel::CommonThreadManager) -> Option<kernel::KTypedObject<KServerSession>>; // Caller must sleep ...
[INFO] [stdout]     |                                                                                                   ^^^^^^^^^^^^^^
[INFO] [stdout]     |
[INFO] [stdout]     = warning: this is accepted in the current edition (Rust 2018) but is a hard error in Rust 2021!
[INFO] [stdout]     = note: for more information, see <https://doc.rust-lang.org/nightly/edition-guide/rust-2021/warnings-promoted-to-error.html>
[INFO] [stdout] help: use `dyn`
[INFO] [stdout]     |
[INFO] [stdout] 191 |     fn accept_session(&self, ct: &mut kernel::CommonThreadManager) -> Option<kernel::KTypedObject<dyn KServerSession>>; // Caller must sleep if None
[INFO] [stdout]     |                                                                                                   +++
[INFO] [stdout] 
[INFO] [stdout] 
[INFO] [stdout] warning: trait objects without an explicit `dyn` are deprecated
[INFO] [stdout]    --> kernel/src/object/mod.rs:203:30
[INFO] [stdout]     |
[INFO] [stdout] 203 |     fn wait(&self, waker: Rc<kernel::Waker>, addr: u32);
[INFO] [stdout]     |                              ^^^^^^^^^^^^^
[INFO] [stdout]     |
[INFO] [stdout]     = warning: this is accepted in the current edition (Rust 2018) but is a hard error in Rust 2021!
[INFO] [stdout]     = note: for more information, see <https://doc.rust-lang.org/nightly/edition-guide/rust-2021/warnings-promoted-to-error.html>
[INFO] [stdout] help: use `dyn`
[INFO] [stdout]     |
[INFO] [stdout] 203 |     fn wait(&self, waker: Rc<dyn kernel::Waker>, addr: u32);
[INFO] [stdout]     |                              +++
[INFO] [stdout] 
[INFO] [stdout] 
[INFO] [stdout] warning: trait objects without an explicit `dyn` are deprecated
[INFO] [stdout]    --> kernel/src/object/mod.rs:221:41
[INFO] [stdout]     |
[INFO] [stdout] 221 |     fn create_process(&self, kctx: &mut kernel::Kernel); // -> kernel::KResult<kernel::Process>;
[INFO] [stdout]     |                                         ^^^^^^^^^^^^^^
[INFO] [stdout]     |
[INFO] [stdout]     = warning: this is accepted in the current edition (Rust 2018) but is a hard error in Rust 2021!
[INFO] [stdout]     = note: for more information, see <https://doc.rust-lang.org/nightly/edition-guide/rust-2021/warnings-promoted-to-error.html>
[INFO] [stdout] help: use `dyn`
[INFO] [stdout]     |
[INFO] [stdout] 221 |     fn create_process(&self, kctx: &mut dyn kernel::Kernel); // -> kernel::KResult<kernel::Process>;
[INFO] [stdout]     |                                         +++
[INFO] [stdout] 
[INFO] [stdout] 
[INFO] [stdout] warning: trait objects without an explicit `dyn` are deprecated
[INFO] [stdout]    --> kernel/src/object/mod.rs:144:31
[INFO] [stdout]     |
[INFO] [stdout] 144 | try_into_trait!(debug_vtable, KObjectDebug);
[INFO] [stdout]     |                               ^^^^^^^^^^^^
[INFO] [stdout]     |
[INFO] [stdout]     = warning: this is accepted in the current edition (Rust 2018) but is a hard error in Rust 2021!
[INFO] [stdout]     = note: for more information, see <https://doc.rust-lang.org/nightly/edition-guide/rust-2021/warnings-promoted-to-error.html>
[INFO] [stdout] help: use `dyn`
[INFO] [stdout]     |
[INFO] [stdout] 144 | try_into_trait!(debug_vtable, dyn KObjectDebug);
[INFO] [stdout]     |                               +++
[INFO] [stdout] 
[INFO] [stdout] 
[INFO] [stdout] warning: trait objects without an explicit `dyn` are deprecated
[INFO] [stdout]    --> kernel/src/object/mod.rs:150:30
[INFO] [stdout]     |
[INFO] [stdout] 150 | try_into_trait!(sync_vtable, KSynchronizationObject);
[INFO] [stdout]     |                              ^^^^^^^^^^^^^^^^^^^^^^
[INFO] [stdout]     |
[INFO] [stdout]     = warning: this is accepted in the current edition (Rust 2018) but is a hard error in Rust 2021!
[INFO] [stdout]     = note: for more information, see <https://doc.rust-lang.org/nightly/edition-guide/rust-2021/warnings-promoted-to-error.html>
[INFO] [stdout] help: use `dyn`
[INFO] [stdout]     |
[INFO] [stdout] 150 | try_into_trait!(sync_vtable, dyn KSynchronizationObject);
[INFO] [stdout]     |                              +++
[INFO] [stdout] 
[INFO] [stdout] 
[INFO] [stdout] warning: trait objects without an explicit `dyn` are deprecated
[INFO] [stdout]    --> kernel/src/object/mod.rs:166:40
[INFO] [stdout]     |
[INFO] [stdout] 166 | try_into_trait!(client_session_vtable, KClientSession);
[INFO] [stdout]     |                                        ^^^^^^^^^^^^^^
[INFO] [stdout]     |
[INFO] [stdout]     = warning: this is accepted in the current edition (Rust 2018) but is a hard error in Rust 2021!
[INFO] [stdout]     = note: for more information, see <https://doc.rust-lang.org/nightly/edition-guide/rust-2021/warnings-promoted-to-error.html>
[INFO] [stdout] help: use `dyn`
[INFO] [stdout]     |
[INFO] [stdout] 166 | try_into_trait!(client_session_vtable, dyn KClientSession);
[INFO] [stdout]     |                                        +++
[INFO] [stdout] 
[INFO] [stdout] 
[INFO] [stdout] warning: trait objects without an explicit `dyn` are deprecated
[INFO] [stdout]    --> kernel/src/object/mod.rs:181:40
[INFO] [stdout]     |
[INFO] [stdout] 181 | try_into_trait!(server_session_vtable, KServerSession);
[INFO] [stdout]     |                                        ^^^^^^^^^^^^^^
[INFO] [stdout]     |
[INFO] [stdout]     = warning: this is accepted in the current edition (Rust 2018) but is a hard error in Rust 2021!
[INFO] [stdout]     = note: for more information, see <https://doc.rust-lang.org/nightly/edition-guide/rust-2021/warnings-promoted-to-error.html>
[INFO] [stdout] help: use `dyn`
[INFO] [stdout]     |
[INFO] [stdout] 181 | try_into_trait!(server_session_vtable, dyn KServerSession);
[INFO] [stdout]     |                                        +++
[INFO] [stdout] 
[INFO] [stdout] 
[INFO] [stdout] warning: trait objects without an explicit `dyn` are deprecated
[INFO] [stdout]    --> kernel/src/object/mod.rs:188:37
[INFO] [stdout]     |
[INFO] [stdout] 188 | try_into_trait!(client_port_vtable, KClientPort);
[INFO] [stdout]     |                                     ^^^^^^^^^^^
[INFO] [stdout]     |
[INFO] [stdout]     = warning: this is accepted in the current edition (Rust 2018) but is a hard error in Rust 2021!
[INFO] [stdout]     = note: for more information, see <https://doc.rust-lang.org/nightly/edition-guide/rust-2021/warnings-promoted-to-error.html>
[INFO] [stdout] help: use `dyn`
[INFO] [stdout]     |
[INFO] [stdout] 188 | try_into_trait!(client_port_vtable, dyn KClientPort);
[INFO] [stdout]     |                                     +++
[INFO] [stdout] 
[INFO] [stdout] 
[INFO] [stdout] warning: trait objects without an explicit `dyn` are deprecated
[INFO] [stdout]    --> kernel/src/object/mod.rs:193:37
[INFO] [stdout]     |
[INFO] [stdout] 193 | try_into_trait!(server_port_vtable, KServerPort);
[INFO] [stdout]     |                                     ^^^^^^^^^^^
[INFO] [stdout]     |
[INFO] [stdout]     = warning: this is accepted in the current edition (Rust 2018) but is a hard error in Rust 2021!
[INFO] [stdout]     = note: for more information, see <https://doc.rust-lang.org/nightly/edition-guide/rust-2021/warnings-promoted-to-error.html>
[INFO] [stdout] help: use `dyn`
[INFO] [stdout]     |
[INFO] [stdout] 193 | try_into_trait!(server_port_vtable, dyn KServerPort);
[INFO] [stdout]     |                                     +++
[INFO] [stdout] 
[INFO] [stdout] 
[INFO] [stdout] warning: trait objects without an explicit `dyn` are deprecated
[INFO] [stdout]    --> kernel/src/object/mod.rs:200:31
[INFO] [stdout]     |
[INFO] [stdout] 200 | try_into_trait!(timer_vtable, KTimer);
[INFO] [stdout]     |                               ^^^^^^
[INFO] [stdout]     |
[INFO] [stdout]     = warning: this is accepted in the current edition (Rust 2018) but is a hard error in Rust 2021!
[INFO] [stdout]     = note: for more information, see <https://doc.rust-lang.org/nightly/edition-guide/rust-2021/warnings-promoted-to-error.html>
[INFO] [stdout] help: use `dyn`
[INFO] [stdout]     |
[INFO] [stdout] 200 | try_into_trait!(timer_vtable, dyn KTimer);
[INFO] [stdout]     |                               +++
[INFO] [stdout] 
[INFO] [stdout] 
[INFO] [stdout] warning: trait objects without an explicit `dyn` are deprecated
[INFO] [stdout]    --> kernel/src/object/mod.rs:207:34
[INFO] [stdout]     |
[INFO] [stdout] 207 | try_into_trait!(addr_arb_vtable, KAddressArbiter);
[INFO] [stdout]     |                                  ^^^^^^^^^^^^^^^
[INFO] [stdout]     |
[INFO] [stdout]     = warning: this is accepted in the current edition (Rust 2018) but is a hard error in Rust 2021!
[INFO] [stdout]     = note: for more information, see <https://doc.rust-lang.org/nightly/edition-guide/rust-2021/warnings-promoted-to-error.html>
[INFO] [stdout] help: use `dyn`
[INFO] [stdout]     |
[INFO] [stdout] 207 | try_into_trait!(addr_arb_vtable, dyn KAddressArbiter);
[INFO] [stdout]     |                                  +++
[INFO] [stdout] 
[INFO] [stdout] 
[INFO] [stdout] warning: trait objects without an explicit `dyn` are deprecated
[INFO] [stdout]    --> kernel/src/object/mod.rs:213:31
[INFO] [stdout]     |
[INFO] [stdout] 213 | try_into_trait!(event_vtable, KEvent);
[INFO] [stdout]     |                               ^^^^^^
[INFO] [stdout]     |
[INFO] [stdout]     = warning: this is accepted in the current edition (Rust 2018) but is a hard error in Rust 2021!
[INFO] [stdout]     = note: for more information, see <https://doc.rust-lang.org/nightly/edition-guide/rust-2021/warnings-promoted-to-error.html>
[INFO] [stdout] help: use `dyn`
[INFO] [stdout]     |
[INFO] [stdout] 213 | try_into_trait!(event_vtable, dyn KEvent);
[INFO] [stdout]     |                               +++
[INFO] [stdout] 
[INFO] [stdout] 
[INFO] [stdout] warning: trait objects without an explicit `dyn` are deprecated
[INFO] [stdout]    --> kernel/src/object/mod.rs:218:32
[INFO] [stdout]     |
[INFO] [stdout] 218 | try_into_trait!(thread_vtable, KThread);
[INFO] [stdout]     |                                ^^^^^^^
[INFO] [stdout]     |
[INFO] [stdout]     = warning: this is accepted in the current edition (Rust 2018) but is a hard error in Rust 2021!
[INFO] [stdout]     = note: for more information, see <https://doc.rust-lang.org/nightly/edition-guide/rust-2021/warnings-promoted-to-error.html>
[INFO] [stdout] help: use `dyn`
[INFO] [stdout]     |
[INFO] [stdout] 218 | try_into_trait!(thread_vtable, dyn KThread);
[INFO] [stdout]     |                                +++
[INFO] [stdout] 
[INFO] [stdout] 
[INFO] [stdout] warning: trait objects without an explicit `dyn` are deprecated
[INFO] [stdout]    --> kernel/src/object/mod.rs:223:33
[INFO] [stdout]     |
[INFO] [stdout] 223 | try_into_trait!(codeset_vtable, KCodeSet);
[INFO] [stdout]     |                                 ^^^^^^^^
[INFO] [stdout]     |
[INFO] [stdout]     = warning: this is accepted in the current edition (Rust 2018) but is a hard error in Rust 2021!
[INFO] [stdout]     = note: for more information, see <https://doc.rust-lang.org/nightly/edition-guide/rust-2021/warnings-promoted-to-error.html>
[INFO] [stdout] help: use `dyn`
[INFO] [stdout]     |
[INFO] [stdout] 223 | try_into_trait!(codeset_vtable, dyn KCodeSet);
[INFO] [stdout]     |                                 +++
[INFO] [stdout] 
[INFO] [stdout] 
[INFO] [stdout] warning: trait objects without an explicit `dyn` are deprecated
[INFO] [stdout]    --> kernel/src/object/mod.rs:228:31
[INFO] [stdout]     |
[INFO] [stdout] 228 | try_into_trait!(mutex_vtable, KMutex);
[INFO] [stdout]     |                               ^^^^^^
[INFO] [stdout]     |
[INFO] [stdout]     = warning: this is accepted in the current edition (Rust 2018) but is a hard error in Rust 2021!
[INFO] [stdout]     = note: for more information, see <https://doc.rust-lang.org/nightly/edition-guide/rust-2021/warnings-promoted-to-error.html>
[INFO] [stdout] help: use `dyn`
[INFO] [stdout]     |
[INFO] [stdout] 228 | try_into_trait!(mutex_vtable, dyn KMutex);
[INFO] [stdout]     |                               +++
[INFO] [stdout] 
[INFO] [stdout] 
[INFO] [stdout] warning: trait objects without an explicit `dyn` are deprecated
[INFO] [stdout]    --> kernel/src/lib.rs:522:31
[INFO] [stdout]     |
[INFO] [stdout] 522 |             let sync: Option<&KSynchronizationObject> = object.into();
[INFO] [stdout]     |                               ^^^^^^^^^^^^^^^^^^^^^^
[INFO] [stdout]     |
[INFO] [stdout]     = warning: this is accepted in the current edition (Rust 2018) but is a hard error in Rust 2021!
[INFO] [stdout]     = note: for more information, see <https://doc.rust-lang.org/nightly/edition-guide/rust-2021/warnings-promoted-to-error.html>
[INFO] [stdout] help: use `dyn`
[INFO] [stdout]     |
[INFO] [stdout] 522 |             let sync: Option<&dyn KSynchronizationObject> = object.into();
[INFO] [stdout]     |                               +++
[INFO] [stdout] 
[INFO] [stdout] 
[INFO] [stdout] warning: trait objects without an explicit `dyn` are deprecated
[INFO] [stdout]    --> kernel/src/lib.rs:523:30
[INFO] [stdout]     |
[INFO] [stdout] 523 |             let arb: Option<&KAddressArbiter> = object.into();
[INFO] [stdout]     |                              ^^^^^^^^^^^^^^^
[INFO] [stdout]     |
[INFO] [stdout]     = warning: this is accepted in the current edition (Rust 2018) but is a hard error in Rust 2021!
[INFO] [stdout]     = note: for more information, see <https://doc.rust-lang.org/nightly/edition-guide/rust-2021/warnings-promoted-to-error.html>
[INFO] [stdout] help: use `dyn`
[INFO] [stdout]     |
[INFO] [stdout] 523 |             let arb: Option<&dyn KAddressArbiter> = object.into();
[INFO] [stdout]     |                              +++
[INFO] [stdout] 
[INFO] [stdout] 
[INFO] [stdout] warning: trait objects without an explicit `dyn` are deprecated
[INFO] [stdout]    --> kernel/src/lib.rs:991:32
[INFO] [stdout]     |
[INFO] [stdout] 991 |             let timer: Option<&KTimer> = (&*object).into();
[INFO] [stdout]     |                                ^^^^^^
[INFO] [stdout]     |
[INFO] [stdout]     = warning: this is accepted in the current edition (Rust 2018) but is a hard error in Rust 2021!
[INFO] [stdout]     = note: for more information, see <https://doc.rust-lang.org/nightly/edition-guide/rust-2021/warnings-promoted-to-error.html>
[INFO] [stdout] help: use `dyn`
[INFO] [stdout]     |
[INFO] [stdout] 991 |             let timer: Option<&dyn KTimer> = (&*object).into();
[INFO] [stdout]     |                                +++
[INFO] [stdout] 
[INFO] [stdout] 
[INFO] [stdout] warning: unused import: `ByteOrder`
[INFO] [stdout]  --> kernel/src/ipc.rs:3:17
[INFO] [stdout]   |
[INFO] [stdout] 3 | use byteorder::{ByteOrder, LittleEndian, ReadBytesExt, WriteBytesExt};
[INFO] [stdout]   |                 ^^^^^^^^^
[INFO] [stdout]   |
[INFO] [stdout]   = note: `#[warn(unused_imports)]` on by default
[INFO] [stdout] 
[INFO] [stdout] 
[INFO] [stdout] error: aborting due to 6 previous errors; 56 warnings emitted
[INFO] [stdout] 
[INFO] [stdout] 
[INFO] [stdout] Some errors have detailed explanations: E0432, E0554, E0635.
[INFO] [stdout] 
[INFO] [stdout] For more information about an error, try `rustc --explain E0432`.
[INFO] [stdout] 
[INFO] [stderr] error: could not compile `pomelo_kernel` (lib) due to 7 previous errors; 56 warnings emitted
[INFO] [stderr] warning: build failed, waiting for other jobs to finish...
[INFO] [stderr] error: failed to run custom build command for `dynarmic-sys v0.1.0 (https://github.com/ds84182/dynarmic-rs#3d347463)`
[INFO] [stderr] note: To improve backtraces for build dependencies, set the CARGO_PROFILE_DEV_BUILD_OVERRIDE_DEBUG=true environment variable to enable debug information generation.
[INFO] [stderr] 
[INFO] [stderr] Caused by:
[INFO] [stderr]   process didn't exit successfully: `/opt/rustwide/target/debug/build/dynarmic-sys-7367d23a390085be/build-script-build` (exit status: 101)
[INFO] [stderr]   --- stdout
[INFO] [stderr]   running: cd "/opt/rustwide/target/debug/build/dynarmic-sys-257d8e9228d34064/out/build" && CMAKE_PREFIX_PATH="" "cmake" "/opt/rustwide/cargo-home/git/checkouts/dynarmic-rs-e3d83d158b70f7d4/3d34746/dynarmic-sys/." "-DCMAKE_INSTALL_PREFIX=/opt/rustwide/target/debug/build/dynarmic-sys-257d8e9228d34064/out" "-DCMAKE_C_FLAGS= -ffunction-sections -fdata-sections -fPIC -m64" "-DCMAKE_C_COMPILER=/usr/bin/cc" "-DCMAKE_CXX_FLAGS= -ffunction-sections -fdata-sections -fPIC -m64" "-DCMAKE_CXX_COMPILER=/usr/bin/c++" "-DCMAKE_BUILD_TYPE=Debug"
[INFO] [stderr]   -- The C compiler identification is GNU 11.3.0
[INFO] [stderr]   -- The CXX compiler identification is GNU 11.3.0
[INFO] [stderr]   -- Detecting C compiler ABI info
[INFO] [stderr]   -- Detecting C compiler ABI info - done
[INFO] [stderr]   -- Check for working C compiler: /usr/bin/cc - skipped
[INFO] [stderr]   -- Detecting C compile features
[INFO] [stderr]   -- Detecting C compile features - done
[INFO] [stderr]   -- Detecting CXX compiler ABI info
[INFO] [stderr]   -- Detecting CXX compiler ABI info - done
[INFO] [stderr]   -- Check for working CXX compiler: /usr/bin/c++ - skipped
[INFO] [stderr]   -- Detecting CXX compile features
[INFO] [stderr]   -- Detecting CXX compile features - done
[INFO] [stderr]   -- Target architecture: x86_64
[INFO] [stderr]   -- Found Boost: /usr/lib/x86_64-linux-gnu/cmake/Boost-1.74.0/BoostConfig.cmake (found suitable version "1.74.0", minimum required is "1.57.0")  
[INFO] [stderr]   -- Version: 5.2.1
[INFO] [stderr]   -- Build type: Debug
[INFO] [stderr]   -- CXX_STANDARD: 17
[INFO] [stderr]   -- Performing Test has_std_17_flag
[INFO] [stderr]   -- Performing Test has_std_17_flag - Success
[INFO] [stderr]   -- Performing Test has_std_1z_flag
[INFO] [stderr]   -- Performing Test has_std_1z_flag - Success
[INFO] [stderr]   -- Performing Test SUPPORTS_VARIADIC_TEMPLATES
[INFO] [stderr]   -- Performing Test SUPPORTS_VARIADIC_TEMPLATES - Success
[INFO] [stderr]   -- Performing Test SUPPORTS_INITIALIZER_LIST
[INFO] [stderr]   -- Performing Test SUPPORTS_INITIALIZER_LIST - Success
[INFO] [stderr]   -- Performing Test SUPPORTS_ENUM_BASE
[INFO] [stderr]   -- Performing Test SUPPORTS_ENUM_BASE - Success
[INFO] [stderr]   -- Performing Test SUPPORTS_TYPE_TRAITS
[INFO] [stderr]   -- Performing Test SUPPORTS_TYPE_TRAITS - Success
[INFO] [stderr]   -- Performing Test SUPPORTS_USER_DEFINED_LITERALS
[INFO] [stderr]   -- Performing Test SUPPORTS_USER_DEFINED_LITERALS - Success
[INFO] [stderr]   -- Looking for open
[INFO] [stderr]   -- Looking for open - found
[INFO] [stderr]   -- Configuring done
[INFO] [stderr]   -- Generating done
[INFO] [stderr]   -- Build files have been written to: /opt/rustwide/target/debug/build/dynarmic-sys-257d8e9228d34064/out/build
[INFO] [stderr]   running: cd "/opt/rustwide/target/debug/build/dynarmic-sys-257d8e9228d34064/out/build" && MAKEFLAGS="-j --jobserver-fds=7,8 --jobserver-auth=7,8" "cmake" "--build" "." "--target" "install" "--config" "Debug" "--"
[INFO] [stderr]   [  1%] Building CXX object dynarmic/externals/fmt/CMakeFiles/fmt.dir/src/posix.cc.o
[INFO] [stderr]   [  2%] Building CXX object dynarmic/externals/fmt/CMakeFiles/fmt.dir/src/format.cc.o
[INFO] [stderr]   [  3%] Linking CXX static library libfmtd.a
[INFO] [stderr]   [  3%] Built target fmt
[INFO] [stderr]   [  4%] Building CXX object dynarmic/src/CMakeFiles/dynarmic.dir/common/crypto/aes.cpp.o
[INFO] [stderr]   [  5%] Building CXX object dynarmic/src/CMakeFiles/dynarmic.dir/common/crypto/sm4.cpp.o
[INFO] [stderr]   [  5%] Building CXX object dynarmic/src/CMakeFiles/dynarmic.dir/common/crypto/crc32.cpp.o
[INFO] [stderr]   [  4%] Building CXX object dynarmic/src/CMakeFiles/dynarmic.dir/common/fp/fused.cpp.o
[INFO] [stderr]   [  6%] Building CXX object dynarmic/src/CMakeFiles/dynarmic.dir/common/fp/op/FPRecipEstimate.cpp.o
[INFO] [stderr]   [  7%] Building CXX object dynarmic/src/CMakeFiles/dynarmic.dir/common/fp/op/FPRoundInt.cpp.o
[INFO] [stderr]   [  7%] Building CXX object dynarmic/src/CMakeFiles/dynarmic.dir/common/fp/op/FPRecipExponent.cpp.o
[INFO] [stderr]   [  8%] Building CXX object dynarmic/src/CMakeFiles/dynarmic.dir/common/fp/op/FPMulAdd.cpp.o
[INFO] [stderr]   [  9%] Building CXX object dynarmic/src/CMakeFiles/dynarmic.dir/common/fp/op/FPRecipStepFused.cpp.o
[INFO] [stderr]   [ 10%] Building CXX object dynarmic/src/CMakeFiles/dynarmic.dir/common/fp/op/FPRSqrtEstimate.cpp.o
[INFO] [stderr]   [ 10%] Building CXX object dynarmic/src/CMakeFiles/dynarmic.dir/common/fp/op/FPRSqrtStepFused.cpp.o
[INFO] [stderr]   [ 10%] Building CXX object dynarmic/src/CMakeFiles/dynarmic.dir/common/fp/process_exception.cpp.o
[INFO] [stderr]   [ 11%] Building CXX object dynarmic/src/CMakeFiles/dynarmic.dir/common/fp/op/FPToFixed.cpp.o
[INFO] [stderr]   [ 12%] Building CXX object dynarmic/src/CMakeFiles/dynarmic.dir/common/fp/process_nan.cpp.o
[INFO] [stderr]   [ 13%] Building CXX object dynarmic/src/CMakeFiles/dynarmic.dir/common/fp/unpacked.cpp.o
[INFO] [stderr]   [ 13%] Building CXX object dynarmic/src/CMakeFiles/dynarmic.dir/common/llvm_disassemble.cpp.o
[INFO] [stderr]   [ 14%] Building CXX object dynarmic/src/CMakeFiles/dynarmic.dir/common/math_util.cpp.o
[INFO] [stderr]   [ 15%] Building CXX object dynarmic/src/CMakeFiles/dynarmic.dir/common/memory_pool.cpp.o
[INFO] [stderr]   [ 16%] Building CXX object dynarmic/src/CMakeFiles/dynarmic.dir/frontend/A32/disassembler/disassembler_arm.cpp.o
[INFO] [stderr]   [ 16%] Building CXX object dynarmic/src/CMakeFiles/dynarmic.dir/common/u128.cpp.o
[INFO] [stderr]   [ 17%] Building CXX object dynarmic/src/CMakeFiles/dynarmic.dir/frontend/A32/disassembler/disassembler_thumb.cpp.o
[INFO] [stderr] 
[INFO] [stderr]   --- stderr
[INFO] [stderr]   CMake Warning (dev) in CMakeLists.txt:
[INFO] [stderr]     No project() command is present.  The top-level CMakeLists.txt file must
[INFO] [stderr]     contain a literal, direct call to the project() command.  Add a line of
[INFO] [stderr]     code such as
[INFO] [stderr] 
[INFO] [stderr]       project(ProjectName)
[INFO] [stderr] 
[INFO] [stderr]     near the top of the file, but after cmake_minimum_required().
[INFO] [stderr] 
[INFO] [stderr]     CMake is pretending there is a "project(Project)" command on the first
[INFO] [stderr]     line.
[INFO] [stderr]   This warning is for project developers.  Use -Wno-dev to suppress it.
[INFO] [stderr] 
[INFO] [stderr]   CMake Warning (dev) in CMakeLists.txt:
[INFO] [stderr]     No cmake_minimum_required command is present.  A line of code such as
[INFO] [stderr] 
[INFO] [stderr]       cmake_minimum_required(VERSION 3.22)
[INFO] [stderr] 
[INFO] [stderr]     should be added at the top of the file.  The version specified may be lower
[INFO] [stderr]     if you wish to support older CMake versions for this project.  For more
[INFO] [stderr]     information run "cmake --help-policy CMP0000".
[INFO] [stderr]   This warning is for project developers.  Use -Wno-dev to suppress it.
[INFO] [stderr] 
[INFO] [stderr]   In file included from /opt/rustwide/cargo-home/git/checkouts/dynarmic-rs-e3d83d158b70f7d4/3d34746/dynarmic-sys/dynarmic/src/./common/assert.h:9,
[INFO] [stderr]                    from /opt/rustwide/cargo-home/git/checkouts/dynarmic-rs-e3d83d158b70f7d4/3d34746/dynarmic-sys/dynarmic/src/common/fp/op/FPRecipEstimate.cpp:9:
[INFO] [stderr]   /opt/rustwide/cargo-home/git/checkouts/dynarmic-rs-e3d83d158b70f7d4/3d34746/dynarmic-sys/dynarmic/externals/fmt/include/fmt/format.h:3642:55: error: ISO C++ did not adopt string literal operator templates taking an argument pack of characters [-Wpedantic]
[INFO] [stderr]    3642 | FMT_CONSTEXPR internal::udl_formatter<Char, CHARS...> operator""_format() {
[INFO] [stderr]         |                                                       ^~~~~~~~
[INFO] [stderr]   compilation terminated due to -Wfatal-errors.
[INFO] [stderr]   In file included from /opt/rustwide/cargo-home/git/checkouts/dynarmic-rs-e3d83d158b70f7d4/3d34746/dynarmic-sys/dynarmic/src/./common/assert.h:9,
[INFO] [stderr]                    from /opt/rustwide/cargo-home/git/checkouts/dynarmic-rs-e3d83d158b70f7d4/3d34746/dynarmic-sys/dynarmic/src/common/fp/process_nan.cpp:9:
[INFO] [stderr]   /opt/rustwide/cargo-home/git/checkouts/dynarmic-rs-e3d83d158b70f7d4/3d34746/dynarmic-sys/dynarmic/externals/fmt/include/fmt/format.h:3642:55: error: ISO C++ did not adopt string literal operator templates taking an argument pack of characters [-Wpedantic]
[INFO] [stderr]    3642 | FMT_CONSTEXPR internal::udl_formatter<Char, CHARS...> operator""_format() {
[INFO] [stderr]         |                                                       ^~~~~~~~
[INFO] [stderr]   compilation terminated due to -Wfatal-errors.
[INFO] [stderr]   In file included from /opt/rustwide/cargo-home/git/checkouts/dynarmic-rs-e3d83d158b70f7d4/3d34746/dynarmic-sys/dynarmic/src/./common/assert.h:9,
[INFO] [stderr]                    from /opt/rustwide/cargo-home/git/checkouts/dynarmic-rs-e3d83d158b70f7d4/3d34746/dynarmic-sys/dynarmic/src/./common/bit_util.h:14,
[INFO] [stderr]                    from /opt/rustwide/cargo-home/git/checkouts/dynarmic-rs-e3d83d158b70f7d4/3d34746/dynarmic-sys/dynarmic/src/common/fp/op/FPRecipExponent.cpp:10:
[INFO] [stderr]   /opt/rustwide/cargo-home/git/checkouts/dynarmic-rs-e3d83d158b70f7d4/3d34746/dynarmic-sys/dynarmic/externals/fmt/include/fmt/format.h:3642:55: error: ISO C++ did not adopt string literal operator templates taking an argument pack of characters [-Wpedantic]
[INFO] [stderr]    3642 | FMT_CONSTEXPR internal::udl_formatter<Char, CHARS...> operator""_format() {
[INFO] [stderr]         |                                                       ^~~~~~~~
[INFO] [stderr]   compilation terminated due to -Wfatal-errors.
[INFO] [stderr]   gmake[2]: *** [dynarmic/src/CMakeFiles/dynarmic.dir/build.make:258: dynarmic/src/CMakeFiles/dynarmic.dir/common/fp/process_nan.cpp.o] Error 1
[INFO] [stderr]   gmake[2]: *** Waiting for unfinished jobs....
[INFO] [stderr]   gmake[2]: *** [dynarmic/src/CMakeFiles/dynarmic.dir/build.make:146: dynarmic/src/CMakeFiles/dynarmic.dir/common/fp/op/FPRecipEstimate.cpp.o] Error 1
[INFO] [stderr]   gmake[2]: *** [dynarmic/src/CMakeFiles/dynarmic.dir/build.make:160: dynarmic/src/CMakeFiles/dynarmic.dir/common/fp/op/FPRecipExponent.cpp.o] Error 1
[INFO] [stderr]   In file included from /opt/rustwide/cargo-home/git/checkouts/dynarmic-rs-e3d83d158b70f7d4/3d34746/dynarmic-sys/dynarmic/src/./common/assert.h:9,
[INFO] [stderr]                    from /opt/rustwide/cargo-home/git/checkouts/dynarmic-rs-e3d83d158b70f7d4/3d34746/dynarmic-sys/dynarmic/src/common/fp/fused.cpp:7:
[INFO] [stderr]   /opt/rustwide/cargo-home/git/checkouts/dynarmic-rs-e3d83d158b70f7d4/3d34746/dynarmic-sys/dynarmic/externals/fmt/include/fmt/format.h:3642:55: error: ISO C++ did not adopt string literal operator templates taking an argument pack of characters [-Wpedantic]
[INFO] [stderr]    3642 | FMT_CONSTEXPR internal::udl_formatter<Char, CHARS...> operator""_format() {
[INFO] [stderr]         |                                                       ^~~~~~~~
[INFO] [stderr]   compilation terminated due to -Wfatal-errors.
[INFO] [stderr]   gmake[2]: *** [dynarmic/src/CMakeFiles/dynarmic.dir/build.make:118: dynarmic/src/CMakeFiles/dynarmic.dir/common/fp/fused.cpp.o] Error 1
[INFO] [stderr]   In file included from /opt/rustwide/cargo-home/git/checkouts/dynarmic-rs-e3d83d158b70f7d4/3d34746/dynarmic-sys/dynarmic/src/./common/assert.h:9,
[INFO] [stderr]                    from /opt/rustwide/cargo-home/git/checkouts/dynarmic-rs-e3d83d158b70f7d4/3d34746/dynarmic-sys/dynarmic/src/./common/fp/fpcr.h:11,
[INFO] [stderr]                    from /opt/rustwide/cargo-home/git/checkouts/dynarmic-rs-e3d83d158b70f7d4/3d34746/dynarmic-sys/dynarmic/src/common/fp/op/FPRecipStepFused.cpp:7:
[INFO] [stderr]   /opt/rustwide/cargo-home/git/checkouts/dynarmic-rs-e3d83d158b70f7d4/3d34746/dynarmic-sys/dynarmic/externals/fmt/include/fmt/format.h:3642:55: error: ISO C++ did not adopt string literal operator templates taking an argument pack of characters [-Wpedantic]
[INFO] [stderr]    3642 | FMT_CONSTEXPR internal::udl_formatter<Char, CHARS...> operator""_format() {
[INFO] [stderr]         |                                                       ^~~~~~~~
[INFO] [stderr]   compilation terminated due to -Wfatal-errors.
[INFO] [stderr]   gmake[2]: *** [dynarmic/src/CMakeFiles/dynarmic.dir/build.make:174: dynarmic/src/CMakeFiles/dynarmic.dir/common/fp/op/FPRecipStepFused.cpp.o] Error 1
[INFO] [stderr]   In file included from /opt/rustwide/cargo-home/git/checkouts/dynarmic-rs-e3d83d158b70f7d4/3d34746/dynarmic-sys/dynarmic/src/./common/assert.h:9,
[INFO] [stderr]                    from /opt/rustwide/cargo-home/git/checkouts/dynarmic-rs-e3d83d158b70f7d4/3d34746/dynarmic-sys/dynarmic/src/./common/fp/fpcr.h:11,
[INFO] [stderr]                    from /opt/rustwide/cargo-home/git/checkouts/dynarmic-rs-e3d83d158b70f7d4/3d34746/dynarmic-sys/dynarmic/src/common/fp/op/FPMulAdd.cpp:8:
[INFO] [stderr]   /opt/rustwide/cargo-home/git/checkouts/dynarmic-rs-e3d83d158b70f7d4/3d34746/dynarmic-sys/dynarmic/externals/fmt/include/fmt/format.h:3642:55: error: ISO C++ did not adopt string literal operator templates taking an argument pack of characters [-Wpedantic]
[INFO] [stderr]    3642 | FMT_CONSTEXPR internal::udl_formatter<Char, CHARS...> operator""_format() {
[INFO] [stderr]         |                                                       ^~~~~~~~
[INFO] [stderr]   compilation terminated due to -Wfatal-errors.
[INFO] [stderr]   In file included from /opt/rustwide/cargo-home/git/checkouts/dynarmic-rs-e3d83d158b70f7d4/3d34746/dynarmic-sys/dynarmic/src/./common/assert.h:9,
[INFO] [stderr]                    from /opt/rustwide/cargo-home/git/checkouts/dynarmic-rs-e3d83d158b70f7d4/3d34746/dynarmic-sys/dynarmic/src/common/fp/process_exception.cpp:7:
[INFO] [stderr]   /opt/rustwide/cargo-home/git/checkouts/dynarmic-rs-e3d83d158b70f7d4/3d34746/dynarmic-sys/dynarmic/externals/fmt/include/fmt/format.h:3642:55: error: ISO C++ did not adopt string literal operator templates taking an argument pack of characters [-Wpedantic]
[INFO] [stderr]    3642 | FMT_CONSTEXPR internal::udl_formatter<Char, CHARS...> operator""_format() {
[INFO] [stderr]         |                                                       ^~~~~~~~
[INFO] [stderr]   compilation terminated due to -Wfatal-errors.
[INFO] [stderr]   gmake[2]: *** [dynarmic/src/CMakeFiles/dynarmic.dir/build.make:132: dynarmic/src/CMakeFiles/dynarmic.dir/common/fp/op/FPMulAdd.cpp.o] Error 1
[INFO] [stderr]   gmake[2]: *** [dynarmic/src/CMakeFiles/dynarmic.dir/build.make:244: dynarmic/src/CMakeFiles/dynarmic.dir/common/fp/process_exception.cpp.o] Error 1
[INFO] [stderr]   In file included from /opt/rustwide/cargo-home/git/checkouts/dynarmic-rs-e3d83d158b70f7d4/3d34746/dynarmic-sys/dynarmic/src/common/llvm_disassemble.cpp:9:
[INFO] [stderr]   /opt/rustwide/cargo-home/git/checkouts/dynarmic-rs-e3d83d158b70f7d4/3d34746/dynarmic-sys/dynarmic/externals/fmt/include/fmt/format.h:3642:55: error: ISO C++ did not adopt string literal operator templates taking an argument pack of characters [-Wpedantic]
[INFO] [stderr]    3642 | FMT_CONSTEXPR internal::udl_formatter<Char, CHARS...> operator""_format() {
[INFO] [stderr]         |                                                       ^~~~~~~~
[INFO] [stderr]   compilation terminated due to -Wfatal-errors.
[INFO] [stderr]   gmake[2]: *** [dynarmic/src/CMakeFiles/dynarmic.dir/build.make:286: dynarmic/src/CMakeFiles/dynarmic.dir/common/llvm_disassemble.cpp.o] Error 1
[INFO] [stderr]   In file included from /opt/rustwide/cargo-home/git/checkouts/dynarmic-rs-e3d83d158b70f7d4/3d34746/dynarmic-sys/dynarmic/src/./common/assert.h:9,
[INFO] [stderr]                    from /opt/rustwide/cargo-home/git/checkouts/dynarmic-rs-e3d83d158b70f7d4/3d34746/dynarmic-sys/dynarmic/src/common/fp/op/FPRSqrtEstimate.cpp:9:
[INFO] [stderr]   /opt/rustwide/cargo-home/git/checkouts/dynarmic-rs-e3d83d158b70f7d4/3d34746/dynarmic-sys/dynarmic/externals/fmt/include/fmt/format.h:3642:55: error: ISO C++ did not adopt string literal operator templates taking an argument pack of characters [-Wpedantic]
[INFO] [stderr]    3642 | FMT_CONSTEXPR internal::udl_formatter<Char, CHARS...> operator""_format() {
[INFO] [stderr]         |                                                       ^~~~~~~~
[INFO] [stderr]   compilation terminated due to -Wfatal-errors.
[INFO] [stderr]   gmake[2]: *** [dynarmic/src/CMakeFiles/dynarmic.dir/build.make:202: dynarmic/src/CMakeFiles/dynarmic.dir/common/fp/op/FPRSqrtEstimate.cpp.o] Error 1
[INFO] [stderr]   In file included from /opt/rustwide/cargo-home/git/checkouts/dynarmic-rs-e3d83d158b70f7d4/3d34746/dynarmic-sys/dynarmic/src/./common/assert.h:9,
[INFO] [stderr]                    from /opt/rustwide/cargo-home/git/checkouts/dynarmic-rs-e3d83d158b70f7d4/3d34746/dynarmic-sys/dynarmic/src/./common/bit_util.h:14,
[INFO] [stderr]                    from /opt/rustwide/cargo-home/git/checkouts/dynarmic-rs-e3d83d158b70f7d4/3d34746/dynarmic-sys/dynarmic/src/./common/fp/fpsr.h:11,
[INFO] [stderr]                    from /opt/rustwide/cargo-home/git/checkouts/dynarmic-rs-e3d83d158b70f7d4/3d34746/dynarmic-sys/dynarmic/src/common/fp/unpacked.cpp:7:
[INFO] [stderr]   /opt/rustwide/cargo-home/git/checkouts/dynarmic-rs-e3d83d158b70f7d4/3d34746/dynarmic-sys/dynarmic/externals/fmt/include/fmt/format.h:3642:55: error: ISO C++ did not adopt string literal operator templates taking an argument pack of characters [-Wpedantic]
[INFO] [stderr]    3642 | FMT_CONSTEXPR internal::udl_formatter<Char, CHARS...> operator""_format() {
[INFO] [stderr]         |                                                       ^~~~~~~~
[INFO] [stderr]   compilation terminated due to -Wfatal-errors.
[INFO] [stderr]   gmake[2]: *** [dynarmic/src/CMakeFiles/dynarmic.dir/build.make:272: dynarmic/src/CMakeFiles/dynarmic.dir/common/fp/unpacked.cpp.o] Error 1
[INFO] [stderr]   In file included from /opt/rustwide/cargo-home/git/checkouts/dynarmic-rs-e3d83d158b70f7d4/3d34746/dynarmic-sys/dynarmic/src/./common/assert.h:9,
[INFO] [stderr]                    from /opt/rustwide/cargo-home/git/checkouts/dynarmic-rs-e3d83d158b70f7d4/3d34746/dynarmic-sys/dynarmic/src/common/fp/op/FPRoundInt.cpp:7:
[INFO] [stderr]   /opt/rustwide/cargo-home/git/checkouts/dynarmic-rs-e3d83d158b70f7d4/3d34746/dynarmic-sys/dynarmic/externals/fmt/include/fmt/format.h:3642:55: error: ISO C++ did not adopt string literal operator templates taking an argument pack of characters [-Wpedantic]
[INFO] [stderr]    3642 | FMT_CONSTEXPR internal::udl_formatter<Char, CHARS...> operator""_format() {
[INFO] [stderr]         |                                                       ^~~~~~~~
[INFO] [stderr]   compilation terminated due to -Wfatal-errors.
[INFO] [stderr]   gmake[2]: *** [dynarmic/src/CMakeFiles/dynarmic.dir/build.make:188: dynarmic/src/CMakeFiles/dynarmic.dir/common/fp/op/FPRoundInt.cpp.o] Error 1
[INFO] [stderr]   In file included from /opt/rustwide/cargo-home/git/checkouts/dynarmic-rs-e3d83d158b70f7d4/3d34746/dynarmic-sys/dynarmic/src/./common/assert.h:9,
[INFO] [stderr]                    from /opt/rustwide/cargo-home/git/checkouts/dynarmic-rs-e3d83d158b70f7d4/3d34746/dynarmic-sys/dynarmic/src/./common/fp/fpcr.h:11,
[INFO] [stderr]                    from /opt/rustwide/cargo-home/git/checkouts/dynarmic-rs-e3d83d158b70f7d4/3d34746/dynarmic-sys/dynarmic/src/common/fp/op/FPRSqrtStepFused.cpp:7:
[INFO] [stderr]   /opt/rustwide/cargo-home/git/checkouts/dynarmic-rs-e3d83d158b70f7d4/3d34746/dynarmic-sys/dynarmic/externals/fmt/include/fmt/format.h:3642:55: error: ISO C++ did not adopt string literal operator templates taking an argument pack of characters [-Wpedantic]
[INFO] [stderr]    3642 | FMT_CONSTEXPR internal::udl_formatter<Char, CHARS...> operator""_format() {
[INFO] [stderr]         |                                                       ^~~~~~~~
[INFO] [stderr]   compilation terminated due to -Wfatal-errors.
[INFO] [stderr]   gmake[2]: *** [dynarmic/src/CMakeFiles/dynarmic.dir/build.make:216: dynarmic/src/CMakeFiles/dynarmic.dir/common/fp/op/FPRSqrtStepFused.cpp.o] Error 1
[INFO] [stderr]   In file included from /opt/rustwide/cargo-home/git/checkouts/dynarmic-rs-e3d83d158b70f7d4/3d34746/dynarmic-sys/dynarmic/src/./common/assert.h:9,
[INFO] [stderr]                    from /opt/rustwide/cargo-home/git/checkouts/dynarmic-rs-e3d83d158b70f7d4/3d34746/dynarmic-sys/dynarmic/src/common/fp/op/FPToFixed.cpp:7:
[INFO] [stderr]   /opt/rustwide/cargo-home/git/checkouts/dynarmic-rs-e3d83d158b70f7d4/3d34746/dynarmic-sys/dynarmic/externals/fmt/include/fmt/format.h:3642:55: error: ISO C++ did not adopt string literal operator templates taking an argument pack of characters [-Wpedantic]
[INFO] [stderr]    3642 | FMT_CONSTEXPR internal::udl_formatter<Char, CHARS...> operator""_format() {
[INFO] [stderr]         |                                                       ^~~~~~~~
[INFO] [stderr]   compilation terminated due to -Wfatal-errors.
[INFO] [stderr]   gmake[2]: *** [dynarmic/src/CMakeFiles/dynarmic.dir/build.make:230: dynarmic/src/CMakeFiles/dynarmic.dir/common/fp/op/FPToFixed.cpp.o] Error 1
[INFO] [stderr]   In file included from /opt/rustwide/cargo-home/git/checkouts/dynarmic-rs-e3d83d158b70f7d4/3d34746/dynarmic-sys/dynarmic/src/frontend/A32/disassembler/disassembler_arm.cpp:10:
[INFO] [stderr]   /opt/rustwide/cargo-home/git/checkouts/dynarmic-rs-e3d83d158b70f7d4/3d34746/dynarmic-sys/dynarmic/externals/fmt/include/fmt/format.h:3642:55: error: ISO C++ did not adopt string literal operator templates taking an argument pack of characters [-Wpedantic]
[INFO] [stderr]    3642 | FMT_CONSTEXPR internal::udl_formatter<Char, CHARS...> operator""_format() {
[INFO] [stderr]         |                                                       ^~~~~~~~
[INFO] [stderr]   compilation terminated due to -Wfatal-errors.
[INFO] [stderr]   gmake[2]: *** [dynarmic/src/CMakeFiles/dynarmic.dir/build.make:342: dynarmic/src/CMakeFiles/dynarmic.dir/frontend/A32/disassembler/disassembler_arm.cpp.o] Error 1
[INFO] [stderr]   In file included from /opt/rustwide/cargo-home/git/checkouts/dynarmic-rs-e3d83d158b70f7d4/3d34746/dynarmic-sys/dynarmic/src/frontend/A32/disassembler/disassembler_thumb.cpp:10:
[INFO] [stderr]   /opt/rustwide/cargo-home/git/checkouts/dynarmic-rs-e3d83d158b70f7d4/3d34746/dynarmic-sys/dynarmic/externals/fmt/include/fmt/format.h:3642:55: error: ISO C++ did not adopt string literal operator templates taking an argument pack of characters [-Wpedantic]
[INFO] [stderr]    3642 | FMT_CONSTEXPR internal::udl_formatter<Char, CHARS...> operator""_format() {
[INFO] [stderr]         |                                                       ^~~~~~~~
[INFO] [stderr]   compilation terminated due to -Wfatal-errors.
[INFO] [stderr]   In file included from /opt/rustwide/cargo-home/git/checkouts/dynarmic-rs-e3d83d158b70f7d4/3d34746/dynarmic-sys/dynarmic/src/./common/assert.h:9,
[INFO] [stderr]                    from /opt/rustwide/cargo-home/git/checkouts/dynarmic-rs-e3d83d158b70f7d4/3d34746/dynarmic-sys/dynarmic/src/./common/bit_util.h:14,
[INFO] [stderr]                    from /opt/rustwide/cargo-home/git/checkouts/dynarmic-rs-e3d83d158b70f7d4/3d34746/dynarmic-sys/dynarmic/src/./common/u128.h:13,
[INFO] [stderr]                    from /opt/rustwide/cargo-home/git/checkouts/dynarmic-rs-e3d83d158b70f7d4/3d34746/dynarmic-sys/dynarmic/src/common/u128.cpp:10:
[INFO] [stderr]   /opt/rustwide/cargo-home/git/checkouts/dynarmic-rs-e3d83d158b70f7d4/3d34746/dynarmic-sys/dynarmic/externals/fmt/include/fmt/format.h:3642:55: error: ISO C++ did not adopt string literal operator templates taking an argument pack of characters [-Wpedantic]
[INFO] [stderr]    3642 | FMT_CONSTEXPR internal::udl_formatter<Char, CHARS...> operator""_format() {
[INFO] [stderr]         |                                                       ^~~~~~~~
[INFO] [stderr]   compilation terminated due to -Wfatal-errors.
[INFO] [stderr]   gmake[2]: *** [dynarmic/src/CMakeFiles/dynarmic.dir/build.make:328: dynarmic/src/CMakeFiles/dynarmic.dir/common/u128.cpp.o] Error 1
[INFO] [stderr]   gmake[2]: *** [dynarmic/src/CMakeFiles/dynarmic.dir/build.make:356: dynarmic/src/CMakeFiles/dynarmic.dir/frontend/A32/disassembler/disassembler_thumb.cpp.o] Error 1
[INFO] [stderr]   gmake[1]: *** [CMakeFiles/Makefile2:201: dynarmic/src/CMakeFiles/dynarmic.dir/all] Error 2
[INFO] [stderr]   gmake: *** [Makefile:136: all] Error 2
[INFO] [stderr]   thread 'main' panicked at '
[INFO] [stderr]   command did not execute successfully, got: exit status: 2
[INFO] [stderr] 
[INFO] [stderr]   build script failed, must exit now', /opt/rustwide/cargo-home/registry/src/index.crates.io-6f17d22bba15001f/cmake-0.1.38/src/lib.rs:813:5
[INFO] [stderr]   stack backtrace:
[INFO] [stderr]      0:     0x55bc12fd053a - std::backtrace_rs::backtrace::libunwind::trace::h2f05d0192276a8f6
[INFO] [stderr]                                  at /rustc/1b7dd2252b99671ce5d1cb9664c5f8636329436d/library/std/src/../../backtrace/src/backtrace/libunwind.rs:93:5
[INFO] [stderr]      1:     0x55bc12fd053a - std::backtrace_rs::backtrace::trace_unsynchronized::hedc23dff7a1af150
[INFO] [stderr]                                  at /rustc/1b7dd2252b99671ce5d1cb9664c5f8636329436d/library/std/src/../../backtrace/src/backtrace/mod.rs:66:5
[INFO] [stderr]      2:     0x55bc12fd053a - std::sys_common::backtrace::_print_fmt::h17541ef7592f3ce2
[INFO] [stderr]                                  at /rustc/1b7dd2252b99671ce5d1cb9664c5f8636329436d/library/std/src/sys_common/backtrace.rs:65:5
[INFO] [stderr]      3:     0x55bc12fd053a - <std::sys_common::backtrace::_print::DisplayBacktrace as core::fmt::Display>::fmt::h20f75df5ab0c0792
[INFO] [stderr]                                  at /rustc/1b7dd2252b99671ce5d1cb9664c5f8636329436d/library/std/src/sys_common/backtrace.rs:44:22
[INFO] [stderr]      4:     0x55bc12ff065f - core::fmt::write::h78109e6f466b3af6
[INFO] [stderr]                                  at /rustc/1b7dd2252b99671ce5d1cb9664c5f8636329436d/library/core/src/fmt/mod.rs:1254:17
[INFO] [stderr]      5:     0x55bc12fcd605 - std::io::Write::write_fmt::hc59e1b02dd273c8a
[INFO] [stderr]                                  at /rustc/1b7dd2252b99671ce5d1cb9664c5f8636329436d/library/std/src/io/mod.rs:1698:15
[INFO] [stderr]      6:     0x55bc12fd0305 - std::sys_common::backtrace::_print::h8dac57a9f8fbf9a5
[INFO] [stderr]                                  at /rustc/1b7dd2252b99671ce5d1cb9664c5f8636329436d/library/std/src/sys_common/backtrace.rs:47:5
[INFO] [stderr]      7:     0x55bc12fd0305 - std::sys_common::backtrace::print::hf9ecbf41d1aa712f
[INFO] [stderr]                                  at /rustc/1b7dd2252b99671ce5d1cb9664c5f8636329436d/library/std/src/sys_common/backtrace.rs:34:9
[INFO] [stderr]      8:     0x55bc12fd1aae - std::panicking::default_hook::{{closure}}::h04c07acfc84ca028
[INFO] [stderr]                                  at /rustc/1b7dd2252b99671ce5d1cb9664c5f8636329436d/library/std/src/panicking.rs:269:22
[INFO] [stderr]      9:     0x55bc12fd1855 - std::panicking::default_hook::h01f6bb23e1eceb2c
[INFO] [stderr]                                  at /rustc/1b7dd2252b99671ce5d1cb9664c5f8636329436d/library/std/src/panicking.rs:288:9
[INFO] [stderr]     10:     0x55bc12fd200e - std::panicking::rust_panic_with_hook::h2bb3722bbaf2f6df
[INFO] [stderr]                                  at /rustc/1b7dd2252b99671ce5d1cb9664c5f8636329436d/library/std/src/panicking.rs:691:13
[INFO] [stderr]     11:     0x55bc12fd1f09 - std::panicking::begin_panic_handler::{{closure}}::h91bc7f36a4be011b
[INFO] [stderr]                                  at /rustc/1b7dd2252b99671ce5d1cb9664c5f8636329436d/library/std/src/panicking.rs:582:13
[INFO] [stderr]     12:     0x55bc12fd09a6 - std::sys_common::backtrace::__rust_end_short_backtrace::h8b3d3717114f9e59
[INFO] [stderr]                                  at /rustc/1b7dd2252b99671ce5d1cb9664c5f8636329436d/library/std/src/sys_common/backtrace.rs:150:18
[INFO] [stderr]     13:     0x55bc12fd1c62 - rust_begin_unwind
[INFO] [stderr]                                  at /rustc/1b7dd2252b99671ce5d1cb9664c5f8636329436d/library/std/src/panicking.rs:578:5
[INFO] [stderr]     14:     0x55bc12f72783 - core::panicking::panic_fmt::hfd368e3fbdabea26
[INFO] [stderr]                                  at /rustc/1b7dd2252b99671ce5d1cb9664c5f8636329436d/library/core/src/panicking.rs:67:14
[INFO] [stderr]     15:     0x55bc12f7a4cf - cmake::fail::hfc3687372260310f
[INFO] [stderr]     16:     0x55bc12f79f33 - cmake::run::h83427e4ed6577f4d
[INFO] [stderr]     17:     0x55bc12f7763f - cmake::Config::build::h43e505faf6e074c0
[INFO] [stderr]     18:     0x55bc12f72e85 - build_script_build::main::h5237f045b7ba185c
[INFO] [stderr]     19:     0x55bc12f73253 - core::ops::function::FnOnce::call_once::h23dab241a250e0fd
[INFO] [stderr]     20:     0x55bc12f73076 - std::sys_common::backtrace::__rust_begin_short_backtrace::h751cff58d5500631
[INFO] [stderr]     21:     0x55bc12f73ac9 - std::rt::lang_start::{{closure}}::h1289e9df19d347c0
[INFO] [stderr]     22:     0x55bc12fc9cee - core::ops::function::impls::<impl core::ops::function::FnOnce<A> for &F>::call_once::h2eb19b8ce4148df4
[INFO] [stderr]                                  at /rustc/1b7dd2252b99671ce5d1cb9664c5f8636329436d/library/core/src/ops/function.rs:287:13
[INFO] [stderr]     23:     0x55bc12fc9cee - std::panicking::try::do_call::h2e900feff5d504c5
[INFO] [stderr]                                  at /rustc/1b7dd2252b99671ce5d1cb9664c5f8636329436d/library/std/src/panicking.rs:485:40
[INFO] [stderr]     24:     0x55bc12fc9cee - std::panicking::try::h8854836cb85aa9f2
[INFO] [stderr]                                  at /rustc/1b7dd2252b99671ce5d1cb9664c5f8636329436d/library/std/src/panicking.rs:449:19
[INFO] [stderr]     25:     0x55bc12fc9cee - std::panic::catch_unwind::h706025dd4c48f64b
[INFO] [stderr]                                  at /rustc/1b7dd2252b99671ce5d1cb9664c5f8636329436d/library/std/src/panic.rs:140:14
[INFO] [stderr]     26:     0x55bc12fc9cee - std::rt::lang_start_internal::{{closure}}::h7be5b97f4a07a91a
[INFO] [stderr]                                  at /rustc/1b7dd2252b99671ce5d1cb9664c5f8636329436d/library/std/src/rt.rs:148:48
[INFO] [stderr]     27:     0x55bc12fc9cee - std::panicking::try::do_call::h59847e9d0a176965
[INFO] [stderr]                                  at /rustc/1b7dd2252b99671ce5d1cb9664c5f8636329436d/library/std/src/panicking.rs:485:40
[INFO] [stderr]     28:     0x55bc12fc9cee - std::panicking::try::h399a918ba8522823
[INFO] [stderr]                                  at /rustc/1b7dd2252b99671ce5d1cb9664c5f8636329436d/library/std/src/panicking.rs:449:19
[INFO] [stderr]     29:     0x55bc12fc9cee - std::panic::catch_unwind::hca7ca6c55b2a2e26
[INFO] [stderr]                                  at /rustc/1b7dd2252b99671ce5d1cb9664c5f8636329436d/library/std/src/panic.rs:140:14
[INFO] [stderr]     30:     0x55bc12fc9cee - std::rt::lang_start_internal::h2c807a81560459eb
[INFO] [stderr]                                  at /rustc/1b7dd2252b99671ce5d1cb9664c5f8636329436d/library/std/src/rt.rs:148:20
[INFO] [stderr]     31:     0x55bc12f73aa7 - std::rt::lang_start::h50e58f3c67dad847
[INFO] [stderr]     32:     0x55bc12f73065 - main
[INFO] [stderr]     33:     0x7f10cbf92d90 - <unknown>
[INFO] [stderr]     34:     0x7f10cbf92e40 - __libc_start_main
[INFO] [stderr]     35:     0x55bc12f72cb5 - _start
[INFO] [stderr]     36:                0x0 - <unknown>
[INFO] running `Command { std: "docker" "inspect" "e1c19c2271375180cc0ccb3e8bc29d23fff0c77edcfc48b435a6558e18927fd6", kill_on_drop: false }`
[INFO] running `Command { std: "docker" "rm" "-f" "e1c19c2271375180cc0ccb3e8bc29d23fff0c77edcfc48b435a6558e18927fd6", kill_on_drop: false }`
[INFO] [stdout] e1c19c2271375180cc0ccb3e8bc29d23fff0c77edcfc48b435a6558e18927fd6
