[INFO] cloning repository https://github.com/drasich/avion
[INFO] running `Command { std: "git" "-c" "credential.helper=" "-c" "credential.helper=/workspace/cargo-home/bin/git-credential-null" "clone" "--bare" "https://github.com/drasich/avion" "/workspace/cache/git-repos/https%3A%2F%2Fgithub.com%2Fdrasich%2Favion", kill_on_drop: false }`
[INFO] [stderr] Cloning into bare repository '/workspace/cache/git-repos/https%3A%2F%2Fgithub.com%2Fdrasich%2Favion'...
[INFO] running `Command { std: "git" "rev-parse" "HEAD", kill_on_drop: false }`
[INFO] [stdout] 781deeaee1e2bb95fc3d97b417dd63cceb64a1d6
[INFO] testing drasich/avion against 1.69.0 for beta-1.70-1
[INFO] running `Command { std: "git" "clone" "/workspace/cache/git-repos/https%3A%2F%2Fgithub.com%2Fdrasich%2Favion" "/workspace/builds/worker-5-tc1/source", kill_on_drop: false }`
[INFO] [stderr] Cloning into '/workspace/builds/worker-5-tc1/source'...
[INFO] [stderr] done.
[INFO] validating manifest of git repo https://github.com/drasich/avion on toolchain 1.69.0
[INFO] running `Command { std: CARGO_HOME="/workspace/cargo-home" RUSTUP_HOME="/workspace/rustup-home" "/workspace/cargo-home/bin/cargo" "+1.69.0" "metadata" "--manifest-path" "Cargo.toml" "--no-deps", kill_on_drop: false }`
[INFO] started tweaking git repo https://github.com/drasich/avion
[INFO] finished tweaking git repo https://github.com/drasich/avion
[INFO] tweaked toml for git repo https://github.com/drasich/avion written to /workspace/builds/worker-5-tc1/source/Cargo.toml
[INFO] crate git repo https://github.com/drasich/avion already has a lockfile, it will not be regenerated
[INFO] running `Command { std: CARGO_HOME="/workspace/cargo-home" RUSTUP_HOME="/workspace/rustup-home" "/workspace/cargo-home/bin/cargo" "+1.69.0" "fetch" "--manifest-path" "Cargo.toml", kill_on_drop: false }`
[INFO] [stderr]     Blocking waiting for file lock on package cache
[INFO] [stderr]     Updating git repository `https://github.com/indefini/dormin.git`
[INFO] [stderr]     Updating git repository `https://github.com/drasich/joker.git`
[INFO] [stderr]     Updating git submodule `https://github.com/drasich/cypher.git`
[INFO] [stderr]     Updating git repository `https://github.com/indefini/rust-lua.git`
[INFO] [stderr]     Updating git repository `https://github.com/indefini/rust-png.git`
[INFO] [stderr]     Updating git repository `https://github.com/indefini/pulse.git`
[INFO] [stderr]     Updating git repository `https://github.com/indefini/rustc-serialize.git`
[INFO] [stderr]     Updating git repository `https://github.com/alexcrichton/toml-rs`
[INFO] [stderr]     Updating git repository `https://github.com/drasich/cypher.git`
[INFO] [stderr]     Updating git repository `https://github.com/rust-lang/uuid.git`
[INFO] [stderr]  Downloading crates ...
[INFO] [stderr]   Downloaded phf_codegen v0.7.20
[INFO] [stderr]   Downloaded phf v0.7.20
[INFO] [stderr]   Downloaded phf_generator v0.7.20
[INFO] [stderr]   Downloaded phf_shared v0.7.20
[INFO] [stderr]   Downloaded serde v0.8.19
[INFO] [stderr]   Downloaded libloading v0.3.1
[INFO] [stderr]   Downloaded uuid v0.3.1
[INFO] [stderr]   Downloaded gcc v0.3.24
[INFO] [stderr]   Downloaded target_build_utils v0.1.2
[INFO] [stderr]   Downloaded pkg-config v0.3.7
[INFO] [stderr]   Downloaded libz-sys v1.0.1
[INFO] running `Command { std: "docker" "create" "-v" "/var/lib/crater-agent-workspace/builds/worker-5-tc1/target:/opt/rustwide/target:rw,Z" "-v" "/var/lib/crater-agent-workspace/builds/worker-5-tc1/source:/opt/rustwide/workdir:ro,Z" "-v" "/var/lib/crater-agent-workspace/cargo-home:/opt/rustwide/cargo-home:ro,Z" "-v" "/var/lib/crater-agent-workspace/rustup-home:/opt/rustwide/rustup-home:ro,Z" "-e" "SOURCE_DIR=/opt/rustwide/workdir" "-e" "CARGO_TARGET_DIR=/opt/rustwide/target" "-e" "CARGO_HOME=/opt/rustwide/cargo-home" "-e" "RUSTUP_HOME=/opt/rustwide/rustup-home" "-w" "/opt/rustwide/workdir" "-m" "1610612736" "--user" "0:0" "--network" "none" "ghcr.io/rust-lang/crates-build-env/linux@sha256:5ff2268d62e97bff2cde7d5815dd6ed5b47097566f13b8d0ca110b04b60e07ed" "/opt/rustwide/cargo-home/bin/cargo" "+1.69.0" "metadata" "--no-deps" "--format-version=1", kill_on_drop: false }`
[INFO] [stdout] 5de854edcfa1d27d5716f56555437bce0785444dac220f4e3951837693311373
[INFO] running `Command { std: "docker" "start" "-a" "5de854edcfa1d27d5716f56555437bce0785444dac220f4e3951837693311373", kill_on_drop: false }`
[INFO] running `Command { std: "docker" "inspect" "5de854edcfa1d27d5716f56555437bce0785444dac220f4e3951837693311373", kill_on_drop: false }`
[INFO] running `Command { std: "docker" "rm" "-f" "5de854edcfa1d27d5716f56555437bce0785444dac220f4e3951837693311373", kill_on_drop: false }`
[INFO] [stdout] 5de854edcfa1d27d5716f56555437bce0785444dac220f4e3951837693311373
[INFO] running `Command { std: "docker" "create" "-v" "/var/lib/crater-agent-workspace/builds/worker-5-tc1/target:/opt/rustwide/target:rw,Z" "-v" "/var/lib/crater-agent-workspace/builds/worker-5-tc1/source:/opt/rustwide/workdir:ro,Z" "-v" "/var/lib/crater-agent-workspace/cargo-home:/opt/rustwide/cargo-home:ro,Z" "-v" "/var/lib/crater-agent-workspace/rustup-home:/opt/rustwide/rustup-home:ro,Z" "-e" "SOURCE_DIR=/opt/rustwide/workdir" "-e" "CARGO_TARGET_DIR=/opt/rustwide/target" "-e" "CARGO_INCREMENTAL=0" "-e" "RUST_BACKTRACE=full" "-e" "RUSTFLAGS=--cap-lints=warn" "-e" "RUSTDOCFLAGS=--cap-lints=warn" "-e" "CARGO_HOME=/opt/rustwide/cargo-home" "-e" "RUSTUP_HOME=/opt/rustwide/rustup-home" "-w" "/opt/rustwide/workdir" "-m" "1610612736" "--user" "0:0" "--network" "none" "ghcr.io/rust-lang/crates-build-env/linux@sha256:5ff2268d62e97bff2cde7d5815dd6ed5b47097566f13b8d0ca110b04b60e07ed" "/opt/rustwide/cargo-home/bin/cargo" "+1.69.0" "build" "--frozen" "--message-format=json", kill_on_drop: false }`
[INFO] [stdout] 9df84a1d09791fee1d3c68c35d98c837fe997502282af4fcdee6c151d11da358
[INFO] running `Command { std: "docker" "start" "-a" "9df84a1d09791fee1d3c68c35d98c837fe997502282af4fcdee6c151d11da358", kill_on_drop: false }`
[INFO] [stderr]    Compiling libc v0.2.7
[INFO] [stderr]    Compiling gcc v0.3.24
[INFO] [stderr]    Compiling pkg-config v0.3.7
[INFO] [stderr]    Compiling phf_shared v0.7.20
[INFO] [stderr]    Compiling png_sys v1.6.16 (https://github.com/indefini/rust-png.git#81f5fc68)
[INFO] [stderr]    Compiling itoa v0.1.1
[INFO] [stderr]    Compiling dtoa v0.2.2
[INFO] [stderr]    Compiling serde v0.8.19
[INFO] [stderr]    Compiling num-traits v0.1.36
[INFO] [stderr]    Compiling rustc-serialize v0.3.18
[INFO] [stderr]    Compiling phf v0.7.20
[INFO] [stderr]    Compiling rand v0.3.14
[INFO] [stdout] error[E0642]: patterns aren't allowed in functions without bodies
[INFO] [stdout]    --> /opt/rustwide/cargo-home/registry/src/github.com-1ecc6299db9ec823/rustc-serialize-0.3.18/src/serialize.rs:145:45
[INFO] [stdout]     |
[INFO] [stdout] 145 | ...                   &f_name: &str,
[INFO] [stdout]     |                       ^^^^^^^ pattern not allowed in function without body
[INFO] [stdout] 
[INFO] [stdout] 
[INFO] [stderr]    Compiling lua v0.3.0 (https://github.com/indefini/rust-lua.git#0f24e6e3)
[INFO] [stderr]    Compiling rustc-serialize v0.3.16 (https://github.com/indefini/rustc-serialize.git#892dce5a)
[INFO] [stderr]    Compiling byteorder v0.4.2
[INFO] [stderr]    Compiling libz-sys v1.0.1
[INFO] [stderr]    Compiling cypher-sys v0.1.0 (https://github.com/drasich/cypher.git#41470067)
[INFO] [stdout] error[E0642]: patterns aren't allowed in functions without bodies
[INFO] [stdout]    --> /opt/rustwide/cargo-home/git/checkouts/rustc-serialize-c60c6d327a193bd6/892dce5/src/serialize.rs:146:45
[INFO] [stdout]     |
[INFO] [stdout] 146 | ...                   &f_name: &str,
[INFO] [stdout]     |                       ^^^^^^^ pattern not allowed in function without body
[INFO] [stdout] 
[INFO] [stdout] 
[INFO] [stderr]    Compiling png v0.1.0 (https://github.com/indefini/rust-png.git#81f5fc68)
[INFO] [stderr]    Compiling phf_generator v0.7.20
[INFO] [stderr]    Compiling phf_codegen v0.7.20
[INFO] [stderr] error: failed to run custom build command for `lua v0.3.0 (https://github.com/indefini/rust-lua.git#0f24e6e3)`
[INFO] [stderr] note: To improve backtraces for build dependencies, set the CARGO_PROFILE_DEV_BUILD_OVERRIDE_DEBUG=true environment variable to enable debug information generation.
[INFO] [stderr] 
[INFO] [stderr] Caused by:
[INFO] [stderr]   process didn't exit successfully: `/opt/rustwide/target/debug/build/lua-625e170b6a9616d6/build-script-build` (exit status: 101)
[INFO] [stderr]   --- stdout
[INFO] [stderr]   running: "make" "cargo-prep"
[INFO] [stderr]   cc -o /opt/rustwide/target/debug/build/lua-8ab9132568a49161/out/gen-config  src/config.c
[INFO] [stderr] 
[INFO] [stderr]   --- stderr
[INFO] [stderr]   Package lua was not found in the pkg-config search path.
[INFO] [stderr]   Perhaps you should add the directory containing `lua.pc'
[INFO] [stderr]   to the PKG_CONFIG_PATH environment variable
[INFO] [stderr]   No package 'lua' found
[INFO] [stderr]   src/config.c:2:10: fatal error: luaconf.h: No such file or directory
[INFO] [stderr]       2 | #include <luaconf.h>
[INFO] [stderr]         |          ^~~~~~~~~~~
[INFO] [stderr]   compilation terminated.
[INFO] [stderr]   make: *** [Makefile:38: /opt/rustwide/target/debug/build/lua-8ab9132568a49161/out/gen-config] Error 1
[INFO] [stderr]   thread 'main' panicked at 'assertion failed: cmd.stdin(Stdio::null()).status().unwrap().success()', /opt/rustwide/cargo-home/git/checkouts/rust-lua-1afb259f7e1240d1/0f24e6e/build.rs:7:5
[INFO] [stderr]   stack backtrace:
[INFO] [stderr]      0:     0x55c70378eb1a - std::backtrace_rs::backtrace::libunwind::trace::ha9053a9a07ca49cb
[INFO] [stderr]                                  at /rustc/84c898d65adf2f39a5a98507f1fe0ce10a2b8dbc/library/std/src/../../backtrace/src/backtrace/libunwind.rs:93:5
[INFO] [stderr]      1:     0x55c70378eb1a - std::backtrace_rs::backtrace::trace_unsynchronized::h9c2852a457ad564e
[INFO] [stderr]                                  at /rustc/84c898d65adf2f39a5a98507f1fe0ce10a2b8dbc/library/std/src/../../backtrace/src/backtrace/mod.rs:66:5
[INFO] [stderr]      2:     0x55c70378eb1a - std::sys_common::backtrace::_print_fmt::h457936fbfaa0070f
[INFO] [stderr]                                  at /rustc/84c898d65adf2f39a5a98507f1fe0ce10a2b8dbc/library/std/src/sys_common/backtrace.rs:65:5
[INFO] [stderr]      3:     0x55c70378eb1a - <std::sys_common::backtrace::_print::DisplayBacktrace as core::fmt::Display>::fmt::h5779d7bf7f70cb0c
[INFO] [stderr]                                  at /rustc/84c898d65adf2f39a5a98507f1fe0ce10a2b8dbc/library/std/src/sys_common/backtrace.rs:44:22
[INFO] [stderr]      4:     0x55c7037ac19e - core::fmt::write::h5a4baaff1bcd3eb5
[INFO] [stderr]                                  at /rustc/84c898d65adf2f39a5a98507f1fe0ce10a2b8dbc/library/core/src/fmt/mod.rs:1232:17
[INFO] [stderr]      5:     0x55c70378ca65 - std::io::Write::write_fmt::h4bc1f301cb9e9cce
[INFO] [stderr]                                  at /rustc/84c898d65adf2f39a5a98507f1fe0ce10a2b8dbc/library/std/src/io/mod.rs:1684:15
[INFO] [stderr]      6:     0x55c70378e8e5 - std::sys_common::backtrace::_print::h5fcdc36060f177e8
[INFO] [stderr]                                  at /rustc/84c898d65adf2f39a5a98507f1fe0ce10a2b8dbc/library/std/src/sys_common/backtrace.rs:47:5
[INFO] [stderr]      7:     0x55c70378e8e5 - std::sys_common::backtrace::print::h54ca9458b876c8bf
[INFO] [stderr]                                  at /rustc/84c898d65adf2f39a5a98507f1fe0ce10a2b8dbc/library/std/src/sys_common/backtrace.rs:34:9
[INFO] [stderr]      8:     0x55c70378ffbf - std::panicking::default_hook::{{closure}}::hbe471161c7664ed6
[INFO] [stderr]                                  at /rustc/84c898d65adf2f39a5a98507f1fe0ce10a2b8dbc/library/std/src/panicking.rs:271:22
[INFO] [stderr]      9:     0x55c70378fcfb - std::panicking::default_hook::ha3500da57aa4ac4f
[INFO] [stderr]                                  at /rustc/84c898d65adf2f39a5a98507f1fe0ce10a2b8dbc/library/std/src/panicking.rs:290:9
[INFO] [stderr]     10:     0x55c703790568 - std::panicking::rust_panic_with_hook::h50c09d000dc561d2
[INFO] [stderr]                                  at /rustc/84c898d65adf2f39a5a98507f1fe0ce10a2b8dbc/library/std/src/panicking.rs:692:13
[INFO] [stderr]     11:     0x55c703790422 - std::panicking::begin_panic_handler::{{closure}}::h9e2b2176e00e0d9c
[INFO] [stderr]                                  at /rustc/84c898d65adf2f39a5a98507f1fe0ce10a2b8dbc/library/std/src/panicking.rs:581:13
[INFO] [stderr]     12:     0x55c70378ef86 - std::sys_common::backtrace::__rust_end_short_backtrace::h5739b8e512c09d02
[INFO] [stderr]                                  at /rustc/84c898d65adf2f39a5a98507f1fe0ce10a2b8dbc/library/std/src/sys_common/backtrace.rs:150:18
[INFO] [stderr]     13:     0x55c703790172 - rust_begin_unwind
[INFO] [stderr]                                  at /rustc/84c898d65adf2f39a5a98507f1fe0ce10a2b8dbc/library/std/src/panicking.rs:579:5
[INFO] [stderr]     14:     0x55c70376e333 - core::panicking::panic_fmt::hf33a1475b4dc5c3e
[INFO] [stderr]                                  at /rustc/84c898d65adf2f39a5a98507f1fe0ce10a2b8dbc/library/core/src/panicking.rs:64:14
[INFO] [stderr]     15:     0x55c70376e3cd - core::panicking::panic::h9533b2fee90b999e
[INFO] [stderr]                                  at /rustc/84c898d65adf2f39a5a98507f1fe0ce10a2b8dbc/library/core/src/panicking.rs:114:5
[INFO] [stderr]     16:     0x55c7037701b3 - build_script_build::main::h577406c7a2d80cb0
[INFO] [stderr]     17:     0x55c7037710d3 - core::ops::function::FnOnce::call_once::hd5494ff069f12db2
[INFO] [stderr]     18:     0x55c70376ffd9 - std::sys_common::backtrace::__rust_begin_short_backtrace::h7c7887da5b09f4bf
[INFO] [stderr]     19:     0x55c70376fc29 - std::rt::lang_start::{{closure}}::he0bcc3edb2dd4436
[INFO] [stderr]     20:     0x55c703789e1c - core::ops::function::impls::<impl core::ops::function::FnOnce<A> for &F>::call_once::hd6efcd3bec896f2c
[INFO] [stderr]                                  at /rustc/84c898d65adf2f39a5a98507f1fe0ce10a2b8dbc/library/core/src/ops/function.rs:287:13
[INFO] [stderr]     21:     0x55c703789e1c - std::panicking::try::do_call::hce04e543bb1f4cbb
[INFO] [stderr]                                  at /rustc/84c898d65adf2f39a5a98507f1fe0ce10a2b8dbc/library/std/src/panicking.rs:487:40
[INFO] [stderr]     22:     0x55c703789e1c - std::panicking::try::h3342dd4e1f680968
[INFO] [stderr]                                  at /rustc/84c898d65adf2f39a5a98507f1fe0ce10a2b8dbc/library/std/src/panicking.rs:451:19
[INFO] [stderr]     23:     0x55c703789e1c - std::panic::catch_unwind::h148ce1e59ac0cee7
[INFO] [stderr]                                  at /rustc/84c898d65adf2f39a5a98507f1fe0ce10a2b8dbc/library/std/src/panic.rs:140:14
[INFO] [stderr]     24:     0x55c703789e1c - std::rt::lang_start_internal::{{closure}}::h25f9dda2057a67fe
[INFO] [stderr]                                  at /rustc/84c898d65adf2f39a5a98507f1fe0ce10a2b8dbc/library/std/src/rt.rs:148:48
[INFO] [stderr]     25:     0x55c703789e1c - std::panicking::try::do_call::h7caaaeaf9401650b
[INFO] [stderr]                                  at /rustc/84c898d65adf2f39a5a98507f1fe0ce10a2b8dbc/library/std/src/panicking.rs:487:40
[INFO] [stderr]     26:     0x55c703789e1c - std::panicking::try::he7d15285746cbbc2
[INFO] [stderr]                                  at /rustc/84c898d65adf2f39a5a98507f1fe0ce10a2b8dbc/library/std/src/panicking.rs:451:19
[INFO] [stderr]     27:     0x55c703789e1c - std::panic::catch_unwind::h89fb4f50c0301fe0
[INFO] [stderr]                                  at /rustc/84c898d65adf2f39a5a98507f1fe0ce10a2b8dbc/library/std/src/panic.rs:140:14
[INFO] [stderr]     28:     0x55c703789e1c - std::rt::lang_start_internal::h078acd489417d3c1
[INFO] [stderr]                                  at /rustc/84c898d65adf2f39a5a98507f1fe0ce10a2b8dbc/library/std/src/rt.rs:148:20
[INFO] [stderr]     29:     0x55c70376fc07 - std::rt::lang_start::h34cf847858a60e59
[INFO] [stderr]     30:     0x55c7037701f5 - main
[INFO] [stderr]     31:     0x7f9b9f2ddd90 - <unknown>
[INFO] [stderr]     32:     0x7f9b9f2dde40 - __libc_start_main
[INFO] [stderr]     33:     0x55c70376e865 - _start
[INFO] [stderr]     34:                0x0 - <unknown>
[INFO] [stderr] warning: build failed, waiting for other jobs to finish...
[INFO] [stdout] error: aborting due to previous error
[INFO] [stdout] 
[INFO] [stdout] 
[INFO] [stdout] For more information about this error, try `rustc --explain E0642`.
[INFO] [stdout] 
[INFO] [stderr] error: could not compile `rustc-serialize` due to 2 previous errors; 1 warning emitted
[INFO] [stdout] error: aborting due to previous error
[INFO] [stdout] 
[INFO] [stdout] 
[INFO] [stdout] For more information about this error, try `rustc --explain E0642`.
[INFO] [stdout] 
[INFO] [stderr] error: could not compile `rustc-serialize` due to 2 previous errors; 1 warning emitted
[INFO] running `Command { std: "docker" "inspect" "9df84a1d09791fee1d3c68c35d98c837fe997502282af4fcdee6c151d11da358", kill_on_drop: false }`
[INFO] running `Command { std: "docker" "rm" "-f" "9df84a1d09791fee1d3c68c35d98c837fe997502282af4fcdee6c151d11da358", kill_on_drop: false }`
[INFO] [stdout] 9df84a1d09791fee1d3c68c35d98c837fe997502282af4fcdee6c151d11da358
