[INFO] cloning repository https://github.com/dornheimer/aoc2021
[INFO] running `Command { std: "git" "-c" "credential.helper=" "-c" "credential.helper=/workspace/cargo-home/bin/git-credential-null" "clone" "--bare" "https://github.com/dornheimer/aoc2021" "/workspace/cache/git-repos/https%3A%2F%2Fgithub.com%2Fdornheimer%2Faoc2021", kill_on_drop: false }`
[INFO] [stderr] Cloning into bare repository '/workspace/cache/git-repos/https%3A%2F%2Fgithub.com%2Fdornheimer%2Faoc2021'...
[INFO] running `Command { std: "git" "rev-parse" "HEAD", kill_on_drop: false }`
[INFO] [stdout] 55679adfb6a7adde84a2d79dacbfbb0243c29583
[INFO] testing dornheimer/aoc2021 against 1.69.0 for beta-1.70-1
[INFO] running `Command { std: "git" "clone" "/workspace/cache/git-repos/https%3A%2F%2Fgithub.com%2Fdornheimer%2Faoc2021" "/workspace/builds/worker-3-tc1/source", kill_on_drop: false }`
[INFO] [stderr] Cloning into '/workspace/builds/worker-3-tc1/source'...
[INFO] [stderr] done.
[INFO] validating manifest of git repo https://github.com/dornheimer/aoc2021 on toolchain 1.69.0
[INFO] running `Command { std: CARGO_HOME="/workspace/cargo-home" RUSTUP_HOME="/workspace/rustup-home" "/workspace/cargo-home/bin/cargo" "+1.69.0" "metadata" "--manifest-path" "Cargo.toml" "--no-deps", kill_on_drop: false }`
[INFO] started tweaking git repo https://github.com/dornheimer/aoc2021
[INFO] finished tweaking git repo https://github.com/dornheimer/aoc2021
[INFO] tweaked toml for git repo https://github.com/dornheimer/aoc2021 written to /workspace/builds/worker-3-tc1/source/Cargo.toml
[INFO] crate git repo https://github.com/dornheimer/aoc2021 already has a lockfile, it will not be regenerated
[INFO] running `Command { std: CARGO_HOME="/workspace/cargo-home" RUSTUP_HOME="/workspace/rustup-home" "/workspace/cargo-home/bin/cargo" "+1.69.0" "fetch" "--manifest-path" "Cargo.toml", kill_on_drop: false }`
[INFO] running `Command { std: "docker" "create" "-v" "/var/lib/crater-agent-workspace/builds/worker-3-tc1/target:/opt/rustwide/target:rw,Z" "-v" "/var/lib/crater-agent-workspace/builds/worker-3-tc1/source:/opt/rustwide/workdir:ro,Z" "-v" "/var/lib/crater-agent-workspace/cargo-home:/opt/rustwide/cargo-home:ro,Z" "-v" "/var/lib/crater-agent-workspace/rustup-home:/opt/rustwide/rustup-home:ro,Z" "-e" "SOURCE_DIR=/opt/rustwide/workdir" "-e" "CARGO_TARGET_DIR=/opt/rustwide/target" "-e" "CARGO_HOME=/opt/rustwide/cargo-home" "-e" "RUSTUP_HOME=/opt/rustwide/rustup-home" "-w" "/opt/rustwide/workdir" "-m" "1610612736" "--user" "0:0" "--network" "none" "ghcr.io/rust-lang/crates-build-env/linux@sha256:5ff2268d62e97bff2cde7d5815dd6ed5b47097566f13b8d0ca110b04b60e07ed" "/opt/rustwide/cargo-home/bin/cargo" "+1.69.0" "metadata" "--no-deps" "--format-version=1", kill_on_drop: false }`
[INFO] [stdout] 2ad54bef31e94758c0d3c3b0ddf41b7a0bfe04510acf458a78d17383615a3417
[INFO] running `Command { std: "docker" "start" "-a" "2ad54bef31e94758c0d3c3b0ddf41b7a0bfe04510acf458a78d17383615a3417", kill_on_drop: false }`
[INFO] running `Command { std: "docker" "inspect" "2ad54bef31e94758c0d3c3b0ddf41b7a0bfe04510acf458a78d17383615a3417", kill_on_drop: false }`
[INFO] running `Command { std: "docker" "rm" "-f" "2ad54bef31e94758c0d3c3b0ddf41b7a0bfe04510acf458a78d17383615a3417", kill_on_drop: false }`
[INFO] [stdout] 2ad54bef31e94758c0d3c3b0ddf41b7a0bfe04510acf458a78d17383615a3417
[INFO] running `Command { std: "docker" "create" "-v" "/var/lib/crater-agent-workspace/builds/worker-3-tc1/target:/opt/rustwide/target:rw,Z" "-v" "/var/lib/crater-agent-workspace/builds/worker-3-tc1/source:/opt/rustwide/workdir:ro,Z" "-v" "/var/lib/crater-agent-workspace/cargo-home:/opt/rustwide/cargo-home:ro,Z" "-v" "/var/lib/crater-agent-workspace/rustup-home:/opt/rustwide/rustup-home:ro,Z" "-e" "SOURCE_DIR=/opt/rustwide/workdir" "-e" "CARGO_TARGET_DIR=/opt/rustwide/target" "-e" "CARGO_INCREMENTAL=0" "-e" "RUST_BACKTRACE=full" "-e" "RUSTFLAGS=--cap-lints=warn" "-e" "RUSTDOCFLAGS=--cap-lints=warn" "-e" "CARGO_HOME=/opt/rustwide/cargo-home" "-e" "RUSTUP_HOME=/opt/rustwide/rustup-home" "-w" "/opt/rustwide/workdir" "-m" "1610612736" "--user" "0:0" "--network" "none" "ghcr.io/rust-lang/crates-build-env/linux@sha256:5ff2268d62e97bff2cde7d5815dd6ed5b47097566f13b8d0ca110b04b60e07ed" "/opt/rustwide/cargo-home/bin/cargo" "+1.69.0" "build" "--frozen" "--message-format=json", kill_on_drop: false }`
[INFO] [stdout] 0843b5cbfd46021f49ebb0568d9b5b3f4e60e153f70149ea33ba6850d2433ab8
[INFO] running `Command { std: "docker" "start" "-a" "0843b5cbfd46021f49ebb0568d9b5b3f4e60e153f70149ea33ba6850d2433ab8", kill_on_drop: false }`
[INFO] [stderr]    Compiling aoc2021 v0.1.0 (/opt/rustwide/workdir)
[INFO] [stdout] error[E0583]: file not found for module `dec11`
[INFO] [stdout]  --> src/main.rs:4:1
[INFO] [stdout]   |
[INFO] [stdout] 4 | mod dec11;
[INFO] [stdout]   | ^^^^^^^^^^
[INFO] [stdout]   |
[INFO] [stdout]   = help: to create the module `dec11`, create file "src/dec11.rs" or "src/dec11/mod.rs"
[INFO] [stdout] 
[INFO] [stdout] 
[INFO] [stdout] error[E0425]: cannot find function `solve` in module `dec11`
[INFO] [stdout]   --> src/main.rs:25:12
[INFO] [stdout]    |
[INFO] [stdout] 25 |     dec11::solve();
[INFO] [stdout]    |            ^^^^^ not found in `dec11`
[INFO] [stdout]    |
[INFO] [stdout] help: consider importing one of these items
[INFO] [stdout]    |
[INFO] [stdout] 2  | use crate::dec10::solve;
[INFO] [stdout]    |
[INFO] [stdout] 2  | use crate::dec1::solve;
[INFO] [stdout]    |
[INFO] [stdout] 2  | use crate::dec2::solve;
[INFO] [stdout]    |
[INFO] [stdout] 2  | use crate::dec3::solve;
[INFO] [stdout]    |
[INFO] [stdout]      and 6 other candidates
[INFO] [stdout] help: if you import `solve`, refer to it directly
[INFO] [stdout]    |
[INFO] [stdout] 25 -     dec11::solve();
[INFO] [stdout] 25 +     solve();
[INFO] [stdout]    |
[INFO] [stdout] 
[INFO] [stdout] 
[INFO] [stdout] error[E0554]: `#![feature]` may not be used on the stable release channel
[INFO] [stdout]  --> src/main.rs:1:12
[INFO] [stdout]   |
[INFO] [stdout] 1 | #![feature(array_windows)]
[INFO] [stdout]   |            ^^^^^^^^^^^^^
[INFO] [stdout] 
[INFO] [stdout] 
[INFO] [stdout] error: aborting due to 3 previous errors
[INFO] [stdout] 
[INFO] [stdout] 
[INFO] [stdout] Some errors have detailed explanations: E0425, E0554, E0583.
[INFO] [stdout] 
[INFO] [stdout] For more information about an error, try `rustc --explain E0425`.
[INFO] [stdout] 
[INFO] [stderr] error: could not compile `aoc2021` due to 4 previous errors
[INFO] running `Command { std: "docker" "inspect" "0843b5cbfd46021f49ebb0568d9b5b3f4e60e153f70149ea33ba6850d2433ab8", kill_on_drop: false }`
[INFO] running `Command { std: "docker" "rm" "-f" "0843b5cbfd46021f49ebb0568d9b5b3f4e60e153f70149ea33ba6850d2433ab8", kill_on_drop: false }`
[INFO] [stdout] 0843b5cbfd46021f49ebb0568d9b5b3f4e60e153f70149ea33ba6850d2433ab8
