[INFO] cloning repository https://github.com/doodlewind/learn-wgpu-cn
[INFO] running `Command { std: "git" "-c" "credential.helper=" "-c" "credential.helper=/workspace/cargo-home/bin/git-credential-null" "clone" "--bare" "https://github.com/doodlewind/learn-wgpu-cn" "/workspace/cache/git-repos/https%3A%2F%2Fgithub.com%2Fdoodlewind%2Flearn-wgpu-cn", kill_on_drop: false }`
[INFO] [stderr] Cloning into bare repository '/workspace/cache/git-repos/https%3A%2F%2Fgithub.com%2Fdoodlewind%2Flearn-wgpu-cn'...
[INFO] running `Command { std: "git" "rev-parse" "HEAD", kill_on_drop: false }`
[INFO] [stdout] 2c30cecff65ee342fe523d9fb63d583dea5e6898
[INFO] testing doodlewind/learn-wgpu-cn against beta-2023-04-20 for beta-1.70-1
[INFO] running `Command { std: "git" "clone" "/workspace/cache/git-repos/https%3A%2F%2Fgithub.com%2Fdoodlewind%2Flearn-wgpu-cn" "/workspace/builds/worker-4-tc2/source", kill_on_drop: false }`
[INFO] [stderr] Cloning into '/workspace/builds/worker-4-tc2/source'...
[INFO] [stderr] done.
[INFO] validating manifest of git repo https://github.com/doodlewind/learn-wgpu-cn on toolchain beta-2023-04-20
[INFO] running `Command { std: CARGO_HOME="/workspace/cargo-home" RUSTUP_HOME="/workspace/rustup-home" "/workspace/cargo-home/bin/cargo" "+beta-2023-04-20" "metadata" "--manifest-path" "Cargo.toml" "--no-deps", kill_on_drop: false }`
[INFO] started tweaking git repo https://github.com/doodlewind/learn-wgpu-cn
[INFO] finished tweaking git repo https://github.com/doodlewind/learn-wgpu-cn
[INFO] tweaked toml for git repo https://github.com/doodlewind/learn-wgpu-cn written to /workspace/builds/worker-4-tc2/source/Cargo.toml
[INFO] crate git repo https://github.com/doodlewind/learn-wgpu-cn already has a lockfile, it will not be regenerated
[INFO] running `Command { std: CARGO_HOME="/workspace/cargo-home" RUSTUP_HOME="/workspace/rustup-home" "/workspace/cargo-home/bin/cargo" "+beta-2023-04-20" "fetch" "--manifest-path" "Cargo.toml", kill_on_drop: false }`
[INFO] [stderr]     Updating crates.io index
[INFO] [stderr]  Downloading crates ...
[INFO] [stderr]   Downloaded bitflags_serde_shim v0.2.2
[INFO] [stderr]   Downloaded tobj v2.0.4
[INFO] [stderr]   Downloaded wgpu-subscriber v0.1.0
[INFO] [stderr]   Downloaded wgpu_glyph v0.16.0
[INFO] [stderr]   Downloaded shaderc v0.7.3
[INFO] [stderr]   Downloaded proc-macro2 v1.0.35
[INFO] [stderr]   Downloaded shaderc-sys v0.7.3
[INFO] running `Command { std: "docker" "create" "-v" "/var/lib/crater-agent-workspace/builds/worker-4-tc2/target:/opt/rustwide/target:rw,Z" "-v" "/var/lib/crater-agent-workspace/builds/worker-4-tc2/source:/opt/rustwide/workdir:ro,Z" "-v" "/var/lib/crater-agent-workspace/cargo-home:/opt/rustwide/cargo-home:ro,Z" "-v" "/var/lib/crater-agent-workspace/rustup-home:/opt/rustwide/rustup-home:ro,Z" "-e" "SOURCE_DIR=/opt/rustwide/workdir" "-e" "CARGO_TARGET_DIR=/opt/rustwide/target" "-e" "CARGO_HOME=/opt/rustwide/cargo-home" "-e" "RUSTUP_HOME=/opt/rustwide/rustup-home" "-w" "/opt/rustwide/workdir" "-m" "1610612736" "--user" "0:0" "--network" "none" "ghcr.io/rust-lang/crates-build-env/linux@sha256:5ff2268d62e97bff2cde7d5815dd6ed5b47097566f13b8d0ca110b04b60e07ed" "/opt/rustwide/cargo-home/bin/cargo" "+beta-2023-04-20" "metadata" "--no-deps" "--format-version=1", kill_on_drop: false }`
[INFO] [stdout] 435e8244aae10d6026b82131b99354ba7e1696352844fd2378491051ae0b9056
[INFO] running `Command { std: "docker" "start" "-a" "435e8244aae10d6026b82131b99354ba7e1696352844fd2378491051ae0b9056", kill_on_drop: false }`
[INFO] running `Command { std: "docker" "inspect" "435e8244aae10d6026b82131b99354ba7e1696352844fd2378491051ae0b9056", kill_on_drop: false }`
[INFO] running `Command { std: "docker" "rm" "-f" "435e8244aae10d6026b82131b99354ba7e1696352844fd2378491051ae0b9056", kill_on_drop: false }`
[INFO] [stdout] 435e8244aae10d6026b82131b99354ba7e1696352844fd2378491051ae0b9056
[INFO] running `Command { std: "docker" "create" "-v" "/var/lib/crater-agent-workspace/builds/worker-4-tc2/target:/opt/rustwide/target:rw,Z" "-v" "/var/lib/crater-agent-workspace/builds/worker-4-tc2/source:/opt/rustwide/workdir:ro,Z" "-v" "/var/lib/crater-agent-workspace/cargo-home:/opt/rustwide/cargo-home:ro,Z" "-v" "/var/lib/crater-agent-workspace/rustup-home:/opt/rustwide/rustup-home:ro,Z" "-e" "SOURCE_DIR=/opt/rustwide/workdir" "-e" "CARGO_TARGET_DIR=/opt/rustwide/target" "-e" "CARGO_INCREMENTAL=0" "-e" "RUST_BACKTRACE=full" "-e" "RUSTFLAGS=--cap-lints=warn" "-e" "RUSTDOCFLAGS=--cap-lints=warn" "-e" "CARGO_HOME=/opt/rustwide/cargo-home" "-e" "RUSTUP_HOME=/opt/rustwide/rustup-home" "-w" "/opt/rustwide/workdir" "-m" "1610612736" "--user" "0:0" "--network" "none" "ghcr.io/rust-lang/crates-build-env/linux@sha256:5ff2268d62e97bff2cde7d5815dd6ed5b47097566f13b8d0ca110b04b60e07ed" "/opt/rustwide/cargo-home/bin/cargo" "+beta-2023-04-20" "build" "--frozen" "--message-format=json", kill_on_drop: false }`
[INFO] [stdout] fc917a2c48d28f1d7557d454b7dab5c8b4b569a445742cd3712ef9b5d45edffb
[INFO] running `Command { std: "docker" "start" "-a" "fc917a2c48d28f1d7557d454b7dab5c8b4b569a445742cd3712ef9b5d45edffb", kill_on_drop: false }`
[INFO] [stderr]    Compiling autocfg v1.0.1
[INFO] [stderr]    Compiling libc v0.2.112
[INFO] [stderr]    Compiling proc-macro2 v1.0.35
[INFO] [stderr]    Compiling bitflags v1.3.2
[INFO] [stderr]    Compiling syn v1.0.84
[INFO] [stderr]    Compiling crossbeam-utils v0.8.5
[INFO] [stderr]    Compiling once_cell v1.9.0
[INFO] [stderr]    Compiling version_check v0.9.3
[INFO] [stderr]    Compiling pkg-config v0.3.24
[INFO] [stderr]    Compiling crossbeam-epoch v0.9.5
[INFO] [stderr]    Compiling serde_derive v1.0.132
[INFO] [stderr]    Compiling rayon-core v1.9.1
[INFO] [stderr]    Compiling memoffset v0.6.5
[INFO] [stderr]    Compiling num-traits v0.2.14
[INFO] [stderr]    Compiling serde v1.0.132
[INFO] [stderr]    Compiling crossbeam-channel v0.5.1
[INFO] [stderr]    Compiling quote v1.0.10
[INFO] [stderr]    Compiling log v0.4.14
[INFO] [stderr]    Compiling smallvec v1.7.0
[INFO] [stderr]    Compiling rayon v1.5.1
[INFO] [stderr]    Compiling getrandom v0.2.3
[INFO] [stderr]    Compiling crossbeam-deque v0.8.1
[INFO] [stderr]    Compiling libloading v0.7.2
[INFO] [stderr]    Compiling bit-vec v0.6.3
[INFO] [stderr]    Compiling either v1.6.1
[INFO] [stderr]    Compiling ahash v0.7.6
[INFO] [stderr]    Compiling memchr v2.4.1
[INFO] [stderr]    Compiling rustc-hash v1.1.0
[INFO] [stderr]    Compiling anyhow v1.0.52
[INFO] [stderr]    Compiling bit-set v0.5.2
[INFO] [stderr]    Compiling parking_lot_core v0.8.5
[INFO] [stderr]    Compiling byteorder v1.4.3
[INFO] [stderr]    Compiling instant v0.1.12
[INFO] [stderr]    Compiling xml-rs v0.8.4
[INFO] [stderr]    Compiling lock_api v0.4.5
[INFO] [stderr]    Compiling num_cpus v1.13.1
[INFO] [stderr]    Compiling wayland-sys v0.29.1
[INFO] [stderr]    Compiling hashbrown v0.11.2
[INFO] [stderr]    Compiling indexmap v1.7.0
[INFO] [stderr]    Compiling wayland-scanner v0.29.1
[INFO] [stderr]    Compiling parking_lot v0.11.2
[INFO] [stderr]    Compiling fxhash v0.2.1
[INFO] [stderr]    Compiling dlib v0.5.0
[INFO] [stderr]    Compiling nix v0.22.0
[INFO] [stderr]    Compiling termcolor v1.1.2
[INFO] [stderr]    Compiling cty v0.2.2
[INFO] [stderr]    Compiling raw-window-handle v0.4.2
[INFO] [stderr]    Compiling num-integer v0.1.44
[INFO] [stderr]    Compiling nom v7.1.0
[INFO] [stderr]    Compiling khronos-egl v4.1.0
[INFO] [stderr]    Compiling fixedbitset v0.4.0
[INFO] [stderr]    Compiling unicode-width v0.1.9
[INFO] [stderr]    Compiling codespan-reporting v0.11.1
[INFO] [stderr]    Compiling spirv v0.2.0+1.5.4
[INFO] [stderr]    Compiling gpu-alloc-types v0.2.0
[INFO] [stderr]    Compiling gpu-descriptor-types v0.1.1
[INFO] [stderr]    Compiling wayland-client v0.29.1
[INFO] [stderr]    Compiling regex-syntax v0.6.25
[INFO] [stderr]    Compiling thiserror-impl v1.0.30
[INFO] [stderr]    Compiling downcast-rs v1.2.0
[INFO] [stderr]    Compiling hexf-parse v0.2.1
[INFO] [stderr]    Compiling minimal-lexical v0.2.1
[INFO] [stderr]    Compiling scoped-tls v1.0.0
[INFO] [stderr]    Compiling cfg_aliases v0.1.1
[INFO] [stderr]    Compiling wayland-commons v0.29.1
[INFO] [stderr]    Compiling wgpu-core v0.12.0
[INFO] [stderr]    Compiling gpu-descriptor v0.2.2
[INFO] [stderr]    Compiling wayland-protocols v0.29.1
[INFO] [stderr]    Compiling gpu-alloc v0.5.2
[INFO] [stderr]    Compiling thiserror v1.0.30
[INFO] [stderr]    Compiling ash v0.33.3+1.2.191
[INFO] [stderr]    Compiling renderdoc-sys v0.7.1
[INFO] [stderr]    Compiling profiling v1.0.4
[INFO] [stderr]    Compiling inplace_it v0.3.3
[INFO] [stderr]    Compiling base64 v0.13.0
[INFO] [stderr]    Compiling glow v0.11.1
[INFO] [stderr]    Compiling bytemuck_derive v1.0.1
[INFO] [stderr]    Compiling aho-corasick v0.7.18
[INFO] [stderr]    Compiling xcursor v0.3.4
[INFO] [stderr]    Compiling x11-dl v2.19.1
[INFO] [stderr]    Compiling smithay-client-toolkit v0.15.2
[INFO] [stderr]    Compiling copyless v0.1.5
[INFO] [stderr]    Compiling regex v1.5.4
[INFO] [stderr]    Compiling wayland-cursor v0.29.1
[INFO] [stderr]    Compiling bytemuck v1.7.3
[INFO] [stderr]    Compiling calloop v0.9.3
[INFO] [stderr]    Compiling memmap2 v0.3.1
[INFO] [stderr]    Compiling miniz_oxide v0.4.4
[INFO] [stderr]    Compiling adler32 v1.2.0
[INFO] [stderr]    Compiling winit v0.26.0
[INFO] [stderr]    Compiling fs_extra v1.2.0
[INFO] [stderr]    Compiling crc32fast v1.3.0
[INFO] [stderr]    Compiling glob v0.3.0
[INFO] [stderr]    Compiling cgmath v0.18.0
[INFO] [stderr]    Compiling approx v0.4.0
[INFO] [stderr]    Compiling mio v0.8.0
[INFO] [stderr]    Compiling num-rational v0.3.2
[INFO] [stderr]    Compiling num-iter v0.1.42
[INFO] [stderr]    Compiling adler v1.0.2
[INFO] [stderr]    Compiling percent-encoding v2.1.0
[INFO] [stderr]    Compiling color_quant v1.1.0
[INFO] [stderr]    Compiling weezl v0.1.5
[INFO] [stderr]    Compiling deflate v0.8.6
[INFO] [stderr]    Compiling miniz_oxide v0.3.7
[INFO] [stderr]    Compiling bitflags_serde_shim v0.2.2
[INFO] [stderr]    Compiling arrayvec v0.7.2
[INFO] [stderr]    Compiling wgpu-types v0.12.0
[INFO] [stderr]    Compiling petgraph v0.6.0
[INFO] [stderr]    Compiling ron v0.7.0
[INFO] [stderr]    Compiling jpeg-decoder v0.1.22
[INFO] [stderr]    Compiling atty v0.2.14
[INFO] [stderr]    Compiling humantime v2.1.0
[INFO] [stderr]    Compiling pollster v0.2.4
[INFO] [stderr]    Compiling env_logger v0.9.0
[INFO] [stderr]    Compiling png v0.16.8
[INFO] [stderr]    Compiling tiff v0.6.1
[INFO] [stderr]    Compiling gif v0.11.3
[INFO] [stderr]    Compiling scoped_threadpool v0.1.9
[INFO] [stderr]    Compiling naga v0.8.0
[INFO] [stderr]    Compiling image v0.23.14
[INFO] [stderr]    Compiling pp-rs v0.2.1
[INFO] [stderr]    Compiling cc v1.0.72
[INFO] [stderr]    Compiling tracing-core v0.1.21
[INFO] [stderr]    Compiling cmake v0.1.46
[INFO] [stderr]    Compiling ttf-parser v0.13.4
[INFO] [stderr]    Compiling rand_core v0.6.3
[INFO] [stderr]    Compiling shaderc-sys v0.7.3
[INFO] [stderr]    Compiling alsa-sys v0.3.1
[INFO] [stderr]    Compiling ab_glyph_rasterizer v0.1.5
[INFO] [stderr]    Compiling wgpu-hal v0.12.0
[INFO] [stderr]    Compiling owned_ttf_parser v0.13.2
[INFO] [stderr]    Compiling ppv-lite86 v0.2.15
[INFO] [stderr]    Compiling serde_json v1.0.73
[INFO] [stderr]    Compiling rand_chacha v0.3.1
[INFO] [stderr]    Compiling ab_glyph v0.2.12
[INFO] [stderr]    Compiling regex-automata v0.1.10
[INFO] [stderr] error: could not compile `naga` (lib)
[INFO] [stderr] 
[INFO] [stderr] Caused by:
[INFO] [stderr]   process didn't exit successfully: `rustc --crate-name naga --edition=2018 /opt/rustwide/cargo-home/registry/src/index.crates.io-6f17d22bba15001f/naga-0.8.0/src/lib.rs --error-format=json --json=diagnostic-rendered-ansi,artifacts,future-incompat --crate-type lib --emit=dep-info,metadata,link -C embed-bitcode=no -C debuginfo=2 --cfg 'feature="codespan-reporting"' --cfg 'feature="default"' --cfg 'feature="glsl-out"' --cfg 'feature="hexf-parse"' --cfg 'feature="petgraph"' --cfg 'feature="serde"' --cfg 'feature="serialize"' --cfg 'feature="span"' --cfg 'feature="spirv"' --cfg 'feature="spv-in"' --cfg 'feature="spv-out"' --cfg 'feature="validate"' --cfg 'feature="wgsl-in"' -C metadata=0a5df6d42ee53f31 -C extra-filename=-0a5df6d42ee53f31 --out-dir /opt/rustwide/target/debug/deps -L dependency=/opt/rustwide/target/debug/deps --extern bit_set=/opt/rustwide/target/debug/deps/libbit_set-2ae2d6fed814227a.rmeta --extern bitflags=/opt/rustwide/target/debug/deps/libbitflags-610a73087f46ba3b.rmeta --extern codespan_reporting=/opt/rustwide/target/debug/deps/libcodespan_reporting-f02255fcb4c677f0.rmeta --extern hexf_parse=/opt/rustwide/target/debug/deps/libhexf_parse-6dd31dcf11568127.rmeta --extern indexmap=/opt/rustwide/target/debug/deps/libindexmap-b095771d9dc80471.rmeta --extern log=/opt/rustwide/target/debug/deps/liblog-25b121a22046e37a.rmeta --extern num_traits=/opt/rustwide/target/debug/deps/libnum_traits-af8ea78804204b7e.rmeta --extern petgraph=/opt/rustwide/target/debug/deps/libpetgraph-d198740459d1369f.rmeta --extern rustc_hash=/opt/rustwide/target/debug/deps/librustc_hash-90b377b8548f0070.rmeta --extern serde=/opt/rustwide/target/debug/deps/libserde-93a795973ad9d89e.rmeta --extern spirv=/opt/rustwide/target/debug/deps/libspirv-f18a80f269324576.rmeta --extern thiserror=/opt/rustwide/target/debug/deps/libthiserror-89ac6b63f6af46ef.rmeta --cap-lints allow --cap-lints=warn` (signal: 9, SIGKILL: kill)
[INFO] [stderr] warning: build failed, waiting for other jobs to finish...
[INFO] [stderr] error: could not compile `wgpu-hal` (lib)
[INFO] [stderr] 
[INFO] [stderr] Caused by:
[INFO] [stderr]   process didn't exit successfully: `rustc --crate-name wgpu_hal --edition=2018 /opt/rustwide/cargo-home/registry/src/index.crates.io-6f17d22bba15001f/wgpu-hal-0.12.0/src/lib.rs --error-format=json --json=diagnostic-rendered-ansi,artifacts,future-incompat --crate-type lib --emit=dep-info,metadata,link -C embed-bitcode=no -C debuginfo=2 --cfg 'feature="ash"' --cfg 'feature="default"' --cfg 'feature="egl"' --cfg 'feature="gles"' --cfg 'feature="glow"' --cfg 'feature="gpu-alloc"' --cfg 'feature="gpu-descriptor"' --cfg 'feature="inplace_it"' --cfg 'feature="libloading"' --cfg 'feature="renderdoc"' --cfg 'feature="renderdoc-sys"' --cfg 'feature="vulkan"' -C metadata=958ce7f771006308 -C extra-filename=-958ce7f771006308 --out-dir /opt/rustwide/target/debug/deps -L dependency=/opt/rustwide/target/debug/deps --extern arrayvec=/opt/rustwide/target/debug/deps/libarrayvec-defdd6b37960c5b4.rmeta --extern ash=/opt/rustwide/target/debug/deps/libash-f2ecf6533cbd06b6.rmeta --extern bitflags=/opt/rustwide/target/debug/deps/libbitflags-610a73087f46ba3b.rmeta --extern fxhash=/opt/rustwide/target/debug/deps/libfxhash-e2bbac7e1bf7d43b.rmeta --extern glow=/opt/rustwide/target/debug/deps/libglow-38f6944f0699c60a.rmeta --extern gpu_alloc=/opt/rustwide/target/debug/deps/libgpu_alloc-acaf8ae9a2bbc314.rmeta --extern gpu_descriptor=/opt/rustwide/target/debug/deps/libgpu_descriptor-eee6127d503aa2ce.rmeta --extern inplace_it=/opt/rustwide/target/debug/deps/libinplace_it-2d8f4bfe43a1154e.rmeta --extern egl=/opt/rustwide/target/debug/deps/libkhronos_egl-c04fbce5c559d1ad.rmeta --extern libloading=/opt/rustwide/target/debug/deps/liblibloading-62f9b2f3505e6d9b.rmeta --extern log=/opt/rustwide/target/debug/deps/liblog-25b121a22046e37a.rmeta --extern naga=/opt/rustwide/target/debug/deps/libnaga-0a5df6d42ee53f31.rmeta --extern parking_lot=/opt/rustwide/target/debug/deps/libparking_lot-5e54684b996d4e06.rmeta --extern profiling=/opt/rustwide/target/debug/deps/libprofiling-35f0e617d9ba752f.rmeta --extern raw_window_handle=/opt/rustwide/target/debug/deps/libraw_window_handle-13909e9dcb8e4d1a.rmeta --extern renderdoc_sys=/opt/rustwide/target/debug/deps/librenderdoc_sys-43fde3d569e13291.rmeta --extern thiserror=/opt/rustwide/target/debug/deps/libthiserror-89ac6b63f6af46ef.rmeta --extern wgt=/opt/rustwide/target/debug/deps/libwgpu_types-b8e34906240e7370.rmeta --cap-lints allow --cap-lints=warn` (signal: 9, SIGKILL: kill)
[INFO] [stderr] error: could not compile `wgpu-core` (lib)
[INFO] [stderr] 
[INFO] [stderr] Caused by:
[INFO] [stderr]   process didn't exit successfully: `rustc --crate-name wgpu_core --edition=2018 /opt/rustwide/cargo-home/registry/src/index.crates.io-6f17d22bba15001f/wgpu-core-0.12.0/src/lib.rs --error-format=json --json=diagnostic-rendered-ansi,artifacts,future-incompat --crate-type lib --emit=dep-info,metadata,link -C embed-bitcode=no -C debuginfo=2 --cfg 'feature="default"' --cfg 'feature="raw-window-handle"' --cfg 'feature="ron"' --cfg 'feature="serde"' --cfg 'feature="trace"' -C metadata=2cdc344b33d19117 -C extra-filename=-2cdc344b33d19117 --out-dir /opt/rustwide/target/debug/deps -L dependency=/opt/rustwide/target/debug/deps --extern arrayvec=/opt/rustwide/target/debug/deps/libarrayvec-defdd6b37960c5b4.rmeta --extern bitflags=/opt/rustwide/target/debug/deps/libbitflags-610a73087f46ba3b.rmeta --extern codespan_reporting=/opt/rustwide/target/debug/deps/libcodespan_reporting-f02255fcb4c677f0.rmeta --extern copyless=/opt/rustwide/target/debug/deps/libcopyless-8cdcbfe983327a21.rmeta --extern fxhash=/opt/rustwide/target/debug/deps/libfxhash-e2bbac7e1bf7d43b.rmeta --extern log=/opt/rustwide/target/debug/deps/liblog-25b121a22046e37a.rmeta --extern naga=/opt/rustwide/target/debug/deps/libnaga-0a5df6d42ee53f31.rmeta --extern parking_lot=/opt/rustwide/target/debug/deps/libparking_lot-5e54684b996d4e06.rmeta --extern profiling=/opt/rustwide/target/debug/deps/libprofiling-35f0e617d9ba752f.rmeta --extern raw_window_handle=/opt/rustwide/target/debug/deps/libraw_window_handle-13909e9dcb8e4d1a.rmeta --extern ron=/opt/rustwide/target/debug/deps/libron-a332fe38bf64b237.rmeta --extern serde=/opt/rustwide/target/debug/deps/libserde-93a795973ad9d89e.rmeta --extern smallvec=/opt/rustwide/target/debug/deps/libsmallvec-b26eeadae8ae9a7e.rmeta --extern thiserror=/opt/rustwide/target/debug/deps/libthiserror-89ac6b63f6af46ef.rmeta --extern hal=/opt/rustwide/target/debug/deps/libwgpu_hal-958ce7f771006308.rmeta --extern wgt=/opt/rustwide/target/debug/deps/libwgpu_types-b8e34906240e7370.rmeta --cap-lints allow --cap-lints=warn --cfg unix_wo_apple --cfg vulkan --cfg gl` (signal: 9, SIGKILL: kill)
[INFO] [stderr] The following warnings were emitted during compilation:
[INFO] [stderr] 
[INFO] [stderr] warning: shaderc: searching for native shaderc libraries on system;  use '--features build-from-source' to force building from source code
[INFO] [stderr] warning: shaderc: cannot find native shaderc library on system; falling back to build from source
[INFO] [stderr] 
[INFO] [stderr] error: failed to run custom build command for `shaderc-sys v0.7.3`
[INFO] [stderr] note: To improve backtraces for build dependencies, set the CARGO_PROFILE_DEV_BUILD_OVERRIDE_DEBUG=true environment variable to enable debug information generation.
[INFO] [stderr] 
[INFO] [stderr] Caused by:
[INFO] [stderr]   process didn't exit successfully: `/opt/rustwide/target/debug/build/shaderc-sys-deda7b2af81f1738/build-script-build` (exit status: 101)
[INFO] [stderr]   --- stdout
[INFO] [stderr]   cargo:warning=shaderc: searching for native shaderc libraries on system;  use '--features build-from-source' to force building from source code
[INFO] [stderr]   cargo:warning=shaderc: cannot find native shaderc library on system; falling back to build from source
[INFO] [stderr]   CMAKE_TOOLCHAIN_FILE_x86_64-unknown-linux-gnu = None
[INFO] [stderr]   CMAKE_TOOLCHAIN_FILE_x86_64_unknown_linux_gnu = None
[INFO] [stderr]   HOST_CMAKE_TOOLCHAIN_FILE = None
[INFO] [stderr]   CMAKE_TOOLCHAIN_FILE = None
[INFO] [stderr]   CMAKE_PREFIX_PATH_x86_64-unknown-linux-gnu = None
[INFO] [stderr]   CMAKE_PREFIX_PATH_x86_64_unknown_linux_gnu = None
[INFO] [stderr]   HOST_CMAKE_PREFIX_PATH = None
[INFO] [stderr]   CMAKE_PREFIX_PATH = None
[INFO] [stderr]   CMAKE_x86_64-unknown-linux-gnu = None
[INFO] [stderr]   CMAKE_x86_64_unknown_linux_gnu = None
[INFO] [stderr]   HOST_CMAKE = None
[INFO] [stderr]   CMAKE = None
[INFO] [stderr]   running: cd "/opt/rustwide/target/debug/build/shaderc-sys-402170144cc22288/out/build" && CMAKE_PREFIX_PATH="" "cmake" "/opt/rustwide/cargo-home/registry/src/index.crates.io-6f17d22bba15001f/shaderc-sys-0.7.3/build" "-G" "Ninja" "-DCMAKE_INSTALL_LIBDIR=lib" "-DCMAKE_POSITION_INDEPENDENT_CODE=ON" "-DENABLE_SPVREMAPPER=OFF" "-DENABLE_GLSLANG_BINARIES=OFF" "-DSHADERC_SKIP_TESTS=ON" "-DSPIRV_SKIP_EXECUTABLES=ON" "-DSPIRV_WERROR=OFF" "-DCMAKE_INSTALL_PREFIX=/opt/rustwide/target/debug/build/shaderc-sys-402170144cc22288/out" "-DCMAKE_C_FLAGS= -ffunction-sections -fdata-sections -fPIC -m64" "-DCMAKE_C_COMPILER=/usr/bin/cc" "-DCMAKE_CXX_FLAGS= -ffunction-sections -fdata-sections -fPIC -m64" "-DCMAKE_CXX_COMPILER=/usr/bin/c++" "-DCMAKE_ASM_FLAGS= -ffunction-sections -fdata-sections -fPIC -m64" "-DCMAKE_ASM_COMPILER=/usr/bin/cc" "-DCMAKE_BUILD_TYPE=Release"
[INFO] [stderr]   -- The C compiler identification is GNU 11.3.0
[INFO] [stderr]   -- The CXX compiler identification is GNU 11.3.0
[INFO] [stderr]   -- Detecting C compiler ABI info
[INFO] [stderr]   -- Detecting C compiler ABI info - done
[INFO] [stderr]   -- Check for working C compiler: /usr/bin/cc - skipped
[INFO] [stderr]   -- Detecting C compile features
[INFO] [stderr]   -- Detecting C compile features - done
[INFO] [stderr]   -- Detecting CXX compiler ABI info
[INFO] [stderr]   -- Detecting CXX compiler ABI info - done
[INFO] [stderr]   -- Check for working CXX compiler: /usr/bin/c++ - skipped
[INFO] [stderr]   -- Detecting CXX compile features
[INFO] [stderr]   -- Detecting CXX compile features - done
[INFO] [stderr]   -- Building SPIRV-Header examples
[INFO] [stderr]   -- Installing SPIRV-Header
[INFO] [stderr]   -- Found PythonInterp: /usr/bin/python3 (found suitable version "3.10.6", minimum required is "3") 
[INFO] [stderr]   -- Google Mock was not found - tests based on that will not build
[INFO] [stderr]   -- optimizer enabled
[INFO] [stderr]   -- Looking for pthread.h
[INFO] [stderr]   -- Looking for pthread.h - found
[INFO] [stderr]   -- Performing Test CMAKE_HAVE_LIBC_PTHREAD
[INFO] [stderr]   -- Performing Test CMAKE_HAVE_LIBC_PTHREAD - Success
[INFO] [stderr]   -- Found Threads: TRUE  
[INFO] [stderr]   -- Shaderc: build type is "Release".
[INFO] [stderr]   -- Configuring Shaderc to avoid building tests.
[INFO] [stderr]   -- Configuring Shaderc to build examples.
[INFO] [stderr]   -- asciidoctor was not found - no documentation will be generated
[INFO] [stderr]   -- Performing Test COMPILER_SUPPORTS_FALLTHROUGH_WARNING
[INFO] [stderr]   -- Performing Test COMPILER_SUPPORTS_FALLTHROUGH_WARNING - Success
[INFO] [stderr]   -- Performing Test COMPILER_SUPPORTS_EXTRA_SEMI_WARNING
[INFO] [stderr]   -- Performing Test COMPILER_SUPPORTS_EXTRA_SEMI_WARNING - Success
[INFO] [stderr]   -- Performing Test COMPILER_SUPPORTS_PIC
[INFO] [stderr]   -- Performing Test COMPILER_SUPPORTS_PIC - Success
[INFO] [stderr]   -- Configuring done
[INFO] [stderr]   -- Generating done
[INFO] [stderr]   -- Build files have been written to: /opt/rustwide/target/debug/build/shaderc-sys-402170144cc22288/out/build
[INFO] [stderr]   running: cd "/opt/rustwide/target/debug/build/shaderc-sys-402170144cc22288/out/build" && "cmake" "--build" "." "--target" "install" "--config" "Release" "--parallel" "8"
[INFO] [stderr]   [1/376] Building CXX object spirv-headers/example/CMakeFiles/SPIRV-Headers-example.dir/example.cpp.o
[INFO] [stderr]   [2/376] cd /opt/rustwide/target/debug/build/shaderc-sys-402170144cc22288/out/build/spirv-tools && /usr/bin/cmake -DCHANGES_FILE=/opt/rustwide/cargo-home/registry/src/index.crates.io-6f17d22bba15001f/shaderc-sys-0.7.3/build/spirv-tools/CHANGES -DTEMPLATE_FILE=/opt/rustwide/cargo-home/registry/src/index.crates.io-6f17d22bba15001f/shaderc-sys-0.7.3/build/spirv-tools/cmake/SPIRV-Tools.pc.in -DOUT_FILE=/opt/rustwide/target/debug/build/shaderc-sys-402170144cc22288/out/build/spirv-tools/SPIRV-Tools.pc -DCMAKE_INSTALL_PREFIX=/opt/rustwide/target/debug/build/shaderc-sys-402170144cc22288/out -DCMAKE_INSTALL_LIBDIR=lib -DCMAKE_INSTALL_INCLUDEDIR=include -DSPIRV_LIBRARIES=-lSPIRV-Tools-opt\ -lSPIRV-Tools\ -lSPIRV-Tools-link -P /opt/rustwide/cargo-home/registry/src/index.crates.io-6f17d22bba15001f/shaderc-sys-0.7.3/build/spirv-tools/cmake/write_pkg_config.cmake
[INFO] [stderr]   [3/376] cd /opt/rustwide/target/debug/build/shaderc-sys-402170144cc22288/out/build/spirv-tools && /usr/bin/cmake -DCHANGES_FILE=/opt/rustwide/cargo-home/registry/src/index.crates.io-6f17d22bba15001f/shaderc-sys-0.7.3/build/spirv-tools/CHANGES -DTEMPLATE_FILE=/opt/rustwide/cargo-home/registry/src/index.crates.io-6f17d22bba15001f/shaderc-sys-0.7.3/build/spirv-tools/cmake/SPIRV-Tools-shared.pc.in -DOUT_FILE=/opt/rustwide/target/debug/build/shaderc-sys-402170144cc22288/out/build/spirv-tools/SPIRV-Tools-shared.pc -DCMAKE_INSTALL_PREFIX=/opt/rustwide/target/debug/build/shaderc-sys-402170144cc22288/out -DCMAKE_INSTALL_LIBDIR=lib -DCMAKE_INSTALL_INCLUDEDIR=include -DSPIRV_SHARED_LIBRARIES=-lSPIRV-Tools-shared -P /opt/rustwide/cargo-home/registry/src/index.crates.io-6f17d22bba15001f/shaderc-sys-0.7.3/build/spirv-tools/cmake/write_pkg_config.cmake
[INFO] [stderr]   [4/376] Generate extended instruction tables for opencl.debuginfo.100.
[INFO] [stderr]   [5/376] Generate extended instruction tables for spv-amd-shader-trinary-minmax.
[INFO] [stderr]   [6/376] Generate extended instruction tables for spv-amd-shader-ballot.
[INFO] [stderr]   [7/376] Generate extended instruction tables for spv-amd-shader-explicit-vertex-parameter.
[INFO] [stderr]   [8/376] Generate extended instruction tables for spv-amd-gcn-shader.
[INFO] [stderr]   [9/376] Generate extended instruction tables for nonsemantic.clspvreflection.
[INFO] [stderr]   [10/376] Generate language specific header for OpenCLDebugInfo100.
[INFO] [stderr]   [11/376] Generate extended instruction tables for debuginfo.
[INFO] [stderr]   [12/376] Linking CXX static library spirv-headers/example/libSPIRV-Headers-example.a
[INFO] [stderr]   [13/376] Generate language specific header for DebugInfo.
[INFO] [stderr]   [14/376] Generate tables based on the SPIR-V XML registry.
[INFO] [stderr]   [15/376] Generate info tables for GLSL extended instructions and operands vunified1.
[INFO] [stderr]   [16/376] Update build-version.inc in the SPIRV-Tools build directory (if necessary).
[INFO] [stderr]   [17/376] Generate enum-string mapping for SPIR-V vunified1.
[INFO] [stderr]   [18/376] Building CXX object glslang/glslang/OSDependent/Unix/CMakeFiles/OSDependent.dir/ossource.cpp.o
[INFO] [stderr]   [19/376] Generate info tables for SPIR-V vunified1 core instructions and operands.
[INFO] [stderr]   [20/376] Generate info tables for OpenCL extended instructions and operands vunified1.
[INFO] [stderr]   [21/376] Linking CXX static library glslang/glslang/OSDependent/Unix/libOSDependent.a
[INFO] [stderr]   [22/376] Building CXX object glslang/hlsl/CMakeFiles/HLSL.dir/stub.cpp.o
[INFO] [stderr]   [23/376] Building CXX object glslang/OGLCompilersDLL/CMakeFiles/OGLCompiler.dir/InitializeDll.cpp.o
[INFO] [stderr]   [24/376] Building CXX object spirv-tools/source/CMakeFiles/SPIRV-Tools-shared.dir/util/bit_vector.cpp.o
[INFO] [stderr]   [25/376] Building CXX object glslang/glslang/CMakeFiles/GenericCodeGen.dir/GenericCodeGen/CodeGen.cpp.o
[INFO] [stderr]   [26/376] Building CXX object spirv-tools/source/CMakeFiles/SPIRV-Tools-shared.dir/util/string_utils.cpp.o
[INFO] [stderr]   [27/376] Building CXX object glslang/glslang/CMakeFiles/GenericCodeGen.dir/GenericCodeGen/Link.cpp.o
[INFO] [stderr]   [28/376] Building CXX object spirv-tools/source/CMakeFiles/SPIRV-Tools-shared.dir/assembly_grammar.cpp.o
[INFO] [stderr]   [29/376] Building CXX object spirv-tools/source/CMakeFiles/SPIRV-Tools-shared.dir/diagnostic.cpp.o
[INFO] [stderr]   [30/376] Building CXX object spirv-tools/source/CMakeFiles/SPIRV-Tools-shared.dir/enum_string_mapping.cpp.o
[INFO] [stderr]   [31/376] Building CXX object glslang/glslang/CMakeFiles/glslang.dir/CInterface/glslang_c_interface.cpp.o
[INFO] [stderr]   [32/376] Building CXX object spirv-tools/source/CMakeFiles/SPIRV-Tools-shared.dir/util/parse_number.cpp.o
[INFO] [stderr]   [33/376] Building CXX object spirv-tools/source/CMakeFiles/SPIRV-Tools-shared.dir/ext_inst.cpp.o
[INFO] [stderr]   [34/376] Building CXX object spirv-tools/source/CMakeFiles/SPIRV-Tools-shared.dir/extensions.cpp.o
[INFO] [stderr]   [35/376] Building CXX object spirv-tools/source/CMakeFiles/SPIRV-Tools-shared.dir/libspirv.cpp.o
[INFO] [stderr]   [36/376] Building CXX object spirv-tools/source/CMakeFiles/SPIRV-Tools-shared.dir/disassemble.cpp.o
[INFO] [stderr]   [37/376] Building CXX object spirv-tools/source/CMakeFiles/SPIRV-Tools-shared.dir/software_version.cpp.o
[INFO] [stderr]   [38/376] Building CXX object spirv-tools/source/CMakeFiles/SPIRV-Tools-shared.dir/spirv_endian.cpp.o
[INFO] [stderr]   [39/376] Building CXX object spirv-tools/source/CMakeFiles/SPIRV-Tools-shared.dir/opcode.cpp.o
[INFO] [stderr]   [40/376] Building CXX object spirv-tools/source/CMakeFiles/SPIRV-Tools-shared.dir/spirv_optimizer_options.cpp.o
[INFO] [stderr]   [41/376] Building CXX object spirv-tools/source/CMakeFiles/SPIRV-Tools-shared.dir/spirv_reducer_options.cpp.o
[INFO] [stderr]   [42/376] Building CXX object spirv-tools/source/CMakeFiles/SPIRV-Tools-shared.dir/parsed_operand.cpp.o
[INFO] [stderr]   [43/376] Building CXX object spirv-tools/source/CMakeFiles/SPIRV-Tools-shared.dir/print.cpp.o
[INFO] [stderr]   [44/376] Building CXX object spirv-tools/source/CMakeFiles/SPIRV-Tools-shared.dir/spirv_fuzzer_options.cpp.o
[INFO] [stderr]   [45/376] Building CXX object spirv-tools/source/CMakeFiles/SPIRV-Tools-shared.dir/operand.cpp.o
[INFO] [stderr]   [46/376] Building CXX object spirv-tools/source/CMakeFiles/SPIRV-Tools-shared.dir/spirv_validator_options.cpp.o
[INFO] [stderr]   [47/376] Building CXX object spirv-tools/source/CMakeFiles/SPIRV-Tools-shared.dir/name_mapper.cpp.o
[INFO] [stderr]   [48/376] Building CXX object spirv-tools/source/CMakeFiles/SPIRV-Tools-shared.dir/spirv_target_env.cpp.o
[INFO] [stderr]   [49/376] Building CXX object spirv-tools/source/CMakeFiles/SPIRV-Tools-shared.dir/table.cpp.o
[INFO] [stderr]   [50/376] Building CXX object spirv-tools/source/CMakeFiles/SPIRV-Tools-shared.dir/binary.cpp.o
[INFO] [stderr]   [51/376] Building CXX object spirv-tools/source/CMakeFiles/SPIRV-Tools-shared.dir/val/validate_adjacency.cpp.o
[INFO] [stderr]   [52/376] Building CXX object glslang/glslang/CMakeFiles/MachineIndependent.dir/cmake_pch.hxx.gch
[INFO] [stderr]   [53/376] Building CXX object spirv-tools/source/CMakeFiles/SPIRV-Tools-shared.dir/text_handler.cpp.o
[INFO] [stderr]   [54/376] Building CXX object spirv-tools/source/CMakeFiles/SPIRV-Tools-shared.dir/text.cpp.o
[INFO] [stderr]   [55/376] Building CXX object spirv-tools/source/CMakeFiles/SPIRV-Tools-shared.dir/val/validate_atomics.cpp.o
[INFO] [stderr]   [56/376] Building CXX object spirv-tools/source/CMakeFiles/SPIRV-Tools-shared.dir/val/validate_annotation.cpp.o
[INFO] [stderr]   [57/376] Building CXX object spirv-tools/source/CMakeFiles/SPIRV-Tools-shared.dir/val/validate_arithmetics.cpp.o
[INFO] [stderr]   [58/376] Building CXX object spirv-tools/source/CMakeFiles/SPIRV-Tools-shared.dir/val/validate.cpp.o
[INFO] [stderr]   [59/376] Building CXX object spirv-tools/source/CMakeFiles/SPIRV-Tools-shared.dir/val/validate_barriers.cpp.o
[INFO] [stderr]   [60/376] Building CXX object spirv-tools/source/CMakeFiles/SPIRV-Tools-shared.dir/val/validate_bitwise.cpp.o
[INFO] [stderr]   [61/376] Building CXX object spirv-tools/source/CMakeFiles/SPIRV-Tools-shared.dir/val/validate_constants.cpp.o
[INFO] [stderr]   [62/376] Building CXX object spirv-tools/source/CMakeFiles/SPIRV-Tools-shared.dir/val/validate_composites.cpp.o
[INFO] [stderr]   [63/376] Building CXX object spirv-tools/source/CMakeFiles/SPIRV-Tools-shared.dir/val/validate_conversion.cpp.o
[INFO] [stderr]   [64/376] Building CXX object spirv-tools/source/CMakeFiles/SPIRV-Tools-shared.dir/val/validate_capability.cpp.o
[INFO] [stderr]   [65/376] Building CXX object spirv-tools/source/CMakeFiles/SPIRV-Tools-shared.dir/val/validate_debug.cpp.o
[INFO] [stderr]   [66/376] Building CXX object spirv-tools/source/CMakeFiles/SPIRV-Tools-shared.dir/val/validate_derivatives.cpp.o
[INFO] [stderr]   [67/376] Building CXX object spirv-tools/source/CMakeFiles/SPIRV-Tools-shared.dir/val/validate_execution_limitations.cpp.o
[INFO] [stderr]   [68/376] Building CXX object spirv-tools/source/CMakeFiles/SPIRV-Tools-shared.dir/val/validate_id.cpp.o
[INFO] [stderr]   [69/376] Building CXX object spirv-tools/source/CMakeFiles/SPIRV-Tools-shared.dir/val/validate_function.cpp.o
[INFO] [stderr]   [70/376] Building CXX object spirv-tools/source/CMakeFiles/SPIRV-Tools-shared.dir/val/validate_decorations.cpp.o
[INFO] [stderr]   [71/376] Building CXX object spirv-tools/source/CMakeFiles/SPIRV-Tools-shared.dir/val/validate_cfg.cpp.o
[INFO] [stderr]   [72/376] Building CXX object spirv-tools/source/CMakeFiles/SPIRV-Tools-shared.dir/val/validate_layout.cpp.o
[INFO] [stderr]   [73/376] Building CXX object spirv-tools/source/CMakeFiles/SPIRV-Tools-shared.dir/val/validate_instruction.cpp.o
[INFO] [stderr]   [74/376] Building CXX object spirv-tools/source/CMakeFiles/SPIRV-Tools-shared.dir/val/validate_image.cpp.o
[INFO] [stderr]   [75/376] Building CXX object spirv-tools/source/CMakeFiles/SPIRV-Tools-shared.dir/val/validate_literals.cpp.o
[INFO] [stderr]   [76/376] Building CXX object spirv-tools/source/CMakeFiles/SPIRV-Tools-shared.dir/val/validate_interfaces.cpp.o
[INFO] [stderr]   [77/376] Building CXX object spirv-tools/source/CMakeFiles/SPIRV-Tools-shared.dir/val/validate_logicals.cpp.o
[INFO] [stderr]   [78/376] Building CXX object spirv-tools/source/CMakeFiles/SPIRV-Tools-shared.dir/val/validate_memory_semantics.cpp.o
[INFO] [stderr]   [79/376] Building CXX object spirv-tools/source/CMakeFiles/SPIRV-Tools-shared.dir/val/validate_extensions.cpp.o
[INFO] [stderr]   [80/376] Building CXX object spirv-tools/source/CMakeFiles/SPIRV-Tools-shared.dir/val/validate_non_uniform.cpp.o
[INFO] [stderr]   [81/376] Building CXX object spirv-tools/source/CMakeFiles/SPIRV-Tools-shared.dir/val/validate_misc.cpp.o
[INFO] [stderr]   [82/376] Building CXX object spirv-tools/source/CMakeFiles/SPIRV-Tools-shared.dir/val/validate_builtins.cpp.o
[INFO] [stderr]   [83/376] Building CXX object spirv-tools/source/CMakeFiles/SPIRV-Tools-shared.dir/val/validate_memory.cpp.o
[INFO] [stderr]   [84/376] Building CXX object spirv-tools/source/CMakeFiles/SPIRV-Tools-shared.dir/val/validate_small_type_uses.cpp.o
[INFO] [stderr]   [85/376] Building CXX object spirv-tools/source/CMakeFiles/SPIRV-Tools-shared.dir/val/basic_block.cpp.o
[INFO] [stderr]   [86/376] Building CXX object spirv-tools/source/CMakeFiles/SPIRV-Tools-shared.dir/val/validate_mode_setting.cpp.o
[INFO] [stderr]   [87/376] Building CXX object spirv-tools/source/CMakeFiles/SPIRV-Tools-shared.dir/val/validate_primitives.cpp.o
[INFO] [stderr]   [88/376] Building CXX object spirv-tools/source/CMakeFiles/SPIRV-Tools-shared.dir/val/validate_scopes.cpp.o
[INFO] [stderr]   [89/376] Building CXX object spirv-tools/source/CMakeFiles/SPIRV-Tools-shared.dir/util/timer.cpp.o
[INFO] [stderr]   [90/376] Building CXX object spirv-tools/source/CMakeFiles/SPIRV-Tools-shared.dir/val/instruction.cpp.o
[INFO] [stderr]   [91/376] Building CXX object spirv-tools/source/CMakeFiles/SPIRV-Tools-static.dir/util/bit_vector.cpp.o
[INFO] [stderr]   [92/376] Building CXX object spirv-tools/source/CMakeFiles/SPIRV-Tools-shared.dir/val/validate_type.cpp.o
[INFO] [stderr]   [93/376] Building CXX object spirv-tools/source/CMakeFiles/SPIRV-Tools-static.dir/util/string_utils.cpp.o
[INFO] [stderr]   [94/376] Building CXX object spirv-tools/source/CMakeFiles/SPIRV-Tools-shared.dir/val/construct.cpp.o
[INFO] [stderr]   [95/376] Building CXX object spirv-tools/source/CMakeFiles/SPIRV-Tools-static.dir/assembly_grammar.cpp.o
[INFO] [stderr]   [96/376] Building CXX object spirv-tools/source/CMakeFiles/SPIRV-Tools-static.dir/diagnostic.cpp.o
[INFO] [stderr]   [97/376] Building CXX object spirv-tools/source/CMakeFiles/SPIRV-Tools-static.dir/ext_inst.cpp.o
[INFO] [stderr]   [98/376] Building CXX object spirv-tools/source/CMakeFiles/SPIRV-Tools-static.dir/enum_string_mapping.cpp.o
[INFO] [stderr]   [99/376] Building CXX object spirv-tools/source/CMakeFiles/SPIRV-Tools-static.dir/util/parse_number.cpp.o
[INFO] [stderr]   [100/376] Building CXX object spirv-tools/source/CMakeFiles/SPIRV-Tools-shared.dir/val/function.cpp.o
[INFO] [stderr]   [101/376] Building CXX object spirv-tools/source/CMakeFiles/SPIRV-Tools-static.dir/disassemble.cpp.o
[INFO] [stderr]   [102/376] Building CXX object spirv-tools/source/CMakeFiles/SPIRV-Tools-static.dir/extensions.cpp.o
[INFO] [stderr]   [103/376] Building CXX object spirv-tools/source/CMakeFiles/SPIRV-Tools-static.dir/libspirv.cpp.o
[INFO] [stderr]   [104/376] Building CXX object spirv-tools/source/CMakeFiles/SPIRV-Tools-static.dir/opcode.cpp.o
[INFO] [stderr]   [105/376] Building CXX object spirv-tools/source/CMakeFiles/SPIRV-Tools-static.dir/print.cpp.o
[INFO] [stderr]   [106/376] Building CXX object spirv-tools/source/CMakeFiles/SPIRV-Tools-static.dir/software_version.cpp.o
[INFO] [stderr]   [107/376] Building CXX object spirv-tools/source/CMakeFiles/SPIRV-Tools-static.dir/spirv_endian.cpp.o
[INFO] [stderr]   [108/376] Building CXX object spirv-tools/source/CMakeFiles/SPIRV-Tools-static.dir/spirv_optimizer_options.cpp.o
[INFO] [stderr]   [109/376] Building CXX object spirv-tools/source/CMakeFiles/SPIRV-Tools-static.dir/binary.cpp.o
[INFO] [stderr]   [110/376] Building CXX object spirv-tools/source/CMakeFiles/SPIRV-Tools-static.dir/spirv_fuzzer_options.cpp.o
[INFO] [stderr]   [111/376] Building CXX object spirv-tools/source/CMakeFiles/SPIRV-Tools-static.dir/spirv_reducer_options.cpp.o
[INFO] [stderr]   [112/376] Building CXX object spirv-tools/source/CMakeFiles/SPIRV-Tools-static.dir/spirv_validator_options.cpp.o
[INFO] [stderr]   [113/376] Building CXX object spirv-tools/source/CMakeFiles/SPIRV-Tools-static.dir/parsed_operand.cpp.o
[INFO] [stderr]   [114/376] Building CXX object spirv-tools/source/CMakeFiles/SPIRV-Tools-static.dir/operand.cpp.o
[INFO] [stderr]   [115/376] Building CXX object spirv-tools/source/CMakeFiles/SPIRV-Tools-static.dir/spirv_target_env.cpp.o
[INFO] [stderr]   [116/376] Building CXX object spirv-tools/source/CMakeFiles/SPIRV-Tools-static.dir/table.cpp.o
[INFO] [stderr]   [117/376] Building CXX object spirv-tools/source/CMakeFiles/SPIRV-Tools-static.dir/name_mapper.cpp.o
[INFO] [stderr]   [118/376] Building CXX object spirv-tools/source/opt/CMakeFiles/SPIRV-Tools-opt.dir/redundancy_elimination.cpp.o
[INFO] [stderr]   [119/376] Building CXX object spirv-tools/source/CMakeFiles/SPIRV-Tools-shared.dir/val/validation_state.cpp.o
[INFO] [stderr]   [120/376] Linking CXX shared library spirv-tools/source/libSPIRV-Tools-shared.so
[INFO] [stderr]   [121/376] Building CXX object spirv-tools/source/CMakeFiles/SPIRV-Tools-static.dir/val/validate_adjacency.cpp.o
[INFO] [stderr]   [122/376] Building CXX object spirv-tools/source/CMakeFiles/SPIRV-Tools-static.dir/text_handler.cpp.o
[INFO] [stderr]   [123/376] Building CXX object spirv-tools/source/CMakeFiles/SPIRV-Tools-static.dir/text.cpp.o
[INFO] [stderr]   [124/376] Building CXX object spirv-tools/source/CMakeFiles/SPIRV-Tools-static.dir/val/validate_annotation.cpp.o
[INFO] [stderr]   [125/376] Building CXX object spirv-tools/source/CMakeFiles/SPIRV-Tools-static.dir/val/validate_arithmetics.cpp.o
[INFO] [stderr]   [126/376] Building CXX object spirv-tools/source/CMakeFiles/SPIRV-Tools-static.dir/val/validate_atomics.cpp.o
[INFO] [stderr]   [127/376] Building CXX object spirv-tools/source/CMakeFiles/SPIRV-Tools-static.dir/val/validate_barriers.cpp.o
[INFO] [stderr]   [128/376] Building CXX object spirv-tools/source/CMakeFiles/SPIRV-Tools-static.dir/val/validate_bitwise.cpp.o
[INFO] [stderr]   [129/376] Building CXX object spirv-tools/source/CMakeFiles/SPIRV-Tools-static.dir/val/validate.cpp.o
[INFO] [stderr]   [130/376] Building CXX object spirv-tools/source/CMakeFiles/SPIRV-Tools-static.dir/val/validate_conversion.cpp.o
[INFO] [stderr]   [131/376] Building CXX object spirv-tools/source/CMakeFiles/SPIRV-Tools-static.dir/val/validate_capability.cpp.o
[INFO] [stderr]   [132/376] Building CXX object spirv-tools/source/CMakeFiles/SPIRV-Tools-static.dir/val/validate_constants.cpp.o
[INFO] [stderr]   [133/376] Building CXX object spirv-tools/source/CMakeFiles/SPIRV-Tools-static.dir/val/validate_debug.cpp.o
[INFO] [stderr]   [134/376] Building CXX object spirv-tools/source/CMakeFiles/SPIRV-Tools-static.dir/val/validate_composites.cpp.o
[INFO] [stderr]   [135/376] Building CXX object spirv-tools/source/CMakeFiles/SPIRV-Tools-static.dir/val/validate_execution_limitations.cpp.o
[INFO] [stderr]   [136/376] Building CXX object spirv-tools/source/CMakeFiles/SPIRV-Tools-static.dir/val/validate_derivatives.cpp.o
[INFO] [stderr]   [137/376] Building CXX object spirv-tools/source/CMakeFiles/SPIRV-Tools-static.dir/val/validate_id.cpp.o
[INFO] [stderr]   [138/376] Building CXX object spirv-tools/source/CMakeFiles/SPIRV-Tools-static.dir/val/validate_cfg.cpp.o
[INFO] [stderr]   [139/376] Building CXX object spirv-tools/source/CMakeFiles/SPIRV-Tools-static.dir/val/validate_function.cpp.o
[INFO] [stderr]   [140/376] Building CXX object spirv-tools/source/CMakeFiles/SPIRV-Tools-static.dir/val/validate_decorations.cpp.o
[INFO] [stderr]   [141/376] Building CXX object spirv-tools/source/CMakeFiles/SPIRV-Tools-static.dir/val/validate_layout.cpp.o
[INFO] [stderr]   [142/376] Building CXX object spirv-tools/source/CMakeFiles/SPIRV-Tools-static.dir/val/validate_literals.cpp.o
[INFO] [stderr]   [143/376] Building CXX object spirv-tools/source/CMakeFiles/SPIRV-Tools-static.dir/val/validate_image.cpp.o
[INFO] [stderr]   [144/376] Building CXX object spirv-tools/source/CMakeFiles/SPIRV-Tools-static.dir/val/validate_instruction.cpp.o
[INFO] [stderr]   [145/376] Building CXX object spirv-tools/source/CMakeFiles/SPIRV-Tools-static.dir/val/validate_interfaces.cpp.o
[INFO] [stderr]   [146/376] Building CXX object spirv-tools/source/CMakeFiles/SPIRV-Tools-static.dir/val/validate_logicals.cpp.o
[INFO] [stderr]   [147/376] Building CXX object spirv-tools/source/CMakeFiles/SPIRV-Tools-static.dir/val/validate_non_uniform.cpp.o
[INFO] [stderr]   [148/376] Building CXX object spirv-tools/source/CMakeFiles/SPIRV-Tools-static.dir/val/validate_memory_semantics.cpp.o
[INFO] [stderr]   [149/376] Building CXX object spirv-tools/source/CMakeFiles/SPIRV-Tools-static.dir/val/validate_misc.cpp.o
[INFO] [stderr]   [150/376] Building CXX object spirv-tools/source/CMakeFiles/SPIRV-Tools-static.dir/val/validate_builtins.cpp.o
[INFO] [stderr]   [151/376] Building CXX object spirv-tools/source/CMakeFiles/SPIRV-Tools-static.dir/val/validate_mode_setting.cpp.o
[INFO] [stderr]   [152/376] Building CXX object spirv-tools/source/CMakeFiles/SPIRV-Tools-static.dir/val/validate_memory.cpp.o
[INFO] [stderr]   [153/376] Building CXX object spirv-tools/source/CMakeFiles/SPIRV-Tools-static.dir/val/validate_primitives.cpp.o
[INFO] [stderr]   [154/376] Building CXX object spirv-tools/source/CMakeFiles/SPIRV-Tools-static.dir/val/validate_extensions.cpp.o
[INFO] [stderr]   [155/376] Building CXX object spirv-tools/source/CMakeFiles/SPIRV-Tools-static.dir/val/basic_block.cpp.o
[INFO] [stderr]   [156/376] Building CXX object spirv-tools/source/CMakeFiles/SPIRV-Tools-static.dir/val/validate_small_type_uses.cpp.o
[INFO] [stderr]   [157/376] Building CXX object spirv-tools/source/CMakeFiles/SPIRV-Tools-static.dir/val/instruction.cpp.o
[INFO] [stderr]   [158/376] Building CXX object spirv-tools/source/CMakeFiles/SPIRV-Tools-static.dir/util/timer.cpp.o
[INFO] [stderr]   [159/376] Building CXX object spirv-tools/source/CMakeFiles/SPIRV-Tools-static.dir/val/validate_scopes.cpp.o
[INFO] [stderr]   [160/376] Building CXX object spirv-tools/source/CMakeFiles/SPIRV-Tools-static.dir/val/construct.cpp.o
[INFO] [stderr]   [161/376] Building CXX object spirv-tools/source/CMakeFiles/SPIRV-Tools-static.dir/val/validate_type.cpp.o
[INFO] [stderr]   [162/376] Building CXX object spirv-tools/source/CMakeFiles/SPIRV-Tools-static.dir/val/function.cpp.o
[INFO] [stderr]   [163/376] Building CXX object spirv-tools/source/opt/CMakeFiles/SPIRV-Tools-opt.dir/basic_block.cpp.o
[INFO] [stderr]   FAILED: spirv-tools/source/opt/CMakeFiles/SPIRV-Tools-opt.dir/basic_block.cpp.o 
[INFO] [stderr]   /usr/bin/c++ -DSPIRV_CHECK_CONTEXT -DSPIRV_COLOR_TERMINAL -DSPIRV_LINUX -DSPIRV_TIMER_ENABLED -I/opt/rustwide/cargo-home/registry/src/index.crates.io-6f17d22bba15001f/shaderc-sys-0.7.3/build/spirv-tools -I/opt/rustwide/cargo-home/registry/src/index.crates.io-6f17d22bba15001f/shaderc-sys-0.7.3/build/spirv-tools/include -I/opt/rustwide/cargo-home/registry/src/index.crates.io-6f17d22bba15001f/shaderc-sys-0.7.3/build/spirv-headers/include -I/opt/rustwide/target/debug/build/shaderc-sys-402170144cc22288/out/build/spirv-tools -ffunction-sections -fdata-sections -fPIC -m64 -O3 -DNDEBUG -fPIC -Wall -Wextra -Wnon-virtual-dtor -Wno-missing-field-initializers -std=c++11 -fno-exceptions -fno-rtti -Wno-long-long -Wshadow -Wundef -Wconversion -Wno-sign-conversion -std=gnu++11 -MD -MT spirv-tools/source/opt/CMakeFiles/SPIRV-Tools-opt.dir/basic_block.cpp.o -MF spirv-tools/source/opt/CMakeFiles/SPIRV-Tools-opt.dir/basic_block.cpp.o.d -o spirv-tools/source/opt/CMakeFiles/SPIRV-Tools-opt.dir/basic_block.cpp.o -c /opt/rustwide/cargo-home/registry/src/index.crates.io-6f17d22bba15001f/shaderc-sys-0.7.3/build/spirv-tools/source/opt/basic_block.cpp
[INFO] [stderr]   c++: fatal error: Killed signal terminated program cc1plus
[INFO] [stderr]   compilation terminated.
[INFO] [stderr]   [164/376] Building CXX object spirv-tools/source/opt/CMakeFiles/SPIRV-Tools-opt.dir/aggressive_dead_code_elim_pass.cpp.o
[INFO] [stderr]   FAILED: spirv-tools/source/opt/CMakeFiles/SPIRV-Tools-opt.dir/aggressive_dead_code_elim_pass.cpp.o 
[INFO] [stderr]   /usr/bin/c++ -DSPIRV_CHECK_CONTEXT -DSPIRV_COLOR_TERMINAL -DSPIRV_LINUX -DSPIRV_TIMER_ENABLED -I/opt/rustwide/cargo-home/registry/src/index.crates.io-6f17d22bba15001f/shaderc-sys-0.7.3/build/spirv-tools -I/opt/rustwide/cargo-home/registry/src/index.crates.io-6f17d22bba15001f/shaderc-sys-0.7.3/build/spirv-tools/include -I/opt/rustwide/cargo-home/registry/src/index.crates.io-6f17d22bba15001f/shaderc-sys-0.7.3/build/spirv-headers/include -I/opt/rustwide/target/debug/build/shaderc-sys-402170144cc22288/out/build/spirv-tools -ffunction-sections -fdata-sections -fPIC -m64 -O3 -DNDEBUG -fPIC -Wall -Wextra -Wnon-virtual-dtor -Wno-missing-field-initializers -std=c++11 -fno-exceptions -fno-rtti -Wno-long-long -Wshadow -Wundef -Wconversion -Wno-sign-conversion -std=gnu++11 -MD -MT spirv-tools/source/opt/CMakeFiles/SPIRV-Tools-opt.dir/aggressive_dead_code_elim_pass.cpp.o -MF spirv-tools/source/opt/CMakeFiles/SPIRV-Tools-opt.dir/aggressive_dead_code_elim_pass.cpp.o.d -o spirv-tools/source/opt/CMakeFiles/SPIRV-Tools-opt.dir/aggressive_dead_code_elim_pass.cpp.o -c /opt/rustwide/cargo-home/registry/src/index.crates.io-6f17d22bba15001f/shaderc-sys-0.7.3/build/spirv-tools/source/opt/aggressive_dead_code_elim_pass.cpp
[INFO] [stderr]   c++: fatal error: Killed signal terminated program cc1plus
[INFO] [stderr]   compilation terminated.
[INFO] [stderr]   [165/376] Building CXX object spirv-tools/source/opt/CMakeFiles/SPIRV-Tools-opt.dir/amd_ext_to_khr.cpp.o
[INFO] [stderr]   FAILED: spirv-tools/source/opt/CMakeFiles/SPIRV-Tools-opt.dir/amd_ext_to_khr.cpp.o 
[INFO] [stderr]   /usr/bin/c++ -DSPIRV_CHECK_CONTEXT -DSPIRV_COLOR_TERMINAL -DSPIRV_LINUX -DSPIRV_TIMER_ENABLED -I/opt/rustwide/cargo-home/registry/src/index.crates.io-6f17d22bba15001f/shaderc-sys-0.7.3/build/spirv-tools -I/opt/rustwide/cargo-home/registry/src/index.crates.io-6f17d22bba15001f/shaderc-sys-0.7.3/build/spirv-tools/include -I/opt/rustwide/cargo-home/registry/src/index.crates.io-6f17d22bba15001f/shaderc-sys-0.7.3/build/spirv-headers/include -I/opt/rustwide/target/debug/build/shaderc-sys-402170144cc22288/out/build/spirv-tools -ffunction-sections -fdata-sections -fPIC -m64 -O3 -DNDEBUG -fPIC -Wall -Wextra -Wnon-virtual-dtor -Wno-missing-field-initializers -std=c++11 -fno-exceptions -fno-rtti -Wno-long-long -Wshadow -Wundef -Wconversion -Wno-sign-conversion -std=gnu++11 -MD -MT spirv-tools/source/opt/CMakeFiles/SPIRV-Tools-opt.dir/amd_ext_to_khr.cpp.o -MF spirv-tools/source/opt/CMakeFiles/SPIRV-Tools-opt.dir/amd_ext_to_khr.cpp.o.d -o spirv-tools/source/opt/CMakeFiles/SPIRV-Tools-opt.dir/amd_ext_to_khr.cpp.o -c /opt/rustwide/cargo-home/registry/src/index.crates.io-6f17d22bba15001f/shaderc-sys-0.7.3/build/spirv-tools/source/opt/amd_ext_to_khr.cpp
[INFO] [stderr]   c++: fatal error: Killed signal terminated program cc1plus
[INFO] [stderr]   compilation terminated.
[INFO] [stderr]   [166/376] Building CXX object spirv-tools/source/CMakeFiles/SPIRV-Tools-static.dir/val/validation_state.cpp.o
[INFO] [stderr]   [167/376] Building CXX object spirv-tools/source/opt/CMakeFiles/SPIRV-Tools-opt.dir/block_merge_pass.cpp.o
[INFO] [stderr]   [168/376] Building CXX object spirv-tools/source/opt/CMakeFiles/SPIRV-Tools-opt.dir/block_merge_util.cpp.o
[INFO] [stderr]   [169/376] Building CXX object spirv-tools/source/opt/CMakeFiles/SPIRV-Tools-opt.dir/ccp_pass.cpp.o
[INFO] [stderr]   [170/376] Building CXX object spirv-tools/source/opt/CMakeFiles/SPIRV-Tools-opt.dir/build_module.cpp.o
[INFO] [stderr]   ninja: build stopped: subcommand failed.
[INFO] [stderr] 
[INFO] [stderr]   --- stderr
[INFO] [stderr]   CMake Warning:
[INFO] [stderr]     Manually-specified variables were not used by the project:
[INFO] [stderr] 
[INFO] [stderr]       CMAKE_ASM_COMPILER
[INFO] [stderr]       CMAKE_ASM_FLAGS
[INFO] [stderr] 
[INFO] [stderr] 
[INFO] [stderr]   thread 'main' panicked at '
[INFO] [stderr]   command did not execute successfully, got: exit status: 1
[INFO] [stderr] 
[INFO] [stderr]   build script failed, must exit now', /opt/rustwide/cargo-home/registry/src/index.crates.io-6f17d22bba15001f/cmake-0.1.46/src/lib.rs:974:5
[INFO] [stderr]   stack backtrace:
[INFO] [stderr]      0:     0x55fd30e4ff2a - std::backtrace_rs::backtrace::libunwind::trace::h2f05d0192276a8f6
[INFO] [stderr]                                  at /rustc/1b7dd2252b99671ce5d1cb9664c5f8636329436d/library/std/src/../../backtrace/src/backtrace/libunwind.rs:93:5
[INFO] [stderr]      1:     0x55fd30e4ff2a - std::backtrace_rs::backtrace::trace_unsynchronized::hedc23dff7a1af150
[INFO] [stderr]                                  at /rustc/1b7dd2252b99671ce5d1cb9664c5f8636329436d/library/std/src/../../backtrace/src/backtrace/mod.rs:66:5
[INFO] [stderr]      2:     0x55fd30e4ff2a - std::sys_common::backtrace::_print_fmt::h17541ef7592f3ce2
[INFO] [stderr]                                  at /rustc/1b7dd2252b99671ce5d1cb9664c5f8636329436d/library/std/src/sys_common/backtrace.rs:65:5
[INFO] [stderr]      3:     0x55fd30e4ff2a - <std::sys_common::backtrace::_print::DisplayBacktrace as core::fmt::Display>::fmt::h20f75df5ab0c0792
[INFO] [stderr]                                  at /rustc/1b7dd2252b99671ce5d1cb9664c5f8636329436d/library/std/src/sys_common/backtrace.rs:44:22
[INFO] [stderr]      4:     0x55fd30e708bf - core::fmt::write::h78109e6f466b3af6
[INFO] [stderr]                                  at /rustc/1b7dd2252b99671ce5d1cb9664c5f8636329436d/library/core/src/fmt/mod.rs:1254:17
[INFO] [stderr]      5:     0x55fd30e4cbb5 - std::io::Write::write_fmt::hc59e1b02dd273c8a
[INFO] [stderr]                                  at /rustc/1b7dd2252b99671ce5d1cb9664c5f8636329436d/library/std/src/io/mod.rs:1698:15
[INFO] [stderr]      6:     0x55fd30e4fcf5 - std::sys_common::backtrace::_print::h8dac57a9f8fbf9a5
[INFO] [stderr]                                  at /rustc/1b7dd2252b99671ce5d1cb9664c5f8636329436d/library/std/src/sys_common/backtrace.rs:47:5
[INFO] [stderr]      7:     0x55fd30e4fcf5 - std::sys_common::backtrace::print::hf9ecbf41d1aa712f
[INFO] [stderr]                                  at /rustc/1b7dd2252b99671ce5d1cb9664c5f8636329436d/library/std/src/sys_common/backtrace.rs:34:9
[INFO] [stderr]      8:     0x55fd30e515be - std::panicking::default_hook::{{closure}}::h04c07acfc84ca028
[INFO] [stderr]                                  at /rustc/1b7dd2252b99671ce5d1cb9664c5f8636329436d/library/std/src/panicking.rs:269:22
[INFO] [stderr]      9:     0x55fd30e51365 - std::panicking::default_hook::h01f6bb23e1eceb2c
[INFO] [stderr]                                  at /rustc/1b7dd2252b99671ce5d1cb9664c5f8636329436d/library/std/src/panicking.rs:288:9
[INFO] [stderr]     10:     0x55fd30e51b1e - std::panicking::rust_panic_with_hook::h2bb3722bbaf2f6df
[INFO] [stderr]                                  at /rustc/1b7dd2252b99671ce5d1cb9664c5f8636329436d/library/std/src/panicking.rs:691:13
[INFO] [stderr]     11:     0x55fd30e51a19 - std::panicking::begin_panic_handler::{{closure}}::h91bc7f36a4be011b
[INFO] [stderr]                                  at /rustc/1b7dd2252b99671ce5d1cb9664c5f8636329436d/library/std/src/panicking.rs:582:13
[INFO] [stderr]     12:     0x55fd30e50396 - std::sys_common::backtrace::__rust_end_short_backtrace::h8b3d3717114f9e59
[INFO] [stderr]                                  at /rustc/1b7dd2252b99671ce5d1cb9664c5f8636329436d/library/std/src/sys_common/backtrace.rs:150:18
[INFO] [stderr]     13:     0x55fd30e51772 - rust_begin_unwind
[INFO] [stderr]                                  at /rustc/1b7dd2252b99671ce5d1cb9664c5f8636329436d/library/std/src/panicking.rs:578:5
[INFO] [stderr]     14:     0x55fd30dd37d3 - core::panicking::panic_fmt::hfd368e3fbdabea26
[INFO] [stderr]                                  at /rustc/1b7dd2252b99671ce5d1cb9664c5f8636329436d/library/core/src/panicking.rs:67:14
[INFO] [stderr]     15:     0x55fd30de54af - cmake::fail::h8b3d286af6ddc077
[INFO] [stderr]     16:     0x55fd30de4f13 - cmake::run::ha033602f76af4a94
[INFO] [stderr]     17:     0x55fd30de2386 - cmake::Config::build::hda1635c698cb521c
[INFO] [stderr]     18:     0x55fd30dd5a85 - build_script_build::build_shaderc_unix::h7929ef5494c599bb
[INFO] [stderr]     19:     0x55fd30dd8b9f - build_script_build::main::hf58fc40d0c3861d7
[INFO] [stderr]     20:     0x55fd30ddcce3 - core::ops::function::FnOnce::call_once::h11336a7eb0121696
[INFO] [stderr]     21:     0x55fd30ddd996 - std::sys_common::backtrace::__rust_begin_short_backtrace::hef3199718003d589
[INFO] [stderr]     22:     0x55fd30dd98d9 - std::rt::lang_start::{{closure}}::h46ba72477901091d
[INFO] [stderr]     23:     0x55fd30e48f0e - core::ops::function::impls::<impl core::ops::function::FnOnce<A> for &F>::call_once::h2eb19b8ce4148df4
[INFO] [stderr]                                  at /rustc/1b7dd2252b99671ce5d1cb9664c5f8636329436d/library/core/src/ops/function.rs:287:13
[INFO] [stderr]     24:     0x55fd30e48f0e - std::panicking::try::do_call::h2e900feff5d504c5
[INFO] [stderr]                                  at /rustc/1b7dd2252b99671ce5d1cb9664c5f8636329436d/library/std/src/panicking.rs:485:40
[INFO] [stderr]     25:     0x55fd30e48f0e - std::panicking::try::h8854836cb85aa9f2
[INFO] [stderr]                                  at /rustc/1b7dd2252b99671ce5d1cb9664c5f8636329436d/library/std/src/panicking.rs:449:19
[INFO] [stderr]     26:     0x55fd30e48f0e - std::panic::catch_unwind::h706025dd4c48f64b
[INFO] [stderr]                                  at /rustc/1b7dd2252b99671ce5d1cb9664c5f8636329436d/library/std/src/panic.rs:140:14
[INFO] [stderr]     27:     0x55fd30e48f0e - std::rt::lang_start_internal::{{closure}}::h7be5b97f4a07a91a
[INFO] [stderr]                                  at /rustc/1b7dd2252b99671ce5d1cb9664c5f8636329436d/library/std/src/rt.rs:148:48
[INFO] [stderr]     28:     0x55fd30e48f0e - std::panicking::try::do_call::h59847e9d0a176965
[INFO] [stderr]                                  at /rustc/1b7dd2252b99671ce5d1cb9664c5f8636329436d/library/std/src/panicking.rs:485:40
[INFO] [stderr]     29:     0x55fd30e48f0e - std::panicking::try::h399a918ba8522823
[INFO] [stderr]                                  at /rustc/1b7dd2252b99671ce5d1cb9664c5f8636329436d/library/std/src/panicking.rs:449:19
[INFO] [stderr]     30:     0x55fd30e48f0e - std::panic::catch_unwind::hca7ca6c55b2a2e26
[INFO] [stderr]                                  at /rustc/1b7dd2252b99671ce5d1cb9664c5f8636329436d/library/std/src/panic.rs:140:14
[INFO] [stderr]     31:     0x55fd30e48f0e - std::rt::lang_start_internal::h2c807a81560459eb
[INFO] [stderr]                                  at /rustc/1b7dd2252b99671ce5d1cb9664c5f8636329436d/library/std/src/rt.rs:148:20
[INFO] [stderr]     32:     0x55fd30dd98b7 - std::rt::lang_start::h723f5a18320ad90b
[INFO] [stderr]     33:     0x55fd30dd9185 - main
[INFO] [stderr]     34:     0x7f19b8527d90 - <unknown>
[INFO] [stderr]     35:     0x7f19b8527e40 - __libc_start_main
[INFO] [stderr]     36:     0x55fd30dd3d55 - _start
[INFO] [stderr]     37:                0x0 - <unknown>
[INFO] running `Command { std: "docker" "inspect" "fc917a2c48d28f1d7557d454b7dab5c8b4b569a445742cd3712ef9b5d45edffb", kill_on_drop: false }`
[INFO] running `Command { std: "docker" "rm" "-f" "fc917a2c48d28f1d7557d454b7dab5c8b4b569a445742cd3712ef9b5d45edffb", kill_on_drop: false }`
[INFO] [stdout] fc917a2c48d28f1d7557d454b7dab5c8b4b569a445742cd3712ef9b5d45edffb
