[INFO] cloning repository https://github.com/dolphin2410/gdn
[INFO] running `Command { std: "git" "-c" "credential.helper=" "-c" "credential.helper=/workspace/cargo-home/bin/git-credential-null" "clone" "--bare" "https://github.com/dolphin2410/gdn" "/workspace/cache/git-repos/https%3A%2F%2Fgithub.com%2Fdolphin2410%2Fgdn", kill_on_drop: false }`
[INFO] [stderr] Cloning into bare repository '/workspace/cache/git-repos/https%3A%2F%2Fgithub.com%2Fdolphin2410%2Fgdn'...
[INFO] running `Command { std: "git" "rev-parse" "HEAD", kill_on_drop: false }`
[INFO] [stdout] d32ecfc8321743c45e5ddc9c22b377f5b9d7e451
[INFO] testing dolphin2410/gdn against 1.69.0 for beta-1.70-1
[INFO] running `Command { std: "git" "clone" "/workspace/cache/git-repos/https%3A%2F%2Fgithub.com%2Fdolphin2410%2Fgdn" "/workspace/builds/worker-7-tc1/source", kill_on_drop: false }`
[INFO] [stderr] Cloning into '/workspace/builds/worker-7-tc1/source'...
[INFO] [stderr] done.
[INFO] validating manifest of git repo https://github.com/dolphin2410/gdn on toolchain 1.69.0
[INFO] running `Command { std: CARGO_HOME="/workspace/cargo-home" RUSTUP_HOME="/workspace/rustup-home" "/workspace/cargo-home/bin/cargo" "+1.69.0" "metadata" "--manifest-path" "Cargo.toml" "--no-deps", kill_on_drop: false }`
[INFO] started tweaking git repo https://github.com/dolphin2410/gdn
[INFO] finished tweaking git repo https://github.com/dolphin2410/gdn
[INFO] tweaked toml for git repo https://github.com/dolphin2410/gdn written to /workspace/builds/worker-7-tc1/source/Cargo.toml
[INFO] crate git repo https://github.com/dolphin2410/gdn already has a lockfile, it will not be regenerated
[INFO] running `Command { std: CARGO_HOME="/workspace/cargo-home" RUSTUP_HOME="/workspace/rustup-home" "/workspace/cargo-home/bin/cargo" "+1.69.0" "fetch" "--manifest-path" "Cargo.toml", kill_on_drop: false }`
[INFO] [stderr] warning: unused manifest key: package.author
[INFO] [stderr]  Downloading crates ...
[INFO] [stderr]   Downloaded device_query v1.0.0
[INFO] [stderr]   Downloaded macos-accessibility-client v0.0.1
[INFO] [stderr]   Downloaded input-event-codes v0.2.2
[INFO] [stderr]   Downloaded soloud v1.0.2
[INFO] [stderr]   Downloaded readmouse v0.2.1
[INFO] [stderr]   Downloaded readkey v0.1.7
[INFO] [stderr]   Downloaded is_elevated v0.1.2
[INFO] [stderr]   Downloaded soloud-sys v1.0.2
[INFO] [stderr]   Downloaded pcap-parser v0.13.0
[INFO] running `Command { std: "docker" "create" "-v" "/var/lib/crater-agent-workspace/builds/worker-7-tc1/target:/opt/rustwide/target:rw,Z" "-v" "/var/lib/crater-agent-workspace/builds/worker-7-tc1/source:/opt/rustwide/workdir:ro,Z" "-v" "/var/lib/crater-agent-workspace/cargo-home:/opt/rustwide/cargo-home:ro,Z" "-v" "/var/lib/crater-agent-workspace/rustup-home:/opt/rustwide/rustup-home:ro,Z" "-e" "SOURCE_DIR=/opt/rustwide/workdir" "-e" "CARGO_TARGET_DIR=/opt/rustwide/target" "-e" "CARGO_HOME=/opt/rustwide/cargo-home" "-e" "RUSTUP_HOME=/opt/rustwide/rustup-home" "-w" "/opt/rustwide/workdir" "-m" "1610612736" "--user" "0:0" "--network" "none" "ghcr.io/rust-lang/crates-build-env/linux@sha256:5ff2268d62e97bff2cde7d5815dd6ed5b47097566f13b8d0ca110b04b60e07ed" "/opt/rustwide/cargo-home/bin/cargo" "+1.69.0" "metadata" "--no-deps" "--format-version=1", kill_on_drop: false }`
[INFO] [stdout] 178a77009f6b2b2281208767589f6562765b3dda4b23753aeca8594ad628737e
[INFO] running `Command { std: "docker" "start" "-a" "178a77009f6b2b2281208767589f6562765b3dda4b23753aeca8594ad628737e", kill_on_drop: false }`
[INFO] running `Command { std: "docker" "inspect" "178a77009f6b2b2281208767589f6562765b3dda4b23753aeca8594ad628737e", kill_on_drop: false }`
[INFO] running `Command { std: "docker" "rm" "-f" "178a77009f6b2b2281208767589f6562765b3dda4b23753aeca8594ad628737e", kill_on_drop: false }`
[INFO] [stdout] 178a77009f6b2b2281208767589f6562765b3dda4b23753aeca8594ad628737e
[INFO] running `Command { std: "docker" "create" "-v" "/var/lib/crater-agent-workspace/builds/worker-7-tc1/target:/opt/rustwide/target:rw,Z" "-v" "/var/lib/crater-agent-workspace/builds/worker-7-tc1/source:/opt/rustwide/workdir:ro,Z" "-v" "/var/lib/crater-agent-workspace/cargo-home:/opt/rustwide/cargo-home:ro,Z" "-v" "/var/lib/crater-agent-workspace/rustup-home:/opt/rustwide/rustup-home:ro,Z" "-e" "SOURCE_DIR=/opt/rustwide/workdir" "-e" "CARGO_TARGET_DIR=/opt/rustwide/target" "-e" "CARGO_INCREMENTAL=0" "-e" "RUST_BACKTRACE=full" "-e" "RUSTFLAGS=--cap-lints=warn" "-e" "RUSTDOCFLAGS=--cap-lints=warn" "-e" "CARGO_HOME=/opt/rustwide/cargo-home" "-e" "RUSTUP_HOME=/opt/rustwide/rustup-home" "-w" "/opt/rustwide/workdir" "-m" "1610612736" "--user" "0:0" "--network" "none" "ghcr.io/rust-lang/crates-build-env/linux@sha256:5ff2268d62e97bff2cde7d5815dd6ed5b47097566f13b8d0ca110b04b60e07ed" "/opt/rustwide/cargo-home/bin/cargo" "+1.69.0" "build" "--frozen" "--message-format=json", kill_on_drop: false }`
[INFO] [stdout] 015a670c91b22ab076a40cb7394b1877643e112f65fa6d7dce4d4af7acc85751
[INFO] running `Command { std: "docker" "start" "-a" "015a670c91b22ab076a40cb7394b1877643e112f65fa6d7dce4d4af7acc85751", kill_on_drop: false }`
[INFO] [stderr] warning: unused manifest key: package.author
[INFO] [stderr]    Compiling version_check v0.9.4
[INFO] [stderr]    Compiling memchr v2.4.1
[INFO] [stderr]    Compiling proc-macro2 v1.0.36
[INFO] [stderr]    Compiling unicode-xid v0.2.2
[INFO] [stderr]    Compiling pkg-config v0.3.24
[INFO] [stderr]    Compiling libc v0.2.120
[INFO] [stderr]    Compiling syn v1.0.87
[INFO] [stderr]    Compiling cc v1.0.73
[INFO] [stderr]    Compiling autocfg v1.1.0
[INFO] [stderr]    Compiling proc-macro-error-attr v1.0.4
[INFO] [stderr]    Compiling cmake v0.1.48
[INFO] [stderr]    Compiling proc-macro-error v1.0.4
[INFO] [stderr]    Compiling nom v7.1.0
[INFO] [stderr]    Compiling x11 v2.19.1
[INFO] [stderr]    Compiling quote v1.0.15
[INFO] [stderr]    Compiling indexmap v1.8.0
[INFO] [stderr]    Compiling minimal-lexical v0.2.1
[INFO] [stderr]    Compiling winapi v0.3.9
[INFO] [stderr]    Compiling soloud-sys v1.0.2
[INFO] [stderr]    Compiling device_query v1.0.0
[INFO] [stderr]    Compiling heck v0.4.0
[INFO] [stderr]    Compiling hashbrown v0.11.2
[INFO] [stderr]    Compiling bitflags v1.3.2
[INFO] [stderr]    Compiling atty v0.2.14
[INFO] [stderr]    Compiling aho-corasick v0.7.18
[INFO] [stderr]    Compiling os_str_bytes v6.0.0
[INFO] [stderr]    Compiling input-event-codes v0.2.2
[INFO] [stderr]    Compiling termcolor v1.1.3
[INFO] [stderr]    Compiling textwrap v0.15.0
[INFO] [stderr]    Compiling paste v1.0.6
[INFO] [stderr]    Compiling strsim v0.10.0
[INFO] [stderr]    Compiling regex-syntax v0.6.25
[INFO] [stderr]    Compiling circular v0.3.0
[INFO] [stderr]    Compiling is_elevated v0.1.2
[INFO] [stderr]    Compiling rusticata-macros v4.1.0
[INFO] [stderr]    Compiling pcap-parser v0.13.0
[INFO] [stderr]    Compiling regex v1.5.4
[INFO] [stderr]    Compiling clap_derive v3.1.4
[INFO] [stderr]    Compiling clap v3.1.6
[INFO] [stderr]    Compiling soloud v1.0.2
[INFO] [stderr]    Compiling pkt v2.0.0 (/opt/rustwide/workdir)
[INFO] [stdout] error: couldn't read src/../assets/one.mp3: No such file or directory (os error 2)
[INFO] [stdout]    --> src/main.rs:212:15
[INFO] [stdout]     |
[INFO] [stdout] 212 |     let one = include_bytes!("../assets/one.mp3");
[INFO] [stdout]     |               ^^^^^^^^^^^^^^^^^^^^^^^^^^^^^^^^^^^
[INFO] [stdout]     |
[INFO] [stdout]     = note: this error originates in the macro `include_bytes` (in Nightly builds, run with -Z macro-backtrace for more info)
[INFO] [stdout] 
[INFO] [stdout] 
[INFO] [stdout] error: couldn't read src/../assets/two.mp3: No such file or directory (os error 2)
[INFO] [stdout]    --> src/main.rs:213:15
[INFO] [stdout]     |
[INFO] [stdout] 213 |     let two = include_bytes!("../assets/two.mp3");
[INFO] [stdout]     |               ^^^^^^^^^^^^^^^^^^^^^^^^^^^^^^^^^^^
[INFO] [stdout]     |
[INFO] [stdout]     = note: this error originates in the macro `include_bytes` (in Nightly builds, run with -Z macro-backtrace for more info)
[INFO] [stdout] 
[INFO] [stdout] 
[INFO] [stdout] error: couldn't read src/../assets/three.mp3: No such file or directory (os error 2)
[INFO] [stdout]    --> src/main.rs:214:17
[INFO] [stdout]     |
[INFO] [stdout] 214 |     let three = include_bytes!("../assets/three.mp3");
[INFO] [stdout]     |                 ^^^^^^^^^^^^^^^^^^^^^^^^^^^^^^^^^^^^^
[INFO] [stdout]     |
[INFO] [stdout]     = note: this error originates in the macro `include_bytes` (in Nightly builds, run with -Z macro-backtrace for more info)
[INFO] [stdout] 
[INFO] [stdout] 
[INFO] [stdout] error: couldn't read src/../assets/four.mp3: No such file or directory (os error 2)
[INFO] [stdout]    --> src/main.rs:215:16
[INFO] [stdout]     |
[INFO] [stdout] 215 |     let four = include_bytes!("../assets/four.mp3");
[INFO] [stdout]     |                ^^^^^^^^^^^^^^^^^^^^^^^^^^^^^^^^^^^^
[INFO] [stdout]     |
[INFO] [stdout]     = note: this error originates in the macro `include_bytes` (in Nightly builds, run with -Z macro-backtrace for more info)
[INFO] [stdout] 
[INFO] [stdout] 
[INFO] [stdout] error: couldn't read src/../assets/five.mp3: No such file or directory (os error 2)
[INFO] [stdout]    --> src/main.rs:216:16
[INFO] [stdout]     |
[INFO] [stdout] 216 |     let five = include_bytes!("../assets/five.mp3");
[INFO] [stdout]     |                ^^^^^^^^^^^^^^^^^^^^^^^^^^^^^^^^^^^^
[INFO] [stdout]     |
[INFO] [stdout]     = note: this error originates in the macro `include_bytes` (in Nightly builds, run with -Z macro-backtrace for more info)
[INFO] [stdout] 
[INFO] [stdout] 
[INFO] [stdout] error[E0433]: failed to resolve: could not find `um` in `winapi`
[INFO] [stdout]  --> src/main.rs:5:13
[INFO] [stdout]   |
[INFO] [stdout] 5 | use winapi::um::winuser::SW_SHOWNORMAL;
[INFO] [stdout]   |             ^^ could not find `um` in `winapi`
[INFO] [stdout] 
[INFO] [stdout] 
[INFO] [stdout] error[E0433]: failed to resolve: could not find `um` in `winapi`
[INFO] [stdout]   --> src/main.rs:75:17
[INFO] [stdout]    |
[INFO] [stdout] 75 |     use winapi::um::shellapi::ShellExecuteA;
[INFO] [stdout]    |                 ^^ could not find `um` in `winapi`
[INFO] [stdout] 
[INFO] [stdout] 
[INFO] [stdout] error[E0432]: unresolved import `is_elevated::is_elevated`
[INFO] [stdout]   --> src/main.rs:93:9
[INFO] [stdout]    |
[INFO] [stdout] 93 |     use is_elevated::is_elevated;
[INFO] [stdout]    |         ^^^^^^^^^^^^^^^^^^^^^^^^ no `is_elevated` in the root
[INFO] [stdout] 
[INFO] [stdout] 
[INFO] [stdout] error: aborting due to 8 previous errors
[INFO] [stdout] 
[INFO] [stdout] 
[INFO] [stdout] Some errors have detailed explanations: E0432, E0433.
[INFO] [stdout] 
[INFO] [stdout] For more information about an error, try `rustc --explain E0432`.
[INFO] [stdout] 
[INFO] [stderr] error: could not compile `pkt` due to 9 previous errors
[INFO] running `Command { std: "docker" "inspect" "015a670c91b22ab076a40cb7394b1877643e112f65fa6d7dce4d4af7acc85751", kill_on_drop: false }`
[INFO] running `Command { std: "docker" "rm" "-f" "015a670c91b22ab076a40cb7394b1877643e112f65fa6d7dce4d4af7acc85751", kill_on_drop: false }`
[INFO] [stdout] 015a670c91b22ab076a40cb7394b1877643e112f65fa6d7dce4d4af7acc85751
