[INFO] cloning repository https://github.com/docknetwork/substrate-client-cli
[INFO] running `Command { std: "git" "-c" "credential.helper=" "-c" "credential.helper=/workspace/cargo-home/bin/git-credential-null" "clone" "--bare" "https://github.com/docknetwork/substrate-client-cli" "/workspace/cache/git-repos/https%3A%2F%2Fgithub.com%2Fdocknetwork%2Fsubstrate-client-cli", kill_on_drop: false }`
[INFO] [stderr] Cloning into bare repository '/workspace/cache/git-repos/https%3A%2F%2Fgithub.com%2Fdocknetwork%2Fsubstrate-client-cli'...
[INFO] running `Command { std: "git" "rev-parse" "HEAD", kill_on_drop: false }`
[INFO] [stdout] efc27d3523018a054aa476b90e4750613a0fb86a
[INFO] testing docknetwork/substrate-client-cli against beta-2023-04-20 for beta-1.70-1
[INFO] running `Command { std: "git" "clone" "/workspace/cache/git-repos/https%3A%2F%2Fgithub.com%2Fdocknetwork%2Fsubstrate-client-cli" "/workspace/builds/worker-7-tc2/source", kill_on_drop: false }`
[INFO] [stderr] Cloning into '/workspace/builds/worker-7-tc2/source'...
[INFO] [stderr] done.
[INFO] validating manifest of git repo https://github.com/docknetwork/substrate-client-cli on toolchain beta-2023-04-20
[INFO] running `Command { std: CARGO_HOME="/workspace/cargo-home" RUSTUP_HOME="/workspace/rustup-home" "/workspace/cargo-home/bin/cargo" "+beta-2023-04-20" "metadata" "--manifest-path" "Cargo.toml" "--no-deps", kill_on_drop: false }`
[INFO] started tweaking git repo https://github.com/docknetwork/substrate-client-cli
[INFO] finished tweaking git repo https://github.com/docknetwork/substrate-client-cli
[INFO] tweaked toml for git repo https://github.com/docknetwork/substrate-client-cli written to /workspace/builds/worker-7-tc2/source/Cargo.toml
[INFO] crate git repo https://github.com/docknetwork/substrate-client-cli already has a lockfile, it will not be regenerated
[INFO] running `Command { std: CARGO_HOME="/workspace/cargo-home" RUSTUP_HOME="/workspace/rustup-home" "/workspace/cargo-home/bin/cargo" "+beta-2023-04-20" "fetch" "--manifest-path" "Cargo.toml", kill_on_drop: false }`
[INFO] [stderr]     Blocking waiting for file lock on package cache
[INFO] [stderr]     Updating crates.io index
[INFO] [stderr]     Blocking waiting for file lock on package cache
[INFO] [stderr]  Downloading crates ...
[INFO] [stderr]   Downloaded wasmi v0.5.1
[INFO] [stderr]   Downloaded unsigned-varint v0.2.3
[INFO] [stderr]   Downloaded libp2p-noise v0.11.0
[INFO] [stderr]   Downloaded wasmi-validation v0.2.0
[INFO] [stderr]   Downloaded zeroize v0.10.1
[INFO] [stderr]   Downloaded libp2p-secio v0.13.0
[INFO] [stderr]   Downloaded libp2p-wasm-ext v0.6.0
[INFO] [stderr]   Downloaded environmental v1.0.2
[INFO] [stderr]   Downloaded merlin v1.3.0
[INFO] [stderr]   Downloaded substrate-wasm-builder-runner v1.0.4
[INFO] [stderr]   Downloaded safe-mix v1.0.0
[INFO] [stderr]   Downloaded libp2p-kad v0.13.1
[INFO] [stderr]   Downloaded strum v0.15.0
[INFO] [stderr]   Downloaded tokio-rustls v0.10.2
[INFO] [stderr]   Downloaded jsonrpc-core v14.0.5
[INFO] [stderr]   Downloaded snow v0.6.2
[INFO] [stderr]   Downloaded libsecp256k1 v0.3.2
[INFO] [stderr]   Downloaded protobuf v2.8.1
[INFO] [stderr]   Downloaded parity-wasm v0.40.3
[INFO] [stderr]   Downloaded jsonrpc-derive v14.0.5
[INFO] [stderr]   Downloaded integer-sqrt v0.1.2
[INFO] [stderr]   Downloaded malloc_size_of_derive v0.1.1
[INFO] [stderr]   Downloaded ed25519-dalek v0.9.1
[INFO] [stderr]   Downloaded subtle v2.2.2
[INFO] [stderr]   Downloaded strum_macros v0.15.0
[INFO] [stderr]   Downloaded libp2p-dns v0.13.0
[INFO] [stderr]   Downloaded libp2p-swarm v0.3.0
[INFO] [stderr]   Downloaded paste-impl v0.1.6
[INFO] [stderr]   Downloaded schnorrkel v0.8.5
[INFO] [stderr]   Downloaded substrate-bip39 v0.3.1
[INFO] [stderr]   Downloaded once_cell v0.2.4
[INFO] [stderr]   Downloaded libp2p-floodsub v0.13.0
[INFO] [stderr]   Downloaded libp2p-mplex v0.13.0
[INFO] [stderr]   Downloaded stream-cipher v0.3.2
[INFO] [stderr]   Downloaded ipnet v2.1.0
[INFO] [stderr]   Downloaded libp2p-yamux v0.13.0
[INFO] [stderr]   Downloaded elastic-array v0.10.3
[INFO] [stderr]   Downloaded byte-slice-cast v0.3.4
[INFO] [stderr]   Downloaded hex-literal-impl v0.2.1
[INFO] [stderr]   Downloaded libp2p-core-derive v0.13.0
[INFO] [stderr]   Downloaded libp2p-deflate v0.5.0
[INFO] [stderr]   Downloaded tokio-dns-unofficial v0.4.0
[INFO] [stderr]   Downloaded libp2p-identify v0.13.1
[INFO] [stderr]   Downloaded libp2p-mdns v0.13.1
[INFO] [stderr]   Downloaded libp2p-ping v0.13.1
[INFO] [stderr]   Downloaded libp2p-plaintext v0.13.0
[INFO] [stderr]   Downloaded aes-ctr v0.3.0
[INFO] [stderr]   Downloaded ctr v0.3.2
[INFO] [stderr]   Downloaded twofish v0.2.0
[INFO] [stderr]   Downloaded libp2p-tcp v0.13.0
[INFO] [stderr]   Downloaded libp2p-uds v0.13.0
[INFO] [stderr]   Downloaded multistream-select v0.6.0
[INFO] [stderr]   Downloaded libp2p v0.13.1
[INFO] [stderr]   Downloaded jsonrpc-client-transports v14.0.5
[INFO] [stderr]   Downloaded jsonrpc-core-client v14.0.5
[INFO] [stderr]   Downloaded jsonrpc-pubsub v14.0.5
[INFO] [stderr]   Downloaded serde_json v1.0.43
[INFO] [stderr]   Downloaded paste v0.1.6
[INFO] [stderr]   Downloaded parity-util-mem v0.2.1
[INFO] [stderr]   Downloaded memory-db v0.15.3
[INFO] [stderr]   Downloaded trie-db v0.15.2
[INFO] [stderr]   Downloaded trie-root v0.15.2
[INFO] [stderr]   Downloaded fixed-hash v0.5.1
[INFO] [stderr]   Downloaded bitvec v0.15.2
[INFO] [stderr]   Downloaded parity-scale-codec-derive v1.1.0
[INFO] [stderr]   Downloaded parity-scale-codec v1.1.0
[INFO] [stderr]   Downloaded uint v0.8.2
[INFO] [stderr]   Downloaded primitive-types v0.6.1
[INFO] [stderr]   Downloaded tiny-bip39 v0.6.2
[INFO] [stderr]   Downloaded tiny-keccak v2.0.1
[INFO] [stderr]   Downloaded soketto v0.2.3
[INFO] [stderr]   Downloaded webpki v0.21.0
[INFO] [stderr]   Downloaded libp2p-websocket v0.13.0
[INFO] [stderr]   Downloaded rw-stream-sink v0.1.2
[INFO] [stderr]   Downloaded libp2p-core v0.13.1
[INFO] [stderr]   Downloaded nohash-hasher v0.1.2
[INFO] [stderr]   Downloaded yamux v0.2.2
[INFO] [stderr]   Downloaded bs58 v0.3.0
[INFO] [stderr]   Downloaded data-encoding v2.1.2
[INFO] [stderr]   Downloaded parity-multiaddr v0.6.0
[INFO] [stderr]   Downloaded anyhow v1.0.25
[INFO] [stderr]   Downloaded web-sys v0.3.32
[INFO] [stderr]   Downloaded parity-multihash v0.2.0
[INFO] [stderr]   Downloaded js-sys v0.3.32
[INFO] [stderr]   Downloaded wasm-bindgen-webidl v0.2.55
[INFO] running `Command { std: "docker" "create" "-v" "/var/lib/crater-agent-workspace/builds/worker-7-tc2/target:/opt/rustwide/target:rw,Z" "-v" "/var/lib/crater-agent-workspace/builds/worker-7-tc2/source:/opt/rustwide/workdir:ro,Z" "-v" "/var/lib/crater-agent-workspace/cargo-home:/opt/rustwide/cargo-home:ro,Z" "-v" "/var/lib/crater-agent-workspace/rustup-home:/opt/rustwide/rustup-home:ro,Z" "-e" "SOURCE_DIR=/opt/rustwide/workdir" "-e" "CARGO_TARGET_DIR=/opt/rustwide/target" "-e" "CARGO_HOME=/opt/rustwide/cargo-home" "-e" "RUSTUP_HOME=/opt/rustwide/rustup-home" "-w" "/opt/rustwide/workdir" "-m" "1610612736" "--user" "0:0" "--network" "none" "ghcr.io/rust-lang/crates-build-env/linux@sha256:5ff2268d62e97bff2cde7d5815dd6ed5b47097566f13b8d0ca110b04b60e07ed" "/opt/rustwide/cargo-home/bin/cargo" "+beta-2023-04-20" "metadata" "--no-deps" "--format-version=1", kill_on_drop: false }`
[INFO] [stdout] bba6e84728e66688743748a760ef99e511b8824692c1a4147bc50a298d66aeb3
[INFO] running `Command { std: "docker" "start" "-a" "bba6e84728e66688743748a760ef99e511b8824692c1a4147bc50a298d66aeb3", kill_on_drop: false }`
[INFO] running `Command { std: "docker" "inspect" "bba6e84728e66688743748a760ef99e511b8824692c1a4147bc50a298d66aeb3", kill_on_drop: false }`
[INFO] running `Command { std: "docker" "rm" "-f" "bba6e84728e66688743748a760ef99e511b8824692c1a4147bc50a298d66aeb3", kill_on_drop: false }`
[INFO] [stdout] bba6e84728e66688743748a760ef99e511b8824692c1a4147bc50a298d66aeb3
[INFO] running `Command { std: "docker" "create" "-v" "/var/lib/crater-agent-workspace/builds/worker-7-tc2/target:/opt/rustwide/target:rw,Z" "-v" "/var/lib/crater-agent-workspace/builds/worker-7-tc2/source:/opt/rustwide/workdir:ro,Z" "-v" "/var/lib/crater-agent-workspace/cargo-home:/opt/rustwide/cargo-home:ro,Z" "-v" "/var/lib/crater-agent-workspace/rustup-home:/opt/rustwide/rustup-home:ro,Z" "-e" "SOURCE_DIR=/opt/rustwide/workdir" "-e" "CARGO_TARGET_DIR=/opt/rustwide/target" "-e" "CARGO_INCREMENTAL=0" "-e" "RUST_BACKTRACE=full" "-e" "RUSTFLAGS=--cap-lints=warn" "-e" "RUSTDOCFLAGS=--cap-lints=warn" "-e" "CARGO_HOME=/opt/rustwide/cargo-home" "-e" "RUSTUP_HOME=/opt/rustwide/rustup-home" "-w" "/opt/rustwide/workdir" "-m" "1610612736" "--user" "0:0" "--network" "none" "ghcr.io/rust-lang/crates-build-env/linux@sha256:5ff2268d62e97bff2cde7d5815dd6ed5b47097566f13b8d0ca110b04b60e07ed" "/opt/rustwide/cargo-home/bin/cargo" "+beta-2023-04-20" "build" "--frozen" "--message-format=json", kill_on_drop: false }`
[INFO] [stdout] c22bd0cb956e6e1e68495005864953238804fbffe915448965f6fa1f880249e1
[INFO] running `Command { std: "docker" "start" "-a" "c22bd0cb956e6e1e68495005864953238804fbffe915448965f6fa1f880249e1", kill_on_drop: false }`
[INFO] [stderr]    Compiling libc v0.2.66
[INFO] [stderr]    Compiling proc-macro2 v1.0.6
[INFO] [stderr]    Compiling unicode-xid v0.2.0
[INFO] [stderr]    Compiling syn v1.0.11
[INFO] [stderr]    Compiling autocfg v0.1.7
[INFO] [stderr]    Compiling byteorder v1.3.2
[INFO] [stderr]    Compiling semver-parser v0.7.0
[INFO] [stderr]    Compiling log v0.4.8
[INFO] [stderr]    Compiling cc v1.0.48
[INFO] [stderr]    Compiling semver v0.9.0
[INFO] [stderr]    Compiling rand_core v0.4.2
[INFO] [stderr]    Compiling typenum v1.11.2
[INFO] [stderr]    Compiling rustc_version v0.2.3
[INFO] [stderr]    Compiling serde v1.0.103
[INFO] [stderr]    Compiling rand_core v0.3.1
[INFO] [stderr]    Compiling maybe-uninit v2.0.0
[INFO] [stderr]    Compiling scopeguard v1.0.0
[INFO] [stderr]    Compiling rand_chacha v0.1.1
[INFO] [stderr]    Compiling rand_pcg v0.1.2
[INFO] [stderr]    Compiling quote v1.0.2
[INFO] [stderr]    Compiling rand_os v0.1.3
[INFO] [stderr]    Compiling rand v0.6.5
[INFO] [stderr]    Compiling smallvec v0.6.13
[INFO] [stderr]    Compiling rand_hc v0.1.0
[INFO] [stderr]    Compiling rand_isaac v0.1.1
[INFO] [stderr]    Compiling rand_xorshift v0.1.1
[INFO] [stderr]    Compiling generic-array v0.12.3
[INFO] [stderr]    Compiling rand_jitter v0.1.4
[INFO] [stderr]    Compiling getrandom v0.1.13
[INFO] [stderr]    Compiling parking_lot_core v0.6.2
[INFO] [stderr]    Compiling parking_lot v0.9.0
[INFO] [stderr]    Compiling lock_api v0.3.2
[INFO] [stderr]    Compiling ppv-lite86 v0.2.6
[INFO] [stderr]    Compiling digest v0.8.1
[INFO] [stderr]    Compiling opaque-debug v0.2.3
[INFO] [stderr]    Compiling byte-tools v0.3.1
[INFO] [stderr]    Compiling backtrace-sys v0.1.32
[INFO] [stderr]    Compiling block-padding v0.1.5
[INFO] [stderr]    Compiling clear_on_drop v0.2.3
[INFO] [stderr]    Compiling rand_core v0.5.1
[INFO] [stderr]    Compiling block-buffer v0.7.3
[INFO] [stderr]    Compiling c2-chacha v0.2.3
[INFO] [stderr]    Compiling failure_derive v0.1.6
[INFO] [stderr]    Compiling subtle v2.2.2
[INFO] [stderr]    Compiling rustc-demangle v0.1.16
[INFO] [stderr]    Compiling rand_chacha v0.2.1
[INFO] [stderr]    Compiling rand v0.7.2
[INFO] [stderr]    Compiling subtle v1.0.0
[INFO] [stderr]    Compiling crypto-mac v0.7.0
[INFO] [stderr]    Compiling fake-simd v0.1.2
[INFO] [stderr]    Compiling futures v0.1.29
[INFO] [stderr]    Compiling keccak v0.1.0
[INFO] [stderr]    Compiling sha2 v0.8.0
[INFO] [stderr]    Compiling curve25519-dalek v1.2.3
[INFO] [stderr]    Compiling hmac v0.7.1
[INFO] [stderr]    Compiling arrayref v0.3.5
[INFO] [stderr]    Compiling hmac-drbg v0.2.0
[INFO] [stderr]    Compiling memchr v2.2.1
[INFO] [stderr]    Compiling backtrace v0.3.40
[INFO] [stderr]    Compiling libsecp256k1 v0.3.2
[INFO] [stderr]    Compiling iovec v0.1.4
[INFO] [stderr]    Compiling either v1.5.3
[INFO] [stderr]    Compiling num-traits v0.2.10
[INFO] [stderr]    Compiling bytes v0.4.12
[INFO] [stderr]    Compiling crunchy v0.2.2
[INFO] [stderr]    Compiling num-integer v0.1.41
[INFO] [stderr]    Compiling slab v0.4.2
[INFO] [stderr]    Compiling arrayvec v0.5.1
[INFO] [stderr]    Compiling static_assertions v1.1.0
[INFO] [stderr]    Compiling rustc-hex v2.0.1
[INFO] [stderr]    Compiling tokio-io v0.1.12
[INFO] [stderr]    Compiling thread_local v0.3.6
[INFO] [stderr]    Compiling uint v0.8.2
[INFO] [stderr]    Compiling num-bigint v0.2.3
[INFO] [stderr]    Compiling byte-slice-cast v0.3.4
[INFO] [stderr]    Compiling bitvec v0.15.2
[INFO] [stderr]    Compiling synstructure v0.12.3
[INFO] [stderr]    Compiling aho-corasick v0.7.6
[INFO] [stderr]    Compiling parking_lot_core v0.4.0
[INFO] [stderr]    Compiling num-rational v0.2.2
[INFO] [stderr]    Compiling regex-syntax v0.6.12
[INFO] [stderr]    Compiling scopeguard v0.3.3
[INFO] [stderr]    Compiling arrayvec v0.4.12
[INFO] [stderr]    Compiling sr-std v2.0.0 (https://github.com/paritytech/substrate.git?rev=aa937d9b4e5767f224cf9d5dfbd9a537e97efcfc#aa937d9b)
[INFO] [stderr]    Compiling parity-wasm v0.40.3
[INFO] [stderr]    Compiling lock_api v0.1.5
[INFO] [stderr]    Compiling fixed-hash v0.5.1
[INFO] [stderr]    Compiling crossbeam-utils v0.6.6
[INFO] [stderr]    Compiling nodrop v0.1.14
[INFO] [stderr]    Compiling hash-db v0.15.2
[INFO] [stderr]    Compiling memory_units v0.3.0
[INFO] [stderr]    Compiling parking_lot v0.7.1
[INFO] [stderr]    Compiling regex v1.3.1
[INFO] [stderr]    Compiling wasmi-validation v0.2.0
[INFO] [stderr]    Compiling pbkdf2 v0.3.0
[INFO] [stderr]    Compiling serde_derive v1.0.103
[INFO] [stderr]    Compiling zeroize_derive v1.0.0
[INFO] [stderr]    Compiling proc-macro-hack v0.5.11
[INFO] [stderr]    Compiling substrate-debug-derive v2.0.0 (https://github.com/paritytech/substrate.git?rev=aa937d9b4e5767f224cf9d5dfbd9a537e97efcfc#aa937d9b)
[INFO] [stderr]    Compiling zeroize v1.1.0
[INFO] [stderr]    Compiling merlin v1.3.0
[INFO] [stderr]    Compiling failure v0.1.6
[INFO] [stderr]    Compiling Inflector v0.11.4
[INFO] [stderr]    Compiling wasmi v0.5.1
[INFO] [stderr]    Compiling impl-trait-for-tuples v0.1.3
[INFO] [stderr]    Compiling zeroize v0.9.3
[INFO] [stderr]    Compiling constant_time_eq v0.1.4
[INFO] [stderr]    Compiling proc-macro2 v0.4.30
[INFO] [stderr]    Compiling tiny-keccak v2.0.1
[INFO] [stderr]    Compiling environmental v1.0.2
[INFO] [stderr]    Compiling blake2-rfc v0.2.18
[INFO] [stderr]    Compiling schnorrkel v0.8.5
[INFO] [stderr]    Compiling const-random-macro v0.1.6
[INFO] [stderr]    Compiling once_cell v0.1.8
[INFO] [stderr]    Compiling hashbrown v0.1.8
[INFO] [stderr]    Compiling heapsize v0.4.2
[INFO] [stderr]    Compiling unicode-xid v0.1.0
[INFO] [stderr]    Compiling const-random v0.1.6
[INFO] [stderr]    Compiling tiny-bip39 v0.6.2
[INFO] [stderr]    Compiling substrate-bip39 v0.3.1
[INFO] [stderr]    Compiling ed25519-dalek v0.9.1
[INFO] [stderr]    Compiling hash256-std-hasher v0.15.2
[INFO] [stderr]    Compiling twox-hash v1.5.0
[INFO] [stderr]    Compiling hashbrown v0.6.3
[INFO] [stderr]    Compiling zeroize v0.10.1
[INFO] [stderr]    Compiling syn v0.15.44
[INFO] [stderr]    Compiling hex v0.4.0
[INFO] [stderr]    Compiling base58 v0.1.0
[INFO] [stderr]    Compiling quote v0.6.13
[INFO] [stderr]    Compiling ahash v0.2.18
[INFO] [stderr]    Compiling tokio-executor v0.1.9
[INFO] [stderr]    Compiling fnv v1.0.6
[INFO] [stderr]    Compiling elastic-array v0.10.3
[INFO] [stderr]    Compiling malloc_size_of_derive v0.1.1
[INFO] [stderr]    Compiling tokio-codec v0.1.1
[INFO] [stderr]    Compiling trie-root v0.15.2
[INFO] [stderr]    Compiling substrate-panic-handler v2.0.0 (https://github.com/paritytech/substrate.git?rev=aa937d9b4e5767f224cf9d5dfbd9a537e97efcfc#aa937d9b)
[INFO] [stderr]    Compiling paste-impl v0.1.6
[INFO] [stderr]    Compiling trie-db v0.15.2
[INFO] [stderr]    Compiling integer-sqrt v0.1.2
[INFO] [stderr]    Compiling matches v0.1.8
[INFO] [stderr]    Compiling smallvec v1.0.0
[INFO] [stderr]    Compiling unicode-bidi v0.3.4
[INFO] [stderr]    Compiling unicode-normalization v0.1.11
[INFO] [stderr]    Compiling parity-util-mem v0.2.1
[INFO] [stderr]    Compiling memory-db v0.15.3
[INFO] [stderr]    Compiling paste v0.1.6
[INFO] [stderr]    Compiling tokio-timer v0.2.12
[INFO] [stderr]    Compiling ring v0.16.9
[INFO] [stderr]    Compiling num_cpus v1.11.1
[INFO] [stderr]    Compiling untrusted v0.7.0
[INFO] [stderr]    Compiling spin v0.5.2
[INFO] [stderr]    Compiling pkg-config v0.3.17
[INFO] [stderr]    Compiling unsigned-varint v0.2.3
[INFO] [stderr]    Compiling idna v0.2.0
[INFO] [stderr]    Compiling sha3 v0.8.2
[INFO] [stderr]    Compiling sha-1 v0.8.1
[INFO] [stderr]    Compiling blake2 v0.8.1
[INFO] [stderr]    Compiling net2 v0.2.33
[INFO] [stderr]    Compiling protobuf v2.8.1
[INFO] [stderr]    Compiling substrate-wasm-interface v2.0.0 (https://github.com/paritytech/substrate.git?rev=aa937d9b4e5767f224cf9d5dfbd9a537e97efcfc#aa937d9b)
[INFO] [stderr]    Compiling percent-encoding v2.1.0
[INFO] [stderr]    Compiling quick-error v1.2.2
[INFO] [stderr]    Compiling url v2.1.0
[INFO] [stderr]    Compiling mio v0.6.21
[INFO] [stderr]    Compiling parity-multihash v0.2.0
[INFO] [stderr]    Compiling asn1_der_derive v0.1.2
[INFO] [stderr]    Compiling data-encoding v2.1.2
[INFO] [stderr]    Compiling derive_more v0.15.0
[INFO] [stderr]    Compiling bs58 v0.3.0
[INFO] [stderr]    Compiling asn1_der v0.6.3
[INFO] [stderr]    Compiling multistream-select v0.6.0
[INFO] [stderr]    Compiling wasm-timer v0.1.3
[INFO] [stderr]    Compiling tokio-sync v0.1.7
[INFO] [stderr]    Compiling ed25519-dalek v1.0.0-pre.2
[INFO] [stderr]    Compiling rw-stream-sink v0.1.2
[INFO] [stderr]    Compiling void v1.0.2
[INFO] [stderr]    Compiling itoa v0.4.4
[INFO] [stderr]    Compiling tokio-reactor v0.1.11
[INFO] [stderr]    Compiling memoffset v0.5.3
[INFO] [stderr]    Compiling crossbeam-utils v0.7.0
[INFO] [stderr]    Compiling crossbeam-epoch v0.8.0
[INFO] [stderr]    Compiling toml v0.5.5
[INFO] [stderr]    Compiling impl-serde v0.2.3
[INFO] [stderr]    Compiling parity-multiaddr v0.6.0
[INFO] [stderr]    Compiling substrate-primitives-storage v2.0.0 (https://github.com/paritytech/substrate.git?rev=aa937d9b4e5767f224cf9d5dfbd9a537e97efcfc#aa937d9b)
[INFO] [stderr]    Compiling tokio-tcp v0.1.3
[INFO] [stderr]    Compiling httparse v1.3.4
[INFO] [stderr]    Compiling mio-uds v0.6.7
[INFO] [stderr]    Compiling srml-support-procedural-tools-derive v2.0.0 (https://github.com/paritytech/substrate.git?rev=aa937d9b4e5767f224cf9d5dfbd9a537e97efcfc#aa937d9b)
[INFO] [stderr]    Compiling crossbeam-queue v0.1.2
[INFO] [stderr]    Compiling proc-macro-crate v0.1.4
[INFO] [stderr]    Compiling crossbeam-deque v0.7.2
[INFO] [stderr]    Compiling tokio-uds v0.2.5
[INFO] [stderr]    Compiling tokio-threadpool v0.1.16
[INFO] [stderr]    Compiling tokio-udp v0.1.5
[INFO] [stderr]    Compiling http v0.1.21
[INFO] [stderr]    Compiling base64 v0.10.1
[INFO] [stderr]    Compiling parity-scale-codec-derive v1.1.0
[INFO] [stderr]    Compiling substrate-runtime-interface-proc-macro v2.0.0 (https://github.com/paritytech/substrate.git?rev=aa937d9b4e5767f224cf9d5dfbd9a537e97efcfc#aa937d9b)
[INFO] [stderr]    Compiling libp2p-core v0.13.1
[INFO] [stderr]    Compiling sr-api-proc-macro v2.0.0 (https://github.com/paritytech/substrate.git?rev=aa937d9b4e5767f224cf9d5dfbd9a537e97efcfc#aa937d9b)
[INFO] [stderr]    Compiling srml-support-procedural-tools v2.0.0 (https://github.com/paritytech/substrate.git?rev=aa937d9b4e5767f224cf9d5dfbd9a537e97efcfc#aa937d9b)
[INFO] [stderr]    Compiling ryu v1.0.2
[INFO] [stderr]    Compiling srml-support-procedural v2.0.0 (https://github.com/paritytech/substrate.git?rev=aa937d9b4e5767f224cf9d5dfbd9a537e97efcfc#aa937d9b)
[INFO] [stderr]    Compiling tokio-fs v0.1.6
[INFO] [stderr]    Compiling tokio-current-thread v0.1.6
[INFO] [stderr]    Compiling parity-scale-codec v1.1.0
[INFO] [stderr]    Compiling safe-mix v1.0.0
[INFO] [stderr]    Compiling once_cell v0.2.4
[INFO] [stderr]    Compiling pin-utils v0.1.0-alpha.4
[INFO] [stderr]    Compiling bitmask v0.5.0
[INFO] [stderr]    Compiling wasm-bindgen-shared v0.2.55
[INFO] [stderr]    Compiling tokio v0.1.22
[INFO] [stderr]    Compiling futures-cpupool v0.1.8
[INFO] [stderr]    Compiling time v0.1.42
[INFO] [stderr]    Compiling sha1 v0.6.0
[INFO] [stderr]    Compiling impl-codec v0.4.2
[INFO] [stderr]    Compiling primitive-types v0.6.1
[INFO] [stderr]    Compiling sr-arithmetic v2.0.0 (https://github.com/paritytech/substrate.git?rev=aa937d9b4e5767f224cf9d5dfbd9a537e97efcfc#aa937d9b)
[INFO] [stderr]    Compiling serde_json v1.0.43
[INFO] [stderr]    Compiling openssl-sys v0.9.53
[INFO] [stderr]    Compiling bumpalo v2.6.0
[INFO] [stderr]    Compiling futures-sink-preview v0.3.0-alpha.19
[INFO] [stderr]    Compiling futures-core-preview v0.3.0-alpha.19
[INFO] [stderr]    Compiling substrate-externalities v2.0.0 (https://github.com/paritytech/substrate.git?rev=aa937d9b4e5767f224cf9d5dfbd9a537e97efcfc#aa937d9b)
[INFO] [stderr]    Compiling substrate-runtime-interface v2.0.0 (https://github.com/paritytech/substrate.git?rev=aa937d9b4e5767f224cf9d5dfbd9a537e97efcfc#aa937d9b)
[INFO] [stderr]    Compiling futures-channel-preview v0.3.0-alpha.19
[INFO] [stderr]    Compiling wasm-bindgen-backend v0.2.55
[INFO] [stderr] The following warnings were emitted during compilation:
[INFO] [stderr] 
[INFO] [stderr] warning: build/expando.c:4:24: error: pasting "RUST_VERSION_OPENSSL_" and "(" does not give a valid preprocessing token
[INFO] [stderr] warning:     4 | #define VERSION2(n, v) RUST_VERSION_##n##_##v
[INFO] [stderr] warning:       |                        ^~~~~~~~~~~~~
[INFO] [stderr] warning: build/expando.c:5:23: note: in expansion of macro 'VERSION2'
[INFO] [stderr] warning:     5 | #define VERSION(n, v) VERSION2(n, v)
[INFO] [stderr] warning:       |                       ^~~~~~~~
[INFO] [stderr] warning: build/expando.c:10:1: note: in expansion of macro 'VERSION'
[INFO] [stderr] warning:    10 | VERSION(OPENSSL, OPENSSL_VERSION_NUMBER)
[INFO] [stderr] warning:       | ^~~~~~~
[INFO] [stderr] 
[INFO] [stderr] error: failed to run custom build command for `openssl-sys v0.9.53`
[INFO] [stderr] note: To improve backtraces for build dependencies, set the CARGO_PROFILE_DEV_BUILD_OVERRIDE_DEBUG=true environment variable to enable debug information generation.
[INFO] [stderr] 
[INFO] [stderr] Caused by:
[INFO] [stderr]   process didn't exit successfully: `/opt/rustwide/target/debug/build/openssl-sys-002e3502f3bd65fe/build-script-main` (exit status: 101)
[INFO] [stderr]   --- stdout
[INFO] [stderr]   cargo:rustc-cfg=const_fn
[INFO] [stderr]   cargo:rerun-if-env-changed=X86_64_UNKNOWN_LINUX_GNU_OPENSSL_LIB_DIR
[INFO] [stderr]   X86_64_UNKNOWN_LINUX_GNU_OPENSSL_LIB_DIR unset
[INFO] [stderr]   cargo:rerun-if-env-changed=OPENSSL_LIB_DIR
[INFO] [stderr]   OPENSSL_LIB_DIR unset
[INFO] [stderr]   cargo:rerun-if-env-changed=X86_64_UNKNOWN_LINUX_GNU_OPENSSL_INCLUDE_DIR
[INFO] [stderr]   X86_64_UNKNOWN_LINUX_GNU_OPENSSL_INCLUDE_DIR unset
[INFO] [stderr]   cargo:rerun-if-env-changed=OPENSSL_INCLUDE_DIR
[INFO] [stderr]   OPENSSL_INCLUDE_DIR unset
[INFO] [stderr]   cargo:rerun-if-env-changed=X86_64_UNKNOWN_LINUX_GNU_OPENSSL_DIR
[INFO] [stderr]   X86_64_UNKNOWN_LINUX_GNU_OPENSSL_DIR unset
[INFO] [stderr]   cargo:rerun-if-env-changed=OPENSSL_DIR
[INFO] [stderr]   OPENSSL_DIR unset
[INFO] [stderr]   cargo:rustc-link-lib=ssl
[INFO] [stderr]   cargo:rustc-link-lib=crypto
[INFO] [stderr]   OPT_LEVEL = Some("0")
[INFO] [stderr]   TARGET = Some("x86_64-unknown-linux-gnu")
[INFO] [stderr]   HOST = Some("x86_64-unknown-linux-gnu")
[INFO] [stderr]   CC_x86_64-unknown-linux-gnu = None
[INFO] [stderr]   CC_x86_64_unknown_linux_gnu = None
[INFO] [stderr]   HOST_CC = None
[INFO] [stderr]   CC = None
[INFO] [stderr]   CFLAGS_x86_64-unknown-linux-gnu = None
[INFO] [stderr]   CFLAGS_x86_64_unknown_linux_gnu = None
[INFO] [stderr]   HOST_CFLAGS = None
[INFO] [stderr]   CFLAGS = None
[INFO] [stderr]   CRATE_CC_NO_DEFAULTS = None
[INFO] [stderr]   DEBUG = Some("true")
[INFO] [stderr]   CARGO_CFG_TARGET_FEATURE = Some("fxsr,sse,sse2")
[INFO] [stderr]   running: "cc" "-O0" "-ffunction-sections" "-fdata-sections" "-fPIC" "-g" "-fno-omit-frame-pointer" "-m64" "-I" "/usr/include" "-Wall" "-Wextra" "-E" "build/expando.c"
[INFO] [stderr]   cargo:warning=build/expando.c:4:24: error: pasting "RUST_VERSION_OPENSSL_" and "(" does not give a valid preprocessing token
[INFO] [stderr]   cargo:warning=    4 | #define VERSION2(n, v) RUST_VERSION_##n##_##v
[INFO] [stderr]   cargo:warning=      |                        ^~~~~~~~~~~~~
[INFO] [stderr]   cargo:warning=build/expando.c:5:23: note: in expansion of macro 'VERSION2'
[INFO] [stderr]   cargo:warning=    5 | #define VERSION(n, v) VERSION2(n, v)
[INFO] [stderr]   cargo:warning=      |                       ^~~~~~~~
[INFO] [stderr]   cargo:warning=build/expando.c:10:1: note: in expansion of macro 'VERSION'
[INFO] [stderr]   cargo:warning=   10 | VERSION(OPENSSL, OPENSSL_VERSION_NUMBER)
[INFO] [stderr]   cargo:warning=      | ^~~~~~~
[INFO] [stderr]   exit status: 1
[INFO] [stderr] 
[INFO] [stderr]   --- stderr
[INFO] [stderr]   thread 'main' panicked at '
[INFO] [stderr]   Header expansion error:
[INFO] [stderr]   Error { kind: ToolExecError, message: "Command \"cc\" \"-O0\" \"-ffunction-sections\" \"-fdata-sections\" \"-fPIC\" \"-g\" \"-fno-omit-frame-pointer\" \"-m64\" \"-I\" \"/usr/include\" \"-Wall\" \"-Wextra\" \"-E\" \"build/expando.c\" with args \"cc\" did not execute successfully (status code exit status: 1)." }
[INFO] [stderr] 
[INFO] [stderr]   Failed to find OpenSSL development headers.
[INFO] [stderr] 
[INFO] [stderr]   You can try fixing this setting the `OPENSSL_DIR` environment variable
[INFO] [stderr]   pointing to your OpenSSL installation or installing OpenSSL headers package
[INFO] [stderr]   specific to your distribution:
[INFO] [stderr] 
[INFO] [stderr]       # On Ubuntu
[INFO] [stderr]       sudo apt-get install libssl-dev
[INFO] [stderr]       # On Arch Linux
[INFO] [stderr]       sudo pacman -S openssl
[INFO] [stderr]       # On Fedora
[INFO] [stderr]       sudo dnf install openssl-devel
[INFO] [stderr] 
[INFO] [stderr]   See rust-openssl README for more information:
[INFO] [stderr] 
[INFO] [stderr]       https://github.com/sfackler/rust-openssl#linux
[INFO] [stderr]   ', /opt/rustwide/cargo-home/registry/src/index.crates.io-6f17d22bba15001f/openssl-sys-0.9.53/build/main.rs:126:13
[INFO] [stderr]   stack backtrace:
[INFO] [stderr]      0:     0x563e3d4e6d7a - std::backtrace_rs::backtrace::libunwind::trace::h2f05d0192276a8f6
[INFO] [stderr]                                  at /rustc/1b7dd2252b99671ce5d1cb9664c5f8636329436d/library/std/src/../../backtrace/src/backtrace/libunwind.rs:93:5
[INFO] [stderr]      1:     0x563e3d4e6d7a - std::backtrace_rs::backtrace::trace_unsynchronized::hedc23dff7a1af150
[INFO] [stderr]                                  at /rustc/1b7dd2252b99671ce5d1cb9664c5f8636329436d/library/std/src/../../backtrace/src/backtrace/mod.rs:66:5
[INFO] [stderr]      2:     0x563e3d4e6d7a - std::sys_common::backtrace::_print_fmt::h17541ef7592f3ce2
[INFO] [stderr]                                  at /rustc/1b7dd2252b99671ce5d1cb9664c5f8636329436d/library/std/src/sys_common/backtrace.rs:65:5
[INFO] [stderr]      3:     0x563e3d4e6d7a - <std::sys_common::backtrace::_print::DisplayBacktrace as core::fmt::Display>::fmt::h20f75df5ab0c0792
[INFO] [stderr]                                  at /rustc/1b7dd2252b99671ce5d1cb9664c5f8636329436d/library/std/src/sys_common/backtrace.rs:44:22
[INFO] [stderr]      4:     0x563e3d50750f - core::fmt::write::h78109e6f466b3af6
[INFO] [stderr]                                  at /rustc/1b7dd2252b99671ce5d1cb9664c5f8636329436d/library/core/src/fmt/mod.rs:1254:17
[INFO] [stderr]      5:     0x563e3d4e3f95 - std::io::Write::write_fmt::hc59e1b02dd273c8a
[INFO] [stderr]                                  at /rustc/1b7dd2252b99671ce5d1cb9664c5f8636329436d/library/std/src/io/mod.rs:1698:15
[INFO] [stderr]      6:     0x563e3d4e6b45 - std::sys_common::backtrace::_print::h8dac57a9f8fbf9a5
[INFO] [stderr]                                  at /rustc/1b7dd2252b99671ce5d1cb9664c5f8636329436d/library/std/src/sys_common/backtrace.rs:47:5
[INFO] [stderr]      7:     0x563e3d4e6b45 - std::sys_common::backtrace::print::hf9ecbf41d1aa712f
[INFO] [stderr]                                  at /rustc/1b7dd2252b99671ce5d1cb9664c5f8636329436d/library/std/src/sys_common/backtrace.rs:34:9
[INFO] [stderr]      8:     0x563e3d4e840e - std::panicking::default_hook::{{closure}}::h04c07acfc84ca028
[INFO] [stderr]                                  at /rustc/1b7dd2252b99671ce5d1cb9664c5f8636329436d/library/std/src/panicking.rs:269:22
[INFO] [stderr]      9:     0x563e3d4e81b5 - std::panicking::default_hook::h01f6bb23e1eceb2c
[INFO] [stderr]                                  at /rustc/1b7dd2252b99671ce5d1cb9664c5f8636329436d/library/std/src/panicking.rs:288:9
[INFO] [stderr]     10:     0x563e3d4e896e - std::panicking::rust_panic_with_hook::h2bb3722bbaf2f6df
[INFO] [stderr]                                  at /rustc/1b7dd2252b99671ce5d1cb9664c5f8636329436d/library/std/src/panicking.rs:691:13
[INFO] [stderr]     11:     0x563e3d4e8869 - std::panicking::begin_panic_handler::{{closure}}::h91bc7f36a4be011b
[INFO] [stderr]                                  at /rustc/1b7dd2252b99671ce5d1cb9664c5f8636329436d/library/std/src/panicking.rs:582:13
[INFO] [stderr]     12:     0x563e3d4e71e6 - std::sys_common::backtrace::__rust_end_short_backtrace::h8b3d3717114f9e59
[INFO] [stderr]                                  at /rustc/1b7dd2252b99671ce5d1cb9664c5f8636329436d/library/std/src/sys_common/backtrace.rs:150:18
[INFO] [stderr]     13:     0x563e3d4e85c2 - rust_begin_unwind
[INFO] [stderr]                                  at /rustc/1b7dd2252b99671ce5d1cb9664c5f8636329436d/library/std/src/panicking.rs:578:5
[INFO] [stderr]     14:     0x563e3d4587f3 - core::panicking::panic_fmt::hfd368e3fbdabea26
[INFO] [stderr]                                  at /rustc/1b7dd2252b99671ce5d1cb9664c5f8636329436d/library/core/src/panicking.rs:67:14
[INFO] [stderr]     15:     0x563e3d45ba08 - build_script_main::validate_headers::hd4656503c45aefee
[INFO] [stderr]     16:     0x563e3d464b66 - build_script_main::find::try_pkg_config::h97add3f02071035a
[INFO] [stderr]     17:     0x563e3d463936 - build_script_main::find::find_openssl_dir::hf8a46f3d3e1d5418
[INFO] [stderr]     18:     0x563e3d463782 - build_script_main::find::get_openssl::{{closure}}::he6b11610b917b52b
[INFO] [stderr]     19:     0x563e3d462cea - core::option::Option<T>::unwrap_or_else::h329f5c943789ff50
[INFO] [stderr]     20:     0x563e3d463480 - build_script_main::find::get_openssl::h84926cc97ff2f2c3
[INFO] [stderr]     21:     0x563e3d45a805 - build_script_main::main::he54866112f509247
[INFO] [stderr]     22:     0x563e3d465093 - core::ops::function::FnOnce::call_once::h646f61e9ca6bfc71
[INFO] [stderr]     23:     0x563e3d462966 - std::sys_common::backtrace::__rust_begin_short_backtrace::hd2b988a263102cd3
[INFO] [stderr]     24:     0x563e3d4629b9 - std::rt::lang_start::{{closure}}::hf08a959a00a1be17
[INFO] [stderr]     25:     0x563e3d4e0bee - core::ops::function::impls::<impl core::ops::function::FnOnce<A> for &F>::call_once::h2eb19b8ce4148df4
[INFO] [stderr]                                  at /rustc/1b7dd2252b99671ce5d1cb9664c5f8636329436d/library/core/src/ops/function.rs:287:13
[INFO] [stderr]     26:     0x563e3d4e0bee - std::panicking::try::do_call::h2e900feff5d504c5
[INFO] [stderr]                                  at /rustc/1b7dd2252b99671ce5d1cb9664c5f8636329436d/library/std/src/panicking.rs:485:40
[INFO] [stderr]     27:     0x563e3d4e0bee - std::panicking::try::h8854836cb85aa9f2
[INFO] [stderr]                                  at /rustc/1b7dd2252b99671ce5d1cb9664c5f8636329436d/library/std/src/panicking.rs:449:19
[INFO] [stderr]     28:     0x563e3d4e0bee - std::panic::catch_unwind::h706025dd4c48f64b
[INFO] [stderr]                                  at /rustc/1b7dd2252b99671ce5d1cb9664c5f8636329436d/library/std/src/panic.rs:140:14
[INFO] [stderr]     29:     0x563e3d4e0bee - std::rt::lang_start_internal::{{closure}}::h7be5b97f4a07a91a
[INFO] [stderr]                                  at /rustc/1b7dd2252b99671ce5d1cb9664c5f8636329436d/library/std/src/rt.rs:148:48
[INFO] [stderr]     30:     0x563e3d4e0bee - std::panicking::try::do_call::h59847e9d0a176965
[INFO] [stderr]                                  at /rustc/1b7dd2252b99671ce5d1cb9664c5f8636329436d/library/std/src/panicking.rs:485:40
[INFO] [stderr]     31:     0x563e3d4e0bee - std::panicking::try::h399a918ba8522823
[INFO] [stderr]                                  at /rustc/1b7dd2252b99671ce5d1cb9664c5f8636329436d/library/std/src/panicking.rs:449:19
[INFO] [stderr]     32:     0x563e3d4e0bee - std::panic::catch_unwind::hca7ca6c55b2a2e26
[INFO] [stderr]                                  at /rustc/1b7dd2252b99671ce5d1cb9664c5f8636329436d/library/std/src/panic.rs:140:14
[INFO] [stderr]     33:     0x563e3d4e0bee - std::rt::lang_start_internal::h2c807a81560459eb
[INFO] [stderr]                                  at /rustc/1b7dd2252b99671ce5d1cb9664c5f8636329436d/library/std/src/rt.rs:148:20
[INFO] [stderr]     34:     0x563e3d462997 - std::rt::lang_start::h2da329b98fcbd8f7
[INFO] [stderr]     35:     0x563e3d45d7a5 - main
[INFO] [stderr]     36:     0x7fc2291b7d90 - <unknown>
[INFO] [stderr]     37:     0x7fc2291b7e40 - __libc_start_main
[INFO] [stderr]     38:     0x563e3d458e65 - _start
[INFO] [stderr]     39:                0x0 - <unknown>
[INFO] [stderr] warning: build failed, waiting for other jobs to finish...
[INFO] running `Command { std: "docker" "inspect" "c22bd0cb956e6e1e68495005864953238804fbffe915448965f6fa1f880249e1", kill_on_drop: false }`
[INFO] running `Command { std: "docker" "rm" "-f" "c22bd0cb956e6e1e68495005864953238804fbffe915448965f6fa1f880249e1", kill_on_drop: false }`
[INFO] [stdout] c22bd0cb956e6e1e68495005864953238804fbffe915448965f6fa1f880249e1
