[INFO] cloning repository https://github.com/dm4562/tgr-compiler
[INFO] running `Command { std: "git" "-c" "credential.helper=" "-c" "credential.helper=/workspace/cargo-home/bin/git-credential-null" "clone" "--bare" "https://github.com/dm4562/tgr-compiler" "/workspace/cache/git-repos/https%3A%2F%2Fgithub.com%2Fdm4562%2Ftgr-compiler", kill_on_drop: false }`
[INFO] [stderr] Cloning into bare repository '/workspace/cache/git-repos/https%3A%2F%2Fgithub.com%2Fdm4562%2Ftgr-compiler'...
[INFO] running `Command { std: "git" "rev-parse" "HEAD", kill_on_drop: false }`
[INFO] [stdout] 842036995bafb4a98e402b703de1de49b156eee9
[INFO] testing dm4562/tgr-compiler against beta-2023-04-20 for beta-1.70-1
[INFO] running `Command { std: "git" "clone" "/workspace/cache/git-repos/https%3A%2F%2Fgithub.com%2Fdm4562%2Ftgr-compiler" "/workspace/builds/worker-1-tc2/source", kill_on_drop: false }`
[INFO] [stderr] Cloning into '/workspace/builds/worker-1-tc2/source'...
[INFO] [stderr] done.
[INFO] validating manifest of git repo https://github.com/dm4562/tgr-compiler on toolchain beta-2023-04-20
[INFO] running `Command { std: CARGO_HOME="/workspace/cargo-home" RUSTUP_HOME="/workspace/rustup-home" "/workspace/cargo-home/bin/cargo" "+beta-2023-04-20" "metadata" "--manifest-path" "Cargo.toml" "--no-deps", kill_on_drop: false }`
[INFO] started tweaking git repo https://github.com/dm4562/tgr-compiler
[INFO] finished tweaking git repo https://github.com/dm4562/tgr-compiler
[INFO] tweaked toml for git repo https://github.com/dm4562/tgr-compiler written to /workspace/builds/worker-1-tc2/source/Cargo.toml
[INFO] crate git repo https://github.com/dm4562/tgr-compiler already has a lockfile, it will not be regenerated
[INFO] running `Command { std: CARGO_HOME="/workspace/cargo-home" RUSTUP_HOME="/workspace/rustup-home" "/workspace/cargo-home/bin/cargo" "+beta-2023-04-20" "fetch" "--manifest-path" "Cargo.toml", kill_on_drop: false }`
[INFO] [stderr]     Updating crates.io index
[INFO] [stderr]  Downloading crates ...
[INFO] [stderr]   Downloaded serde_derive v1.0.35
[INFO] [stderr]   Downloaded serde_derive_internals v0.22.1
[INFO] [stderr]   Downloaded serde v1.0.35
[INFO] [stderr]   Downloaded indextree v1.1.1
[INFO] running `Command { std: "docker" "create" "-v" "/var/lib/crater-agent-workspace/builds/worker-1-tc2/target:/opt/rustwide/target:rw,Z" "-v" "/var/lib/crater-agent-workspace/builds/worker-1-tc2/source:/opt/rustwide/workdir:ro,Z" "-v" "/var/lib/crater-agent-workspace/cargo-home:/opt/rustwide/cargo-home:ro,Z" "-v" "/var/lib/crater-agent-workspace/rustup-home:/opt/rustwide/rustup-home:ro,Z" "-e" "SOURCE_DIR=/opt/rustwide/workdir" "-e" "CARGO_TARGET_DIR=/opt/rustwide/target" "-e" "CARGO_HOME=/opt/rustwide/cargo-home" "-e" "RUSTUP_HOME=/opt/rustwide/rustup-home" "-w" "/opt/rustwide/workdir" "-m" "1610612736" "--user" "0:0" "--network" "none" "ghcr.io/rust-lang/crates-build-env/linux@sha256:5ff2268d62e97bff2cde7d5815dd6ed5b47097566f13b8d0ca110b04b60e07ed" "/opt/rustwide/cargo-home/bin/cargo" "+beta-2023-04-20" "metadata" "--no-deps" "--format-version=1", kill_on_drop: false }`
[INFO] [stdout] f5a94ef96772c61000e20ae5c26139dc5ad41154f89683ee379f89216faa4bbd
[INFO] running `Command { std: "docker" "start" "-a" "f5a94ef96772c61000e20ae5c26139dc5ad41154f89683ee379f89216faa4bbd", kill_on_drop: false }`
[INFO] running `Command { std: "docker" "inspect" "f5a94ef96772c61000e20ae5c26139dc5ad41154f89683ee379f89216faa4bbd", kill_on_drop: false }`
[INFO] running `Command { std: "docker" "rm" "-f" "f5a94ef96772c61000e20ae5c26139dc5ad41154f89683ee379f89216faa4bbd", kill_on_drop: false }`
[INFO] [stdout] f5a94ef96772c61000e20ae5c26139dc5ad41154f89683ee379f89216faa4bbd
[INFO] running `Command { std: "docker" "create" "-v" "/var/lib/crater-agent-workspace/builds/worker-1-tc2/target:/opt/rustwide/target:rw,Z" "-v" "/var/lib/crater-agent-workspace/builds/worker-1-tc2/source:/opt/rustwide/workdir:ro,Z" "-v" "/var/lib/crater-agent-workspace/cargo-home:/opt/rustwide/cargo-home:ro,Z" "-v" "/var/lib/crater-agent-workspace/rustup-home:/opt/rustwide/rustup-home:ro,Z" "-e" "SOURCE_DIR=/opt/rustwide/workdir" "-e" "CARGO_TARGET_DIR=/opt/rustwide/target" "-e" "CARGO_INCREMENTAL=0" "-e" "RUST_BACKTRACE=full" "-e" "RUSTFLAGS=--cap-lints=warn" "-e" "RUSTDOCFLAGS=--cap-lints=warn" "-e" "CARGO_HOME=/opt/rustwide/cargo-home" "-e" "RUSTUP_HOME=/opt/rustwide/rustup-home" "-w" "/opt/rustwide/workdir" "-m" "1610612736" "--user" "0:0" "--network" "none" "ghcr.io/rust-lang/crates-build-env/linux@sha256:5ff2268d62e97bff2cde7d5815dd6ed5b47097566f13b8d0ca110b04b60e07ed" "/opt/rustwide/cargo-home/bin/cargo" "+beta-2023-04-20" "build" "--frozen" "--message-format=json", kill_on_drop: false }`
[INFO] [stdout] 7ddd83e19e01434f606f6c0bef3119b5a85224aa57e2c56f0858af1dfa0d2aa1
[INFO] running `Command { std: "docker" "start" "-a" "7ddd83e19e01434f606f6c0bef3119b5a85224aa57e2c56f0858af1dfa0d2aa1", kill_on_drop: false }`
[INFO] [stderr]    Compiling libc v0.2.36
[INFO] [stderr]    Compiling unicode-xid v0.1.0
[INFO] [stderr]    Compiling void v1.0.2
[INFO] [stderr]    Compiling lazy_static v1.0.0
[INFO] [stderr]    Compiling quick-error v1.2.1
[INFO] [stderr]    Compiling unicode-width v0.1.4
[INFO] [stderr]    Compiling regex-syntax v0.4.2
[INFO] [stderr]    Compiling cfg-if v0.1.2
[INFO] [stderr]    Compiling utf8-ranges v1.0.0
[INFO] [stderr]    Compiling ansi_term v0.10.2
[INFO] [stderr]    Compiling strsim v0.7.0
[INFO] [stderr]    Compiling termcolor v0.3.5
[INFO] [stderr]    Compiling vec_map v0.8.0
[INFO] [stderr]    Compiling itoa v0.4.1
[INFO] [stderr]    Compiling num-traits v0.2.2
[INFO] [stderr]    Compiling ordermap v0.3.5
[INFO] [stderr]    Compiling proc-macro2 v0.2.3
[INFO] [stderr]    Compiling bitflags v1.0.1
[INFO] [stderr]    Compiling textwrap v0.9.0
[INFO] [stderr]    Compiling unreachable v1.0.0
[INFO] [stderr]    Compiling humantime v1.1.1
[INFO] [stderr]    Compiling log v0.4.1
[INFO] [stderr]    Compiling dtoa v0.4.2
[INFO] [stderr]    Compiling serde v1.0.35
[INFO] [stderr]    Compiling thread_local v0.3.5
[INFO] [stderr]    Compiling quote v0.4.2
[INFO] [stderr]    Compiling fixedbitset v0.1.9
[INFO] [stderr]    Compiling indexmap v1.0.1
[INFO] [stderr]    Compiling indextree v1.1.1
[INFO] [stderr]    Compiling memchr v2.0.1
[INFO] [stderr]    Compiling syn v0.12.14
[INFO] [stderr]    Compiling atty v0.2.6
[INFO] [stderr]    Compiling petgraph v0.4.12
[INFO] [stderr]    Compiling aho-corasick v0.6.4
[INFO] [stderr]    Compiling clap v2.30.0
[INFO] [stderr]    Compiling regex v0.2.5
[INFO] [stdout] error[E0034]: multiple applicable items in scope
[INFO] [stdout]     --> /opt/rustwide/cargo-home/registry/src/index.crates.io-6f17d22bba15001f/petgraph-0.4.12/src/graph_impl/stable_graph/mod.rs:1171:19
[INFO] [stdout]      |
[INFO] [stdout] 1171 |         self.iter.find_map(|(i, node)| {
[INFO] [stdout]      |                   ^^^^^^^^ multiple `find_map` found
[INFO] [stdout]      |
[INFO] [stdout] note: candidate #1 is defined in an impl of the trait `IterUtilsExt` for the type `I`
[INFO] [stdout]     --> /opt/rustwide/cargo-home/registry/src/index.crates.io-6f17d22bba15001f/petgraph-0.4.12/src/iter_utils.rs:5:5
[INFO] [stdout]      |
[INFO] [stdout] 5    | /     fn find_map<F, R>(&mut self, mut f: F) -> Option<R>
[INFO] [stdout] 6    | |         where F: FnMut(Self::Item) -> Option<R>
[INFO] [stdout]      | |_______________________________________________^
[INFO] [stdout]      = note: candidate #2 is defined in an impl of the trait `Iterator` for the type `Enumerate<I>`
[INFO] [stdout] help: disambiguate the method for candidate #1
[INFO] [stdout]      |
[INFO] [stdout] 1171 ~         IterUtilsExt::find_map(&mut self.iter, |(i, node)| {
[INFO] [stdout] 1172 +             node.weight.as_ref().map(move |w| (node_index(i), w))
[INFO] [stdout] 1173 +         })
[INFO] [stdout]      |
[INFO] [stdout] help: disambiguate the method for candidate #2
[INFO] [stdout]      |
[INFO] [stdout] 1171 ~         Iterator::find_map(&mut self.iter, |(i, node)| {
[INFO] [stdout] 1172 +             node.weight.as_ref().map(move |w| (node_index(i), w))
[INFO] [stdout] 1173 +         })
[INFO] [stdout]      |
[INFO] [stdout] 
[INFO] [stdout] 
[INFO] [stdout] error[E0034]: multiple applicable items in scope
[INFO] [stdout]     --> /opt/rustwide/cargo-home/registry/src/index.crates.io-6f17d22bba15001f/petgraph-0.4.12/src/graph_impl/stable_graph/mod.rs:1363:19
[INFO] [stdout]      |
[INFO] [stdout] 1363 |         self.iter.find_map(|(i, edge)|
[INFO] [stdout]      |                   ^^^^^^^^ multiple `find_map` found
[INFO] [stdout]      |
[INFO] [stdout] note: candidate #1 is defined in an impl of the trait `IterUtilsExt` for the type `I`
[INFO] [stdout]     --> /opt/rustwide/cargo-home/registry/src/index.crates.io-6f17d22bba15001f/petgraph-0.4.12/src/iter_utils.rs:5:5
[INFO] [stdout]      |
[INFO] [stdout] 5    | /     fn find_map<F, R>(&mut self, mut f: F) -> Option<R>
[INFO] [stdout] 6    | |         where F: FnMut(Self::Item) -> Option<R>
[INFO] [stdout]      | |_______________________________________________^
[INFO] [stdout]      = note: candidate #2 is defined in an impl of the trait `Iterator` for the type `Enumerate<I>`
[INFO] [stdout] help: disambiguate the method for candidate #1
[INFO] [stdout]      |
[INFO] [stdout] 1363 ~         IterUtilsExt::find_map(&mut self.iter, |(i, edge)|
[INFO] [stdout] 1364 +             edge.weight.as_ref().map(move |weight| {
[INFO] [stdout] 1365 +                 EdgeReference {
[INFO] [stdout] 1366 +                     index: edge_index(i),
[INFO] [stdout] 1367 +                     node: edge.node,
[INFO] [stdout] 1368 +                     weight: weight,
[INFO] [stdout] 1369 +                 }
[INFO] [stdout] 1370 +             }))
[INFO] [stdout]      |
[INFO] [stdout] help: disambiguate the method for candidate #2
[INFO] [stdout]      |
[INFO] [stdout] 1363 ~         Iterator::find_map(&mut self.iter, |(i, edge)|
[INFO] [stdout] 1364 +             edge.weight.as_ref().map(move |weight| {
[INFO] [stdout] 1365 +                 EdgeReference {
[INFO] [stdout] 1366 +                     index: edge_index(i),
[INFO] [stdout] 1367 +                     node: edge.node,
[INFO] [stdout] 1368 +                     weight: weight,
[INFO] [stdout] 1369 +                 }
[INFO] [stdout] 1370 +             }))
[INFO] [stdout]      |
[INFO] [stdout] 
[INFO] [stdout] 
[INFO] [stdout] error[E0034]: multiple applicable items in scope
[INFO] [stdout]     --> /opt/rustwide/cargo-home/registry/src/index.crates.io-6f17d22bba15001f/petgraph-0.4.12/src/graph_impl/stable_graph/mod.rs:1527:19
[INFO] [stdout]      |
[INFO] [stdout] 1527 |         self.iter.find_map(|(i, node)| {
[INFO] [stdout]      |                   ^^^^^^^^ multiple `find_map` found
[INFO] [stdout]      |
[INFO] [stdout] note: candidate #1 is defined in an impl of the trait `IterUtilsExt` for the type `I`
[INFO] [stdout]     --> /opt/rustwide/cargo-home/registry/src/index.crates.io-6f17d22bba15001f/petgraph-0.4.12/src/iter_utils.rs:5:5
[INFO] [stdout]      |
[INFO] [stdout] 5    | /     fn find_map<F, R>(&mut self, mut f: F) -> Option<R>
[INFO] [stdout] 6    | |         where F: FnMut(Self::Item) -> Option<R>
[INFO] [stdout]      | |_______________________________________________^
[INFO] [stdout]      = note: candidate #2 is defined in an impl of the trait `Iterator` for the type `Enumerate<I>`
[INFO] [stdout] help: disambiguate the method for candidate #1
[INFO] [stdout]      |
[INFO] [stdout] 1527 ~         IterUtilsExt::find_map(&mut self.iter, |(i, node)| {
[INFO] [stdout] 1528 +             if node.weight.is_some() {
[INFO] [stdout] 1529 +                 Some(node_index(i))
[INFO] [stdout] 1530 +             } else { None }
[INFO] [stdout] 1531 +         })
[INFO] [stdout]      |
[INFO] [stdout] help: disambiguate the method for candidate #2
[INFO] [stdout]      |
[INFO] [stdout] 1527 ~         Iterator::find_map(&mut self.iter, |(i, node)| {
[INFO] [stdout] 1528 +             if node.weight.is_some() {
[INFO] [stdout] 1529 +                 Some(node_index(i))
[INFO] [stdout] 1530 +             } else { None }
[INFO] [stdout] 1531 +         })
[INFO] [stdout]      |
[INFO] [stdout] 
[INFO] [stdout] 
[INFO] [stdout] error[E0034]: multiple applicable items in scope
[INFO] [stdout]     --> /opt/rustwide/cargo-home/registry/src/index.crates.io-6f17d22bba15001f/petgraph-0.4.12/src/graph_impl/stable_graph/mod.rs:1573:19
[INFO] [stdout]      |
[INFO] [stdout] 1573 |         self.iter.find_map(|(i, node)| {
[INFO] [stdout]      |                   ^^^^^^^^ multiple `find_map` found
[INFO] [stdout]      |
[INFO] [stdout] note: candidate #1 is defined in an impl of the trait `IterUtilsExt` for the type `I`
[INFO] [stdout]     --> /opt/rustwide/cargo-home/registry/src/index.crates.io-6f17d22bba15001f/petgraph-0.4.12/src/iter_utils.rs:5:5
[INFO] [stdout]      |
[INFO] [stdout] 5    | /     fn find_map<F, R>(&mut self, mut f: F) -> Option<R>
[INFO] [stdout] 6    | |         where F: FnMut(Self::Item) -> Option<R>
[INFO] [stdout]      | |_______________________________________________^
[INFO] [stdout]      = note: candidate #2 is defined in an impl of the trait `Iterator` for the type `Enumerate<I>`
[INFO] [stdout] help: disambiguate the method for candidate #1
[INFO] [stdout]      |
[INFO] [stdout] 1573 ~         IterUtilsExt::find_map(&mut self.iter, |(i, node)| {
[INFO] [stdout] 1574 +             if node.weight.is_some() {
[INFO] [stdout] 1575 +                 Some(edge_index(i))
[INFO] [stdout] 1576 +             } else { None }
[INFO] [stdout] 1577 +         })
[INFO] [stdout]      |
[INFO] [stdout] help: disambiguate the method for candidate #2
[INFO] [stdout]      |
[INFO] [stdout] 1573 ~         Iterator::find_map(&mut self.iter, |(i, node)| {
[INFO] [stdout] 1574 +             if node.weight.is_some() {
[INFO] [stdout] 1575 +                 Some(edge_index(i))
[INFO] [stdout] 1576 +             } else { None }
[INFO] [stdout] 1577 +         })
[INFO] [stdout]      |
[INFO] [stdout] 
[INFO] [stdout] 
[INFO] [stdout] error: aborting due to 4 previous errors
[INFO] [stdout] 
[INFO] [stdout] 
[INFO] [stdout] For more information about this error, try `rustc --explain E0034`.
[INFO] [stdout] 
[INFO] [stderr] error: could not compile `petgraph` (lib) due to 5 previous errors
[INFO] [stderr] warning: build failed, waiting for other jobs to finish...
[INFO] running `Command { std: "docker" "inspect" "7ddd83e19e01434f606f6c0bef3119b5a85224aa57e2c56f0858af1dfa0d2aa1", kill_on_drop: false }`
[INFO] running `Command { std: "docker" "rm" "-f" "7ddd83e19e01434f606f6c0bef3119b5a85224aa57e2c56f0858af1dfa0d2aa1", kill_on_drop: false }`
[INFO] [stdout] 7ddd83e19e01434f606f6c0bef3119b5a85224aa57e2c56f0858af1dfa0d2aa1
