[INFO] cloning repository https://github.com/divinusdracodominus/verifyudp
[INFO] running `Command { std: "git" "-c" "credential.helper=" "-c" "credential.helper=/workspace/cargo-home/bin/git-credential-null" "clone" "--bare" "https://github.com/divinusdracodominus/verifyudp" "/workspace/cache/git-repos/https%3A%2F%2Fgithub.com%2Fdivinusdracodominus%2Fverifyudp", kill_on_drop: false }`
[INFO] [stderr] Cloning into bare repository '/workspace/cache/git-repos/https%3A%2F%2Fgithub.com%2Fdivinusdracodominus%2Fverifyudp'...
[INFO] running `Command { std: "git" "rev-parse" "HEAD", kill_on_drop: false }`
[INFO] [stdout] 26b470afd6e99b51fe65768fce124cd425f02752
[INFO] testing divinusdracodominus/verifyudp against 1.69.0 for beta-1.70-1
[INFO] running `Command { std: "git" "clone" "/workspace/cache/git-repos/https%3A%2F%2Fgithub.com%2Fdivinusdracodominus%2Fverifyudp" "/workspace/builds/worker-3-tc1/source", kill_on_drop: false }`
[INFO] [stderr] Cloning into '/workspace/builds/worker-3-tc1/source'...
[INFO] [stderr] done.
[INFO] validating manifest of git repo https://github.com/divinusdracodominus/verifyudp on toolchain 1.69.0
[INFO] running `Command { std: CARGO_HOME="/workspace/cargo-home" RUSTUP_HOME="/workspace/rustup-home" "/workspace/cargo-home/bin/cargo" "+1.69.0" "metadata" "--manifest-path" "Cargo.toml" "--no-deps", kill_on_drop: false }`
[INFO] started tweaking git repo https://github.com/divinusdracodominus/verifyudp
[INFO] finished tweaking git repo https://github.com/divinusdracodominus/verifyudp
[INFO] tweaked toml for git repo https://github.com/divinusdracodominus/verifyudp written to /workspace/builds/worker-3-tc1/source/Cargo.toml
[INFO] crate git repo https://github.com/divinusdracodominus/verifyudp already has a lockfile, it will not be regenerated
[INFO] running `Command { std: CARGO_HOME="/workspace/cargo-home" RUSTUP_HOME="/workspace/rustup-home" "/workspace/cargo-home/bin/cargo" "+1.69.0" "fetch" "--manifest-path" "Cargo.toml", kill_on_drop: false }`
[INFO] [stderr]  Downloading crates ...
[INFO] [stderr]   Downloaded array-init v0.0.4
[INFO] [stderr]   Downloaded serde-hex v0.1.0
[INFO] running `Command { std: "docker" "create" "-v" "/var/lib/crater-agent-workspace/builds/worker-3-tc1/target:/opt/rustwide/target:rw,Z" "-v" "/var/lib/crater-agent-workspace/builds/worker-3-tc1/source:/opt/rustwide/workdir:ro,Z" "-v" "/var/lib/crater-agent-workspace/cargo-home:/opt/rustwide/cargo-home:ro,Z" "-v" "/var/lib/crater-agent-workspace/rustup-home:/opt/rustwide/rustup-home:ro,Z" "-e" "SOURCE_DIR=/opt/rustwide/workdir" "-e" "CARGO_TARGET_DIR=/opt/rustwide/target" "-e" "CARGO_HOME=/opt/rustwide/cargo-home" "-e" "RUSTUP_HOME=/opt/rustwide/rustup-home" "-w" "/opt/rustwide/workdir" "-m" "1610612736" "--user" "0:0" "--network" "none" "ghcr.io/rust-lang/crates-build-env/linux@sha256:5ff2268d62e97bff2cde7d5815dd6ed5b47097566f13b8d0ca110b04b60e07ed" "/opt/rustwide/cargo-home/bin/cargo" "+1.69.0" "metadata" "--no-deps" "--format-version=1", kill_on_drop: false }`
[INFO] [stdout] fb08c426501e112b49363326215e5e3871f8cc94a417ba37b24ae6a88dd3870e
[INFO] running `Command { std: "docker" "start" "-a" "fb08c426501e112b49363326215e5e3871f8cc94a417ba37b24ae6a88dd3870e", kill_on_drop: false }`
[INFO] running `Command { std: "docker" "inspect" "fb08c426501e112b49363326215e5e3871f8cc94a417ba37b24ae6a88dd3870e", kill_on_drop: false }`
[INFO] running `Command { std: "docker" "rm" "-f" "fb08c426501e112b49363326215e5e3871f8cc94a417ba37b24ae6a88dd3870e", kill_on_drop: false }`
[INFO] [stdout] fb08c426501e112b49363326215e5e3871f8cc94a417ba37b24ae6a88dd3870e
[INFO] running `Command { std: "docker" "create" "-v" "/var/lib/crater-agent-workspace/builds/worker-3-tc1/target:/opt/rustwide/target:rw,Z" "-v" "/var/lib/crater-agent-workspace/builds/worker-3-tc1/source:/opt/rustwide/workdir:ro,Z" "-v" "/var/lib/crater-agent-workspace/cargo-home:/opt/rustwide/cargo-home:ro,Z" "-v" "/var/lib/crater-agent-workspace/rustup-home:/opt/rustwide/rustup-home:ro,Z" "-e" "SOURCE_DIR=/opt/rustwide/workdir" "-e" "CARGO_TARGET_DIR=/opt/rustwide/target" "-e" "CARGO_INCREMENTAL=0" "-e" "RUST_BACKTRACE=full" "-e" "RUSTFLAGS=--cap-lints=warn" "-e" "RUSTDOCFLAGS=--cap-lints=warn" "-e" "CARGO_HOME=/opt/rustwide/cargo-home" "-e" "RUSTUP_HOME=/opt/rustwide/rustup-home" "-w" "/opt/rustwide/workdir" "-m" "1610612736" "--user" "0:0" "--network" "none" "ghcr.io/rust-lang/crates-build-env/linux@sha256:5ff2268d62e97bff2cde7d5815dd6ed5b47097566f13b8d0ca110b04b60e07ed" "/opt/rustwide/cargo-home/bin/cargo" "+1.69.0" "build" "--frozen" "--message-format=json", kill_on_drop: false }`
[INFO] [stdout] 4be3525148cb5ece17f54b55257ba144666b5dfb0b04fdee9f693800b52b97dc
[INFO] running `Command { std: "docker" "start" "-a" "4be3525148cb5ece17f54b55257ba144666b5dfb0b04fdee9f693800b52b97dc", kill_on_drop: false }`
[INFO] [stderr]    Compiling proc-macro2 v1.0.38
[INFO] [stderr]    Compiling unicode-xid v0.2.3
[INFO] [stderr]    Compiling syn v1.0.92
[INFO] [stderr]    Compiling autocfg v1.1.0
[INFO] [stderr]    Compiling libc v0.2.125
[INFO] [stderr]    Compiling version_check v0.9.4
[INFO] [stderr]    Compiling cfg-if v1.0.0
[INFO] [stderr]    Compiling futures-core v0.3.21
[INFO] [stderr]    Compiling serde v1.0.137
[INFO] [stderr]    Compiling typenum v1.15.0
[INFO] [stderr]    Compiling getrandom v0.1.16
[INFO] [stderr]    Compiling memchr v2.5.0
[INFO] [stderr]    Compiling slab v0.4.6
[INFO] [stderr]    Compiling futures-channel v0.3.21
[INFO] [stderr]    Compiling rustversion v1.0.6
[INFO] [stderr]    Compiling futures-task v0.3.21
[INFO] [stderr]    Compiling log v0.4.17
[INFO] [stderr]    Compiling autocfg v0.1.8
[INFO] [stderr]    Compiling libm v0.2.2
[INFO] [stderr]    Compiling maybe-uninit v2.0.0
[INFO] [stderr]    Compiling futures-sink v0.3.21
[INFO] [stderr]    Compiling ppv-lite86 v0.2.16
[INFO] [stderr]    Compiling spin v0.5.2
[INFO] [stderr]    Compiling num-traits v0.2.15
[INFO] [stderr]    Compiling num-integer v0.1.45
[INFO] [stderr]    Compiling num-bigint v0.2.6
[INFO] [stderr]    Compiling num-iter v0.1.43
[INFO] [stderr]    Compiling generic-array v0.14.5
[INFO] [stderr]    Compiling proc-macro-error-attr v1.0.4
[INFO] [stderr]    Compiling cfg-if v0.1.10
[INFO] [stderr]    Compiling futures-util v0.3.21
[INFO] [stderr]    Compiling lazy_static v1.4.0
[INFO] [stderr]    Compiling quote v1.0.18
[INFO] [stderr]    Compiling proc-macro-error v1.0.4
[INFO] [stderr]    Compiling num-bigint-dig v0.6.1
[INFO] [stderr]    Compiling pin-project-lite v0.2.9
[INFO] [stderr]    Compiling regex-syntax v0.6.25
[INFO] [stderr]    Compiling pin-utils v0.1.0
[INFO] [stderr]    Compiling opaque-debug v0.3.0
[INFO] [stderr]    Compiling futures-io v0.3.21
[INFO] [stderr]    Compiling serde_derive v1.0.137
[INFO] [stderr]    Compiling byteorder v1.4.3
[INFO] [stderr]    Compiling time v0.1.44
[INFO] [stderr]    Compiling iovec v0.1.4
[INFO] [stderr]    Compiling net2 v0.2.37
[INFO] [stderr]    Compiling rand_core v0.5.1
[INFO] [stderr]    Compiling err-derive v0.3.1
[INFO] [stderr]    Compiling nodrop v0.1.14
[INFO] [stderr]    Compiling smallvec v1.8.0
[INFO] [stderr]    Compiling rand_chacha v0.2.2
[INFO] [stderr]    Compiling base64 v0.13.0
[INFO] [stderr]    Compiling mio v0.6.23
[INFO] [stderr]    Compiling once_cell v1.10.0
[INFO] [stderr]    Compiling serde_json v1.0.81
[INFO] [stderr]    Compiling async-trait v0.1.53
[INFO] [stderr]    Compiling rand v0.7.3
[INFO] [stderr]    Compiling cpufeatures v0.2.2
[INFO] [stderr]    Compiling array-init v0.0.4
[INFO] [stderr]    Compiling smallvec v0.6.14
[INFO] [stderr]    Compiling num_cpus v1.13.1
[INFO] [stderr]    Compiling signal-hook-registry v1.4.0
[INFO] [stderr]    Compiling digest v0.9.0
[INFO] [stderr]    Compiling block-buffer v0.9.0
[INFO] [stderr]    Compiling fnv v1.0.7
[INFO] [stderr]    Compiling sha2 v0.9.9
[INFO] [stderr]    Compiling subtle v2.4.1
[INFO] [stderr]    Compiling mio-uds v0.6.8
[INFO] [stderr]    Compiling ryu v1.0.9
[INFO] [stderr]    Compiling bytes v0.5.6
[INFO] [stderr]    Compiling itoa v1.0.1
[INFO] [stderr]    Compiling pin-project-lite v0.1.12
[INFO] [stderr]    Compiling regex v1.5.5
[INFO] [stderr]    Compiling chrono v0.4.19
[INFO] [stderr]    Compiling pem v0.8.3
[INFO] [stderr]    Compiling simple_asn1 v0.4.1
[INFO] [stderr]    Compiling serde-hex v0.1.0
[INFO] [stderr]    Compiling synstructure v0.12.6
[INFO] [stderr]    Compiling futures-macro v0.3.21
[INFO] [stderr]    Compiling zeroize_derive v1.3.2
[INFO] [stderr]    Compiling thiserror-impl v1.0.31
[INFO] [stderr]    Compiling tokio-macros v0.2.6
[INFO] [stderr]    Compiling num-derive v0.3.3
[INFO] [stderr]    Compiling zeroize v1.5.5
[INFO] [stderr]    Compiling tokio v0.2.25
[INFO] [stderr]    Compiling thiserror v1.0.31
[INFO] [stderr]    Compiling rsa v0.3.0
[INFO] [stderr]    Compiling aes-soft v0.5.0 (/opt/rustwide/workdir/aes-soft)
[INFO] [stderr]    Compiling futures-executor v0.3.21
[INFO] [stderr]    Compiling futures v0.3.21
[INFO] [stderr]    Compiling verifyudp v0.2.0 (/opt/rustwide/workdir)
[INFO] [stdout] warning: unused variable: `sender_addr`
[INFO] [stdout]    --> src/lib.rs:225:9
[INFO] [stdout]     |
[INFO] [stdout] 225 |     let sender_addr: L4Addr = sender_addr.into();
[INFO] [stdout]     |         ^^^^^^^^^^^ help: if this is intentional, prefix it with an underscore: `_sender_addr`
[INFO] [stdout]     |
[INFO] [stdout]     = note: `#[warn(unused_variables)]` on by default
[INFO] [stdout] 
[INFO] [stdout] 
[INFO] [stdout] warning: fields `streams` and `priv_key` are never read
[INFO] [stdout]    --> src/lib.rs:615:5
[INFO] [stdout]     |
[INFO] [stdout] 614 | pub struct OwnedIncoming {
[INFO] [stdout]     |            ------------- fields in this struct
[INFO] [stdout] 615 |     streams: Streams,
[INFO] [stdout]     |     ^^^^^^^
[INFO] [stdout] 616 |     priv_key: RSAPrivateKey,
[INFO] [stdout]     |     ^^^^^^^^
[INFO] [stdout]     |
[INFO] [stdout]     = note: `OwnedIncoming` has a derived impl for the trait `Debug`, but this is intentionally ignored during dead code analysis
[INFO] [stdout]     = note: `#[warn(dead_code)]` on by default
[INFO] [stdout] 
[INFO] [stdout] 
[INFO] [stdout] warning: field `priv_key` is never read
[INFO] [stdout]    --> src/lib.rs:653:5
[INFO] [stdout]     |
[INFO] [stdout] 652 | pub struct SllpIncoming<'a> {
[INFO] [stdout]     |            ------------ field in this struct
[INFO] [stdout] 653 |     priv_key: &'a RSAPrivateKey,
[INFO] [stdout]     |     ^^^^^^^^
[INFO] [stdout]     |
[INFO] [stdout]     = note: `SllpIncoming` has a derived impl for the trait `Debug`, but this is intentionally ignored during dead code analysis
[INFO] [stdout] 
[INFO] [stdout] 
[INFO] [stdout] warning: function `header_peak` is never used
[INFO] [stdout]    --> src/encryption.rs:171:8
[INFO] [stdout]     |
[INFO] [stdout] 171 | pub fn header_peak(key: &[u8], input: &[u8]) -> Result<StreamHeader, NetworkError> {
[INFO] [stdout]     |        ^^^^^^^^^^^
[INFO] [stdout] 
[INFO] [stdout] 
[INFO] [stdout] warning: 4 warnings emitted
[INFO] [stdout] 
[INFO] [stdout] 
[INFO] [stderr]     Finished dev [unoptimized + debuginfo] target(s) in 17.17s
[INFO] running `Command { std: "docker" "inspect" "4be3525148cb5ece17f54b55257ba144666b5dfb0b04fdee9f693800b52b97dc", kill_on_drop: false }`
[INFO] running `Command { std: "docker" "rm" "-f" "4be3525148cb5ece17f54b55257ba144666b5dfb0b04fdee9f693800b52b97dc", kill_on_drop: false }`
[INFO] [stdout] 4be3525148cb5ece17f54b55257ba144666b5dfb0b04fdee9f693800b52b97dc
[INFO] running `Command { std: "docker" "create" "-v" "/var/lib/crater-agent-workspace/builds/worker-3-tc1/target:/opt/rustwide/target:rw,Z" "-v" "/var/lib/crater-agent-workspace/builds/worker-3-tc1/source:/opt/rustwide/workdir:ro,Z" "-v" "/var/lib/crater-agent-workspace/cargo-home:/opt/rustwide/cargo-home:ro,Z" "-v" "/var/lib/crater-agent-workspace/rustup-home:/opt/rustwide/rustup-home:ro,Z" "-e" "SOURCE_DIR=/opt/rustwide/workdir" "-e" "CARGO_TARGET_DIR=/opt/rustwide/target" "-e" "CARGO_INCREMENTAL=0" "-e" "RUST_BACKTRACE=full" "-e" "RUSTFLAGS=--cap-lints=warn" "-e" "RUSTDOCFLAGS=--cap-lints=warn" "-e" "CARGO_HOME=/opt/rustwide/cargo-home" "-e" "RUSTUP_HOME=/opt/rustwide/rustup-home" "-w" "/opt/rustwide/workdir" "-m" "1610612736" "--user" "0:0" "--network" "none" "ghcr.io/rust-lang/crates-build-env/linux@sha256:5ff2268d62e97bff2cde7d5815dd6ed5b47097566f13b8d0ca110b04b60e07ed" "/opt/rustwide/cargo-home/bin/cargo" "+1.69.0" "test" "--frozen" "--no-run" "--message-format=json", kill_on_drop: false }`
[INFO] [stdout] 2e007d1f1a7190f437f549b634c562d06d8cdefa2851ac3f57d2f363c043eadb
[INFO] running `Command { std: "docker" "start" "-a" "2e007d1f1a7190f437f549b634c562d06d8cdefa2851ac3f57d2f363c043eadb", kill_on_drop: false }`
[INFO] [stdout] warning: unused variable: `sender_addr`
[INFO] [stdout]    --> src/lib.rs:225:9
[INFO] [stdout]     |
[INFO] [stdout] 225 |     let sender_addr: L4Addr = sender_addr.into();
[INFO] [stdout]     |         ^^^^^^^^^^^ help: if this is intentional, prefix it with an underscore: `_sender_addr`
[INFO] [stdout]     |
[INFO] [stdout]     = note: `#[warn(unused_variables)]` on by default
[INFO] [stdout] 
[INFO] [stdout] 
[INFO] [stdout] warning: fields `streams` and `priv_key` are never read
[INFO] [stdout]    --> src/lib.rs:615:5
[INFO] [stdout]     |
[INFO] [stdout] 614 | pub struct OwnedIncoming {
[INFO] [stdout]     |            ------------- fields in this struct
[INFO] [stdout] 615 |     streams: Streams,
[INFO] [stdout]     |     ^^^^^^^
[INFO] [stdout] 616 |     priv_key: RSAPrivateKey,
[INFO] [stdout]     |     ^^^^^^^^
[INFO] [stdout]     |
[INFO] [stdout]     = note: `OwnedIncoming` has a derived impl for the trait `Debug`, but this is intentionally ignored during dead code analysis
[INFO] [stdout]     = note: `#[warn(dead_code)]` on by default
[INFO] [stdout] 
[INFO] [stdout] 
[INFO] [stdout] warning: field `priv_key` is never read
[INFO] [stdout]    --> src/lib.rs:653:5
[INFO] [stdout]     |
[INFO] [stdout] 652 | pub struct SllpIncoming<'a> {
[INFO] [stdout]     |            ------------ field in this struct
[INFO] [stdout] 653 |     priv_key: &'a RSAPrivateKey,
[INFO] [stdout]     |     ^^^^^^^^
[INFO] [stdout]     |
[INFO] [stdout]     = note: `SllpIncoming` has a derived impl for the trait `Debug`, but this is intentionally ignored during dead code analysis
[INFO] [stdout] 
[INFO] [stdout] 
[INFO] [stdout] warning: function `header_peak` is never used
[INFO] [stdout]    --> src/encryption.rs:171:8
[INFO] [stdout]     |
[INFO] [stdout] 171 | pub fn header_peak(key: &[u8], input: &[u8]) -> Result<StreamHeader, NetworkError> {
[INFO] [stdout]     |        ^^^^^^^^^^^
[INFO] [stdout] 
[INFO] [stdout] 
[INFO] [stdout] warning: 4 warnings emitted
[INFO] [stdout] 
[INFO] [stdout] 
[INFO] [stderr]    Compiling verifyudp v0.2.0 (/opt/rustwide/workdir)
[INFO] [stdout] warning: unused import: `AsyncNetworkHost`
[INFO] [stdout]  --> examples/sllp_client.rs:1:17
[INFO] [stdout]   |
[INFO] [stdout] 1 | use verifyudp::{AsyncNetworkHost, AsyncSend};
[INFO] [stdout]   |                 ^^^^^^^^^^^^^^^^
[INFO] [stdout]   |
[INFO] [stdout]   = note: `#[warn(unused_imports)]` on by default
[INFO] [stdout] 
[INFO] [stdout] 
[INFO] [stdout] error[E0425]: cannot find value `config` in this scope
[INFO] [stdout]  --> examples/sllp_server.rs:9:33
[INFO] [stdout]   |
[INFO] [stdout] 9 |     println!("config addr: {}", config.socket_addr());
[INFO] [stdout]   |                                 ^^^^^^ not found in this scope
[INFO] [stdout] 
[INFO] [stdout] 
[INFO] [stdout] error[E0425]: cannot find value `config` in this scope
[INFO] [stdout]   --> examples/sllp_server.rs:10:52
[INFO] [stdout]    |
[INFO] [stdout] 10 |     let mut socket = SllpSocket::from_host_config(&config).await?;
[INFO] [stdout]    |                                                    ^^^^^^ not found in this scope
[INFO] [stdout] 
[INFO] [stdout] 
[INFO] [stdout] error[E0425]: cannot find value `peer` in this scope
[INFO] [stdout]   --> examples/sllp_server.rs:12:40
[INFO] [stdout]    |
[INFO] [stdout] 12 |         let mut stream = strm?.verify(&peer)?;
[INFO] [stdout]    |                                        ^^^^ not found in this scope
[INFO] [stdout] 
[INFO] [stdout] 
[INFO] [stdout] error[E0425]: cannot find function `test_config` in this scope
[INFO] [stdout]   --> examples/sllp_client.rs:10:34
[INFO] [stdout]    |
[INFO] [stdout] 10 |     let (mut peer, mut config) = test_config();
[INFO] [stdout]    |                                  ^^^^^^^^^^^ not found in this scope
[INFO] [stdout] 
[INFO] [stdout] 
[INFO] [stdout] error: aborting due to previous error; 1 warning emitted
[INFO] [stdout] 
[INFO] [stdout] 
[INFO] [stdout] error: aborting due to 3 previous errors
[INFO] [stdout] 
[INFO] [stdout] 
[INFO] [stdout] For more information about this error, try `rustc --explain E0425`.
[INFO] [stdout] 
[INFO] [stdout] For more information about this error, try `rustc --explain E0425`.
[INFO] [stdout] 
[INFO] [stderr] error: could not compile `verifyudp` due to 2 previous errors; 1 warning emitted
[INFO] [stderr] warning: build failed, waiting for other jobs to finish...
[INFO] [stderr] error: could not compile `verifyudp` due to 4 previous errors
[INFO] [stdout] error[E0425]: cannot find value `global_hash` in this scope
[INFO] [stdout]    --> src/encryption.rs:309:37
[INFO] [stdout]     |
[INFO] [stdout] 309 |             StreamHeader::with_key(&global_hash, &peer_hash, key, second_buf.len());
[INFO] [stdout]     |                                     ^^^^^^^^^^^ not found in this scope
[INFO] [stdout] 
[INFO] [stdout] 
[INFO] [stdout] error[E0425]: cannot find value `peer_hash` in this scope
[INFO] [stdout]    --> src/encryption.rs:309:51
[INFO] [stdout]     |
[INFO] [stdout] 309 |             StreamHeader::with_key(&global_hash, &peer_hash, key, second_buf.len());
[INFO] [stdout]     |                                                   ^^^^^^^^^ not found in this scope
[INFO] [stdout] 
[INFO] [stdout] 
[INFO] [stdout] error[E0425]: cannot find value `global_hash` in this scope
[INFO] [stdout]    --> src/encryption.rs:319:45
[INFO] [stdout]     |
[INFO] [stdout] 319 |         println!("global hash: {}\n\n\n\n", global_hash);
[INFO] [stdout]     |                                             ^^^^^^^^^^^ not found in this scope
[INFO] [stdout] 
[INFO] [stdout] 
[INFO] [stdout] error[E0425]: cannot find function `get_private_key` in the crate root
[INFO] [stdout]    --> src/encryption.rs:345:30
[INFO] [stdout]     |
[INFO] [stdout] 345 |     let private_key = crate::get_private_key();
[INFO] [stdout]     |                              ^^^^^^^^^^^^^^^ not found in the crate root
[INFO] [stdout] 
[INFO] [stdout] 
[INFO] [stdout] error[E0061]: this function takes 2 arguments but 1 argument was supplied
[INFO] [stdout]    --> src/encryption.rs:300:26
[INFO] [stdout]     |
[INFO] [stdout] 300 |         let mut header = StreamHeader::with_key(inbuf.len());
[INFO] [stdout]     |                          ^^^^^^^^^^^^^^^^^^^^^^ ----------- an argument of type `Vec<u8>` is missing
[INFO] [stdout]     |
[INFO] [stdout] note: associated function defined here
[INFO] [stdout]    --> src/protocol.rs:74:12
[INFO] [stdout]     |
[INFO] [stdout] 74  |     pub fn with_key(aes_key: Vec<u8>, packet_len: usize) -> Self {
[INFO] [stdout]     |            ^^^^^^^^ ----------------  -----------------
[INFO] [stdout] help: provide the argument
[INFO] [stdout]     |
[INFO] [stdout] 300 |         let mut header = StreamHeader::with_key(/* Vec<u8> */, inbuf.len());
[INFO] [stdout]     |                                                ~~~~~~~~~~~~~~~~~~~~~~~~~~~~
[INFO] [stdout] 
[INFO] [stdout] 
[INFO] [stdout] error[E0061]: this function takes 2 arguments but 4 arguments were supplied
[INFO] [stdout]    --> src/encryption.rs:309:13
[INFO] [stdout]     |
[INFO] [stdout] 309 |             StreamHeader::with_key(&global_hash, &peer_hash, key, second_buf.len());
[INFO] [stdout]     |             ^^^^^^^^^^^^^^^^^^^^^^                           ---  ---------------- unexpected argument of type `usize`
[INFO] [stdout]     |                                                              |
[INFO] [stdout]     |                                                              unexpected argument of type `Vec<u8>`
[INFO] [stdout]     |
[INFO] [stdout] note: associated function defined here
[INFO] [stdout]    --> src/protocol.rs:74:12
[INFO] [stdout]     |
[INFO] [stdout] 74  |     pub fn with_key(aes_key: Vec<u8>, packet_len: usize) -> Self {
[INFO] [stdout]     |            ^^^^^^^^ ----------------  -----------------
[INFO] [stdout] help: remove the extra arguments
[INFO] [stdout]     |
[INFO] [stdout] 309 -             StreamHeader::with_key(&global_hash, &peer_hash, key, second_buf.len());
[INFO] [stdout] 309 +             StreamHeader::with_key(&global_hash, &peer_hash);
[INFO] [stdout]     |
[INFO] [stdout] 
[INFO] [stdout] 
[INFO] [stdout] error: aborting due to 6 previous errors
[INFO] [stdout] 
[INFO] [stdout] 
[INFO] [stdout] Some errors have detailed explanations: E0061, E0425.
[INFO] [stdout] 
[INFO] [stdout] For more information about an error, try `rustc --explain E0061`.
[INFO] [stdout] 
[INFO] [stderr] error: could not compile `verifyudp` due to 7 previous errors
[INFO] running `Command { std: "docker" "inspect" "2e007d1f1a7190f437f549b634c562d06d8cdefa2851ac3f57d2f363c043eadb", kill_on_drop: false }`
[INFO] running `Command { std: "docker" "rm" "-f" "2e007d1f1a7190f437f549b634c562d06d8cdefa2851ac3f57d2f363c043eadb", kill_on_drop: false }`
[INFO] [stdout] 2e007d1f1a7190f437f549b634c562d06d8cdefa2851ac3f57d2f363c043eadb
