[INFO] cloning repository https://github.com/displayphotogency/rs-project
[INFO] running `Command { std: "git" "-c" "credential.helper=" "-c" "credential.helper=/workspace/cargo-home/bin/git-credential-null" "clone" "--bare" "https://github.com/displayphotogency/rs-project" "/workspace/cache/git-repos/https%3A%2F%2Fgithub.com%2Fdisplayphotogency%2Frs-project", kill_on_drop: false }`
[INFO] [stderr] Cloning into bare repository '/workspace/cache/git-repos/https%3A%2F%2Fgithub.com%2Fdisplayphotogency%2Frs-project'...
[INFO] running `Command { std: "git" "rev-parse" "HEAD", kill_on_drop: false }`
[INFO] [stdout] bab4b4b293ea76935cb9593c10a53d14b0de5821
[INFO] testing displayphotogency/rs-project against beta-2023-04-20 for beta-1.70-1
[INFO] running `Command { std: "git" "clone" "/workspace/cache/git-repos/https%3A%2F%2Fgithub.com%2Fdisplayphotogency%2Frs-project" "/workspace/builds/worker-0-tc2/source", kill_on_drop: false }`
[INFO] [stderr] Cloning into '/workspace/builds/worker-0-tc2/source'...
[INFO] [stderr] done.
[INFO] validating manifest of git repo https://github.com/displayphotogency/rs-project on toolchain beta-2023-04-20
[INFO] running `Command { std: CARGO_HOME="/workspace/cargo-home" RUSTUP_HOME="/workspace/rustup-home" "/workspace/cargo-home/bin/cargo" "+beta-2023-04-20" "metadata" "--manifest-path" "Cargo.toml" "--no-deps", kill_on_drop: false }`
[INFO] started tweaking git repo https://github.com/displayphotogency/rs-project
[INFO] finished tweaking git repo https://github.com/displayphotogency/rs-project
[INFO] tweaked toml for git repo https://github.com/displayphotogency/rs-project written to /workspace/builds/worker-0-tc2/source/Cargo.toml
[INFO] crate git repo https://github.com/displayphotogency/rs-project already has a lockfile, it will not be regenerated
[INFO] running `Command { std: CARGO_HOME="/workspace/cargo-home" RUSTUP_HOME="/workspace/rustup-home" "/workspace/cargo-home/bin/cargo" "+beta-2023-04-20" "fetch" "--manifest-path" "Cargo.toml", kill_on_drop: false }`
[INFO] [stderr]     Updating crates.io index
[INFO] [stderr]  Downloading crates ...
[INFO] [stderr]   Downloaded specs v0.10.0
[INFO] [stderr]   Downloaded lyon_core v0.8.0
[INFO] [stderr]   Downloaded lyon v0.8.6
[INFO] [stderr]   Downloaded lyon_path v0.8.6
[INFO] [stderr]   Downloaded sid v0.5.0
[INFO] [stderr]   Downloaded podio v0.1.5
[INFO] [stderr]   Downloaded gfx_window_sdl v0.7.0
[INFO] [stderr]   Downloaded bzip2 v0.3.2
[INFO] [stderr]   Downloaded lyon_path_builder v0.8.6
[INFO] [stderr]   Downloaded pushdown-automaton-macro v0.1.0
[INFO] [stderr]   Downloaded specs-derive v0.1.0
[INFO] [stderr]   Downloaded lyon_svg v0.8.6
[INFO] [stderr]   Downloaded msdos_time v0.1.5
[INFO] [stderr]   Downloaded lyon_extra v0.8.6
[INFO] [stderr]   Downloaded hibitset v0.3.2
[INFO] [stderr]   Downloaded shred-derive v0.3.0
[INFO] [stderr]   Downloaded lyon_path_iterator v0.8.5
[INFO] [stderr]   Downloaded app_dirs v1.1.1
[INFO] [stderr]   Downloaded cpal v0.4.6
[INFO] [stderr]   Downloaded zip v0.2.6
[INFO] [stderr]   Downloaded euclid v0.15.6
[INFO] [stderr]   Downloaded png v0.9.0
[INFO] [stderr]   Downloaded atom v0.3.4
[INFO] [stderr]   Downloaded serde_json v1.0.6
[INFO] [stderr]   Downloaded image v0.15.0
[INFO] [stderr]   Downloaded svgparser v0.4.3
[INFO] [stderr]   Downloaded nalgebra v0.13.1
[INFO] [stderr]   Downloaded pulse v0.5.3
[INFO] [stderr]   Downloaded coreaudio-rs v0.7.0
[INFO] [stderr]   Downloaded crossbeam v0.3.0
[INFO] [stderr]   Downloaded arrayvec v0.3.24
[INFO] [stderr]   Downloaded shred v0.5.0
[INFO] [stderr]   Downloaded lyon_bezier v0.8.5
[INFO] [stderr]   Downloaded lyon_tessellation v0.8.6
[INFO] running `Command { std: "docker" "create" "-v" "/var/lib/crater-agent-workspace/builds/worker-0-tc2/target:/opt/rustwide/target:rw,Z" "-v" "/var/lib/crater-agent-workspace/builds/worker-0-tc2/source:/opt/rustwide/workdir:ro,Z" "-v" "/var/lib/crater-agent-workspace/cargo-home:/opt/rustwide/cargo-home:ro,Z" "-v" "/var/lib/crater-agent-workspace/rustup-home:/opt/rustwide/rustup-home:ro,Z" "-e" "SOURCE_DIR=/opt/rustwide/workdir" "-e" "CARGO_TARGET_DIR=/opt/rustwide/target" "-e" "CARGO_HOME=/opt/rustwide/cargo-home" "-e" "RUSTUP_HOME=/opt/rustwide/rustup-home" "-w" "/opt/rustwide/workdir" "-m" "1610612736" "--user" "0:0" "--network" "none" "ghcr.io/rust-lang/crates-build-env/linux@sha256:5ff2268d62e97bff2cde7d5815dd6ed5b47097566f13b8d0ca110b04b60e07ed" "/opt/rustwide/cargo-home/bin/cargo" "+beta-2023-04-20" "metadata" "--no-deps" "--format-version=1", kill_on_drop: false }`
[INFO] [stdout] dfb0acd47aaaa97bc8619182c1da42400b035f09729d7823b001ec7deed8d6cd
[INFO] running `Command { std: "docker" "start" "-a" "dfb0acd47aaaa97bc8619182c1da42400b035f09729d7823b001ec7deed8d6cd", kill_on_drop: false }`
[INFO] running `Command { std: "docker" "inspect" "dfb0acd47aaaa97bc8619182c1da42400b035f09729d7823b001ec7deed8d6cd", kill_on_drop: false }`
[INFO] running `Command { std: "docker" "rm" "-f" "dfb0acd47aaaa97bc8619182c1da42400b035f09729d7823b001ec7deed8d6cd", kill_on_drop: false }`
[INFO] [stdout] dfb0acd47aaaa97bc8619182c1da42400b035f09729d7823b001ec7deed8d6cd
[INFO] running `Command { std: "docker" "create" "-v" "/var/lib/crater-agent-workspace/builds/worker-0-tc2/target:/opt/rustwide/target:rw,Z" "-v" "/var/lib/crater-agent-workspace/builds/worker-0-tc2/source:/opt/rustwide/workdir:ro,Z" "-v" "/var/lib/crater-agent-workspace/cargo-home:/opt/rustwide/cargo-home:ro,Z" "-v" "/var/lib/crater-agent-workspace/rustup-home:/opt/rustwide/rustup-home:ro,Z" "-e" "SOURCE_DIR=/opt/rustwide/workdir" "-e" "CARGO_TARGET_DIR=/opt/rustwide/target" "-e" "CARGO_INCREMENTAL=0" "-e" "RUST_BACKTRACE=full" "-e" "RUSTFLAGS=--cap-lints=warn" "-e" "RUSTDOCFLAGS=--cap-lints=warn" "-e" "CARGO_HOME=/opt/rustwide/cargo-home" "-e" "RUSTUP_HOME=/opt/rustwide/rustup-home" "-w" "/opt/rustwide/workdir" "-m" "1610612736" "--user" "0:0" "--network" "none" "ghcr.io/rust-lang/crates-build-env/linux@sha256:5ff2268d62e97bff2cde7d5815dd6ed5b47097566f13b8d0ca110b04b60e07ed" "/opt/rustwide/cargo-home/bin/cargo" "+beta-2023-04-20" "build" "--frozen" "--message-format=json", kill_on_drop: false }`
[INFO] [stdout] 007170120bc81cd8901c817c204b79df86a4b37bde305a312969439b720c0279
[INFO] running `Command { std: "docker" "start" "-a" "007170120bc81cd8901c817c204b79df86a4b37bde305a312969439b720c0279", kill_on_drop: false }`
[INFO] [stderr]    Compiling libc v0.2.33
[INFO] [stderr]    Compiling num-traits v0.1.40
[INFO] [stderr]    Compiling log v0.3.8
[INFO] [stderr]    Compiling either v1.4.0
[INFO] [stderr]    Compiling nodrop v0.1.12
[INFO] [stderr]    Compiling unicode-xid v0.0.4
[INFO] [stderr]    Compiling quote v0.3.15
[INFO] [stderr]    Compiling heapsize v0.4.1
[INFO] [stderr]    Compiling lazy_static v0.2.11
[INFO] [stderr]    Compiling serde v1.0.21
[INFO] [stderr]    Compiling odds v0.2.26
[INFO] [stderr]    Compiling bitflags v0.9.1
[INFO] [stderr]    Compiling rayon-core v1.3.0
[INFO] [stderr]    Compiling scopeguard v0.3.3
[INFO] [stderr]    Compiling cc v1.0.3
[INFO] [stderr]    Compiling byteorder v1.1.0
[INFO] [stderr]    Compiling siphasher v0.2.2
[INFO] [stderr]    Compiling khronos_api v1.0.1
[INFO] [stderr]    Compiling synom v0.11.3
[INFO] [stderr]    Compiling xml-rs v0.6.1
[INFO] [stderr]    Compiling coco v0.1.1
[INFO] [stderr]    Compiling itertools v0.5.10
[INFO] [stderr]    Compiling syn v0.11.11
[INFO] [stderr]    Compiling syn v0.10.8
[INFO] [stderr]    Compiling phf_shared v0.7.21
[INFO] [stderr]    Compiling pkg-config v0.3.9
[INFO] [stderr]    Compiling arrayvec v0.3.24
[INFO] [stderr]    Compiling bitflags v0.8.2
[INFO] [stderr]    Compiling typenum v1.9.0
[INFO] [stderr]    Compiling rand v0.3.18
[INFO] [stderr]    Compiling num_cpus v1.7.0
[INFO] [stderr]    Compiling time v0.1.38
[INFO] [stderr]    Compiling num-integer v0.1.35
[INFO] [stderr]    Compiling draw_state v0.7.1
[INFO] [stderr]    Compiling phf v0.7.21
[INFO] [stderr]    Compiling approx v0.1.1
[INFO] [stderr]    Compiling sdl2-sys v0.30.0
[INFO] [stderr]    Compiling num-iter v0.1.34
[INFO] [stderr]    Compiling rustc-serialize v0.3.24
[INFO] [stderr]    Compiling svgparser v0.4.3
[INFO] [stderr]    Compiling gl_generator v0.5.5
[INFO] [stderr]    Compiling alsa-sys v0.1.1
[INFO] [stderr]    Compiling matrixmultiply v0.1.14
[INFO] [stderr]    Compiling atom v0.3.4
[INFO] [stderr]    Compiling adler32 v1.0.2
[INFO] [stderr]    Compiling bzip2-sys v0.1.6
[INFO] [stderr]    Compiling miniz-sys v0.1.10
[INFO] [stderr]    Compiling num v0.1.40
[INFO] [stderr]    Compiling deflate v0.7.17
[INFO] [stderr]    Compiling sid v0.5.0
[INFO] [stderr]    Compiling ogg v0.4.1
[INFO] [stderr]    Compiling byteorder v0.4.2
[INFO] [stderr]    Compiling inflate v0.2.0
[INFO] [stderr]    Compiling lzw v0.10.0
[INFO] [stderr]    Compiling futures v0.1.17
[INFO] [stderr]    Compiling rayon v0.8.2
[INFO] [stderr]    Compiling rawpointer v0.1.0
[INFO] [stderr]    Compiling bitflags v0.7.0
[INFO] [stderr]    Compiling gfx_gl v0.3.1
[INFO] [stderr]    Compiling color_quant v1.0.0
[INFO] [stderr]    Compiling sdl2 v0.30.0
[INFO] [stderr]    Compiling generic-array v0.8.3
[INFO] [stderr]    Compiling shred-derive v0.3.0
[INFO] [stderr]    Compiling flate2 v0.2.20
[INFO] [stderr]    Compiling gif v0.9.2
[INFO] [stderr]    Compiling bzip2 v0.3.2
[INFO] [stderr]    Compiling lewton v0.5.2
[INFO] [stderr]    Compiling stb_truetype v0.2.1
[INFO] [stderr]    Compiling serde_derive_internals v0.17.0
[INFO] [stderr]    Compiling cgmath v0.14.1
[INFO] [stderr]    Compiling pulse v0.5.3
[INFO] [stderr]    Compiling msdos_time v0.1.5
[INFO] [stderr]    Compiling png v0.9.0
[INFO] [stderr]    Compiling num-rational v0.1.40
[INFO] [stderr]    Compiling enum_primitive v0.1.1
[INFO] [stderr]    Compiling jpeg-decoder v0.1.13
[INFO] [stderr]    Compiling euclid v0.15.6
[INFO] [stderr]    Compiling num-complex v0.1.40
[INFO] [stderr]    Compiling cpal v0.4.6
[INFO] [stderr]    Compiling arrayvec v0.4.6
[INFO] [stderr]    Compiling podio v0.1.5
[INFO] [stderr]    Compiling linked-hash-map v0.5.0
[INFO] [stderr]    Compiling lyon_core v0.8.0
[INFO] [stderr]    Compiling lyon_bezier v0.8.5
[INFO] [stderr]    Compiling alga v0.5.2
[INFO] [stderr]    Compiling scoped_threadpool v0.1.8
[INFO] [stderr]    Compiling claxon v0.3.1
[INFO] [stderr]    Compiling lazy_static v0.1.16
[INFO] [stderr]    Compiling smallvec v0.4.4
[INFO] [stderr]    Compiling hound v1.1.0
[INFO] [stderr]    Compiling mopa v0.2.2
[INFO] [stderr]    Compiling xdg v2.1.0
[INFO] [stderr]    Compiling lyon_path_builder v0.8.6
[INFO] [stderr]    Compiling lyon_path_iterator v0.8.5
[INFO] [stderr]    Compiling fnv v1.0.6
[INFO] [stderr]    Compiling nalgebra v0.13.1
[INFO] [stderr]    Compiling image v0.15.0
[INFO] [stderr]    Compiling rusttype v0.2.3
[INFO] [stderr]    Compiling lyon_path v0.8.6
[INFO] [stderr]    Compiling derivative v1.0.0
[INFO] [stderr]    Compiling lyon_svg v0.8.6
[INFO] [stderr]    Compiling app_dirs v1.1.1
[INFO] [stderr]    Compiling shred v0.5.0
[INFO] [stderr]    Compiling zip v0.2.6
[INFO] [stderr]    Compiling serde_derive v1.0.21
[INFO] [stderr]    Compiling lyon_extra v0.8.6
[INFO] [stderr]    Compiling lyon_tessellation v0.8.6
[INFO] [stderr]    Compiling toml v0.4.5
[INFO] [stdout] error[E0311]: the parameter type `K` may not live long enough
[INFO] [stdout]   --> /opt/rustwide/cargo-home/registry/src/index.crates.io-6f17d22bba15001f/rusttype-0.2.3/src/support/bst/map.rs:81:19
[INFO] [stdout]    |
[INFO] [stdout] 81 |             match node.force() {
[INFO] [stdout]    |                   ^^^^
[INFO] [stdout]    |
[INFO] [stdout] note: the parameter type `K` must be valid for the anonymous lifetime defined here...
[INFO] [stdout]   --> /opt/rustwide/cargo-home/registry/src/index.crates.io-6f17d22bba15001f/rusttype-0.2.3/src/support/bst/map.rs:78:37
[INFO] [stdout]    |
[INFO] [stdout] 78 |                 node: node::NodeRef<marker::Immut, K, V, marker::LeafOrInternal>)
[INFO] [stdout]    |                                     ^^^^^^^^^^^^^
[INFO] [stdout] note: ...so that the type `K` will meet its required lifetime bounds
[INFO] [stdout]   --> /opt/rustwide/cargo-home/registry/src/index.crates.io-6f17d22bba15001f/rusttype-0.2.3/src/support/bst/map.rs:81:19
[INFO] [stdout]    |
[INFO] [stdout] 81 |             match node.force() {
[INFO] [stdout]    |                   ^^^^
[INFO] [stdout] help: consider adding an explicit lifetime bound...
[INFO] [stdout]    |
[INFO] [stdout] 77 ~         fn clone_subtree<'a, K: Clone + 'a, V: Clone>(
[INFO] [stdout] 78 ~                 node: node::NodeRef<marker::Immut<'a>, K, V, marker::LeafOrInternal>)
[INFO] [stdout]    |
[INFO] [stdout] 
[INFO] [stdout] 
[INFO] [stdout] error[E0311]: the parameter type `V` may not live long enough
[INFO] [stdout]   --> /opt/rustwide/cargo-home/registry/src/index.crates.io-6f17d22bba15001f/rusttype-0.2.3/src/support/bst/map.rs:81:19
[INFO] [stdout]    |
[INFO] [stdout] 81 |             match node.force() {
[INFO] [stdout]    |                   ^^^^
[INFO] [stdout]    |
[INFO] [stdout] note: the parameter type `V` must be valid for the anonymous lifetime defined here...
[INFO] [stdout]   --> /opt/rustwide/cargo-home/registry/src/index.crates.io-6f17d22bba15001f/rusttype-0.2.3/src/support/bst/map.rs:78:37
[INFO] [stdout]    |
[INFO] [stdout] 78 |                 node: node::NodeRef<marker::Immut, K, V, marker::LeafOrInternal>)
[INFO] [stdout]    |                                     ^^^^^^^^^^^^^
[INFO] [stdout] note: ...so that the type `V` will meet its required lifetime bounds
[INFO] [stdout]   --> /opt/rustwide/cargo-home/registry/src/index.crates.io-6f17d22bba15001f/rusttype-0.2.3/src/support/bst/map.rs:81:19
[INFO] [stdout]    |
[INFO] [stdout] 81 |             match node.force() {
[INFO] [stdout]    |                   ^^^^
[INFO] [stdout] help: consider adding an explicit lifetime bound...
[INFO] [stdout]    |
[INFO] [stdout] 77 ~         fn clone_subtree<'a, K: Clone, V: Clone + 'a>(
[INFO] [stdout] 78 ~                 node: node::NodeRef<marker::Immut<'a>, K, V, marker::LeafOrInternal>)
[INFO] [stdout]    |
[INFO] [stdout] 
[INFO] [stdout] 
[INFO] [stderr]    Compiling rodio v0.5.2
[INFO] [stderr]    Compiling hibitset v0.3.2
[INFO] [stderr]    Compiling smart-default v0.2.0
[INFO] [stdout] error: aborting due to 2 previous errors
[INFO] [stdout] 
[INFO] [stdout] 
[INFO] [stdout] For more information about this error, try `rustc --explain E0311`.
[INFO] [stdout] 
[INFO] [stderr] error: could not compile `rusttype` (lib) due to 3 previous errors
[INFO] [stderr] warning: build failed, waiting for other jobs to finish...
[INFO] [stdout] error[E0119]: conflicting implementations of trait `Mul<&_>` for type `translation::Translation<_, _>`
[INFO] [stdout]    --> /opt/rustwide/cargo-home/registry/src/index.crates.io-6f17d22bba15001f/nalgebra-0.13.1/src/geometry/isometry_ops.rs:67:9
[INFO] [stdout]     |
[INFO] [stdout] 67  | /         impl<$($lives ,)* N: Real, D: DimName, R> $Op<$Rhs> for $Lhs
[INFO] [stdout] 68  | |             where R: AlgaRotation<Point<N, D>>,
[INFO] [stdout] 69  | |                   DefaultAllocator: Allocator<N, D> {
[INFO] [stdout] 70  | |             type Output = $Output;
[INFO] [stdout] ...   |
[INFO] [stdout] 75  | |             }
[INFO] [stdout] 76  | |         }
[INFO] [stdout]     | |         ^
[INFO] [stdout]     | |         |
[INFO] [stdout]     | |_________first implementation here
[INFO] [stdout]     |           conflicting implementation for `translation::Translation<_, _>`
[INFO] [stdout] ...
[INFO] [stdout] 281 | / isometry_binop_impl_all!(
[INFO] [stdout] 282 | |     Mul, mul;
[INFO] [stdout] 283 | |     self: Translation<N, D>, right: R, Output = Isometry<N, D, R>;
[INFO] [stdout] 284 | |     [val val] => Isometry::from_parts(self, right);
[INFO] [stdout] ...   |
[INFO] [stdout] 287 | |     [ref ref] => Isometry::from_parts(self.clone(), right.clone());
[INFO] [stdout] 288 | | );
[INFO] [stdout]     | |_- in this macro invocation
[INFO] [stdout]     |
[INFO] [stdout]     = note: downstream crates may implement trait `alga::linear::Rotation<geometry::point::Point<_, _>>` for type `&_`
[INFO] [stdout]     = note: this error originates in the macro `isometry_binop_impl` which comes from the expansion of the macro `isometry_binop_impl_all` (in Nightly builds, run with -Z macro-backtrace for more info)
[INFO] [stdout] 
[INFO] [stdout] 
[INFO] [stdout] error[E0119]: conflicting implementations of trait `Mul<&_>` for type `&translation::Translation<_, _>`
[INFO] [stdout]    --> /opt/rustwide/cargo-home/registry/src/index.crates.io-6f17d22bba15001f/nalgebra-0.13.1/src/geometry/isometry_ops.rs:67:9
[INFO] [stdout]     |
[INFO] [stdout] 67  | /         impl<$($lives ,)* N: Real, D: DimName, R> $Op<$Rhs> for $Lhs
[INFO] [stdout] 68  | |             where R: AlgaRotation<Point<N, D>>,
[INFO] [stdout] 69  | |                   DefaultAllocator: Allocator<N, D> {
[INFO] [stdout] 70  | |             type Output = $Output;
[INFO] [stdout] ...   |
[INFO] [stdout] 75  | |             }
[INFO] [stdout] 76  | |         }
[INFO] [stdout]     | |         ^
[INFO] [stdout]     | |         |
[INFO] [stdout]     | |_________first implementation here
[INFO] [stdout]     |           conflicting implementation for `&translation::Translation<_, _>`
[INFO] [stdout] ...
[INFO] [stdout] 281 | / isometry_binop_impl_all!(
[INFO] [stdout] 282 | |     Mul, mul;
[INFO] [stdout] 283 | |     self: Translation<N, D>, right: R, Output = Isometry<N, D, R>;
[INFO] [stdout] 284 | |     [val val] => Isometry::from_parts(self, right);
[INFO] [stdout] ...   |
[INFO] [stdout] 287 | |     [ref ref] => Isometry::from_parts(self.clone(), right.clone());
[INFO] [stdout] 288 | | );
[INFO] [stdout]     | |_- in this macro invocation
[INFO] [stdout]     |
[INFO] [stdout]     = note: downstream crates may implement trait `alga::linear::Rotation<geometry::point::Point<_, _>>` for type `&_`
[INFO] [stdout]     = note: this error originates in the macro `isometry_binop_impl` which comes from the expansion of the macro `isometry_binop_impl_all` (in Nightly builds, run with -Z macro-backtrace for more info)
[INFO] [stdout] 
[INFO] [stdout] 
[INFO] [stdout] error: aborting due to 2 previous errors
[INFO] [stdout] 
[INFO] [stdout] 
[INFO] [stdout] For more information about this error, try `rustc --explain E0119`.
[INFO] [stdout] 
[INFO] [stderr] error: could not compile `nalgebra` (lib) due to 3 previous errors
[INFO] running `Command { std: "docker" "inspect" "007170120bc81cd8901c817c204b79df86a4b37bde305a312969439b720c0279", kill_on_drop: false }`
[INFO] running `Command { std: "docker" "rm" "-f" "007170120bc81cd8901c817c204b79df86a4b37bde305a312969439b720c0279", kill_on_drop: false }`
[INFO] [stdout] 007170120bc81cd8901c817c204b79df86a4b37bde305a312969439b720c0279
