[INFO] cloning repository https://github.com/diorahman/tempel-rs
[INFO] running `Command { std: "git" "-c" "credential.helper=" "-c" "credential.helper=/workspace/cargo-home/bin/git-credential-null" "clone" "--bare" "https://github.com/diorahman/tempel-rs" "/workspace/cache/git-repos/https%3A%2F%2Fgithub.com%2Fdiorahman%2Ftempel-rs", kill_on_drop: false }`
[INFO] [stderr] Cloning into bare repository '/workspace/cache/git-repos/https%3A%2F%2Fgithub.com%2Fdiorahman%2Ftempel-rs'...
[INFO] running `Command { std: "git" "rev-parse" "HEAD", kill_on_drop: false }`
[INFO] [stdout] 0dae32e72a59a9f78b39464727db9784b9b3c468
[INFO] testing diorahman/tempel-rs against 1.69.0 for beta-1.70-1
[INFO] running `Command { std: "git" "clone" "/workspace/cache/git-repos/https%3A%2F%2Fgithub.com%2Fdiorahman%2Ftempel-rs" "/workspace/builds/worker-7-tc1/source", kill_on_drop: false }`
[INFO] [stderr] Cloning into '/workspace/builds/worker-7-tc1/source'...
[INFO] [stderr] done.
[INFO] validating manifest of git repo https://github.com/diorahman/tempel-rs on toolchain 1.69.0
[INFO] running `Command { std: CARGO_HOME="/workspace/cargo-home" RUSTUP_HOME="/workspace/rustup-home" "/workspace/cargo-home/bin/cargo" "+1.69.0" "metadata" "--manifest-path" "Cargo.toml" "--no-deps", kill_on_drop: false }`
[INFO] started tweaking git repo https://github.com/diorahman/tempel-rs
[INFO] finished tweaking git repo https://github.com/diorahman/tempel-rs
[INFO] tweaked toml for git repo https://github.com/diorahman/tempel-rs written to /workspace/builds/worker-7-tc1/source/Cargo.toml
[INFO] crate git repo https://github.com/diorahman/tempel-rs already has a lockfile, it will not be regenerated
[INFO] running `Command { std: CARGO_HOME="/workspace/cargo-home" RUSTUP_HOME="/workspace/rustup-home" "/workspace/cargo-home/bin/cargo" "+1.69.0" "fetch" "--manifest-path" "Cargo.toml", kill_on_drop: false }`
[INFO] [stderr]  Downloading crates ...
[INFO] [stderr]   Downloaded log v0.3.2
[INFO] [stderr]   Downloaded openssl v0.6.4
[INFO] [stderr]   Downloaded mime v0.1.0
[INFO] [stderr]   Downloaded bitflags v0.3.2
[INFO] [stderr]   Downloaded lazy_static v0.1.14
[INFO] [stderr]   Downloaded gcc v0.3.13
[INFO] [stderr]   Downloaded url v0.2.37
[INFO] [stderr]   Downloaded language-tags v0.0.7
[INFO] [stderr]   Downloaded pkg-config v0.3.5
[INFO] [stderr]   Downloaded openssl-sys v0.6.4
[INFO] [stderr]   Downloaded rand v0.3.10
[INFO] [stderr]   Downloaded unicase v1.0.0
[INFO] [stderr]   Downloaded winapi v0.2.2
[INFO] [stderr]   Downloaded solicit v0.4.2
[INFO] [stderr]   Downloaded hyper v0.6.11
[INFO] running `Command { std: "docker" "create" "-v" "/var/lib/crater-agent-workspace/builds/worker-7-tc1/target:/opt/rustwide/target:rw,Z" "-v" "/var/lib/crater-agent-workspace/builds/worker-7-tc1/source:/opt/rustwide/workdir:ro,Z" "-v" "/var/lib/crater-agent-workspace/cargo-home:/opt/rustwide/cargo-home:ro,Z" "-v" "/var/lib/crater-agent-workspace/rustup-home:/opt/rustwide/rustup-home:ro,Z" "-e" "SOURCE_DIR=/opt/rustwide/workdir" "-e" "CARGO_TARGET_DIR=/opt/rustwide/target" "-e" "CARGO_HOME=/opt/rustwide/cargo-home" "-e" "RUSTUP_HOME=/opt/rustwide/rustup-home" "-w" "/opt/rustwide/workdir" "-m" "1610612736" "--user" "0:0" "--network" "none" "ghcr.io/rust-lang/crates-build-env/linux@sha256:5ff2268d62e97bff2cde7d5815dd6ed5b47097566f13b8d0ca110b04b60e07ed" "/opt/rustwide/cargo-home/bin/cargo" "+1.69.0" "metadata" "--no-deps" "--format-version=1", kill_on_drop: false }`
[INFO] [stdout] bb60b380324f80e17a972bd5d13d0ac116e8ab08c142295531e7521f3be31c29
[INFO] running `Command { std: "docker" "start" "-a" "bb60b380324f80e17a972bd5d13d0ac116e8ab08c142295531e7521f3be31c29", kill_on_drop: false }`
[INFO] running `Command { std: "docker" "inspect" "bb60b380324f80e17a972bd5d13d0ac116e8ab08c142295531e7521f3be31c29", kill_on_drop: false }`
[INFO] running `Command { std: "docker" "rm" "-f" "bb60b380324f80e17a972bd5d13d0ac116e8ab08c142295531e7521f3be31c29", kill_on_drop: false }`
[INFO] [stdout] bb60b380324f80e17a972bd5d13d0ac116e8ab08c142295531e7521f3be31c29
[INFO] running `Command { std: "docker" "create" "-v" "/var/lib/crater-agent-workspace/builds/worker-7-tc1/target:/opt/rustwide/target:rw,Z" "-v" "/var/lib/crater-agent-workspace/builds/worker-7-tc1/source:/opt/rustwide/workdir:ro,Z" "-v" "/var/lib/crater-agent-workspace/cargo-home:/opt/rustwide/cargo-home:ro,Z" "-v" "/var/lib/crater-agent-workspace/rustup-home:/opt/rustwide/rustup-home:ro,Z" "-e" "SOURCE_DIR=/opt/rustwide/workdir" "-e" "CARGO_TARGET_DIR=/opt/rustwide/target" "-e" "CARGO_INCREMENTAL=0" "-e" "RUST_BACKTRACE=full" "-e" "RUSTFLAGS=--cap-lints=warn" "-e" "RUSTDOCFLAGS=--cap-lints=warn" "-e" "CARGO_HOME=/opt/rustwide/cargo-home" "-e" "RUSTUP_HOME=/opt/rustwide/rustup-home" "-w" "/opt/rustwide/workdir" "-m" "1610612736" "--user" "0:0" "--network" "none" "ghcr.io/rust-lang/crates-build-env/linux@sha256:5ff2268d62e97bff2cde7d5815dd6ed5b47097566f13b8d0ca110b04b60e07ed" "/opt/rustwide/cargo-home/bin/cargo" "+1.69.0" "build" "--frozen" "--message-format=json", kill_on_drop: false }`
[INFO] [stdout] f3b355b352186ff73e68d8807c4895b87f88c1e6c0671016a58415c097052fb1
[INFO] running `Command { std: "docker" "start" "-a" "f3b355b352186ff73e68d8807c4895b87f88c1e6c0671016a58415c097052fb1", kill_on_drop: false }`
[INFO] [stderr]    Compiling libc v0.1.10
[INFO] [stderr]    Compiling gcc v0.3.13
[INFO] [stderr]    Compiling pkg-config v0.3.5
[INFO] [stderr]    Compiling winapi-build v0.1.1
[INFO] [stderr]    Compiling winapi v0.2.2
[INFO] [stderr]    Compiling lazy_static v0.1.14
[INFO] [stderr]    Compiling matches v0.1.2
[INFO] [stderr]    Compiling bitflags v0.3.2
[INFO] [stderr]    Compiling rustc-serialize v0.3.16
[INFO] [stderr]    Compiling language-tags v0.0.7
[INFO] [stderr]    Compiling typeable v0.1.2
[INFO] [stderr]    Compiling traitobject v0.0.1
[INFO] [stderr]    Compiling httparse v0.1.6
[INFO] [stderr]    Compiling unicase v1.0.0
[INFO] [stderr]    Compiling kernel32-sys v0.1.4
[INFO] [stderr]    Compiling log v0.3.2
[INFO] [stderr]    Compiling num_cpus v0.2.6
[INFO] [stdout] error[E0642]: patterns aren't allowed in functions without bodies
[INFO] [stdout]    --> /opt/rustwide/cargo-home/registry/src/github.com-1ecc6299db9ec823/rustc-serialize-0.3.16/src/serialize.rs:145:45
[INFO] [stdout]     |
[INFO] [stdout] 145 | ...                   &f_name: &str,
[INFO] [stdout]     |                       ^^^^^^^ pattern not allowed in function without body
[INFO] [stdout] 
[INFO] [stdout] 
[INFO] [stderr]    Compiling openssl-sys v0.6.4
[INFO] [stderr]    Compiling hpack v0.2.0
[INFO] [stderr]    Compiling mime v0.1.0
[INFO] [stderr]    Compiling solicit v0.4.2
[INFO] [stderr]    Compiling time v0.1.32
[INFO] [stdout] error[E0034]: multiple applicable items in scope
[INFO] [stdout]    --> /opt/rustwide/cargo-home/registry/src/github.com-1ecc6299db9ec823/solicit-0.4.2/src/http/connection.rs:167:25
[INFO] [stdout]     |
[INFO] [stdout] 167 |             try!(stream.read_exact(&mut buf));
[INFO] [stdout]     |                         ^^^^^^^^^^ multiple `read_exact` found
[INFO] [stdout]     |
[INFO] [stdout] note: candidate #1 is defined in the trait `TransportStream`
[INFO] [stdout]    --> /opt/rustwide/cargo-home/registry/src/github.com-1ecc6299db9ec823/solicit-0.4.2/src/http/transport.rs:41:5
[INFO] [stdout]     |
[INFO] [stdout] 41  |     fn read_exact(&mut self, buf: &mut [u8]) -> io::Result<()> {
[INFO] [stdout]     |     ^^^^^^^^^^^^^^^^^^^^^^^^^^^^^^^^^^^^^^^^^^^^^^^^^^^^^^^^^^
[INFO] [stdout] note: candidate #2 is defined in the trait `std::io::Read`
[INFO] [stdout]    --> /rustc/84c898d65adf2f39a5a98507f1fe0ce10a2b8dbc/library/std/src/io/mod.rs:809:5
[INFO] [stdout] help: disambiguate the method for candidate #1
[INFO] [stdout]     |
[INFO] [stdout] 167 |             try!(TransportStream::read_exact(&mut stream, &mut buf));
[INFO] [stdout]     |                  ~~~~~~~~~~~~~~~~~~~~~~~~~~~~~~~~~~~~~~~~~~~~~~~~~~
[INFO] [stdout] help: disambiguate the method for candidate #2
[INFO] [stdout]     |
[INFO] [stdout] 167 |             try!(std::io::Read::read_exact(&mut stream, &mut buf));
[INFO] [stdout]     |                  ~~~~~~~~~~~~~~~~~~~~~~~~~~~~~~~~~~~~~~~~~~~~~~~~
[INFO] [stdout] 
[INFO] [stdout] 
[INFO] [stdout] error[E0034]: multiple applicable items in scope
[INFO] [stdout]    --> /opt/rustwide/cargo-home/registry/src/github.com-1ecc6299db9ec823/solicit-0.4.2/src/http/connection.rs:180:25
[INFO] [stdout]     |
[INFO] [stdout] 180 |             try!(stream.read_exact(&mut buf));
[INFO] [stdout]     |                         ^^^^^^^^^^ multiple `read_exact` found
[INFO] [stdout]     |
[INFO] [stdout] note: candidate #1 is defined in the trait `TransportStream`
[INFO] [stdout]    --> /opt/rustwide/cargo-home/registry/src/github.com-1ecc6299db9ec823/solicit-0.4.2/src/http/transport.rs:41:5
[INFO] [stdout]     |
[INFO] [stdout] 41  |     fn read_exact(&mut self, buf: &mut [u8]) -> io::Result<()> {
[INFO] [stdout]     |     ^^^^^^^^^^^^^^^^^^^^^^^^^^^^^^^^^^^^^^^^^^^^^^^^^^^^^^^^^^
[INFO] [stdout] note: candidate #2 is defined in the trait `std::io::Read`
[INFO] [stdout]    --> /rustc/84c898d65adf2f39a5a98507f1fe0ce10a2b8dbc/library/std/src/io/mod.rs:809:5
[INFO] [stdout] help: disambiguate the method for candidate #1
[INFO] [stdout]     |
[INFO] [stdout] 180 |             try!(TransportStream::read_exact(&mut stream, &mut buf));
[INFO] [stdout]     |                  ~~~~~~~~~~~~~~~~~~~~~~~~~~~~~~~~~~~~~~~~~~~~~~~~~~
[INFO] [stdout] help: disambiguate the method for candidate #2
[INFO] [stdout]     |
[INFO] [stdout] 180 |             try!(std::io::Read::read_exact(&mut stream, &mut buf));
[INFO] [stdout]     |                  ~~~~~~~~~~~~~~~~~~~~~~~~~~~~~~~~~~~~~~~~~~~~~~~~
[INFO] [stdout] 
[INFO] [stdout] 
[INFO] [stdout] error[E0034]: multiple applicable items in scope
[INFO] [stdout]   --> /opt/rustwide/cargo-home/registry/src/github.com-1ecc6299db9ec823/solicit-0.4.2/src/server/mod.rs:84:16
[INFO] [stdout]    |
[INFO] [stdout] 84 |         stream.read_exact(&mut preface).unwrap();
[INFO] [stdout]    |                ^^^^^^^^^^ multiple `read_exact` found
[INFO] [stdout]    |
[INFO] [stdout] note: candidate #1 is defined in the trait `TransportStream`
[INFO] [stdout]   --> /opt/rustwide/cargo-home/registry/src/github.com-1ecc6299db9ec823/solicit-0.4.2/src/http/transport.rs:41:5
[INFO] [stdout]    |
[INFO] [stdout] 41 |     fn read_exact(&mut self, buf: &mut [u8]) -> io::Result<()> {
[INFO] [stdout]    |     ^^^^^^^^^^^^^^^^^^^^^^^^^^^^^^^^^^^^^^^^^^^^^^^^^^^^^^^^^^
[INFO] [stdout] note: candidate #2 is defined in the trait `std::io::Read`
[INFO] [stdout]   --> /rustc/84c898d65adf2f39a5a98507f1fe0ce10a2b8dbc/library/std/src/io/mod.rs:809:5
[INFO] [stdout] help: disambiguate the method for candidate #1
[INFO] [stdout]    |
[INFO] [stdout] 84 |         TransportStream::read_exact(stream, &mut preface).unwrap();
[INFO] [stdout]    |         ~~~~~~~~~~~~~~~~~~~~~~~~~~~~~~~~~~~~~~~~~~~~~~~~~
[INFO] [stdout] help: disambiguate the method for candidate #2
[INFO] [stdout]    |
[INFO] [stdout] 84 |         std::io::Read::read_exact(stream, &mut preface).unwrap();
[INFO] [stdout]    |         ~~~~~~~~~~~~~~~~~~~~~~~~~~~~~~~~~~~~~~~~~~~~~~~
[INFO] [stdout] 
[INFO] [stdout] 
[INFO] [stdout] error: aborting due to 3 previous errors
[INFO] [stdout] 
[INFO] [stdout] 
[INFO] [stdout] For more information about this error, try `rustc --explain E0034`.
[INFO] [stdout] 
[INFO] [stderr] error: could not compile `solicit` due to 4 previous errors
[INFO] [stderr] warning: build failed, waiting for other jobs to finish...
[INFO] [stdout] error: aborting due to previous error
[INFO] [stdout] 
[INFO] [stdout] 
[INFO] [stdout] For more information about this error, try `rustc --explain E0642`.
[INFO] [stdout] 
[INFO] [stderr] error: could not compile `rustc-serialize` due to 2 previous errors; 1 warning emitted
[INFO] running `Command { std: "docker" "inspect" "f3b355b352186ff73e68d8807c4895b87f88c1e6c0671016a58415c097052fb1", kill_on_drop: false }`
[INFO] running `Command { std: "docker" "rm" "-f" "f3b355b352186ff73e68d8807c4895b87f88c1e6c0671016a58415c097052fb1", kill_on_drop: false }`
[INFO] [stdout] f3b355b352186ff73e68d8807c4895b87f88c1e6c0671016a58415c097052fb1
