[INFO] cloning repository https://github.com/dhylands/usb-ser-mon-rs
[INFO] running `Command { std: "git" "-c" "credential.helper=" "-c" "credential.helper=/workspace/cargo-home/bin/git-credential-null" "clone" "--bare" "https://github.com/dhylands/usb-ser-mon-rs" "/workspace/cache/git-repos/https%3A%2F%2Fgithub.com%2Fdhylands%2Fusb-ser-mon-rs", kill_on_drop: false }`
[INFO] [stderr] Cloning into bare repository '/workspace/cache/git-repos/https%3A%2F%2Fgithub.com%2Fdhylands%2Fusb-ser-mon-rs'...
[INFO] running `Command { std: "git" "rev-parse" "HEAD", kill_on_drop: false }`
[INFO] [stdout] 7797564858662864cd68476c07a2839fb114e28f
[INFO] testing dhylands/usb-ser-mon-rs against beta-2023-04-20 for beta-1.70-1
[INFO] running `Command { std: "git" "clone" "/workspace/cache/git-repos/https%3A%2F%2Fgithub.com%2Fdhylands%2Fusb-ser-mon-rs" "/workspace/builds/worker-1-tc2/source", kill_on_drop: false }`
[INFO] [stderr] Cloning into '/workspace/builds/worker-1-tc2/source'...
[INFO] [stderr] done.
[INFO] validating manifest of git repo https://github.com/dhylands/usb-ser-mon-rs on toolchain beta-2023-04-20
[INFO] running `Command { std: CARGO_HOME="/workspace/cargo-home" RUSTUP_HOME="/workspace/rustup-home" "/workspace/cargo-home/bin/cargo" "+beta-2023-04-20" "metadata" "--manifest-path" "Cargo.toml" "--no-deps", kill_on_drop: false }`
[INFO] started tweaking git repo https://github.com/dhylands/usb-ser-mon-rs
[INFO] finished tweaking git repo https://github.com/dhylands/usb-ser-mon-rs
[INFO] tweaked toml for git repo https://github.com/dhylands/usb-ser-mon-rs written to /workspace/builds/worker-1-tc2/source/Cargo.toml
[INFO] crate git repo https://github.com/dhylands/usb-ser-mon-rs already has a lockfile, it will not be regenerated
[INFO] running `Command { std: CARGO_HOME="/workspace/cargo-home" RUSTUP_HOME="/workspace/rustup-home" "/workspace/cargo-home/bin/cargo" "+beta-2023-04-20" "fetch" "--manifest-path" "Cargo.toml", kill_on_drop: false }`
[INFO] [stderr]  Downloading crates ...
[INFO] [stderr]   Downloaded mio-serial v3.3.1
[INFO] running `Command { std: "docker" "create" "-v" "/var/lib/crater-agent-workspace/builds/worker-1-tc2/target:/opt/rustwide/target:rw,Z" "-v" "/var/lib/crater-agent-workspace/builds/worker-1-tc2/source:/opt/rustwide/workdir:ro,Z" "-v" "/var/lib/crater-agent-workspace/cargo-home:/opt/rustwide/cargo-home:ro,Z" "-v" "/var/lib/crater-agent-workspace/rustup-home:/opt/rustwide/rustup-home:ro,Z" "-e" "SOURCE_DIR=/opt/rustwide/workdir" "-e" "CARGO_TARGET_DIR=/opt/rustwide/target" "-e" "CARGO_HOME=/opt/rustwide/cargo-home" "-e" "RUSTUP_HOME=/opt/rustwide/rustup-home" "-w" "/opt/rustwide/workdir" "-m" "1610612736" "--user" "0:0" "--network" "none" "ghcr.io/rust-lang/crates-build-env/linux@sha256:5ff2268d62e97bff2cde7d5815dd6ed5b47097566f13b8d0ca110b04b60e07ed" "/opt/rustwide/cargo-home/bin/cargo" "+beta-2023-04-20" "metadata" "--no-deps" "--format-version=1", kill_on_drop: false }`
[INFO] [stdout] f3383d1820e3395b1310ce9f53ed6578eed59d9b2ef5a135fd3918ef52b70150
[INFO] running `Command { std: "docker" "start" "-a" "f3383d1820e3395b1310ce9f53ed6578eed59d9b2ef5a135fd3918ef52b70150", kill_on_drop: false }`
[INFO] running `Command { std: "docker" "inspect" "f3383d1820e3395b1310ce9f53ed6578eed59d9b2ef5a135fd3918ef52b70150", kill_on_drop: false }`
[INFO] running `Command { std: "docker" "rm" "-f" "f3383d1820e3395b1310ce9f53ed6578eed59d9b2ef5a135fd3918ef52b70150", kill_on_drop: false }`
[INFO] [stdout] f3383d1820e3395b1310ce9f53ed6578eed59d9b2ef5a135fd3918ef52b70150
[INFO] running `Command { std: "docker" "create" "-v" "/var/lib/crater-agent-workspace/builds/worker-1-tc2/target:/opt/rustwide/target:rw,Z" "-v" "/var/lib/crater-agent-workspace/builds/worker-1-tc2/source:/opt/rustwide/workdir:ro,Z" "-v" "/var/lib/crater-agent-workspace/cargo-home:/opt/rustwide/cargo-home:ro,Z" "-v" "/var/lib/crater-agent-workspace/rustup-home:/opt/rustwide/rustup-home:ro,Z" "-e" "SOURCE_DIR=/opt/rustwide/workdir" "-e" "CARGO_TARGET_DIR=/opt/rustwide/target" "-e" "CARGO_INCREMENTAL=0" "-e" "RUST_BACKTRACE=full" "-e" "RUSTFLAGS=--cap-lints=warn" "-e" "RUSTDOCFLAGS=--cap-lints=warn" "-e" "CARGO_HOME=/opt/rustwide/cargo-home" "-e" "RUSTUP_HOME=/opt/rustwide/rustup-home" "-w" "/opt/rustwide/workdir" "-m" "1610612736" "--user" "0:0" "--network" "none" "ghcr.io/rust-lang/crates-build-env/linux@sha256:5ff2268d62e97bff2cde7d5815dd6ed5b47097566f13b8d0ca110b04b60e07ed" "/opt/rustwide/cargo-home/bin/cargo" "+beta-2023-04-20" "build" "--frozen" "--message-format=json", kill_on_drop: false }`
[INFO] [stdout] 3c7527a69ca4a0ee8524bc22643d9121d85211effa1200472bd5011836520fa7
[INFO] running `Command { std: "docker" "start" "-a" "3c7527a69ca4a0ee8524bc22643d9121d85211effa1200472bd5011836520fa7", kill_on_drop: false }`
[INFO] [stderr]    Compiling libc v0.2.81
[INFO] [stderr]    Compiling proc-macro2 v1.0.24
[INFO] [stderr]    Compiling unicode-xid v0.2.1
[INFO] [stderr]    Compiling syn v1.0.58
[INFO] [stderr]    Compiling log v0.4.11
[INFO] [stderr]    Compiling futures-core v0.3.8
[INFO] [stderr]    Compiling version_check v0.9.2
[INFO] [stderr]    Compiling slab v0.4.2
[INFO] [stderr]    Compiling pkg-config v0.3.19
[INFO] [stderr]    Compiling memchr v2.3.4
[INFO] [stderr]    Compiling once_cell v1.5.2
[INFO] [stderr]    Compiling unicode-segmentation v1.7.1
[INFO] [stderr]    Compiling futures-sink v0.3.8
[INFO] [stderr]    Compiling proc-macro-nested v0.1.6
[INFO] [stderr]    Compiling instant v0.1.9
[INFO] [stderr]    Compiling smallvec v1.8.0
[INFO] [stderr]    Compiling nix v0.17.0
[INFO] [stderr]    Compiling lock_api v0.4.2
[INFO] [stderr]    Compiling futures-io v0.3.8
[INFO] [stderr]    Compiling futures-channel v0.3.8
[INFO] [stderr]    Compiling unicode-width v0.1.8
[INFO] [stderr]    Compiling pin-project-lite v0.1.11
[INFO] [stderr]    Compiling futures-task v0.3.8
[INFO] [stderr]    Compiling textwrap v0.11.0
[INFO] [stderr]    Compiling vec_map v0.8.2
[INFO] [stderr]    Compiling bytes v1.4.0
[INFO] [stderr]    Compiling pin-project-lite v0.2.9
[INFO] [stderr]    Compiling proc-macro-error-attr v1.0.4
[INFO] [stderr]    Compiling proc-macro-error v1.0.4
[INFO] [stderr]    Compiling wildmatch v1.0.12
[INFO] [stderr]    Compiling heck v0.3.2
[INFO] [stderr]    Compiling futures-timer v3.0.2
[INFO] [stderr]    Compiling libudev-sys v0.1.4
[INFO] [stderr]    Compiling quote v1.0.8
[INFO] [stderr]    Compiling net2 v0.2.37
[INFO] [stderr]    Compiling iovec v0.1.4
[INFO] [stderr]    Compiling parking_lot_core v0.8.2
[INFO] [stderr]    Compiling signal-hook-registry v1.3.0
[INFO] [stderr]    Compiling mio v0.7.7
[INFO] [stderr]    Compiling nix v0.14.1
[INFO] [stderr]    Compiling atty v0.2.14
[INFO] [stderr]    Compiling num_cpus v1.13.0
[INFO] [stderr]    Compiling libudev v0.2.0
[INFO] [stderr]    Compiling clap v2.33.3
[INFO] [stderr]    Compiling mio v0.6.23
[INFO] [stderr]    Compiling parking_lot v0.11.1
[INFO] [stderr]    Compiling signal-hook v0.1.17
[INFO] [stderr]    Compiling crossterm v0.18.2
[INFO] [stderr]    Compiling tokio v0.2.25
[INFO] [stderr]    Compiling tokio-util v0.3.1
[INFO] [stderr]    Compiling serialport v3.3.0
[INFO] [stderr]    Compiling mio-serial v3.3.1
[INFO] [stderr]    Compiling tokio-serial v4.3.3
[INFO] [stderr]    Compiling pin-project-internal v1.0.3
[INFO] [stderr]    Compiling futures-macro v0.3.8
[INFO] [stderr]    Compiling strum_macros v0.19.4
[INFO] [stderr]    Compiling tokio-macros v1.8.2
[INFO] [stderr]    Compiling structopt-derive v0.4.14
[INFO] [stderr]    Compiling tokio v1.16.1
[INFO] [stderr]    Compiling strum v0.19.5
[INFO] [stderr]    Compiling structopt v0.3.21
[INFO] [stderr]    Compiling pin-project v1.0.3
[INFO] [stderr]    Compiling futures-util v0.3.8
[INFO] [stderr]    Compiling futures-executor v0.3.8
[INFO] [stderr]    Compiling futures v0.3.8
[INFO] [stderr]    Compiling serial-monitor v0.0.7 (/opt/rustwide/workdir)
[INFO] [stdout] error[E0277]: the trait bound `tokio_serial::Serial: tokio::io::AsyncRead` is not satisfied
[INFO] [stdout]    --> src/main.rs:502:47
[INFO] [stdout]     |
[INFO] [stdout] 502 |     let (rx_port, tx_port) = tokio::io::split(port);
[INFO] [stdout]     |                              ---------------- ^^^^ the trait `tokio::io::AsyncRead` is not implemented for `tokio_serial::Serial`
[INFO] [stdout]     |                              |
[INFO] [stdout]     |                              required by a bound introduced by this call
[INFO] [stdout]     |
[INFO] [stdout]     = help: the following other types implement trait `tokio::io::AsyncRead`:
[INFO] [stdout]               &[u8]
[INFO] [stdout]               &mut T
[INFO] [stdout]               Box<T>
[INFO] [stdout]               BufStream<RW>
[INFO] [stdout]               DuplexStream
[INFO] [stdout]               Pin<P>
[INFO] [stdout]               std::io::Cursor<T>
[INFO] [stdout]               tokio::fs::File
[INFO] [stdout]             and 16 others
[INFO] [stdout]     = note: required for `&mut tokio_serial::Serial` to implement `tokio::io::AsyncRead`
[INFO] [stdout] note: required by a bound in `tokio::io::split`
[INFO] [stdout]    --> /opt/rustwide/cargo-home/registry/src/index.crates.io-6f17d22bba15001f/tokio-1.16.1/src/io/split.rs:36:12
[INFO] [stdout]     |
[INFO] [stdout] 36  |         T: AsyncRead + AsyncWrite,
[INFO] [stdout]     |            ^^^^^^^^^ required by this bound in `split`
[INFO] [stdout] 
[INFO] [stdout] 
[INFO] [stdout] error[E0277]: the trait bound `tokio_serial::Serial: tokio::io::AsyncWrite` is not satisfied
[INFO] [stdout]    --> src/main.rs:502:47
[INFO] [stdout]     |
[INFO] [stdout] 502 |     let (rx_port, tx_port) = tokio::io::split(port);
[INFO] [stdout]     |                              ---------------- ^^^^ the trait `tokio::io::AsyncWrite` is not implemented for `tokio_serial::Serial`
[INFO] [stdout]     |                              |
[INFO] [stdout]     |                              required by a bound introduced by this call
[INFO] [stdout]     |
[INFO] [stdout]     = help: the following other types implement trait `tokio::io::AsyncWrite`:
[INFO] [stdout]               &mut T
[INFO] [stdout]               Box<T>
[INFO] [stdout]               BufStream<RW>
[INFO] [stdout]               DuplexStream
[INFO] [stdout]               Pin<P>
[INFO] [stdout]               Vec<u8>
[INFO] [stdout]               std::io::Cursor<&mut Vec<u8>>
[INFO] [stdout]               std::io::Cursor<&mut [u8]>
[INFO] [stdout]             and 16 others
[INFO] [stdout]     = note: required for `&mut tokio_serial::Serial` to implement `tokio::io::AsyncWrite`
[INFO] [stdout] note: required by a bound in `tokio::io::split`
[INFO] [stdout]    --> /opt/rustwide/cargo-home/registry/src/index.crates.io-6f17d22bba15001f/tokio-1.16.1/src/io/split.rs:36:24
[INFO] [stdout]     |
[INFO] [stdout] 36  |         T: AsyncRead + AsyncWrite,
[INFO] [stdout]     |                        ^^^^^^^^^^ required by this bound in `split`
[INFO] [stdout] 
[INFO] [stdout] 
[INFO] [stdout] error[E0277]: the trait bound `tokio::io::ReadHalf<&mut tokio_serial::Serial>: tokio::io::async_read::AsyncRead` is not satisfied
[INFO] [stdout]    --> src/main.rs:504:64
[INFO] [stdout]     |
[INFO] [stdout] 504 |     let mut serial_reader = tokio_util::codec::FramedRead::new(rx_port, StringDecoder::new());
[INFO] [stdout]     |                             ---------------------------------- ^^^^^^^ the trait `tokio::io::async_read::AsyncRead` is not implemented for `tokio::io::ReadHalf<&mut tokio_serial::Serial>`
[INFO] [stdout]     |                             |
[INFO] [stdout]     |                             required by a bound introduced by this call
[INFO] [stdout]     |
[INFO] [stdout]     = help: the following other types implement trait `tokio::io::async_read::AsyncRead`:
[INFO] [stdout]               &[u8]
[INFO] [stdout]               &mut T
[INFO] [stdout]               Box<T>
[INFO] [stdout]               Pin<P>
[INFO] [stdout]               std::io::Cursor<T>
[INFO] [stdout]               tokio::io::poll_evented::PollEvented<E>
[INFO] [stdout]               tokio_serial::Serial
[INFO] [stdout] note: required by a bound in `FramedRead::<T, D>::new`
[INFO] [stdout]    --> /opt/rustwide/cargo-home/registry/src/index.crates.io-6f17d22bba15001f/tokio-util-0.3.1/src/codec/framed_read.rs:41:8
[INFO] [stdout]     |
[INFO] [stdout] 41  |     T: AsyncRead,
[INFO] [stdout]     |        ^^^^^^^^^ required by this bound in `FramedRead::<T, D>::new`
[INFO] [stdout] 
[INFO] [stdout] 
[INFO] [stdout] error[E0277]: the trait bound `tokio::io::WriteHalf<&mut tokio_serial::Serial>: tokio::io::async_write::AsyncWrite` is not satisfied
[INFO] [stdout]    --> src/main.rs:505:59
[INFO] [stdout]     |
[INFO] [stdout] 505 |     let serial_sink = tokio_util::codec::FramedWrite::new(tx_port, BytesCodec::new());
[INFO] [stdout]     |                       ----------------------------------- ^^^^^^^ the trait `tokio::io::async_write::AsyncWrite` is not implemented for `tokio::io::WriteHalf<&mut tokio_serial::Serial>`
[INFO] [stdout]     |                       |
[INFO] [stdout]     |                       required by a bound introduced by this call
[INFO] [stdout]     |
[INFO] [stdout]     = help: the following other types implement trait `tokio::io::async_write::AsyncWrite`:
[INFO] [stdout]               &mut T
[INFO] [stdout]               Box<T>
[INFO] [stdout]               Pin<P>
[INFO] [stdout]               Vec<u8>
[INFO] [stdout]               std::io::Cursor<&mut Vec<u8>>
[INFO] [stdout]               std::io::Cursor<&mut [u8]>
[INFO] [stdout]               std::io::Cursor<Box<[u8]>>
[INFO] [stdout]               std::io::Cursor<Vec<u8>>
[INFO] [stdout]             and 2 others
[INFO] [stdout] note: required by a bound in `FramedWrite::<T, E>::new`
[INFO] [stdout]    --> /opt/rustwide/cargo-home/registry/src/index.crates.io-6f17d22bba15001f/tokio-util-0.3.1/src/codec/framed_write.rs:44:8
[INFO] [stdout]     |
[INFO] [stdout] 44  |     T: AsyncWrite,
[INFO] [stdout]     |        ^^^^^^^^^^ required by this bound in `FramedWrite::<T, E>::new`
[INFO] [stdout] 
[INFO] [stdout] 
[INFO] [stdout] error[E0277]: the trait bound `tokio::io::WriteHalf<&mut tokio_serial::Serial>: tokio::io::async_write::AsyncWrite` is not satisfied
[INFO] [stdout]     --> src/main.rs:510:57
[INFO] [stdout]      |
[INFO] [stdout] 510  |     let mut poll_send = serial_consumer.map(Ok).forward(serial_sink);
[INFO] [stdout]      |                                                 ------- ^^^^^^^^^^^ the trait `tokio::io::async_write::AsyncWrite` is not implemented for `tokio::io::WriteHalf<&mut tokio_serial::Serial>`
[INFO] [stdout]      |                                                 |
[INFO] [stdout]      |                                                 required by a bound introduced by this call
[INFO] [stdout]      |
[INFO] [stdout]      = help: the following other types implement trait `tokio::io::async_write::AsyncWrite`:
[INFO] [stdout]                &mut T
[INFO] [stdout]                Box<T>
[INFO] [stdout]                Pin<P>
[INFO] [stdout]                Vec<u8>
[INFO] [stdout]                std::io::Cursor<&mut Vec<u8>>
[INFO] [stdout]                std::io::Cursor<&mut [u8]>
[INFO] [stdout]                std::io::Cursor<Box<[u8]>>
[INFO] [stdout]                std::io::Cursor<Vec<u8>>
[INFO] [stdout]              and 2 others
[INFO] [stdout]      = note: required for `FramedWrite<tokio::io::WriteHalf<&mut tokio_serial::Serial>, BytesCodec>` to implement `futures::Sink<bytes::Bytes>`
[INFO] [stdout] note: required by a bound in `futures::StreamExt::forward`
[INFO] [stdout]     --> /opt/rustwide/cargo-home/registry/src/index.crates.io-6f17d22bba15001f/futures-util-0.3.8/src/stream/stream/mod.rs:1292:12
[INFO] [stdout]      |
[INFO] [stdout] 1292 |         S: Sink<Self::Ok, Error = Self::Error>,
[INFO] [stdout]      |            ^^^^^^^^^^^^^^^^^^^^^^^^^^^^^^^^^^^ required by this bound in `StreamExt::forward`
[INFO] [stdout] 
[INFO] [stdout] 
[INFO] [stdout] error[E0599]: the method `next` exists for struct `FramedRead<ReadHalf<&mut Serial>, StringDecoder>`, but its trait bounds were not satisfied
[INFO] [stdout]    --> src/main.rs:513:46
[INFO] [stdout]     |
[INFO] [stdout] 513 |           let mut serial_event = serial_reader.next().fuse();
[INFO] [stdout]     |                                                ^^^^ method cannot be called on `FramedRead<ReadHalf<&mut Serial>, StringDecoder>` due to unsatisfied trait bounds
[INFO] [stdout]     |
[INFO] [stdout]    ::: /opt/rustwide/cargo-home/registry/src/index.crates.io-6f17d22bba15001f/tokio-util-0.3.1/src/codec/framed_read.rs:14:1
[INFO] [stdout]     |
[INFO] [stdout] 14  | / pin_project! {
[INFO] [stdout] 15  | |     /// A [`Stream`] of messages decoded from an [`AsyncRead`].
[INFO] [stdout] 16  | |     ///
[INFO] [stdout] 17  | |     /// [`Stream`]: tokio::stream::Stream
[INFO] [stdout] ...   |
[INFO] [stdout] 22  | |     }
[INFO] [stdout] 23  | | }
[INFO] [stdout]     | | -
[INFO] [stdout]     | | |
[INFO] [stdout]     | |_doesn't satisfy `_: StreamExt`
[INFO] [stdout]     |   doesn't satisfy `_: Stream`
[INFO] [stdout]     |
[INFO] [stdout]     = note: the following trait bounds were not satisfied:
[INFO] [stdout]             `FramedRead<tokio::io::ReadHalf<&mut tokio_serial::Serial>, StringDecoder>: Stream`
[INFO] [stdout]             which is required by `FramedRead<tokio::io::ReadHalf<&mut tokio_serial::Serial>, StringDecoder>: StreamExt`
[INFO] [stdout] 
[INFO] [stdout] 
[INFO] [stdout] error: aborting due to 6 previous errors
[INFO] [stdout] 
[INFO] [stdout] 
[INFO] [stdout] Some errors have detailed explanations: E0277, E0599.
[INFO] [stdout] 
[INFO] [stdout] For more information about an error, try `rustc --explain E0277`.
[INFO] [stdout] 
[INFO] [stderr] error: could not compile `serial-monitor` (bin "serial-monitor") due to 7 previous errors
[INFO] running `Command { std: "docker" "inspect" "3c7527a69ca4a0ee8524bc22643d9121d85211effa1200472bd5011836520fa7", kill_on_drop: false }`
[INFO] running `Command { std: "docker" "rm" "-f" "3c7527a69ca4a0ee8524bc22643d9121d85211effa1200472bd5011836520fa7", kill_on_drop: false }`
[INFO] [stdout] 3c7527a69ca4a0ee8524bc22643d9121d85211effa1200472bd5011836520fa7
