[INFO] cloning repository https://github.com/dfockler/rust-toy-server
[INFO] running `Command { std: "git" "-c" "credential.helper=" "-c" "credential.helper=/workspace/cargo-home/bin/git-credential-null" "clone" "--bare" "https://github.com/dfockler/rust-toy-server" "/workspace/cache/git-repos/https%3A%2F%2Fgithub.com%2Fdfockler%2Frust-toy-server", kill_on_drop: false }`
[INFO] [stderr] Cloning into bare repository '/workspace/cache/git-repos/https%3A%2F%2Fgithub.com%2Fdfockler%2Frust-toy-server'...
[INFO] running `Command { std: "git" "rev-parse" "HEAD", kill_on_drop: false }`
[INFO] [stdout] fca7c454537897ea7c360123ac959b834c10e5f6
[INFO] testing dfockler/rust-toy-server against 1.69.0 for beta-1.70-1
[INFO] running `Command { std: "git" "clone" "/workspace/cache/git-repos/https%3A%2F%2Fgithub.com%2Fdfockler%2Frust-toy-server" "/workspace/builds/worker-2-tc1/source", kill_on_drop: false }`
[INFO] [stderr] Cloning into '/workspace/builds/worker-2-tc1/source'...
[INFO] [stderr] done.
[INFO] validating manifest of git repo https://github.com/dfockler/rust-toy-server on toolchain 1.69.0
[INFO] running `Command { std: CARGO_HOME="/workspace/cargo-home" RUSTUP_HOME="/workspace/rustup-home" "/workspace/cargo-home/bin/cargo" "+1.69.0" "metadata" "--manifest-path" "Cargo.toml" "--no-deps", kill_on_drop: false }`
[INFO] started tweaking git repo https://github.com/dfockler/rust-toy-server
[INFO] finished tweaking git repo https://github.com/dfockler/rust-toy-server
[INFO] tweaked toml for git repo https://github.com/dfockler/rust-toy-server written to /workspace/builds/worker-2-tc1/source/Cargo.toml
[INFO] crate git repo https://github.com/dfockler/rust-toy-server already has a lockfile, it will not be regenerated
[INFO] running `Command { std: CARGO_HOME="/workspace/cargo-home" RUSTUP_HOME="/workspace/rustup-home" "/workspace/cargo-home/bin/cargo" "+1.69.0" "fetch" "--manifest-path" "Cargo.toml", kill_on_drop: false }`
[INFO] [stderr]     Blocking waiting for file lock on package cache
[INFO] running `Command { std: "docker" "create" "-v" "/var/lib/crater-agent-workspace/builds/worker-2-tc1/target:/opt/rustwide/target:rw,Z" "-v" "/var/lib/crater-agent-workspace/builds/worker-2-tc1/source:/opt/rustwide/workdir:ro,Z" "-v" "/var/lib/crater-agent-workspace/cargo-home:/opt/rustwide/cargo-home:ro,Z" "-v" "/var/lib/crater-agent-workspace/rustup-home:/opt/rustwide/rustup-home:ro,Z" "-e" "SOURCE_DIR=/opt/rustwide/workdir" "-e" "CARGO_TARGET_DIR=/opt/rustwide/target" "-e" "CARGO_HOME=/opt/rustwide/cargo-home" "-e" "RUSTUP_HOME=/opt/rustwide/rustup-home" "-w" "/opt/rustwide/workdir" "-m" "1610612736" "--user" "0:0" "--network" "none" "ghcr.io/rust-lang/crates-build-env/linux@sha256:5ff2268d62e97bff2cde7d5815dd6ed5b47097566f13b8d0ca110b04b60e07ed" "/opt/rustwide/cargo-home/bin/cargo" "+1.69.0" "metadata" "--no-deps" "--format-version=1", kill_on_drop: false }`
[INFO] [stdout] 318c7a896f6deaca88556d677dfe7e17dadbc08f7f2100db188456298839d0c2
[INFO] running `Command { std: "docker" "start" "-a" "318c7a896f6deaca88556d677dfe7e17dadbc08f7f2100db188456298839d0c2", kill_on_drop: false }`
[INFO] running `Command { std: "docker" "inspect" "318c7a896f6deaca88556d677dfe7e17dadbc08f7f2100db188456298839d0c2", kill_on_drop: false }`
[INFO] running `Command { std: "docker" "rm" "-f" "318c7a896f6deaca88556d677dfe7e17dadbc08f7f2100db188456298839d0c2", kill_on_drop: false }`
[INFO] [stdout] 318c7a896f6deaca88556d677dfe7e17dadbc08f7f2100db188456298839d0c2
[INFO] running `Command { std: "docker" "create" "-v" "/var/lib/crater-agent-workspace/builds/worker-2-tc1/target:/opt/rustwide/target:rw,Z" "-v" "/var/lib/crater-agent-workspace/builds/worker-2-tc1/source:/opt/rustwide/workdir:ro,Z" "-v" "/var/lib/crater-agent-workspace/cargo-home:/opt/rustwide/cargo-home:ro,Z" "-v" "/var/lib/crater-agent-workspace/rustup-home:/opt/rustwide/rustup-home:ro,Z" "-e" "SOURCE_DIR=/opt/rustwide/workdir" "-e" "CARGO_TARGET_DIR=/opt/rustwide/target" "-e" "CARGO_INCREMENTAL=0" "-e" "RUST_BACKTRACE=full" "-e" "RUSTFLAGS=--cap-lints=warn" "-e" "RUSTDOCFLAGS=--cap-lints=warn" "-e" "CARGO_HOME=/opt/rustwide/cargo-home" "-e" "RUSTUP_HOME=/opt/rustwide/rustup-home" "-w" "/opt/rustwide/workdir" "-m" "1610612736" "--user" "0:0" "--network" "none" "ghcr.io/rust-lang/crates-build-env/linux@sha256:5ff2268d62e97bff2cde7d5815dd6ed5b47097566f13b8d0ca110b04b60e07ed" "/opt/rustwide/cargo-home/bin/cargo" "+1.69.0" "build" "--frozen" "--message-format=json", kill_on_drop: false }`
[INFO] [stdout] 296041423c177382832ca14195ee53240f891c55f2224fd9df06bec57b8c75f6
[INFO] running `Command { std: "docker" "start" "-a" "296041423c177382832ca14195ee53240f891c55f2224fd9df06bec57b8c75f6", kill_on_drop: false }`
[INFO] [stderr]    Compiling server v0.0.1 (/opt/rustwide/workdir)
[INFO] [stdout] error[E0432]: unresolved import `std::old_io`
[INFO] [stdout]  --> src/main.rs:1:10
[INFO] [stdout]   |
[INFO] [stdout] 1 | use std::old_io::{TcpListener, TcpStream};
[INFO] [stdout]   |          ^^^^^^ could not find `old_io` in `std`
[INFO] [stdout] 
[INFO] [stdout] 
[INFO] [stdout] error[E0432]: unresolved import `std::old_io`
[INFO] [stdout]  --> src/main.rs:2:10
[INFO] [stdout]   |
[INFO] [stdout] 2 | use std::old_io::{Acceptor, Listener};
[INFO] [stdout]   |          ^^^^^^ could not find `old_io` in `std`
[INFO] [stdout] 
[INFO] [stdout] 
[INFO] [stdout] error[E0432]: unresolved import `std::old_io`
[INFO] [stdout]  --> src/main.rs:4:10
[INFO] [stdout]   |
[INFO] [stdout] 4 | use std::old_io::File;
[INFO] [stdout]   |          ^^^^^^ could not find `old_io` in `std`
[INFO] [stdout] 
[INFO] [stdout] 
[INFO] [stdout] error[E0433]: failed to resolve: use of undeclared type `Path`
[INFO] [stdout]   --> src/main.rs:37:29
[INFO] [stdout]    |
[INFO] [stdout] 37 |     let contents = File::open(&Path::new("index.html")).read_to_end().unwrap();
[INFO] [stdout]    |                                ^^^^ use of undeclared type `Path`
[INFO] [stdout]    |
[INFO] [stdout] help: consider importing this struct
[INFO] [stdout]    |
[INFO] [stdout] 1  | use std::path::Path;
[INFO] [stdout]    |
[INFO] [stdout] 
[INFO] [stdout] 
[INFO] [stdout] error[E0599]: no function or associated item named `spawn` found for struct `Thread` in the current scope
[INFO] [stdout]   --> src/main.rs:21:16
[INFO] [stdout]    |
[INFO] [stdout] 21 |                 Thread::spawn(move|| {
[INFO] [stdout]    |                         ^^^^^ function or associated item not found in `Thread`
[INFO] [stdout] 
[INFO] [stdout] 
[INFO] [stdout] error: aborting due to 5 previous errors
[INFO] [stdout] 
[INFO] [stdout] 
[INFO] [stdout] Some errors have detailed explanations: E0432, E0433, E0599.
[INFO] [stdout] 
[INFO] [stdout] For more information about an error, try `rustc --explain E0432`.
[INFO] [stdout] 
[INFO] [stderr] error: could not compile `server` due to 6 previous errors
[INFO] running `Command { std: "docker" "inspect" "296041423c177382832ca14195ee53240f891c55f2224fd9df06bec57b8c75f6", kill_on_drop: false }`
[INFO] running `Command { std: "docker" "rm" "-f" "296041423c177382832ca14195ee53240f891c55f2224fd9df06bec57b8c75f6", kill_on_drop: false }`
[INFO] [stdout] 296041423c177382832ca14195ee53240f891c55f2224fd9df06bec57b8c75f6
