[INFO] cloning repository https://github.com/dev-gm/matrices
[INFO] running `Command { std: "git" "-c" "credential.helper=" "-c" "credential.helper=/workspace/cargo-home/bin/git-credential-null" "clone" "--bare" "https://github.com/dev-gm/matrices" "/workspace/cache/git-repos/https%3A%2F%2Fgithub.com%2Fdev-gm%2Fmatrices", kill_on_drop: false }`
[INFO] [stderr] Cloning into bare repository '/workspace/cache/git-repos/https%3A%2F%2Fgithub.com%2Fdev-gm%2Fmatrices'...
[INFO] running `Command { std: "git" "rev-parse" "HEAD", kill_on_drop: false }`
[INFO] [stdout] c0c3b4ae8adf90a75711055d3c3fe6f88a050975
[INFO] testing dev-gm/matrices against beta-2023-04-20 for beta-1.70-1
[INFO] running `Command { std: "git" "clone" "/workspace/cache/git-repos/https%3A%2F%2Fgithub.com%2Fdev-gm%2Fmatrices" "/workspace/builds/worker-4-tc2/source", kill_on_drop: false }`
[INFO] [stderr] Cloning into '/workspace/builds/worker-4-tc2/source'...
[INFO] [stderr] done.
[INFO] validating manifest of git repo https://github.com/dev-gm/matrices on toolchain beta-2023-04-20
[INFO] running `Command { std: CARGO_HOME="/workspace/cargo-home" RUSTUP_HOME="/workspace/rustup-home" "/workspace/cargo-home/bin/cargo" "+beta-2023-04-20" "metadata" "--manifest-path" "Cargo.toml" "--no-deps", kill_on_drop: false }`
[INFO] started tweaking git repo https://github.com/dev-gm/matrices
[INFO] finished tweaking git repo https://github.com/dev-gm/matrices
[INFO] tweaked toml for git repo https://github.com/dev-gm/matrices written to /workspace/builds/worker-4-tc2/source/Cargo.toml
[INFO] crate git repo https://github.com/dev-gm/matrices already has a lockfile, it will not be regenerated
[INFO] running `Command { std: CARGO_HOME="/workspace/cargo-home" RUSTUP_HOME="/workspace/rustup-home" "/workspace/cargo-home/bin/cargo" "+beta-2023-04-20" "fetch" "--manifest-path" "Cargo.toml", kill_on_drop: false }`
[INFO] running `Command { std: "docker" "create" "-v" "/var/lib/crater-agent-workspace/builds/worker-4-tc2/target:/opt/rustwide/target:rw,Z" "-v" "/var/lib/crater-agent-workspace/builds/worker-4-tc2/source:/opt/rustwide/workdir:ro,Z" "-v" "/var/lib/crater-agent-workspace/cargo-home:/opt/rustwide/cargo-home:ro,Z" "-v" "/var/lib/crater-agent-workspace/rustup-home:/opt/rustwide/rustup-home:ro,Z" "-e" "SOURCE_DIR=/opt/rustwide/workdir" "-e" "CARGO_TARGET_DIR=/opt/rustwide/target" "-e" "CARGO_HOME=/opt/rustwide/cargo-home" "-e" "RUSTUP_HOME=/opt/rustwide/rustup-home" "-w" "/opt/rustwide/workdir" "-m" "1610612736" "--user" "0:0" "--network" "none" "ghcr.io/rust-lang/crates-build-env/linux@sha256:5ff2268d62e97bff2cde7d5815dd6ed5b47097566f13b8d0ca110b04b60e07ed" "/opt/rustwide/cargo-home/bin/cargo" "+beta-2023-04-20" "metadata" "--no-deps" "--format-version=1", kill_on_drop: false }`
[INFO] [stdout] 3e17d835e95a1e9ecb8581878d628c3420ac8e040cc2a7c2c2c82a5212b30d02
[INFO] running `Command { std: "docker" "start" "-a" "3e17d835e95a1e9ecb8581878d628c3420ac8e040cc2a7c2c2c82a5212b30d02", kill_on_drop: false }`
[INFO] running `Command { std: "docker" "inspect" "3e17d835e95a1e9ecb8581878d628c3420ac8e040cc2a7c2c2c82a5212b30d02", kill_on_drop: false }`
[INFO] running `Command { std: "docker" "rm" "-f" "3e17d835e95a1e9ecb8581878d628c3420ac8e040cc2a7c2c2c82a5212b30d02", kill_on_drop: false }`
[INFO] [stdout] 3e17d835e95a1e9ecb8581878d628c3420ac8e040cc2a7c2c2c82a5212b30d02
[INFO] running `Command { std: "docker" "create" "-v" "/var/lib/crater-agent-workspace/builds/worker-4-tc2/target:/opt/rustwide/target:rw,Z" "-v" "/var/lib/crater-agent-workspace/builds/worker-4-tc2/source:/opt/rustwide/workdir:ro,Z" "-v" "/var/lib/crater-agent-workspace/cargo-home:/opt/rustwide/cargo-home:ro,Z" "-v" "/var/lib/crater-agent-workspace/rustup-home:/opt/rustwide/rustup-home:ro,Z" "-e" "SOURCE_DIR=/opt/rustwide/workdir" "-e" "CARGO_TARGET_DIR=/opt/rustwide/target" "-e" "CARGO_INCREMENTAL=0" "-e" "RUST_BACKTRACE=full" "-e" "RUSTFLAGS=--cap-lints=warn" "-e" "RUSTDOCFLAGS=--cap-lints=warn" "-e" "CARGO_HOME=/opt/rustwide/cargo-home" "-e" "RUSTUP_HOME=/opt/rustwide/rustup-home" "-w" "/opt/rustwide/workdir" "-m" "1610612736" "--user" "0:0" "--network" "none" "ghcr.io/rust-lang/crates-build-env/linux@sha256:5ff2268d62e97bff2cde7d5815dd6ed5b47097566f13b8d0ca110b04b60e07ed" "/opt/rustwide/cargo-home/bin/cargo" "+beta-2023-04-20" "build" "--frozen" "--message-format=json", kill_on_drop: false }`
[INFO] [stdout] 5f9a1fde1ac450b0a824aca795e2bbdc1292bae4aac3d6f56d63c24ddb507137
[INFO] running `Command { std: "docker" "start" "-a" "5f9a1fde1ac450b0a824aca795e2bbdc1292bae4aac3d6f56d63c24ddb507137", kill_on_drop: false }`
[INFO] [stderr]     Blocking waiting for file lock on package cache
[INFO] [stderr]    Compiling math v0.1.0 (/opt/rustwide/workdir)
[INFO] [stdout] error: expected `{`, found `}`
[INFO] [stdout]   --> src/matrix.rs:73:5
[INFO] [stdout]    |
[INFO] [stdout] 73 |     }
[INFO] [stdout]    |     ^ expected `{`
[INFO] [stdout] 
[INFO] [stdout] 
[INFO] [stdout] error: expected `;`, found `}`
[INFO] [stdout]   --> src/group.rs:11:64
[INFO] [stdout]    |
[INFO] [stdout] 11 |     fn identity(&self, key: OperationType) -> Option<Box<Self>>
[INFO] [stdout]    |                                                                ^ help: add `;` here
[INFO] [stdout] 12 | }
[INFO] [stdout]    | - unexpected token
[INFO] [stdout] 
[INFO] [stdout] 
[INFO] [stdout] warning: crate-level attribute should be in the root module
[INFO] [stdout]  --> src/matrix.rs:1:1
[INFO] [stdout]   |
[INFO] [stdout] 1 | #![feature(box_into_inner)]
[INFO] [stdout]   | ^^^^^^^^^^^^^^^^^^^^^^^^^^^
[INFO] [stdout]   |
[INFO] [stdout]   = note: `#[warn(unused_attributes)]` on by default
[INFO] [stdout] 
[INFO] [stdout] 
[INFO] [stdout] error[E0053]: method `zero` has an incompatible type for trait
[INFO] [stdout]   --> src/matrix.rs:70:23
[INFO] [stdout]    |
[INFO] [stdout] 70 |     fn zero(&self) -> Box<Self> {
[INFO] [stdout]    |                       ^^^^^^^^^
[INFO] [stdout]    |                       |
[INFO] [stdout]    |                       expected `Matrix<T>`, found `Box<Matrix<T>>`
[INFO] [stdout]    |                       help: change the output type to match the trait: `Matrix<T>`
[INFO] [stdout]    |
[INFO] [stdout] note: type in trait
[INFO] [stdout]   --> src/group.rs:7:23
[INFO] [stdout]    |
[INFO] [stdout] 7  |     fn zero(&self) -> Self; // self * zero() == zero() and self + zero() == self
[INFO] [stdout]    |                       ^^^^
[INFO] [stdout]    = note: expected signature `fn(&Matrix<T>) -> Matrix<_>`
[INFO] [stdout]               found signature `fn(&Matrix<T>) -> Box<Matrix<_>>`
[INFO] [stdout] 
[INFO] [stdout] 
[INFO] [stdout] error[E0053]: method `operation` has an incompatible type for trait
[INFO] [stdout]   --> src/matrix.rs:75:48
[INFO] [stdout]    |
[INFO] [stdout] 75 |     fn operation(&self, key: OperationType) -> Option<(Operation<Self>, Box<Self>)> {
[INFO] [stdout]    |                                                ^^^^^^^^^^^^^^^^^^^^^^^^^^^^^^^^^^^^
[INFO] [stdout]    |                                                |
[INFO] [stdout]    |                                                expected `group::Operation<Matrix<T>>`, found `(Operation<Matrix<T>>, Box<...>)`
[INFO] [stdout]    |                                                help: change the output type to match the trait: `Option<group::Operation<Matrix<T>>>`
[INFO] [stdout]    |
[INFO] [stdout] note: type in trait
[INFO] [stdout]   --> src/group.rs:9:48
[INFO] [stdout]    |
[INFO] [stdout] 9  |     fn operation(&self, key: OperationType) -> Option<Operation<Self>>;
[INFO] [stdout]    |                                                ^^^^^^^^^^^^^^^^^^^^^^^
[INFO] [stdout]    = note: expected signature `fn(&Matrix<T>, group::OperationType) -> Option<group::Operation<Matrix<T>>>`
[INFO] [stdout]               found signature `fn(&Matrix<T>, group::OperationType) -> Option<(group::Operation<Matrix<T>>, Box<Matrix<T>>)>`
[INFO] [stdout] 
[INFO] [stdout] 
[INFO] [stdout] error[E0046]: not all trait items implemented, missing: `empty`, `identity`
[INFO] [stdout]   --> src/matrix.rs:69:1
[INFO] [stdout]    |
[INFO] [stdout] 69 | impl<T: Group + ops::Add<Output = T>> Group for Matrix<T> {
[INFO] [stdout]    | ^^^^^^^^^^^^^^^^^^^^^^^^^^^^^^^^^^^^^^^^^^^^^^^^^^^^^^^^^ missing `empty`, `identity` in implementation
[INFO] [stdout]    |
[INFO] [stdout]   ::: src/group.rs:5:5
[INFO] [stdout]    |
[INFO] [stdout] 5  |     fn empty() -> Self;
[INFO] [stdout]    |     ------------------- `empty` from trait
[INFO] [stdout] ...
[INFO] [stdout] 11 |     fn identity(&self, key: OperationType) -> Option<Box<Self>>
[INFO] [stdout]    |     ----------------------------------------------------------- `identity` from trait
[INFO] [stdout] 
[INFO] [stdout] 
[INFO] [stdout] error[E0658]: use of unstable library feature 'box_into_inner'
[INFO] [stdout]   --> src/matrix.rs:23:32
[INFO] [stdout]    |
[INFO] [stdout] 23 |                 matrix[x].push(Box::into_inner(T::empty().operation(OperationType::Add)
[INFO] [stdout]    |                                ^^^^^^^^^^^^^^^
[INFO] [stdout]    |
[INFO] [stdout]    = note: see issue #80437 <https://github.com/rust-lang/rust/issues/80437> for more information
[INFO] [stdout] 
[INFO] [stdout] 
[INFO] [stdout] error[E0609]: no field `1` on type `group::Operation<T>`
[INFO] [stdout]   --> src/matrix.rs:24:108
[INFO] [stdout]    |
[INFO] [stdout] 24 |                     .expect("Can't get addition identity for group that doesn't have addition operations").1));
[INFO] [stdout]    |                                                                                                            ^
[INFO] [stdout] 
[INFO] [stdout] 
[INFO] [stdout] error[E0658]: use of unstable library feature 'box_into_inner'
[INFO] [stdout]   --> src/matrix.rs:36:36
[INFO] [stdout]    |
[INFO] [stdout] 36 |                     matrix[x].push(Box::into_inner(T::empty().operation(OperationType::Mul)
[INFO] [stdout]    |                                    ^^^^^^^^^^^^^^^
[INFO] [stdout]    |
[INFO] [stdout]    = note: see issue #80437 <https://github.com/rust-lang/rust/issues/80437> for more information
[INFO] [stdout] 
[INFO] [stdout] 
[INFO] [stdout] error[E0609]: no field `1` on type `group::Operation<T>`
[INFO] [stdout]   --> src/matrix.rs:37:124
[INFO] [stdout]    |
[INFO] [stdout] 37 |                         .expect("Can't get multiplicative identity for group that doesn't have multiplication operations").1));
[INFO] [stdout]    |                                                                                                                            ^
[INFO] [stdout] 
[INFO] [stdout] 
[INFO] [stdout] error[E0308]: mismatched types
[INFO] [stdout]   --> src/matrix.rs:57:16
[INFO] [stdout]    |
[INFO] [stdout] 57 |         } else {}
[INFO] [stdout]    |                ^^ expected `Result<T, String>`, found `()`
[INFO] [stdout]    |
[INFO] [stdout]    = note:   expected enum `Result<T, String>`
[INFO] [stdout]            found unit type `()`
[INFO] [stdout] 
[INFO] [stdout] 
[INFO] [stdout] error[E0308]: mismatched types
[INFO] [stdout]   --> src/matrix.rs:75:48
[INFO] [stdout]    |
[INFO] [stdout] 75 |     fn operation(&self, key: OperationType) -> Option<(Operation<Self>, Box<Self>)> {
[INFO] [stdout]    |        ---------                               ^^^^^^^^^^^^^^^^^^^^^^^^^^^^^^^^^^^^ expected `Option<(Operation<Matrix<T>>, ...)>`, found `()`
[INFO] [stdout]    |        |
[INFO] [stdout]    |        implicitly returns `()` as its body has no tail or `return` expression
[INFO] [stdout]    |
[INFO] [stdout]    = note:   expected enum `Option<(group::Operation<Matrix<T>>, Box<Matrix<T>>)>`
[INFO] [stdout]            found unit type `()`
[INFO] [stdout] 
[INFO] [stdout] 
[INFO] [stdout] error: aborting due to 11 previous errors; 1 warning emitted
[INFO] [stdout] 
[INFO] [stdout] 
[INFO] [stdout] Some errors have detailed explanations: E0046, E0053, E0308, E0609, E0658.
[INFO] [stdout] 
[INFO] [stdout] For more information about an error, try `rustc --explain E0046`.
[INFO] [stdout] 
[INFO] [stderr] error: could not compile `math` (bin "math") due to 12 previous errors; 1 warning emitted
[INFO] running `Command { std: "docker" "inspect" "5f9a1fde1ac450b0a824aca795e2bbdc1292bae4aac3d6f56d63c24ddb507137", kill_on_drop: false }`
[INFO] running `Command { std: "docker" "rm" "-f" "5f9a1fde1ac450b0a824aca795e2bbdc1292bae4aac3d6f56d63c24ddb507137", kill_on_drop: false }`
[INFO] [stdout] 5f9a1fde1ac450b0a824aca795e2bbdc1292bae4aac3d6f56d63c24ddb507137
