[INFO] cloning repository https://github.com/desmos-labs/desmos-bindings
[INFO] running `Command { std: "git" "-c" "credential.helper=" "-c" "credential.helper=/workspace/cargo-home/bin/git-credential-null" "clone" "--bare" "https://github.com/desmos-labs/desmos-bindings" "/workspace/cache/git-repos/https%3A%2F%2Fgithub.com%2Fdesmos-labs%2Fdesmos-bindings", kill_on_drop: false }`
[INFO] [stderr] Cloning into bare repository '/workspace/cache/git-repos/https%3A%2F%2Fgithub.com%2Fdesmos-labs%2Fdesmos-bindings'...
[INFO] running `Command { std: "git" "rev-parse" "HEAD", kill_on_drop: false }`
[INFO] [stdout] 75c58a042cb10dd708689990a9bd59617ad94268
[INFO] testing desmos-labs/desmos-bindings against 1.69.0 for beta-1.70-1
[INFO] running `Command { std: "git" "clone" "/workspace/cache/git-repos/https%3A%2F%2Fgithub.com%2Fdesmos-labs%2Fdesmos-bindings" "/workspace/builds/worker-2-tc1/source", kill_on_drop: false }`
[INFO] [stderr] Cloning into '/workspace/builds/worker-2-tc1/source'...
[INFO] [stderr] done.
[INFO] validating manifest of git repo https://github.com/desmos-labs/desmos-bindings on toolchain 1.69.0
[INFO] running `Command { std: CARGO_HOME="/workspace/cargo-home" RUSTUP_HOME="/workspace/rustup-home" "/workspace/cargo-home/bin/cargo" "+1.69.0" "metadata" "--manifest-path" "Cargo.toml" "--no-deps", kill_on_drop: false }`
[INFO] removed /workspace/builds/worker-2-tc1/source/.cargo/config
[INFO] started tweaking git repo https://github.com/desmos-labs/desmos-bindings
[INFO] finished tweaking git repo https://github.com/desmos-labs/desmos-bindings
[INFO] tweaked toml for git repo https://github.com/desmos-labs/desmos-bindings written to /workspace/builds/worker-2-tc1/source/Cargo.toml
[INFO] crate git repo https://github.com/desmos-labs/desmos-bindings already has a lockfile, it will not be regenerated
[INFO] running `Command { std: CARGO_HOME="/workspace/cargo-home" RUSTUP_HOME="/workspace/rustup-home" "/workspace/cargo-home/bin/cargo" "+1.69.0" "fetch" "--manifest-path" "Cargo.toml", kill_on_drop: false }`
[INFO] running `Command { std: "docker" "create" "-v" "/var/lib/crater-agent-workspace/builds/worker-2-tc1/target:/opt/rustwide/target:rw,Z" "-v" "/var/lib/crater-agent-workspace/builds/worker-2-tc1/source:/opt/rustwide/workdir:ro,Z" "-v" "/var/lib/crater-agent-workspace/cargo-home:/opt/rustwide/cargo-home:ro,Z" "-v" "/var/lib/crater-agent-workspace/rustup-home:/opt/rustwide/rustup-home:ro,Z" "-e" "SOURCE_DIR=/opt/rustwide/workdir" "-e" "CARGO_TARGET_DIR=/opt/rustwide/target" "-e" "CARGO_HOME=/opt/rustwide/cargo-home" "-e" "RUSTUP_HOME=/opt/rustwide/rustup-home" "-w" "/opt/rustwide/workdir" "-m" "1610612736" "--user" "0:0" "--network" "none" "ghcr.io/rust-lang/crates-build-env/linux@sha256:5ff2268d62e97bff2cde7d5815dd6ed5b47097566f13b8d0ca110b04b60e07ed" "/opt/rustwide/cargo-home/bin/cargo" "+1.69.0" "metadata" "--no-deps" "--format-version=1", kill_on_drop: false }`
[INFO] [stdout] 430808dd7354bdb1fc5b1eedde384bda755baaed4686f5c5f4d382386380e7a4
[INFO] running `Command { std: "docker" "start" "-a" "430808dd7354bdb1fc5b1eedde384bda755baaed4686f5c5f4d382386380e7a4", kill_on_drop: false }`
[INFO] running `Command { std: "docker" "inspect" "430808dd7354bdb1fc5b1eedde384bda755baaed4686f5c5f4d382386380e7a4", kill_on_drop: false }`
[INFO] running `Command { std: "docker" "rm" "-f" "430808dd7354bdb1fc5b1eedde384bda755baaed4686f5c5f4d382386380e7a4", kill_on_drop: false }`
[INFO] [stdout] 430808dd7354bdb1fc5b1eedde384bda755baaed4686f5c5f4d382386380e7a4
[INFO] running `Command { std: "docker" "create" "-v" "/var/lib/crater-agent-workspace/builds/worker-2-tc1/target:/opt/rustwide/target:rw,Z" "-v" "/var/lib/crater-agent-workspace/builds/worker-2-tc1/source:/opt/rustwide/workdir:ro,Z" "-v" "/var/lib/crater-agent-workspace/cargo-home:/opt/rustwide/cargo-home:ro,Z" "-v" "/var/lib/crater-agent-workspace/rustup-home:/opt/rustwide/rustup-home:ro,Z" "-e" "SOURCE_DIR=/opt/rustwide/workdir" "-e" "CARGO_TARGET_DIR=/opt/rustwide/target" "-e" "CARGO_INCREMENTAL=0" "-e" "RUST_BACKTRACE=full" "-e" "RUSTFLAGS=--cap-lints=warn" "-e" "RUSTDOCFLAGS=--cap-lints=warn" "-e" "CARGO_HOME=/opt/rustwide/cargo-home" "-e" "RUSTUP_HOME=/opt/rustwide/rustup-home" "-w" "/opt/rustwide/workdir" "-m" "1610612736" "--user" "0:0" "--network" "none" "ghcr.io/rust-lang/crates-build-env/linux@sha256:5ff2268d62e97bff2cde7d5815dd6ed5b47097566f13b8d0ca110b04b60e07ed" "/opt/rustwide/cargo-home/bin/cargo" "+1.69.0" "build" "--frozen" "--message-format=json", kill_on_drop: false }`
[INFO] [stdout] 78d341a9f945e42db61cd903879e62f5be82bf0a0019bd0353341cd3480c3565
[INFO] running `Command { std: "docker" "start" "-a" "78d341a9f945e42db61cd903879e62f5be82bf0a0019bd0353341cd3480c3565", kill_on_drop: false }`
[INFO] [stderr]    Compiling proc-macro2 v1.0.56
[INFO] [stderr]    Compiling unicode-ident v1.0.7
[INFO] [stderr]    Compiling libc v0.2.139
[INFO] [stderr]    Compiling version_check v0.9.4
[INFO] [stderr]    Compiling typenum v1.16.0
[INFO] [stderr]    Compiling syn v1.0.109
[INFO] [stderr]    Compiling subtle v2.4.1
[INFO] [stderr]    Compiling zeroize v1.5.7
[INFO] [stderr]    Compiling serde_derive v1.0.160
[INFO] [stderr]    Compiling once_cell v1.17.1
[INFO] [stderr]    Compiling serde v1.0.160
[INFO] [stderr]    Compiling const-oid v0.9.2
[INFO] [stderr]    Compiling base64ct v1.6.0
[INFO] [stderr]    Compiling quote v1.0.26
[INFO] [stderr]    Compiling either v1.8.1
[INFO] [stderr]    Compiling anyhow v1.0.70
[INFO] [stderr]    Compiling base16ct v0.1.1
[INFO] [stderr]    Compiling cpufeatures v0.2.5
[INFO] [stderr]    Compiling serde_json v1.0.96
[INFO] [stderr]    Compiling der v0.6.1
[INFO] [stderr]    Compiling byteorder v1.4.3
[INFO] [stderr]    Compiling itertools v0.10.5
[INFO] [stderr]    Compiling rand_core v0.5.1
[INFO] [stderr]    Compiling hex v0.4.3
[INFO] [stderr]    Compiling opaque-debug v0.3.0
[INFO] [stderr]    Compiling generic-array v0.14.6
[INFO] [stderr]    Compiling ahash v0.7.6
[INFO] [stderr]    Compiling crunchy v0.2.2
[INFO] [stderr]    Compiling static_assertions v1.1.0
[INFO] [stderr]    Compiling bytes v1.4.0
[INFO] [stderr]    Compiling base64 v0.13.1
[INFO] [stderr]    Compiling forward_ref v1.0.0
[INFO] [stderr]    Compiling num-traits v0.2.15
[INFO] [stderr]    Compiling heck v0.4.1
[INFO] [stderr]    Compiling num-integer v0.1.45
[INFO] [stderr]    Compiling semver v1.0.16
[INFO] [stderr]    Compiling rustversion v1.0.11
[INFO] [stderr]    Compiling syn v2.0.15
[INFO] [stderr]    Compiling io-lifetimes v1.0.5
[INFO] [stderr]    Compiling uint v0.9.5
[INFO] [stderr]    Compiling aho-corasick v1.0.1
[INFO] [stderr]    Compiling indexmap v1.9.2
[INFO] [stderr]    Compiling spki v0.6.0
[INFO] [stderr]    Compiling rustix v0.36.9
[INFO] [stderr]    Compiling regex-syntax v0.7.1
[INFO] [stderr]    Compiling pkcs8 v0.9.0
[INFO] [stderr]    Compiling prettyplease v0.1.25
[INFO] [stderr]    Compiling linux-raw-sys v0.1.4
[INFO] [stderr]    Compiling quick-error v1.2.3
[INFO] [stderr]    Compiling iana-time-zone v0.1.53
[INFO] [stderr]    Compiling humantime v1.3.0
[INFO] [stderr]    Compiling termcolor v1.2.0
[INFO] [stderr]    Compiling getrandom v0.2.8
[INFO] [stderr]    Compiling time v0.1.45
[INFO] [stderr]    Compiling rand_core v0.6.4
[INFO] [stderr]    Compiling atty v0.2.14
[INFO] [stderr]    Compiling block-buffer v0.10.3
[INFO] [stderr]    Compiling crypto-common v0.1.6
[INFO] [stderr]    Compiling sec1 v0.3.0
[INFO] [stderr]    Compiling digest v0.9.0
[INFO] [stderr]    Compiling block-buffer v0.9.0
[INFO] [stderr]    Compiling digest v0.10.6
[INFO] [stderr]    Compiling hashbrown v0.12.3
[INFO] [stderr]    Compiling crypto-bigint v0.4.9
[INFO] [stderr]    Compiling ff v0.12.1
[INFO] [stderr]    Compiling sha2 v0.9.9
[INFO] [stderr]    Compiling curve25519-dalek v3.2.0
[INFO] [stderr]    Compiling group v0.12.1
[INFO] [stderr]    Compiling fixedbitset v0.4.2
[INFO] [stderr]    Compiling hmac v0.12.1
[INFO] [stderr]    Compiling signature v1.6.4
[INFO] [stderr]    Compiling sha2 v0.10.6
[INFO] [stderr]    Compiling chrono v0.4.24
[INFO] [stderr]    Compiling prettyplease v0.2.4
[INFO] [stderr]    Compiling which v4.4.0
[INFO] [stderr]    Compiling multimap v0.8.3
[INFO] [stderr]    Compiling elliptic-curve v0.12.3
[INFO] [stderr]    Compiling rfc6979 v0.3.1
[INFO] [stderr]    Compiling ecdsa v0.14.8
[INFO] [stderr]    Compiling petgraph v0.6.3
[INFO] [stderr]    Compiling regex v1.8.1
[INFO] [stderr]    Compiling thiserror-impl v1.0.40
[INFO] [stderr]    Compiling std-derive v0.1.0 (/opt/rustwide/workdir/packages/std-derive)
[INFO] [stderr]    Compiling k256 v0.11.6
[INFO] [stderr]    Compiling tempfile v3.4.0
[INFO] [stderr]    Compiling serde_derive_internals v0.26.0
[INFO] [stderr]    Compiling env_logger v0.7.1
[INFO] [stderr]    Compiling thiserror v1.0.40
[INFO] [stderr]    Compiling pretty_env_logger v0.4.0
[INFO] [stderr]    Compiling schemars_derive v0.8.12
[INFO] [stderr]    Compiling derivative v2.2.0
[INFO] [stderr]    Compiling cosmwasm-derive v1.2.4
[INFO] [stderr]    Compiling prost-derive v0.11.9
[INFO] [stderr]    Compiling cosmwasm-schema-derive v1.2.4
[INFO] [stderr]    Compiling prost-derive v0.9.0
[INFO] [stderr]    Compiling strum_macros v0.24.3
[INFO] [stderr]    Compiling prost v0.9.0
[INFO] [stderr]    Compiling prost v0.11.9
[INFO] [stderr]    Compiling prost-types v0.11.9
[INFO] [stderr]    Compiling prost-build v0.11.8
[INFO] [stderr]    Compiling proto-build v0.1.0 (/opt/rustwide/workdir/packages/proto-build)
[INFO] [stderr]    Compiling ed25519-zebra v3.1.0
[INFO] [stderr]    Compiling serde-json-wasm v0.5.0
[INFO] [stderr]    Compiling serde-cw-value v0.7.0
[INFO] [stderr]    Compiling cosmwasm-crypto v1.2.4
[INFO] [stderr]    Compiling schemars v0.8.12
[INFO] [stderr]    Compiling cosmwasm-std v1.2.4
[INFO] [stderr]    Compiling cosmwasm-schema v1.2.4
[INFO] [stderr]    Compiling cw-storage-plus v1.0.1
[INFO] [stderr]    Compiling mock v0.1.0 (/opt/rustwide/workdir/packages/mock)
[INFO] [stderr]    Compiling desmos-std v0.1.0 (/opt/rustwide/workdir/packages/std)
[INFO] [stderr]    Compiling cw2 v1.0.1
[INFO] [stderr]    Compiling cw-utils v1.0.1
[INFO] [stderr]    Compiling cw-multi-test v0.16.2
[INFO] [stdout] warning: use of deprecated function `base64::encode`: Use Engine::encode
[INFO] [stdout]   --> packages/std/src/serde/mod.rs:29:36
[INFO] [stdout]    |
[INFO] [stdout] 29 |         let base64_value = base64::encode(v);
[INFO] [stdout]    |                                    ^^^^^^
[INFO] [stdout]    |
[INFO] [stdout]    = note: `#[warn(deprecated)]` on by default
[INFO] [stdout] 
[INFO] [stdout] 
[INFO] [stdout] warning: use of deprecated function `base64::decode`: Use Engine::decode
[INFO] [stdout]   --> packages/std/src/serde/mod.rs:39:17
[INFO] [stdout]    |
[INFO] [stdout] 39 |         base64::decode(base64_value.as_bytes()).map_err(serde::de::Error::custom)
[INFO] [stdout]    |                 ^^^^^^
[INFO] [stdout] 
[INFO] [stdout] 
[INFO] [stdout] warning: 2 warnings emitted
[INFO] [stdout] 
[INFO] [stdout] 
[INFO] [stderr]    Compiling desmos-bindings v1.2.1 (/opt/rustwide/workdir/packages/bindings)
[INFO] [stderr]    Compiling test-contract v1.0.0 (/opt/rustwide/workdir/contracts/test-contract)
[INFO] [stderr]    Compiling bindings-test v1.0.0 (/opt/rustwide/workdir/packages/bindings-test)
[INFO] [stdout] warning: use of deprecated function `base64::decode`: Use Engine::decode
[INFO] [stdout]   --> packages/bindings-test/src/models.rs:29:30
[INFO] [stdout]    |
[INFO] [stdout] 29 |         let decode = base64::decode(self.data.data.to_base64()).unwrap();
[INFO] [stdout]    |                              ^^^^^^
[INFO] [stdout]    |
[INFO] [stdout]    = note: `#[warn(deprecated)]` on by default
[INFO] [stdout] 
[INFO] [stdout] 
[INFO] [stdout] warning: method `wasm_query` is never used
[INFO] [stdout]    --> packages/bindings-test/src/chain_communication.rs:180:12
[INFO] [stdout]     |
[INFO] [stdout] 180 |     pub fn wasm_query<T>(&self, contract: &str, query: &T) -> WasmQueryResponse
[INFO] [stdout]     |            ^^^^^^^^^^
[INFO] [stdout]     |
[INFO] [stdout]     = note: `#[warn(dead_code)]` on by default
[INFO] [stdout] 
[INFO] [stdout] 
[INFO] [stdout] warning: method `query_subspaces` is never used
[INFO] [stdout]    --> packages/bindings-test/src/chain_communication.rs:201:12
[INFO] [stdout]     |
[INFO] [stdout] 201 |     pub fn query_subspaces(&self, page_key: Option<String>) -> QuerySubspacesResponse {
[INFO] [stdout]     |            ^^^^^^^^^^^^^^^
[INFO] [stdout] 
[INFO] [stdout] 
[INFO] [stdout] warning: method `query_subspace` is never used
[INFO] [stdout]    --> packages/bindings-test/src/chain_communication.rs:215:12
[INFO] [stdout]     |
[INFO] [stdout] 215 |     pub fn query_subspace(&self, subspace_id: u64) -> QuerySubspaceResponse {
[INFO] [stdout]     |            ^^^^^^^^^^^^^^
[INFO] [stdout] 
[INFO] [stdout] 
[INFO] [stdout] warning: method `query_user_groups` is never used
[INFO] [stdout]    --> packages/bindings-test/src/chain_communication.rs:231:12
[INFO] [stdout]     |
[INFO] [stdout] 231 |     pub fn query_user_groups(
[INFO] [stdout]     |            ^^^^^^^^^^^^^^^^^
[INFO] [stdout] 
[INFO] [stdout] 
[INFO] [stdout] warning: method `query_user_group` is never used
[INFO] [stdout]    --> packages/bindings-test/src/chain_communication.rs:254:12
[INFO] [stdout]     |
[INFO] [stdout] 254 |     pub fn query_user_group(&self, subspace_id: u64, group_id: u32) -> QueryUserGroupResponse {
[INFO] [stdout]     |            ^^^^^^^^^^^^^^^^
[INFO] [stdout] 
[INFO] [stdout] 
[INFO] [stdout] warning: method `query_user_group_members` is never used
[INFO] [stdout]    --> packages/bindings-test/src/chain_communication.rs:270:12
[INFO] [stdout]     |
[INFO] [stdout] 270 |     pub fn query_user_group_members(
[INFO] [stdout]     |            ^^^^^^^^^^^^^^^^^^^^^^^^
[INFO] [stdout] 
[INFO] [stdout] 
[INFO] [stdout] warning: constant `USER2_KEY` is never used
[INFO] [stdout]  --> packages/bindings-test/src/consts.rs:8:11
[INFO] [stdout]   |
[INFO] [stdout] 8 | pub const USER2_KEY: &str = "user2";
[INFO] [stdout]   |           ^^^^^^^^^
[INFO] [stdout] 
[INFO] [stdout] 
[INFO] [stdout] warning: constant `TEST_SUBSPACE` is never used
[INFO] [stdout]   --> packages/bindings-test/src/consts.rs:11:11
[INFO] [stdout]    |
[INFO] [stdout] 11 | pub const TEST_SUBSPACE: u64 = 1;
[INFO] [stdout]    |           ^^^^^^^^^^^^^
[INFO] [stdout] 
[INFO] [stdout] 
[INFO] [stdout] warning: constant `TEST_SUBSPACE_USER_GROUP` is never used
[INFO] [stdout]   --> packages/bindings-test/src/consts.rs:12:11
[INFO] [stdout]    |
[INFO] [stdout] 12 | pub const TEST_SUBSPACE_USER_GROUP: u32 = 1;
[INFO] [stdout]    |           ^^^^^^^^^^^^^^^^^^^^^^^^
[INFO] [stdout] 
[INFO] [stdout] 
[INFO] [stdout] warning: constant `TEST_SUBSPACE_EDITABLE_POST_ID` is never used
[INFO] [stdout]   --> packages/bindings-test/src/consts.rs:13:11
[INFO] [stdout]    |
[INFO] [stdout] 13 | pub const TEST_SUBSPACE_EDITABLE_POST_ID: u64 = 1;
[INFO] [stdout]    |           ^^^^^^^^^^^^^^^^^^^^^^^^^^^^^^
[INFO] [stdout] 
[INFO] [stdout] 
[INFO] [stdout] warning: constant `TEST_SUBSPACE_DELETABLE_POST_ID` is never used
[INFO] [stdout]   --> packages/bindings-test/src/consts.rs:14:11
[INFO] [stdout]    |
[INFO] [stdout] 14 | pub const TEST_SUBSPACE_DELETABLE_POST_ID: u64 = 2;
[INFO] [stdout]    |           ^^^^^^^^^^^^^^^^^^^^^^^^^^^^^^^
[INFO] [stdout] 
[INFO] [stdout] 
[INFO] [stdout] warning: constant `TEST_DELETABLE_ATTACHMENT_ID` is never used
[INFO] [stdout]   --> packages/bindings-test/src/consts.rs:15:11
[INFO] [stdout]    |
[INFO] [stdout] 15 | pub const TEST_DELETABLE_ATTACHMENT_ID: u32 = 2;
[INFO] [stdout]    |           ^^^^^^^^^^^^^^^^^^^^^^^^^^^^
[INFO] [stdout] 
[INFO] [stdout] 
[INFO] [stdout] warning: constant `TEST_POLL_ID` is never used
[INFO] [stdout]   --> packages/bindings-test/src/consts.rs:16:11
[INFO] [stdout]    |
[INFO] [stdout] 16 | pub const TEST_POLL_ID: u32 = 1;
[INFO] [stdout]    |           ^^^^^^^^^^^^
[INFO] [stdout] 
[INFO] [stdout] 
[INFO] [stdout] warning: constant `TEST_REASON_ID` is never used
[INFO] [stdout]   --> packages/bindings-test/src/consts.rs:17:11
[INFO] [stdout]    |
[INFO] [stdout] 17 | pub const TEST_REASON_ID: u32 = 1;
[INFO] [stdout]    |           ^^^^^^^^^^^^^^
[INFO] [stdout] 
[INFO] [stdout] 
[INFO] [stdout] warning: constant `TEST_DELETABLE_REASON_ID` is never used
[INFO] [stdout]   --> packages/bindings-test/src/consts.rs:18:11
[INFO] [stdout]    |
[INFO] [stdout] 18 | pub const TEST_DELETABLE_REASON_ID: u32 = 2;
[INFO] [stdout]    |           ^^^^^^^^^^^^^^^^^^^^^^^^
[INFO] [stdout] 
[INFO] [stdout] 
[INFO] [stdout] warning: constant `TEST_REPORT_ID_WITH_USER_TARGET` is never used
[INFO] [stdout]   --> packages/bindings-test/src/consts.rs:19:11
[INFO] [stdout]    |
[INFO] [stdout] 19 | pub const TEST_REPORT_ID_WITH_USER_TARGET: u64 = 1;
[INFO] [stdout]    |           ^^^^^^^^^^^^^^^^^^^^^^^^^^^^^^^
[INFO] [stdout] 
[INFO] [stdout] 
[INFO] [stdout] warning: constant `TEST_DELETABLE_REPORT_ID` is never used
[INFO] [stdout]   --> packages/bindings-test/src/consts.rs:20:11
[INFO] [stdout]    |
[INFO] [stdout] 20 | pub const TEST_DELETABLE_REPORT_ID: u64 = 3;
[INFO] [stdout]    |           ^^^^^^^^^^^^^^^^^^^^^^^^
[INFO] [stdout] 
[INFO] [stdout] 
[INFO] [stdout] warning: constant `TEST_EDITABLE_REGISTERED_REACTION_ID` is never used
[INFO] [stdout]   --> packages/bindings-test/src/consts.rs:22:11
[INFO] [stdout]    |
[INFO] [stdout] 22 | pub const TEST_EDITABLE_REGISTERED_REACTION_ID: u32 = 1;
[INFO] [stdout]    |           ^^^^^^^^^^^^^^^^^^^^^^^^^^^^^^^^^^^^
[INFO] [stdout] 
[INFO] [stdout] 
[INFO] [stdout] warning: constant `TEST_DELETABLE_REGISTERED_REACTION_ID` is never used
[INFO] [stdout]   --> packages/bindings-test/src/consts.rs:23:11
[INFO] [stdout]    |
[INFO] [stdout] 23 | pub const TEST_DELETABLE_REGISTERED_REACTION_ID: u32 = 2;
[INFO] [stdout]    |           ^^^^^^^^^^^^^^^^^^^^^^^^^^^^^^^^^^^^^
[INFO] [stdout] 
[INFO] [stdout] 
[INFO] [stdout] warning: constant `TEST_REACTIONS_POST_ID` is never used
[INFO] [stdout]   --> packages/bindings-test/src/consts.rs:24:11
[INFO] [stdout]    |
[INFO] [stdout] 24 | pub const TEST_REACTIONS_POST_ID: u64 = 3;
[INFO] [stdout]    |           ^^^^^^^^^^^^^^^^^^^^^^
[INFO] [stdout] 
[INFO] [stdout] 
[INFO] [stdout] warning: constant `TEST_POST_REGISTERED_REACTION_ID` is never used
[INFO] [stdout]   --> packages/bindings-test/src/consts.rs:25:11
[INFO] [stdout]    |
[INFO] [stdout] 25 | pub const TEST_POST_REGISTERED_REACTION_ID: u32 = 1;
[INFO] [stdout]    |           ^^^^^^^^^^^^^^^^^^^^^^^^^^^^^^^^
[INFO] [stdout] 
[INFO] [stdout] 
[INFO] [stdout] warning: constant `TEST_POST_FREE_TEXT_REACTION_ID` is never used
[INFO] [stdout]   --> packages/bindings-test/src/consts.rs:26:11
[INFO] [stdout]    |
[INFO] [stdout] 26 | pub const TEST_POST_FREE_TEXT_REACTION_ID: u32 = 2;
[INFO] [stdout]    |           ^^^^^^^^^^^^^^^^^^^^^^^^^^^^^^^
[INFO] [stdout] 
[INFO] [stdout] 
[INFO] [stdout] warning: constant `TEST_POST_DELETABLE_REACTION_ID` is never used
[INFO] [stdout]   --> packages/bindings-test/src/consts.rs:27:11
[INFO] [stdout]    |
[INFO] [stdout] 27 | pub const TEST_POST_DELETABLE_REACTION_ID: u32 = 3;
[INFO] [stdout]    |           ^^^^^^^^^^^^^^^^^^^^^^^^^^^^^^^
[INFO] [stdout] 
[INFO] [stdout] 
[INFO] [stdout] warning: method `to_object` is never used
[INFO] [stdout]   --> packages/bindings-test/src/models.rs:35:12
[INFO] [stdout]    |
[INFO] [stdout] 35 |     pub fn to_object<T: DeserializeOwned>(&self) -> T {
[INFO] [stdout]    |            ^^^^^^^^^
[INFO] [stdout] 
[INFO] [stdout] 
[INFO] [stdout] warning: 25 warnings emitted
[INFO] [stdout] 
[INFO] [stdout] 
[INFO] [stderr]     Finished dev [unoptimized + debuginfo] target(s) in 45.08s
[INFO] running `Command { std: "docker" "inspect" "78d341a9f945e42db61cd903879e62f5be82bf0a0019bd0353341cd3480c3565", kill_on_drop: false }`
[INFO] running `Command { std: "docker" "rm" "-f" "78d341a9f945e42db61cd903879e62f5be82bf0a0019bd0353341cd3480c3565", kill_on_drop: false }`
[INFO] [stdout] 78d341a9f945e42db61cd903879e62f5be82bf0a0019bd0353341cd3480c3565
[INFO] running `Command { std: "docker" "create" "-v" "/var/lib/crater-agent-workspace/builds/worker-2-tc1/target:/opt/rustwide/target:rw,Z" "-v" "/var/lib/crater-agent-workspace/builds/worker-2-tc1/source:/opt/rustwide/workdir:ro,Z" "-v" "/var/lib/crater-agent-workspace/cargo-home:/opt/rustwide/cargo-home:ro,Z" "-v" "/var/lib/crater-agent-workspace/rustup-home:/opt/rustwide/rustup-home:ro,Z" "-e" "SOURCE_DIR=/opt/rustwide/workdir" "-e" "CARGO_TARGET_DIR=/opt/rustwide/target" "-e" "CARGO_INCREMENTAL=0" "-e" "RUST_BACKTRACE=full" "-e" "RUSTFLAGS=--cap-lints=warn" "-e" "RUSTDOCFLAGS=--cap-lints=warn" "-e" "CARGO_HOME=/opt/rustwide/cargo-home" "-e" "RUSTUP_HOME=/opt/rustwide/rustup-home" "-w" "/opt/rustwide/workdir" "-m" "1610612736" "--user" "0:0" "--network" "none" "ghcr.io/rust-lang/crates-build-env/linux@sha256:5ff2268d62e97bff2cde7d5815dd6ed5b47097566f13b8d0ca110b04b60e07ed" "/opt/rustwide/cargo-home/bin/cargo" "+1.69.0" "test" "--frozen" "--no-run" "--message-format=json", kill_on_drop: false }`
[INFO] [stdout] 55492e1794a77936f1c66841cc6ce3abdf9faeb4e46fde128c08e1dd41e1d7f5
[INFO] running `Command { std: "docker" "start" "-a" "55492e1794a77936f1c66841cc6ce3abdf9faeb4e46fde128c08e1dd41e1d7f5", kill_on_drop: false }`
[INFO] [stderr]    Compiling libc v0.2.139
[INFO] [stderr]    Compiling ahash v0.7.6
[INFO] [stderr]    Compiling std-derive v0.1.0 (/opt/rustwide/workdir/packages/std-derive)
[INFO] [stderr]    Compiling trybuild v1.0.80
[INFO] [stderr]    Compiling basic-toml v0.1.1
[INFO] [stderr]    Compiling glob v0.3.1
[INFO] [stderr]    Compiling dissimilar v1.0.6
[INFO] [stderr]    Compiling hashbrown v0.12.3
[INFO] [stderr]    Compiling ed25519-zebra v3.1.0
[INFO] [stderr]    Compiling indexmap v1.9.2
[INFO] [stderr]    Compiling getrandom v0.2.8
[INFO] [stderr]    Compiling cosmwasm-crypto v1.2.4
[INFO] [stderr]    Compiling rand_core v0.6.4
[INFO] [stderr]    Compiling crypto-bigint v0.4.9
[INFO] [stderr]    Compiling ff v0.12.1
[INFO] [stderr]    Compiling signature v1.6.4
[INFO] [stderr]    Compiling petgraph v0.6.3
[INFO] [stderr]    Compiling cosmwasm-std v1.2.4
[INFO] [stderr]    Compiling group v0.12.1
[INFO] [stderr]    Compiling rfc6979 v0.3.1
[INFO] [stderr]    Compiling elliptic-curve v0.12.3
[INFO] [stderr]    Compiling ecdsa v0.14.8
[INFO] [stderr]    Compiling prost-build v0.11.8
[INFO] [stderr]    Compiling k256 v0.11.6
[INFO] [stderr]    Compiling proto-build v0.1.0 (/opt/rustwide/workdir/packages/proto-build)
[INFO] [stderr]    Compiling mock v0.1.0 (/opt/rustwide/workdir/packages/mock)
[INFO] [stderr]    Compiling cw-storage-plus v1.0.1
[INFO] [stderr]    Compiling desmos-std v0.1.0 (/opt/rustwide/workdir/packages/std)
[INFO] [stderr]    Compiling cw2 v1.0.1
[INFO] [stderr]    Compiling cw-utils v1.0.1
[INFO] [stderr]    Compiling cw-multi-test v0.16.2
[INFO] [stdout] warning: use of deprecated function `base64::encode`: Use Engine::encode
[INFO] [stdout]   --> packages/std/src/serde/mod.rs:29:36
[INFO] [stdout]    |
[INFO] [stdout] 29 |         let base64_value = base64::encode(v);
[INFO] [stdout]    |                                    ^^^^^^
[INFO] [stdout]    |
[INFO] [stdout]    = note: `#[warn(deprecated)]` on by default
[INFO] [stdout] 
[INFO] [stdout] 
[INFO] [stdout] warning: use of deprecated function `base64::decode`: Use Engine::decode
[INFO] [stdout]   --> packages/std/src/serde/mod.rs:39:17
[INFO] [stdout]    |
[INFO] [stdout] 39 |         base64::decode(base64_value.as_bytes()).map_err(serde::de::Error::custom)
[INFO] [stdout]    |                 ^^^^^^
[INFO] [stdout] 
[INFO] [stdout] 
[INFO] [stdout] warning: use of deprecated function `base64::encode`: Use Engine::encode
[INFO] [stdout]   --> packages/std/src/serde/mod.rs:29:36
[INFO] [stdout]    |
[INFO] [stdout] 29 |         let base64_value = base64::encode(v);
[INFO] [stdout]    |                                    ^^^^^^
[INFO] [stdout]    |
[INFO] [stdout]    = note: `#[warn(deprecated)]` on by default
[INFO] [stdout] 
[INFO] [stdout] 
[INFO] [stdout] warning: use of deprecated function `base64::decode`: Use Engine::decode
[INFO] [stdout]   --> packages/std/src/serde/mod.rs:39:17
[INFO] [stdout]    |
[INFO] [stdout] 39 |         base64::decode(base64_value.as_bytes()).map_err(serde::de::Error::custom)
[INFO] [stdout]    |                 ^^^^^^
[INFO] [stdout] 
[INFO] [stdout] 
[INFO] [stdout] warning: 2 warnings emitted
[INFO] [stdout] 
[INFO] [stdout] 
[INFO] [stdout] warning: 2 warnings emitted
[INFO] [stdout] 
[INFO] [stdout] 
[INFO] [stderr]    Compiling desmos-bindings v1.2.1 (/opt/rustwide/workdir/packages/bindings)
[INFO] [stdout] error[E0599]: no method named `iterate_subspace_posts` found for struct `posts::querier::PostsQuerier` in the current scope
[INFO] [stdout]    --> packages/bindings/src/posts/querier.rs:281:36
[INFO] [stdout]     |
[INFO] [stdout] 14  | pub struct PostsQuerier<'a> {
[INFO] [stdout]     | --------------------------- method `iterate_subspace_posts` not found for this struct
[INFO] [stdout] ...
[INFO] [stdout] 281 |         let mut iterator = querier.iterate_subspace_posts(1, 32);
[INFO] [stdout]     |                                    ^^^^^^^^^^^^^^^^^^^^^^ help: there is a method with a similar name: `query_subspace_posts`
[INFO] [stdout] 
[INFO] [stdout] 
[INFO] [stdout] error[E0599]: no method named `iterate_section_posts` found for struct `posts::querier::PostsQuerier` in the current scope
[INFO] [stdout]    --> packages/bindings/src/posts/querier.rs:308:36
[INFO] [stdout]     |
[INFO] [stdout] 14  | pub struct PostsQuerier<'a> {
[INFO] [stdout]     | --------------------------- method `iterate_section_posts` not found for this struct
[INFO] [stdout] ...
[INFO] [stdout] 308 |         let mut iterator = querier.iterate_section_posts(1, 1, 32);
[INFO] [stdout]     |                                    ^^^^^^^^^^^^^^^^^^^^^ help: there is a method with a similar name: `query_section_posts`
[INFO] [stdout] 
[INFO] [stdout] 
[INFO] [stdout] error[E0599]: no method named `iterate_post_attachments` found for struct `posts::querier::PostsQuerier` in the current scope
[INFO] [stdout]    --> packages/bindings/src/posts/querier.rs:348:36
[INFO] [stdout]     |
[INFO] [stdout] 14  | pub struct PostsQuerier<'a> {
[INFO] [stdout]     | --------------------------- method `iterate_post_attachments` not found for this struct
[INFO] [stdout] ...
[INFO] [stdout] 348 |         let mut iterator = querier.iterate_post_attachments(1, 1, 32);
[INFO] [stdout]     |                                    ^^^^^^^^^^^^^^^^^^^^^^^^ help: there is a method with a similar name: `query_post_attachments`
[INFO] [stdout] 
[INFO] [stdout] 
[INFO] [stdout] error[E0599]: no method named `iterate_poll_answers` found for struct `posts::querier::PostsQuerier` in the current scope
[INFO] [stdout]    --> packages/bindings/src/posts/querier.rs:375:36
[INFO] [stdout]     |
[INFO] [stdout] 14  | pub struct PostsQuerier<'a> {
[INFO] [stdout]     | --------------------------- method `iterate_poll_answers` not found for this struct
[INFO] [stdout] ...
[INFO] [stdout] 375 |         let mut iterator = querier.iterate_poll_answers(1, 1, 1, None, 32);
[INFO] [stdout]     |                                    ^^^^^^^^^^^^^^^^^^^^ help: there is a method with a similar name: `query_poll_answers`
[INFO] [stdout] 
[INFO] [stdout] 
[INFO] [stdout] error[E0599]: no method named `iterate_incoming_dtag_transfer_requests` found for struct `profiles::querier::ProfilesQuerier` in the current scope
[INFO] [stdout]    --> packages/bindings/src/profiles/querier.rs:443:21
[INFO] [stdout]     |
[INFO] [stdout] 13  | pub struct ProfilesQuerier<'a> {
[INFO] [stdout]     | ------------------------------ method `iterate_incoming_dtag_transfer_requests` not found for this struct
[INFO] [stdout] ...
[INFO] [stdout] 443 |             querier.iterate_incoming_dtag_transfer_requests(Addr::unchecked(MOCK_USER), 10);
[INFO] [stdout]     |                     ^^^^^^^^^^^^^^^^^^^^^^^^^^^^^^^^^^^^^^^ help: there is a method with a similar name: `query_incoming_dtag_transfer_requests`
[INFO] [stdout] 
[INFO] [stdout] 
[INFO] [stdout] error[E0599]: no method named `iterate_chain_links` found for struct `profiles::querier::ProfilesQuerier` in the current scope
[INFO] [stdout]    --> packages/bindings/src/profiles/querier.rs:475:30
[INFO] [stdout]     |
[INFO] [stdout] 13  | pub struct ProfilesQuerier<'a> {
[INFO] [stdout]     | ------------------------------ method `iterate_chain_links` not found for this struct
[INFO] [stdout] ...
[INFO] [stdout] 475 |         let mut it = querier.iterate_chain_links(
[INFO] [stdout]     |                      --------^^^^^^^^^^^^^^^^^^^ help: there is a method with a similar name: `query_chain_links`
[INFO] [stdout] 
[INFO] [stdout] 
[INFO] [stdout] error[E0599]: no method named `iterate_chain_link_owners` found for struct `profiles::querier::ProfilesQuerier` in the current scope
[INFO] [stdout]    --> packages/bindings/src/profiles/querier.rs:511:30
[INFO] [stdout]     |
[INFO] [stdout] 13  | pub struct ProfilesQuerier<'a> {
[INFO] [stdout]     | ------------------------------ method `iterate_chain_link_owners` not found for this struct
[INFO] [stdout] ...
[INFO] [stdout] 511 |         let mut it = querier.iterate_chain_link_owners(
[INFO] [stdout]     |                      --------^^^^^^^^^^^^^^^^^^^^^^^^^ help: there is a method with a similar name: `query_chain_link_owners`
[INFO] [stdout] 
[INFO] [stdout] 
[INFO] [stdout] error[E0599]: no method named `iterate_default_external_addresses` found for struct `profiles::querier::ProfilesQuerier` in the current scope
[INFO] [stdout]    --> packages/bindings/src/profiles/querier.rs:546:30
[INFO] [stdout]     |
[INFO] [stdout] 13  | pub struct ProfilesQuerier<'a> {
[INFO] [stdout]     | ------------------------------ method `iterate_default_external_addresses` not found for this struct
[INFO] [stdout] ...
[INFO] [stdout] 546 |         let mut it = querier.iterate_default_external_addresses(
[INFO] [stdout]     |                      --------^^^^^^^^^^^^^^^^^^^^^^^^^^^^^^^^^^ help: there is a method with a similar name: `query_default_external_addresses`
[INFO] [stdout] 
[INFO] [stdout] 
[INFO] [stdout] error[E0599]: no method named `iterate_application_links` found for struct `profiles::querier::ProfilesQuerier` in the current scope
[INFO] [stdout]    --> packages/bindings/src/profiles/querier.rs:582:30
[INFO] [stdout]     |
[INFO] [stdout] 13  | pub struct ProfilesQuerier<'a> {
[INFO] [stdout]     | ------------------------------ method `iterate_application_links` not found for this struct
[INFO] [stdout] ...
[INFO] [stdout] 582 |         let mut it = querier.iterate_application_links(
[INFO] [stdout]     |                      --------^^^^^^^^^^^^^^^^^^^^^^^^^ help: there is a method with a similar name: `query_application_links`
[INFO] [stdout] 
[INFO] [stdout] 
[INFO] [stdout] error[E0599]: no method named `iterate_application_link_owners` found for struct `profiles::querier::ProfilesQuerier` in the current scope
[INFO] [stdout]    --> packages/bindings/src/profiles/querier.rs:632:30
[INFO] [stdout]     |
[INFO] [stdout] 13  | pub struct ProfilesQuerier<'a> {
[INFO] [stdout]     | ------------------------------ method `iterate_application_link_owners` not found for this struct
[INFO] [stdout] ...
[INFO] [stdout] 632 |         let mut it = querier.iterate_application_link_owners(
[INFO] [stdout]     |                      --------^^^^^^^^^^^^^^^^^^^^^^^^^^^^^^^ help: there is a method with a similar name: `query_application_link_owners`
[INFO] [stdout] 
[INFO] [stdout] 
[INFO] [stdout] error[E0599]: no method named `iterate_reactions` found for struct `reactions::querier::ReactionsQuerier` in the current scope
[INFO] [stdout]    --> packages/bindings/src/reactions/querier.rs:256:30
[INFO] [stdout]     |
[INFO] [stdout] 16  | pub struct ReactionsQuerier<'a> {
[INFO] [stdout]     | ------------------------------- method `iterate_reactions` not found for this struct
[INFO] [stdout] ...
[INFO] [stdout] 256 |         let mut it = querier.iterate_reactions(1, 1, None, 32);
[INFO] [stdout]     |                              ^^^^^^^^^^^^^^^^^ help: there is a method with a similar name: `query_reactions`
[INFO] [stdout] 
[INFO] [stdout] 
[INFO] [stdout] error[E0599]: no method named `iterate_registered_reactions` found for struct `reactions::querier::ReactionsQuerier` in the current scope
[INFO] [stdout]    --> packages/bindings/src/reactions/querier.rs:269:30
[INFO] [stdout]     |
[INFO] [stdout] 16  | pub struct ReactionsQuerier<'a> {
[INFO] [stdout]     | ------------------------------- method `iterate_registered_reactions` not found for this struct
[INFO] [stdout] ...
[INFO] [stdout] 269 |         let mut it = querier.iterate_registered_reactions(1, 32);
[INFO] [stdout]     |                              ^^^^^^^^^^^^^^^^^^^^^^^^^^^^ help: there is a method with a similar name: `query_registered_reactions`
[INFO] [stdout] 
[INFO] [stdout] 
[INFO] [stdout] error[E0599]: no method named `iterate_relationships` found for struct `relationships::querier::RelationshipsQuerier` in the current scope
[INFO] [stdout]    --> packages/bindings/src/relationships/querier.rs:188:30
[INFO] [stdout]     |
[INFO] [stdout] 16  | pub struct RelationshipsQuerier<'a> {
[INFO] [stdout]     | ----------------------------------- method `iterate_relationships` not found for this struct
[INFO] [stdout] ...
[INFO] [stdout] 188 |         let mut it = querier.iterate_relationships(0, Some(Addr::unchecked("")), 10);
[INFO] [stdout]     |                              ^^^^^^^^^^^^^^^^^^^^^ help: there is a method with a similar name: `query_relationships`
[INFO] [stdout] 
[INFO] [stdout] 
[INFO] [stdout] error[E0599]: no method named `iterate_blocks` found for struct `relationships::querier::RelationshipsQuerier` in the current scope
[INFO] [stdout]    --> packages/bindings/src/relationships/querier.rs:216:30
[INFO] [stdout]     |
[INFO] [stdout] 16  | pub struct RelationshipsQuerier<'a> {
[INFO] [stdout]     | ----------------------------------- method `iterate_blocks` not found for this struct
[INFO] [stdout] ...
[INFO] [stdout] 216 |         let mut it = querier.iterate_blocks(0, Some(Addr::unchecked("")), 10);
[INFO] [stdout]     |                              ^^^^^^^^^^^^^^ help: there is a method with a similar name: `query_blocks`
[INFO] [stdout] 
[INFO] [stdout] 
[INFO] [stdout] error[E0599]: no method named `iterate_reports` found for struct `reports::querier::ReportsQuerier` in the current scope
[INFO] [stdout]    --> packages/bindings/src/reports/querier.rs:187:30
[INFO] [stdout]     |
[INFO] [stdout] 15  | pub struct ReportsQuerier<'a> {
[INFO] [stdout]     | ----------------------------- method `iterate_reports` not found for this struct
[INFO] [stdout] ...
[INFO] [stdout] 187 |         let mut it = querier.iterate_reports(1, None, None, 32);
[INFO] [stdout]     |                              ^^^^^^^^^^^^^^^ help: there is a method with a similar name: `query_reports`
[INFO] [stdout] 
[INFO] [stdout] 
[INFO] [stdout] error[E0599]: no method named `iterate_reasons` found for struct `reports::querier::ReportsQuerier` in the current scope
[INFO] [stdout]    --> packages/bindings/src/reports/querier.rs:224:30
[INFO] [stdout]     |
[INFO] [stdout] 15  | pub struct ReportsQuerier<'a> {
[INFO] [stdout]     | ----------------------------- method `iterate_reasons` not found for this struct
[INFO] [stdout] ...
[INFO] [stdout] 224 |         let mut it = querier.iterate_reasons(1, 32);
[INFO] [stdout]     |                              ^^^^^^^^^^^^^^^ help: there is a method with a similar name: `query_reasons`
[INFO] [stdout] 
[INFO] [stdout] 
[INFO] [stdout] error[E0599]: no method named `iterate_subspaces` found for struct `subspaces::querier::SubspacesQuerier` in the current scope
[INFO] [stdout]    --> packages/bindings/src/subspaces/querier.rs:292:30
[INFO] [stdout]     |
[INFO] [stdout] 14  | pub struct SubspacesQuerier<'a> {
[INFO] [stdout]     | ------------------------------- method `iterate_subspaces` not found for this struct
[INFO] [stdout] ...
[INFO] [stdout] 292 |         let mut it = querier.iterate_subspaces(10);
[INFO] [stdout]     |                              ^^^^^^^^^^^^^^^^^ help: there is a method with a similar name: `query_subspaces`
[INFO] [stdout] 
[INFO] [stdout] 
[INFO] [stdout] error[E0599]: no method named `iterate_sections` found for struct `subspaces::querier::SubspacesQuerier` in the current scope
[INFO] [stdout]    --> packages/bindings/src/subspaces/querier.rs:323:30
[INFO] [stdout]     |
[INFO] [stdout] 14  | pub struct SubspacesQuerier<'a> {
[INFO] [stdout]     | ------------------------------- method `iterate_sections` not found for this struct
[INFO] [stdout] ...
[INFO] [stdout] 323 |         let mut it = querier.iterate_sections(1, 10);
[INFO] [stdout]     |                              ^^^^^^^^^^^^^^^^ help: there is a method with a similar name: `query_sections`
[INFO] [stdout] 
[INFO] [stdout] 
[INFO] [stdout] error[E0599]: no method named `iterate_user_groups` found for struct `subspaces::querier::SubspacesQuerier` in the current scope
[INFO] [stdout]    --> packages/bindings/src/subspaces/querier.rs:354:30
[INFO] [stdout]     |
[INFO] [stdout] 14  | pub struct SubspacesQuerier<'a> {
[INFO] [stdout]     | ------------------------------- method `iterate_user_groups` not found for this struct
[INFO] [stdout] ...
[INFO] [stdout] 354 |         let mut it = querier.iterate_user_groups(1, None, 10);
[INFO] [stdout]     |                              ^^^^^^^^^^^^^^^^^^^ help: there is a method with a similar name: `query_user_groups`
[INFO] [stdout] 
[INFO] [stdout] 
[INFO] [stdout] error[E0599]: no method named `iterate_user_group_members` found for struct `subspaces::querier::SubspacesQuerier` in the current scope
[INFO] [stdout]    --> packages/bindings/src/subspaces/querier.rs:385:30
[INFO] [stdout]     |
[INFO] [stdout] 14  | pub struct SubspacesQuerier<'a> {
[INFO] [stdout]     | ------------------------------- method `iterate_user_group_members` not found for this struct
[INFO] [stdout] ...
[INFO] [stdout] 385 |         let mut it = querier.iterate_user_group_members(1, 1, 10);
[INFO] [stdout]     |                              ^^^^^^^^^^^^^^^^^^^^^^^^^^ help: there is a method with a similar name: `query_user_group_members`
[INFO] [stdout] 
[INFO] [stdout] 
[INFO] [stdout] error: aborting due to 20 previous errors
[INFO] [stdout] 
[INFO] [stdout] 
[INFO] [stdout] For more information about this error, try `rustc --explain E0599`.
[INFO] [stdout] 
[INFO] [stderr] error: could not compile `desmos-bindings` due to 21 previous errors
[INFO] [stderr] warning: build failed, waiting for other jobs to finish...
[INFO] running `Command { std: "docker" "inspect" "55492e1794a77936f1c66841cc6ce3abdf9faeb4e46fde128c08e1dd41e1d7f5", kill_on_drop: false }`
[INFO] running `Command { std: "docker" "rm" "-f" "55492e1794a77936f1c66841cc6ce3abdf9faeb4e46fde128c08e1dd41e1d7f5", kill_on_drop: false }`
[INFO] [stdout] 55492e1794a77936f1c66841cc6ce3abdf9faeb4e46fde128c08e1dd41e1d7f5
