[INFO] cloning repository https://github.com/derricw/rustrsa
[INFO] running `Command { std: "git" "-c" "credential.helper=" "-c" "credential.helper=/workspace/cargo-home/bin/git-credential-null" "clone" "--bare" "https://github.com/derricw/rustrsa" "/workspace/cache/git-repos/https%3A%2F%2Fgithub.com%2Fderricw%2Frustrsa", kill_on_drop: false }`
[INFO] [stderr] Cloning into bare repository '/workspace/cache/git-repos/https%3A%2F%2Fgithub.com%2Fderricw%2Frustrsa'...
[INFO] running `Command { std: "git" "rev-parse" "HEAD", kill_on_drop: false }`
[INFO] [stdout] 25a5a991e8504b1792617e5bff272b15539ea3af
[INFO] testing derricw/rustrsa against 1.69.0 for beta-1.70-1
[INFO] running `Command { std: "git" "clone" "/workspace/cache/git-repos/https%3A%2F%2Fgithub.com%2Fderricw%2Frustrsa" "/workspace/builds/worker-7-tc1/source", kill_on_drop: false }`
[INFO] [stderr] Cloning into '/workspace/builds/worker-7-tc1/source'...
[INFO] [stderr] done.
[INFO] validating manifest of git repo https://github.com/derricw/rustrsa on toolchain 1.69.0
[INFO] running `Command { std: CARGO_HOME="/workspace/cargo-home" RUSTUP_HOME="/workspace/rustup-home" "/workspace/cargo-home/bin/cargo" "+1.69.0" "metadata" "--manifest-path" "Cargo.toml" "--no-deps", kill_on_drop: false }`
[INFO] started tweaking git repo https://github.com/derricw/rustrsa
[INFO] finished tweaking git repo https://github.com/derricw/rustrsa
[INFO] tweaked toml for git repo https://github.com/derricw/rustrsa written to /workspace/builds/worker-7-tc1/source/Cargo.toml
[INFO] crate git repo https://github.com/derricw/rustrsa already has a lockfile, it will not be regenerated
[INFO] running `Command { std: CARGO_HOME="/workspace/cargo-home" RUSTUP_HOME="/workspace/rustup-home" "/workspace/cargo-home/bin/cargo" "+1.69.0" "fetch" "--manifest-path" "Cargo.toml", kill_on_drop: false }`
[INFO] [stderr]  Downloading crates ...
[INFO] [stderr]   Downloaded cc v1.0.24
[INFO] [stderr]   Downloaded ieee754 v0.2.2
[INFO] [stderr]   Downloaded mod_exp v1.0.0
[INFO] [stderr]   Downloaded ramp v0.5.0
[INFO] running `Command { std: "docker" "create" "-v" "/var/lib/crater-agent-workspace/builds/worker-7-tc1/target:/opt/rustwide/target:rw,Z" "-v" "/var/lib/crater-agent-workspace/builds/worker-7-tc1/source:/opt/rustwide/workdir:ro,Z" "-v" "/var/lib/crater-agent-workspace/cargo-home:/opt/rustwide/cargo-home:ro,Z" "-v" "/var/lib/crater-agent-workspace/rustup-home:/opt/rustwide/rustup-home:ro,Z" "-e" "SOURCE_DIR=/opt/rustwide/workdir" "-e" "CARGO_TARGET_DIR=/opt/rustwide/target" "-e" "CARGO_HOME=/opt/rustwide/cargo-home" "-e" "RUSTUP_HOME=/opt/rustwide/rustup-home" "-w" "/opt/rustwide/workdir" "-m" "1610612736" "--user" "0:0" "--network" "none" "ghcr.io/rust-lang/crates-build-env/linux@sha256:5ff2268d62e97bff2cde7d5815dd6ed5b47097566f13b8d0ca110b04b60e07ed" "/opt/rustwide/cargo-home/bin/cargo" "+1.69.0" "metadata" "--no-deps" "--format-version=1", kill_on_drop: false }`
[INFO] [stdout] 39a9f6c189949ffe7b5670930cf8307ac02802ff9e6712f0d35f08a98eecb5a6
[INFO] running `Command { std: "docker" "start" "-a" "39a9f6c189949ffe7b5670930cf8307ac02802ff9e6712f0d35f08a98eecb5a6", kill_on_drop: false }`
[INFO] running `Command { std: "docker" "inspect" "39a9f6c189949ffe7b5670930cf8307ac02802ff9e6712f0d35f08a98eecb5a6", kill_on_drop: false }`
[INFO] running `Command { std: "docker" "rm" "-f" "39a9f6c189949ffe7b5670930cf8307ac02802ff9e6712f0d35f08a98eecb5a6", kill_on_drop: false }`
[INFO] [stdout] 39a9f6c189949ffe7b5670930cf8307ac02802ff9e6712f0d35f08a98eecb5a6
[INFO] running `Command { std: "docker" "create" "-v" "/var/lib/crater-agent-workspace/builds/worker-7-tc1/target:/opt/rustwide/target:rw,Z" "-v" "/var/lib/crater-agent-workspace/builds/worker-7-tc1/source:/opt/rustwide/workdir:ro,Z" "-v" "/var/lib/crater-agent-workspace/cargo-home:/opt/rustwide/cargo-home:ro,Z" "-v" "/var/lib/crater-agent-workspace/rustup-home:/opt/rustwide/rustup-home:ro,Z" "-e" "SOURCE_DIR=/opt/rustwide/workdir" "-e" "CARGO_TARGET_DIR=/opt/rustwide/target" "-e" "CARGO_INCREMENTAL=0" "-e" "RUST_BACKTRACE=full" "-e" "RUSTFLAGS=--cap-lints=warn" "-e" "RUSTDOCFLAGS=--cap-lints=warn" "-e" "CARGO_HOME=/opt/rustwide/cargo-home" "-e" "RUSTUP_HOME=/opt/rustwide/rustup-home" "-w" "/opt/rustwide/workdir" "-m" "1610612736" "--user" "0:0" "--network" "none" "ghcr.io/rust-lang/crates-build-env/linux@sha256:5ff2268d62e97bff2cde7d5815dd6ed5b47097566f13b8d0ca110b04b60e07ed" "/opt/rustwide/cargo-home/bin/cargo" "+1.69.0" "build" "--frozen" "--message-format=json", kill_on_drop: false }`
[INFO] [stdout] e33a607a5e5eb940afcd873d763b07882d7947b1f9c15de4563491d3efaa5197
[INFO] running `Command { std: "docker" "start" "-a" "e33a607a5e5eb940afcd873d763b07882d7947b1f9c15de4563491d3efaa5197", kill_on_drop: false }`
[INFO] [stderr]    Compiling num-traits v0.2.5
[INFO] [stderr]    Compiling num-integer v0.1.39
[INFO] [stderr]    Compiling libc v0.2.43
[INFO] [stderr]    Compiling num-complex v0.2.0
[INFO] [stderr]    Compiling num-rational v0.2.1
[INFO] [stderr]    Compiling rustc-serialize v0.3.24
[INFO] [stderr]    Compiling num-iter v0.1.37
[INFO] [stderr]    Compiling rustc-cfg v0.2.0
[INFO] [stderr]    Compiling cc v1.0.24
[INFO] [stderr]    Compiling rand_core v0.2.1
[INFO] [stderr]    Compiling hamming v0.1.3
[INFO] [stderr]    Compiling ieee754 v0.2.2
[INFO] [stderr]    Compiling rand v0.4.3
[INFO] [stderr]    Compiling rand v0.5.5
[INFO] [stderr]    Compiling num-traits v0.1.43
[INFO] [stderr]    Compiling num-bigint v0.1.44
[INFO] [stderr]    Compiling num v0.2.0
[INFO] [stderr]    Compiling mod_exp v1.0.0
[INFO] [stderr]    Compiling ramp v0.5.0
[INFO] [stdout] error[E0432]: unresolved import `std::alloc::Alloc`
[INFO] [stdout]   --> /opt/rustwide/cargo-home/registry/src/github.com-1ecc6299db9ec823/ramp-0.5.0/src/mem.rs:18:24
[INFO] [stdout]    |
[INFO] [stdout] 18 | use std::alloc::{self, Alloc};
[INFO] [stdout]    |                        ^^^^^
[INFO] [stdout]    |                        |
[INFO] [stdout]    |                        no `Alloc` in `alloc`
[INFO] [stdout]    |                        help: a similar name exists in the module: `alloc`
[INFO] [stdout] 
[INFO] [stdout] 
[INFO] [stdout] error: cannot find macro `asm` in this scope
[INFO] [stdout]    --> /opt/rustwide/cargo-home/registry/src/github.com-1ecc6299db9ec823/ramp-0.5.0/src/ll/limb.rs:442:17
[INFO] [stdout]     |
[INFO] [stdout] 442 |                 asm!("mulq $3"
[INFO] [stdout]     |                 ^^^
[INFO] [stdout]     |
[INFO] [stdout]     = help: consider importing this macro:
[INFO] [stdout]             std::arch::asm
[INFO] [stdout] 
[INFO] [stdout] 
[INFO] [stdout] error: cannot find macro `asm` in this scope
[INFO] [stdout]    --> /opt/rustwide/cargo-home/registry/src/github.com-1ecc6299db9ec823/ramp-0.5.0/src/ll/limb.rs:526:17
[INFO] [stdout]     |
[INFO] [stdout] 526 |                 asm!("addq $4, $0
[INFO] [stdout]     |                 ^^^
[INFO] [stdout]     |
[INFO] [stdout]     = help: consider importing this macro:
[INFO] [stdout]             std::arch::asm
[INFO] [stdout] 
[INFO] [stdout] 
[INFO] [stdout] error: cannot find macro `asm` in this scope
[INFO] [stdout]    --> /opt/rustwide/cargo-home/registry/src/github.com-1ecc6299db9ec823/ramp-0.5.0/src/ll/limb.rs:586:17
[INFO] [stdout]     |
[INFO] [stdout] 586 |                 asm!("subq $4, $0
[INFO] [stdout]     |                 ^^^
[INFO] [stdout]     |
[INFO] [stdout]     = help: consider importing this macro:
[INFO] [stdout]             std::arch::asm
[INFO] [stdout] 
[INFO] [stdout] 
[INFO] [stdout] error: cannot find macro `asm` in this scope
[INFO] [stdout]    --> /opt/rustwide/cargo-home/registry/src/github.com-1ecc6299db9ec823/ramp-0.5.0/src/ll/limb.rs:653:17
[INFO] [stdout]     |
[INFO] [stdout] 653 |                 asm!("divq $4"
[INFO] [stdout]     |                 ^^^
[INFO] [stdout]     |
[INFO] [stdout]     = help: consider importing this macro:
[INFO] [stdout]             std::arch::asm
[INFO] [stdout] 
[INFO] [stdout] 
[INFO] [stdout] error[E0407]: method `replace_one` is not a member of trait `std::iter::Step`
[INFO] [stdout]     --> /opt/rustwide/cargo-home/registry/src/github.com-1ecc6299db9ec823/ramp-0.5.0/src/int.rs:3639:5
[INFO] [stdout]      |
[INFO] [stdout] 3639 | /     fn replace_one(&mut self) -> Self {
[INFO] [stdout] 3640 | |         mem::replace(self, Self::one())
[INFO] [stdout] 3641 | |     }
[INFO] [stdout]      | |_____^ not a member of trait `std::iter::Step`
[INFO] [stdout] 
[INFO] [stdout] 
[INFO] [stdout] error[E0407]: method `replace_zero` is not a member of trait `std::iter::Step`
[INFO] [stdout]     --> /opt/rustwide/cargo-home/registry/src/github.com-1ecc6299db9ec823/ramp-0.5.0/src/int.rs:3643:5
[INFO] [stdout]      |
[INFO] [stdout] 3643 | /     fn replace_zero(&mut self) -> Self {
[INFO] [stdout] 3644 | |         mem::replace(self, Self::zero())
[INFO] [stdout] 3645 | |     }
[INFO] [stdout]      | |_____^ not a member of trait `std::iter::Step`
[INFO] [stdout] 
[INFO] [stdout] 
[INFO] [stdout] error[E0407]: method `add_one` is not a member of trait `std::iter::Step`
[INFO] [stdout]     --> /opt/rustwide/cargo-home/registry/src/github.com-1ecc6299db9ec823/ramp-0.5.0/src/int.rs:3647:5
[INFO] [stdout]      |
[INFO] [stdout] 3647 | /     fn add_one(&self) -> Self {
[INFO] [stdout] 3648 | |         self + 1
[INFO] [stdout] 3649 | |     }
[INFO] [stdout]      | |_____^ not a member of trait `std::iter::Step`
[INFO] [stdout] 
[INFO] [stdout] 
[INFO] [stdout] error[E0407]: method `sub_one` is not a member of trait `std::iter::Step`
[INFO] [stdout]     --> /opt/rustwide/cargo-home/registry/src/github.com-1ecc6299db9ec823/ramp-0.5.0/src/int.rs:3651:5
[INFO] [stdout]      |
[INFO] [stdout] 3651 | /     fn sub_one(&self) -> Self {
[INFO] [stdout] 3652 | |         self - 1
[INFO] [stdout] 3653 | |     }
[INFO] [stdout]      | |_____^ not a member of trait `std::iter::Step`
[INFO] [stdout] 
[INFO] [stdout] 
[INFO] [stdout] error[E0407]: method `add_usize` is not a member of trait `std::iter::Step`
[INFO] [stdout]     --> /opt/rustwide/cargo-home/registry/src/github.com-1ecc6299db9ec823/ramp-0.5.0/src/int.rs:3655:5
[INFO] [stdout]      |
[INFO] [stdout] 3655 | /     fn add_usize(&self, n: usize) -> Option<Self> {
[INFO] [stdout] 3656 | |         Some(self + Int::from(n))
[INFO] [stdout] 3657 | |     }
[INFO] [stdout]      | |_____^ not a member of trait `std::iter::Step`
[INFO] [stdout] 
[INFO] [stdout] 
[INFO] [stdout] error[E0603]: module `raw_vec` is private
[INFO] [stdout]   --> /opt/rustwide/cargo-home/registry/src/github.com-1ecc6299db9ec823/ramp-0.5.0/src/int.rs:43:12
[INFO] [stdout]    |
[INFO] [stdout] 43 | use alloc::raw_vec::RawVec;
[INFO] [stdout]    |            ^^^^^^^ private module
[INFO] [stdout]    |
[INFO] [stdout] note: the module `raw_vec` is defined here
[INFO] [stdout]   --> /rustc/84c898d65adf2f39a5a98507f1fe0ce10a2b8dbc/library/alloc/src/lib.rs:222:1
[INFO] [stdout] 
[INFO] [stdout] 
[INFO] [stdout] error[E0554]: `#![feature]` may not be used on the stable release channel
[INFO] [stdout]   --> /opt/rustwide/cargo-home/registry/src/github.com-1ecc6299db9ec823/ramp-0.5.0/src/lib.rs:18:12
[INFO] [stdout]    |
[INFO] [stdout] 18 | #![feature(core_intrinsics, asm, allocator_api)]
[INFO] [stdout]    |            ^^^^^^^^^^^^^^^
[INFO] [stdout] 
[INFO] [stdout] 
[INFO] [stdout] error[E0554]: `#![feature]` may not be used on the stable release channel
[INFO] [stdout]   --> /opt/rustwide/cargo-home/registry/src/github.com-1ecc6299db9ec823/ramp-0.5.0/src/lib.rs:18:29
[INFO] [stdout]    |
[INFO] [stdout] 18 | #![feature(core_intrinsics, asm, allocator_api)]
[INFO] [stdout]    |                             ^^^
[INFO] [stdout] 
[INFO] [stdout] 
[INFO] [stdout] error[E0554]: `#![feature]` may not be used on the stable release channel
[INFO] [stdout]   --> /opt/rustwide/cargo-home/registry/src/github.com-1ecc6299db9ec823/ramp-0.5.0/src/lib.rs:18:34
[INFO] [stdout]    |
[INFO] [stdout] 18 | #![feature(core_intrinsics, asm, allocator_api)]
[INFO] [stdout]    |                                  ^^^^^^^^^^^^^
[INFO] [stdout] 
[INFO] [stdout] 
[INFO] [stdout] error[E0554]: `#![feature]` may not be used on the stable release channel
[INFO] [stdout]   --> /opt/rustwide/cargo-home/registry/src/github.com-1ecc6299db9ec823/ramp-0.5.0/src/lib.rs:19:12
[INFO] [stdout]    |
[INFO] [stdout] 19 | #![feature(step_trait, ptr_internals, alloc, raw_vec_internals)]
[INFO] [stdout]    |            ^^^^^^^^^^
[INFO] [stdout] 
[INFO] [stdout] 
[INFO] [stdout] error[E0554]: `#![feature]` may not be used on the stable release channel
[INFO] [stdout]   --> /opt/rustwide/cargo-home/registry/src/github.com-1ecc6299db9ec823/ramp-0.5.0/src/lib.rs:19:24
[INFO] [stdout]    |
[INFO] [stdout] 19 | #![feature(step_trait, ptr_internals, alloc, raw_vec_internals)]
[INFO] [stdout]    |                        ^^^^^^^^^^^^^
[INFO] [stdout] 
[INFO] [stdout] 
[INFO] [stdout] error[E0554]: `#![feature]` may not be used on the stable release channel
[INFO] [stdout]   --> /opt/rustwide/cargo-home/registry/src/github.com-1ecc6299db9ec823/ramp-0.5.0/src/lib.rs:19:39
[INFO] [stdout]    |
[INFO] [stdout] 19 | #![feature(step_trait, ptr_internals, alloc, raw_vec_internals)]
[INFO] [stdout]    |                                       ^^^^^
[INFO] [stdout] 
[INFO] [stdout] 
[INFO] [stdout] error[E0554]: `#![feature]` may not be used on the stable release channel
[INFO] [stdout]   --> /opt/rustwide/cargo-home/registry/src/github.com-1ecc6299db9ec823/ramp-0.5.0/src/lib.rs:19:46
[INFO] [stdout]    |
[INFO] [stdout] 19 | #![feature(step_trait, ptr_internals, alloc, raw_vec_internals)]
[INFO] [stdout]    |                                              ^^^^^^^^^^^^^^^^^
[INFO] [stdout] 
[INFO] [stdout] 
[INFO] [stdout] error[E0046]: not all trait items implemented, missing: `forward_checked`, `backward_checked`
[INFO] [stdout]     --> /opt/rustwide/cargo-home/registry/src/github.com-1ecc6299db9ec823/ramp-0.5.0/src/int.rs:3627:1
[INFO] [stdout]      |
[INFO] [stdout] 3627 | impl std::iter::Step for Int {
[INFO] [stdout]      | ^^^^^^^^^^^^^^^^^^^^^^^^^^^^ missing `forward_checked`, `backward_checked` in implementation
[INFO] [stdout]      |
[INFO] [stdout]      = help: implement the missing item: `fn forward_checked(_: Self, _: usize) -> Option<Self> { todo!() }`
[INFO] [stdout]      = help: implement the missing item: `fn backward_checked(_: Self, _: usize) -> Option<Self> { todo!() }`
[INFO] [stdout] 
[INFO] [stdout] 
[INFO] [stdout] error[E0599]: no method named `alloc` found for struct `std::alloc::Global` in the current scope
[INFO] [stdout]   --> /opt/rustwide/cargo-home/registry/src/github.com-1ecc6299db9ec823/ramp-0.5.0/src/mem.rs:47:35
[INFO] [stdout]    |
[INFO] [stdout] 47 |     let ret = match alloc::Global.alloc(layout.clone()) {
[INFO] [stdout]    |                                   ^^^^^ method not found in `Global`
[INFO] [stdout] 
[INFO] [stdout] 
[INFO] [stdout] error[E0599]: no method named `dealloc` found for struct `std::alloc::Global` in the current scope
[INFO] [stdout]   --> /opt/rustwide/cargo-home/registry/src/github.com-1ecc6299db9ec823/ramp-0.5.0/src/mem.rs:64:19
[INFO] [stdout]    |
[INFO] [stdout] 64 |     alloc::Global.dealloc(ptr, layout);
[INFO] [stdout]    |                   ^^^^^^^ method not found in `Global`
[INFO] [stdout] 
[INFO] [stdout] 
[INFO] [stdout] error[E0618]: expected function, found `F`
[INFO] [stdout]    --> /opt/rustwide/cargo-home/registry/src/github.com-1ecc6299db9ec823/ramp-0.5.0/src/int.rs:159:13
[INFO] [stdout]     |
[INFO] [stdout] 152 |     fn with_raw_vec<F: FnOnce(&mut RawVec<Limb>)>(&mut self, f: F) {
[INFO] [stdout]     |                                                              - `f` has type `F`
[INFO] [stdout] ...
[INFO] [stdout] 159 |             f(&mut vec);
[INFO] [stdout]     |             ^----------
[INFO] [stdout]     |             |
[INFO] [stdout]     |             call expression requires function
[INFO] [stdout] 
[INFO] [stdout] 
[INFO] [stdout] error[E0282]: type annotations needed
[INFO] [stdout]    --> /opt/rustwide/cargo-home/registry/src/github.com-1ecc6299db9ec823/ramp-0.5.0/src/int.rs:186:31
[INFO] [stdout]     |
[INFO] [stdout] 186 |             ret.with_raw_vec(|v| v.reserve_exact(0, cap as usize))
[INFO] [stdout]     |                               ^  - type must be known at this point
[INFO] [stdout]     |
[INFO] [stdout] help: consider giving this closure parameter an explicit type
[INFO] [stdout]     |
[INFO] [stdout] 186 |             ret.with_raw_vec(|v: /* Type */| v.reserve_exact(0, cap as usize))
[INFO] [stdout]     |                                ++++++++++++
[INFO] [stdout] 
[INFO] [stdout] 
[INFO] [stdout] error[E0282]: type annotations needed
[INFO] [stdout]    --> /opt/rustwide/cargo-home/registry/src/github.com-1ecc6299db9ec823/ramp-0.5.0/src/int.rs:274:28
[INFO] [stdout]     |
[INFO] [stdout] 274 |         self.with_raw_vec(|v| {
[INFO] [stdout]     |                            ^
[INFO] [stdout] 275 |             v.shrink_to_fit(size);
[INFO] [stdout]     |             - type must be known at this point
[INFO] [stdout]     |
[INFO] [stdout] help: consider giving this closure parameter an explicit type
[INFO] [stdout]     |
[INFO] [stdout] 274 |         self.with_raw_vec(|v: /* Type */| {
[INFO] [stdout]     |                             ++++++++++++
[INFO] [stdout] 
[INFO] [stdout] 
[INFO] [stdout] error[E0282]: type annotations needed
[INFO] [stdout]    --> /opt/rustwide/cargo-home/registry/src/github.com-1ecc6299db9ec823/ramp-0.5.0/src/int.rs:761:32
[INFO] [stdout]     |
[INFO] [stdout] 761 |             self.with_raw_vec(|v| {
[INFO] [stdout]     |                                ^
[INFO] [stdout] 762 |                 v.reserve_exact(old_cap, cap as usize - old_cap)
[INFO] [stdout]     |                 - type must be known at this point
[INFO] [stdout]     |
[INFO] [stdout] help: consider giving this closure parameter an explicit type
[INFO] [stdout]     |
[INFO] [stdout] 761 |             self.with_raw_vec(|v: /* Type */| {
[INFO] [stdout]     |                                 ++++++++++++
[INFO] [stdout] 
[INFO] [stdout] 
[INFO] [stdout] error[E0599]: no function or associated item named `empty` found for struct `Unique` in the current scope
[INFO] [stdout]     --> /opt/rustwide/cargo-home/registry/src/github.com-1ecc6299db9ec823/ramp-0.5.0/src/int.rs:3554:26
[INFO] [stdout]      |
[INFO] [stdout] 3554 |             ptr: Unique::empty(),
[INFO] [stdout]      |                          ^^^^^ function or associated item not found in `Unique<_>`
[INFO] [stdout] 
[INFO] [stdout] 
[INFO] [stdout] error: aborting due to 26 previous errors
[INFO] [stdout] 
[INFO] [stdout] 
[INFO] [stdout] Some errors have detailed explanations: E0046, E0282, E0407, E0432, E0554, E0599, E0603, E0618.
[INFO] [stdout] 
[INFO] [stdout] For more information about an error, try `rustc --explain E0046`.
[INFO] [stdout] 
[INFO] [stderr] error: could not compile `ramp` due to 27 previous errors
[INFO] running `Command { std: "docker" "inspect" "e33a607a5e5eb940afcd873d763b07882d7947b1f9c15de4563491d3efaa5197", kill_on_drop: false }`
[INFO] running `Command { std: "docker" "rm" "-f" "e33a607a5e5eb940afcd873d763b07882d7947b1f9c15de4563491d3efaa5197", kill_on_drop: false }`
[INFO] [stdout] e33a607a5e5eb940afcd873d763b07882d7947b1f9c15de4563491d3efaa5197
