[INFO] cloning repository https://github.com/derokorian/Rusty_TicTacToe
[INFO] running `Command { std: "git" "-c" "credential.helper=" "-c" "credential.helper=/workspace/cargo-home/bin/git-credential-null" "clone" "--bare" "https://github.com/derokorian/Rusty_TicTacToe" "/workspace/cache/git-repos/https%3A%2F%2Fgithub.com%2Fderokorian%2FRusty_TicTacToe", kill_on_drop: false }`
[INFO] [stderr] Cloning into bare repository '/workspace/cache/git-repos/https%3A%2F%2Fgithub.com%2Fderokorian%2FRusty_TicTacToe'...
[INFO] running `Command { std: "git" "rev-parse" "HEAD", kill_on_drop: false }`
[INFO] [stdout] d4d0f49d8287260b3b2e6d06250fc213666640af
[INFO] testing derokorian/Rusty_TicTacToe against 1.69.0 for beta-1.70-1
[INFO] running `Command { std: "git" "clone" "/workspace/cache/git-repos/https%3A%2F%2Fgithub.com%2Fderokorian%2FRusty_TicTacToe" "/workspace/builds/worker-2-tc1/source", kill_on_drop: false }`
[INFO] [stderr] Cloning into '/workspace/builds/worker-2-tc1/source'...
[INFO] [stderr] done.
[INFO] validating manifest of git repo https://github.com/derokorian/Rusty_TicTacToe on toolchain 1.69.0
[INFO] running `Command { std: CARGO_HOME="/workspace/cargo-home" RUSTUP_HOME="/workspace/rustup-home" "/workspace/cargo-home/bin/cargo" "+1.69.0" "metadata" "--manifest-path" "Cargo.toml" "--no-deps", kill_on_drop: false }`
[INFO] started tweaking git repo https://github.com/derokorian/Rusty_TicTacToe
[INFO] finished tweaking git repo https://github.com/derokorian/Rusty_TicTacToe
[INFO] tweaked toml for git repo https://github.com/derokorian/Rusty_TicTacToe written to /workspace/builds/worker-2-tc1/source/Cargo.toml
[INFO] crate git repo https://github.com/derokorian/Rusty_TicTacToe already has a lockfile, it will not be regenerated
[INFO] running `Command { std: CARGO_HOME="/workspace/cargo-home" RUSTUP_HOME="/workspace/rustup-home" "/workspace/cargo-home/bin/cargo" "+1.69.0" "fetch" "--manifest-path" "Cargo.toml", kill_on_drop: false }`
[INFO] [stderr]  Downloading crates ...
[INFO] [stderr]   Downloaded shared_library v0.1.0
[INFO] [stderr]   Downloaded malloc_buf v0.0.5
[INFO] [stderr]   Downloaded objc v0.1.5
[INFO] [stderr]   Downloaded num v0.1.25
[INFO] [stderr]   Downloaded gl_generator v0.0.26
[INFO] [stderr]   Downloaded xml-rs v0.1.25
[INFO] [stderr]   Downloaded cgl v0.1.0
[INFO] [stderr]   Downloaded piston-texture v0.1.0
[INFO] [stderr]   Downloaded draw_state v0.1.2
[INFO] [stderr]   Downloaded glob v0.2.10
[INFO] [stderr]   Downloaded freetype-rs v0.1.0
[INFO] [stderr]   Downloaded gfx_gl v0.1.4
[INFO] [stderr]   Downloaded khronos_api v0.0.7
[INFO] [stderr]   Downloaded enum_primitive v0.0.1
[INFO] [stderr]   Downloaded lzw v0.8.0
[INFO] [stderr]   Downloaded image v0.3.11
[INFO] [stderr]   Downloaded gif v0.5.0
[INFO] [stderr]   Downloaded glutin v0.2.2
[INFO] [stderr]   Downloaded pistoncore-window v0.1.6
[INFO] [stderr]   Downloaded libz-sys v0.1.6
[INFO] [stderr]   Downloaded khronos_api v0.0.6
[INFO] [stderr]   Downloaded khronos_api v0.0.5
[INFO] [stderr]   Downloaded piston-gfx_texture v0.1.0
[INFO] [stderr]   Downloaded piston-shaders_graphics2d v0.1.0
[INFO] [stderr]   Downloaded gl_common v0.0.4
[INFO] [stderr]   Downloaded user32-sys v0.1.1
[INFO] [stderr]   Downloaded wayland-client v0.2.0
[INFO] [stderr]   Downloaded wayland-kbd v0.2.0
[INFO] [stderr]   Downloaded x11-dl v1.0.1
[INFO] [stderr]   Downloaded pistoncore-input v0.1.0
[INFO] [stderr]   Downloaded shader_version v0.1.0
[INFO] [stderr]   Downloaded gfx_device_gl v0.4.0
[INFO] [stderr]   Downloaded freetype-sys v0.1.2
[INFO] [stderr]   Downloaded gfx v0.6.4
[INFO] [stderr]   Downloaded piston-viewport v0.1.0
[INFO] [stderr]   Downloaded cocoa v0.1.2
[INFO] [stderr]   Downloaded piston-float v0.1.0
[INFO] [stderr]   Downloaded vecmath v0.1.1
[INFO] [stderr]   Downloaded gl v0.0.12
[INFO] [stderr]   Downloaded android_glue v0.0.2
[INFO] [stderr]   Downloaded gl_generator v0.0.27
[INFO] [stderr]   Downloaded core-foundation v0.1.0
[INFO] [stderr]   Downloaded core-graphics v0.1.0
[INFO] [stderr]   Downloaded pistoncore-glutin_window v0.3.0
[INFO] [stderr]   Downloaded gleam v0.1.2
[INFO] [stderr]   Downloaded pistoncore-event_loop v0.2.2
[INFO] [stderr]   Downloaded pistoncore-event v0.2.2
[INFO] [stderr]   Downloaded piston v0.2.2
[INFO] [stderr]   Downloaded piston2d-graphics v0.2.0
[INFO] [stderr]   Downloaded piston2d-gfx_graphics v0.2.0
[INFO] [stderr]   Downloaded piston_window v0.5.0
[INFO] running `Command { std: "docker" "create" "-v" "/var/lib/crater-agent-workspace/builds/worker-2-tc1/target:/opt/rustwide/target:rw,Z" "-v" "/var/lib/crater-agent-workspace/builds/worker-2-tc1/source:/opt/rustwide/workdir:ro,Z" "-v" "/var/lib/crater-agent-workspace/cargo-home:/opt/rustwide/cargo-home:ro,Z" "-v" "/var/lib/crater-agent-workspace/rustup-home:/opt/rustwide/rustup-home:ro,Z" "-e" "SOURCE_DIR=/opt/rustwide/workdir" "-e" "CARGO_TARGET_DIR=/opt/rustwide/target" "-e" "CARGO_HOME=/opt/rustwide/cargo-home" "-e" "RUSTUP_HOME=/opt/rustwide/rustup-home" "-w" "/opt/rustwide/workdir" "-m" "1610612736" "--user" "0:0" "--network" "none" "ghcr.io/rust-lang/crates-build-env/linux@sha256:5ff2268d62e97bff2cde7d5815dd6ed5b47097566f13b8d0ca110b04b60e07ed" "/opt/rustwide/cargo-home/bin/cargo" "+1.69.0" "metadata" "--no-deps" "--format-version=1", kill_on_drop: false }`
[INFO] [stdout] ffbd126c55d3a94d99c223adfd03a4354129c3b43c44918158282f9d8e424825
[INFO] running `Command { std: "docker" "start" "-a" "ffbd126c55d3a94d99c223adfd03a4354129c3b43c44918158282f9d8e424825", kill_on_drop: false }`
[INFO] running `Command { std: "docker" "inspect" "ffbd126c55d3a94d99c223adfd03a4354129c3b43c44918158282f9d8e424825", kill_on_drop: false }`
[INFO] running `Command { std: "docker" "rm" "-f" "ffbd126c55d3a94d99c223adfd03a4354129c3b43c44918158282f9d8e424825", kill_on_drop: false }`
[INFO] [stdout] ffbd126c55d3a94d99c223adfd03a4354129c3b43c44918158282f9d8e424825
[INFO] running `Command { std: "docker" "create" "-v" "/var/lib/crater-agent-workspace/builds/worker-2-tc1/target:/opt/rustwide/target:rw,Z" "-v" "/var/lib/crater-agent-workspace/builds/worker-2-tc1/source:/opt/rustwide/workdir:ro,Z" "-v" "/var/lib/crater-agent-workspace/cargo-home:/opt/rustwide/cargo-home:ro,Z" "-v" "/var/lib/crater-agent-workspace/rustup-home:/opt/rustwide/rustup-home:ro,Z" "-e" "SOURCE_DIR=/opt/rustwide/workdir" "-e" "CARGO_TARGET_DIR=/opt/rustwide/target" "-e" "CARGO_INCREMENTAL=0" "-e" "RUST_BACKTRACE=full" "-e" "RUSTFLAGS=--cap-lints=warn" "-e" "RUSTDOCFLAGS=--cap-lints=warn" "-e" "CARGO_HOME=/opt/rustwide/cargo-home" "-e" "RUSTUP_HOME=/opt/rustwide/rustup-home" "-w" "/opt/rustwide/workdir" "-m" "1610612736" "--user" "0:0" "--network" "none" "ghcr.io/rust-lang/crates-build-env/linux@sha256:5ff2268d62e97bff2cde7d5815dd6ed5b47097566f13b8d0ca110b04b60e07ed" "/opt/rustwide/cargo-home/bin/cargo" "+1.69.0" "build" "--frozen" "--message-format=json", kill_on_drop: false }`
[INFO] [stdout] 493629cc6947c0791181e9f43bcfb1e436c8e58fd0c0531f227119ccf86b58e4
[INFO] running `Command { std: "docker" "start" "-a" "493629cc6947c0791181e9f43bcfb1e436c8e58fd0c0531f227119ccf86b58e4", kill_on_drop: false }`
[INFO] [stderr]    Compiling libc v0.1.8
[INFO] [stderr]    Compiling bitflags v0.3.2
[INFO] [stderr]    Compiling rustc-serialize v0.3.15
[INFO] [stderr]    Compiling khronos_api v0.0.7
[INFO] [stderr]    Compiling bitflags v0.1.1
[INFO] [stderr]    Compiling pkg-config v0.3.5
[INFO] [stderr]    Compiling piston-float v0.1.0
[INFO] [stderr]    Compiling lazy_static v0.1.11
[INFO] [stderr]    Compiling bitflags v0.2.1
[INFO] [stderr]    Compiling shader_version v0.1.0
[INFO] [stderr]    Compiling color_quant v1.0.0
[INFO] [stderr]    Compiling lzw v0.8.0
[INFO] [stderr]    Compiling khronos_api v0.0.5
[INFO] [stderr]    Compiling khronos_api v0.0.6
[INFO] [stderr]    Compiling byteorder v0.3.11
[INFO] [stderr]    Compiling glob v0.2.10
[INFO] [stderr]    Compiling draw_state v0.1.2
[INFO] [stderr]    Compiling xml-rs v0.1.25
[INFO] [stderr]    Compiling piston-viewport v0.1.0
[INFO] [stderr]    Compiling piston-texture v0.1.0
[INFO] [stderr]    Compiling vecmath v0.1.1
[INFO] [stdout] error[E0642]: patterns aren't allowed in functions without bodies
[INFO] [stdout]    --> /opt/rustwide/cargo-home/registry/src/github.com-1ecc6299db9ec823/rustc-serialize-0.3.15/src/serialize.rs:145:45
[INFO] [stdout]     |
[INFO] [stdout] 145 | ...                   &f_name: &str,
[INFO] [stdout]     |                       ^^^^^^^ pattern not allowed in function without body
[INFO] [stdout] 
[INFO] [stdout] 
[INFO] [stderr]    Compiling interpolation v0.1.0
[INFO] [stderr]    Compiling read_color v0.1.0
[INFO] [stderr]    Compiling rand v0.3.8
[INFO] [stderr]    Compiling log v0.3.1
[INFO] [stderr]    Compiling gl_common v0.0.4
[INFO] [stderr]    Compiling clock_ticks v0.0.5
[INFO] [stdout] error[E0277]: the size for values of type `Self` cannot be known at compilation time
[INFO] [stdout]   --> /opt/rustwide/cargo-home/registry/src/github.com-1ecc6299db9ec823/shader_version-0.1.0/src/lib.rs:37:51
[INFO] [stdout]    |
[INFO] [stdout] 37 |     fn pick_shader<'a, S: ?Sized>(self, shaders: &Shaders<'a, Self, S>) -> Option<&'a S>;
[INFO] [stdout]    |                                                   ^^^^^^^^^^^^^^^^^^^^ doesn't have a size known at compile-time
[INFO] [stdout]    |
[INFO] [stdout] note: required by a bound in `Shaders`
[INFO] [stdout]   --> /opt/rustwide/cargo-home/registry/src/github.com-1ecc6299db9ec823/shader_version-0.1.0/src/lib.rs:14:24
[INFO] [stdout]    |
[INFO] [stdout] 14 | pub struct Shaders<'a, V, S: 'a + ?Sized>(BTreeMap<V, &'a S>);
[INFO] [stdout]    |                        ^ required by this bound in `Shaders`
[INFO] [stdout] help: consider further restricting `Self`
[INFO] [stdout]    |
[INFO] [stdout] 37 |     fn pick_shader<'a, S: ?Sized>(self, shaders: &Shaders<'a, Self, S>) -> Option<&'a S> where Self: Sized;
[INFO] [stdout]    |                                                                                          +++++++++++++++++
[INFO] [stdout] help: consider relaxing the implicit `Sized` restriction
[INFO] [stdout]    |
[INFO] [stdout] 14 | pub struct Shaders<'a, V: ?Sized, S: 'a + ?Sized>(BTreeMap<V, &'a S>);
[INFO] [stdout]    |                         ++++++++
[INFO] [stdout] 
[INFO] [stdout] 
[INFO] [stderr] error: could not compile `shader_version` due to 2 previous errors
[INFO] [stdout] error: aborting due to previous error
[INFO] [stdout] 
[INFO] [stdout] 
[INFO] [stderr] warning: build failed, waiting for other jobs to finish...
[INFO] [stdout] For more information about this error, try `rustc --explain E0277`.
[INFO] [stdout] 
[INFO] [stdout] error[E0277]: the size for values of type `Self` cannot be known at compilation time
[INFO] [stdout]    --> /opt/rustwide/cargo-home/registry/src/github.com-1ecc6299db9ec823/rustc-serialize-0.3.15/src/serialize.rs:201:41
[INFO] [stdout]     |
[INFO] [stdout] 201 |     fn decode<D: Decoder>(d: &mut D) -> Result<Self, D::Error>;
[INFO] [stdout]     |                                         ^^^^^^^^^^^^^^^^^^^^^^ doesn't have a size known at compile-time
[INFO] [stdout]     |
[INFO] [stdout] note: required by a bound in `Result`
[INFO] [stdout]    --> /rustc/84c898d65adf2f39a5a98507f1fe0ce10a2b8dbc/library/core/src/result.rs:503:1
[INFO] [stdout] help: consider further restricting `Self`
[INFO] [stdout]     |
[INFO] [stdout] 201 |     fn decode<D: Decoder>(d: &mut D) -> Result<Self, D::Error> where Self: Sized;
[INFO] [stdout]     |                                                                +++++++++++++++++
[INFO] [stdout] 
[INFO] [stdout] 
[INFO] [stdout] error[E0277]: the size for values of type `Self` cannot be known at compilation time
[INFO] [stdout]   --> /opt/rustwide/cargo-home/registry/src/github.com-1ecc6299db9ec823/xml-rs-0.1.25/src/util.rs:15:33
[INFO] [stdout]    |
[INFO] [stdout] 15 |     fn cloned_pairwise(self) -> ClonedPairwise<Self>;
[INFO] [stdout]    |                                 ^^^^^^^^^^^^^^^^^^^^ doesn't have a size known at compile-time
[INFO] [stdout]    |
[INFO] [stdout] note: required by a bound in `ClonedPairwise`
[INFO] [stdout]   --> /opt/rustwide/cargo-home/registry/src/github.com-1ecc6299db9ec823/xml-rs-0.1.25/src/util.rs:27:27
[INFO] [stdout]    |
[INFO] [stdout] 27 | pub struct ClonedPairwise<I>(I);
[INFO] [stdout]    |                           ^ required by this bound in `ClonedPairwise`
[INFO] [stdout] help: you could relax the implicit `Sized` bound on `I` if it were used through indirection like `&I` or `Box<I>`
[INFO] [stdout]   --> /opt/rustwide/cargo-home/registry/src/github.com-1ecc6299db9ec823/xml-rs-0.1.25/src/util.rs:27:27
[INFO] [stdout]    |
[INFO] [stdout] 27 | pub struct ClonedPairwise<I>(I);
[INFO] [stdout]    |                           ^  - ...if indirection were used here: `Box<I>`
[INFO] [stdout]    |                           |
[INFO] [stdout]    |                           this could be changed to `I: ?Sized`...
[INFO] [stdout] help: consider further restricting `Self`
[INFO] [stdout]    |
[INFO] [stdout] 15 |     fn cloned_pairwise(self) -> ClonedPairwise<Self> where Self: Sized;
[INFO] [stdout]    |                                                      +++++++++++++++++
[INFO] [stdout] 
[INFO] [stdout] 
[INFO] [stdout] error: aborting due to previous error
[INFO] [stdout] 
[INFO] [stdout] 
[INFO] [stdout] For more information about this error, try `rustc --explain E0277`.
[INFO] [stdout] 
[INFO] [stderr] error: could not compile `xml-rs` due to 2 previous errors
[INFO] [stdout] error: aborting due to 2 previous errors
[INFO] [stdout] 
[INFO] [stdout] 
[INFO] [stdout] Some errors have detailed explanations: E0277, E0642.
[INFO] [stdout] 
[INFO] [stdout] For more information about an error, try `rustc --explain E0277`.
[INFO] [stdout] 
[INFO] [stderr] error: could not compile `rustc-serialize` due to 3 previous errors
[INFO] [stdout] error[E0277]: the size for values of type `Self` cannot be known at compilation time
[INFO] [stdout]   --> /opt/rustwide/cargo-home/registry/src/github.com-1ecc6299db9ec823/rand-0.3.8/src/distributions/range.rs:83:50
[INFO] [stdout]    |
[INFO] [stdout] 83 |     fn construct_range(low: Self, high: Self) -> Range<Self>;
[INFO] [stdout]    |                                                  ^^^^^^^^^^^ doesn't have a size known at compile-time
[INFO] [stdout]    |
[INFO] [stdout] note: required by a bound in `range::Range`
[INFO] [stdout]   --> /opt/rustwide/cargo-home/registry/src/github.com-1ecc6299db9ec823/rand-0.3.8/src/distributions/range.rs:50:18
[INFO] [stdout]    |
[INFO] [stdout] 50 | pub struct Range<X> {
[INFO] [stdout]    |                  ^ required by this bound in `Range`
[INFO] [stdout] help: you could relax the implicit `Sized` bound on `X` if it were used through indirection like `&X` or `Box<X>`
[INFO] [stdout]   --> /opt/rustwide/cargo-home/registry/src/github.com-1ecc6299db9ec823/rand-0.3.8/src/distributions/range.rs:50:18
[INFO] [stdout]    |
[INFO] [stdout] 50 | pub struct Range<X> {
[INFO] [stdout]    |                  ^ this could be changed to `X: ?Sized`...
[INFO] [stdout] 51 |     low: X,
[INFO] [stdout]    |          - ...if indirection were used here: `Box<X>`
[INFO] [stdout] 52 |     range: X,
[INFO] [stdout]    |            - ...if indirection were used here: `Box<X>`
[INFO] [stdout] 53 |     accept_zone: X
[INFO] [stdout]    |                  - ...if indirection were used here: `Box<X>`
[INFO] [stdout] help: consider further restricting `Self`
[INFO] [stdout]    |
[INFO] [stdout] 83 |     fn construct_range(low: Self, high: Self) -> Range<Self> where Self: Sized;
[INFO] [stdout]    |                                                              +++++++++++++++++
[INFO] [stdout] 
[INFO] [stdout] 
[INFO] [stdout] error[E0277]: the size for values of type `Self` cannot be known at compilation time
[INFO] [stdout]   --> /opt/rustwide/cargo-home/registry/src/github.com-1ecc6299db9ec823/rand-0.3.8/src/distributions/range.rs:87:33
[INFO] [stdout]    |
[INFO] [stdout] 87 |     fn sample_range<R: Rng>(r: &Range<Self>, rng: &mut R) -> Self;
[INFO] [stdout]    |                                 ^^^^^^^^^^^ doesn't have a size known at compile-time
[INFO] [stdout]    |
[INFO] [stdout] note: required by a bound in `range::Range`
[INFO] [stdout]   --> /opt/rustwide/cargo-home/registry/src/github.com-1ecc6299db9ec823/rand-0.3.8/src/distributions/range.rs:50:18
[INFO] [stdout]    |
[INFO] [stdout] 50 | pub struct Range<X> {
[INFO] [stdout]    |                  ^ required by this bound in `Range`
[INFO] [stdout] help: you could relax the implicit `Sized` bound on `X` if it were used through indirection like `&X` or `Box<X>`
[INFO] [stdout]   --> /opt/rustwide/cargo-home/registry/src/github.com-1ecc6299db9ec823/rand-0.3.8/src/distributions/range.rs:50:18
[INFO] [stdout]    |
[INFO] [stdout] 50 | pub struct Range<X> {
[INFO] [stdout]    |                  ^ this could be changed to `X: ?Sized`...
[INFO] [stdout] 51 |     low: X,
[INFO] [stdout]    |          - ...if indirection were used here: `Box<X>`
[INFO] [stdout] 52 |     range: X,
[INFO] [stdout]    |            - ...if indirection were used here: `Box<X>`
[INFO] [stdout] 53 |     accept_zone: X
[INFO] [stdout]    |                  - ...if indirection were used here: `Box<X>`
[INFO] [stdout] help: consider further restricting `Self`
[INFO] [stdout]    |
[INFO] [stdout] 87 |     fn sample_range<R: Rng>(r: &Range<Self>, rng: &mut R) -> Self where Self: Sized;
[INFO] [stdout]    |                                                                   +++++++++++++++++
[INFO] [stdout] 
[INFO] [stdout] 
[INFO] [stdout] error: aborting due to 2 previous errors
[INFO] [stdout] 
[INFO] [stdout] 
[INFO] [stdout] For more information about this error, try `rustc --explain E0277`.
[INFO] [stdout] 
[INFO] [stderr] error: could not compile `rand` due to 3 previous errors
[INFO] running `Command { std: "docker" "inspect" "493629cc6947c0791181e9f43bcfb1e436c8e58fd0c0531f227119ccf86b58e4", kill_on_drop: false }`
[INFO] running `Command { std: "docker" "rm" "-f" "493629cc6947c0791181e9f43bcfb1e436c8e58fd0c0531f227119ccf86b58e4", kill_on_drop: false }`
[INFO] [stdout] 493629cc6947c0791181e9f43bcfb1e436c8e58fd0c0531f227119ccf86b58e4
