[INFO] cloning repository https://github.com/derekdreery/wazzok
[INFO] running `Command { std: "git" "-c" "credential.helper=" "-c" "credential.helper=/workspace/cargo-home/bin/git-credential-null" "clone" "--bare" "https://github.com/derekdreery/wazzok" "/workspace/cache/git-repos/https%3A%2F%2Fgithub.com%2Fderekdreery%2Fwazzok", kill_on_drop: false }`
[INFO] [stderr] Cloning into bare repository '/workspace/cache/git-repos/https%3A%2F%2Fgithub.com%2Fderekdreery%2Fwazzok'...
[INFO] running `Command { std: "git" "rev-parse" "HEAD", kill_on_drop: false }`
[INFO] [stdout] 4b8ed0e401b2ac0d80b410b93009d7f2d55d453e
[INFO] testing derekdreery/wazzok against beta-2023-04-20 for beta-1.70-1
[INFO] running `Command { std: "git" "clone" "/workspace/cache/git-repos/https%3A%2F%2Fgithub.com%2Fderekdreery%2Fwazzok" "/workspace/builds/worker-1-tc2/source", kill_on_drop: false }`
[INFO] [stderr] Cloning into '/workspace/builds/worker-1-tc2/source'...
[INFO] [stderr] done.
[INFO] validating manifest of git repo https://github.com/derekdreery/wazzok on toolchain beta-2023-04-20
[INFO] running `Command { std: CARGO_HOME="/workspace/cargo-home" RUSTUP_HOME="/workspace/rustup-home" "/workspace/cargo-home/bin/cargo" "+beta-2023-04-20" "metadata" "--manifest-path" "Cargo.toml" "--no-deps", kill_on_drop: false }`
[INFO] started tweaking git repo https://github.com/derekdreery/wazzok
[INFO] finished tweaking git repo https://github.com/derekdreery/wazzok
[INFO] tweaked toml for git repo https://github.com/derekdreery/wazzok written to /workspace/builds/worker-1-tc2/source/Cargo.toml
[INFO] crate git repo https://github.com/derekdreery/wazzok already has a lockfile, it will not be regenerated
[INFO] running `Command { std: CARGO_HOME="/workspace/cargo-home" RUSTUP_HOME="/workspace/rustup-home" "/workspace/cargo-home/bin/cargo" "+beta-2023-04-20" "fetch" "--manifest-path" "Cargo.toml", kill_on_drop: false }`
[INFO] [stderr]  Downloading crates ...
[INFO] [stderr]   Downloaded traitobject v0.0.3
[INFO] [stderr]   Downloaded lazy_static v0.1.14
[INFO] [stderr]   Downloaded solicit v0.4.1
[INFO] [stderr]   Downloaded openssl v0.6.4
[INFO] [stderr]   Downloaded pkg-config v0.3.5
[INFO] [stderr]   Downloaded error v0.1.7
[INFO] [stderr]   Downloaded rand v0.3.10
[INFO] [stderr]   Downloaded libz-sys v0.1.8
[INFO] [stderr]   Downloaded gcc v0.3.13
[INFO] [stderr]   Downloaded cmake v0.1.3
[INFO] [stderr]   Downloaded libssh2-sys v0.1.30
[INFO] [stderr]   Downloaded winapi v0.2.2
[INFO] [stderr]   Downloaded git2 v0.3.0
[INFO] [stderr]   Downloaded openssl-sys v0.6.4
[INFO] [stderr]   Downloaded hyper v0.6.9
[INFO] [stderr]   Downloaded libgit2-sys v0.3.2
[INFO] [stderr]   Downloaded unsafe-any v0.4.1
[INFO] [stderr]   Downloaded iron v0.1.20
[INFO] running `Command { std: "docker" "create" "-v" "/var/lib/crater-agent-workspace/builds/worker-1-tc2/target:/opt/rustwide/target:rw,Z" "-v" "/var/lib/crater-agent-workspace/builds/worker-1-tc2/source:/opt/rustwide/workdir:ro,Z" "-v" "/var/lib/crater-agent-workspace/cargo-home:/opt/rustwide/cargo-home:ro,Z" "-v" "/var/lib/crater-agent-workspace/rustup-home:/opt/rustwide/rustup-home:ro,Z" "-e" "SOURCE_DIR=/opt/rustwide/workdir" "-e" "CARGO_TARGET_DIR=/opt/rustwide/target" "-e" "CARGO_HOME=/opt/rustwide/cargo-home" "-e" "RUSTUP_HOME=/opt/rustwide/rustup-home" "-w" "/opt/rustwide/workdir" "-m" "1610612736" "--user" "0:0" "--network" "none" "ghcr.io/rust-lang/crates-build-env/linux@sha256:5ff2268d62e97bff2cde7d5815dd6ed5b47097566f13b8d0ca110b04b60e07ed" "/opt/rustwide/cargo-home/bin/cargo" "+beta-2023-04-20" "metadata" "--no-deps" "--format-version=1", kill_on_drop: false }`
[INFO] [stdout] c64bc9cec70d9a3636ac8ee77b7aa2721f3bb1d4b9c878e371703399e90bfb9f
[INFO] running `Command { std: "docker" "start" "-a" "c64bc9cec70d9a3636ac8ee77b7aa2721f3bb1d4b9c878e371703399e90bfb9f", kill_on_drop: false }`
[INFO] running `Command { std: "docker" "inspect" "c64bc9cec70d9a3636ac8ee77b7aa2721f3bb1d4b9c878e371703399e90bfb9f", kill_on_drop: false }`
[INFO] running `Command { std: "docker" "rm" "-f" "c64bc9cec70d9a3636ac8ee77b7aa2721f3bb1d4b9c878e371703399e90bfb9f", kill_on_drop: false }`
[INFO] [stdout] c64bc9cec70d9a3636ac8ee77b7aa2721f3bb1d4b9c878e371703399e90bfb9f
[INFO] running `Command { std: "docker" "create" "-v" "/var/lib/crater-agent-workspace/builds/worker-1-tc2/target:/opt/rustwide/target:rw,Z" "-v" "/var/lib/crater-agent-workspace/builds/worker-1-tc2/source:/opt/rustwide/workdir:ro,Z" "-v" "/var/lib/crater-agent-workspace/cargo-home:/opt/rustwide/cargo-home:ro,Z" "-v" "/var/lib/crater-agent-workspace/rustup-home:/opt/rustwide/rustup-home:ro,Z" "-e" "SOURCE_DIR=/opt/rustwide/workdir" "-e" "CARGO_TARGET_DIR=/opt/rustwide/target" "-e" "CARGO_INCREMENTAL=0" "-e" "RUST_BACKTRACE=full" "-e" "RUSTFLAGS=--cap-lints=warn" "-e" "RUSTDOCFLAGS=--cap-lints=warn" "-e" "CARGO_HOME=/opt/rustwide/cargo-home" "-e" "RUSTUP_HOME=/opt/rustwide/rustup-home" "-w" "/opt/rustwide/workdir" "-m" "1610612736" "--user" "0:0" "--network" "none" "ghcr.io/rust-lang/crates-build-env/linux@sha256:5ff2268d62e97bff2cde7d5815dd6ed5b47097566f13b8d0ca110b04b60e07ed" "/opt/rustwide/cargo-home/bin/cargo" "+beta-2023-04-20" "build" "--frozen" "--message-format=json", kill_on_drop: false }`
[INFO] [stdout] ce3e98d24fd039e01f8c4ed9318b76680e710c5038b426af71dd68ea6b2bd9c2
[INFO] running `Command { std: "docker" "start" "-a" "ce3e98d24fd039e01f8c4ed9318b76680e710c5038b426af71dd68ea6b2bd9c2", kill_on_drop: false }`
[INFO] [stderr]    Compiling gcc v0.3.13
[INFO] [stderr]    Compiling pkg-config v0.3.5
[INFO] [stderr]    Compiling libc v0.1.10
[INFO] [stderr]    Compiling winapi-build v0.1.1
[INFO] [stderr]    Compiling rustc-serialize v0.3.16
[INFO] [stderr]    Compiling matches v0.1.2
[INFO] [stderr]    Compiling traitobject v0.0.3
[INFO] [stderr]    Compiling winapi v0.2.2
[INFO] [stderr]    Compiling lazy_static v0.1.14
[INFO] [stderr]    Compiling bitflags v0.3.2
[INFO] [stderr]    Compiling unsafe-any v0.4.1
[INFO] [stdout] error[E0642]: patterns aren't allowed in functions without bodies
[INFO] [stdout]    --> /opt/rustwide/cargo-home/registry/src/index.crates.io-6f17d22bba15001f/rustc-serialize-0.3.16/src/serialize.rs:145:45
[INFO] [stdout]     |
[INFO] [stdout] 145 | ...                   &f_name: &str,
[INFO] [stdout]     |                       ^^^^^^^ pattern not allowed in function without body
[INFO] [stdout] 
[INFO] [stdout] 
[INFO] [stderr]    Compiling cmake v0.1.3
[INFO] [stderr]    Compiling kernel32-sys v0.1.4
[INFO] [stderr]    Compiling log v0.3.1
[INFO] [stderr]    Compiling typeable v0.1.2
[INFO] [stderr]    Compiling typemap v0.3.3
[INFO] [stderr]    Compiling num_cpus v0.2.6
[INFO] [stderr]    Compiling language-tags v0.0.7
[INFO] [stderr]    Compiling hpack v0.2.0
[INFO] [stderr]    Compiling mime v0.1.0
[INFO] [stderr]    Compiling openssl-sys v0.6.4
[INFO] [stderr]    Compiling libz-sys v0.1.8
[INFO] [stderr]    Compiling libssh2-sys v0.1.30
[INFO] [stderr]    Compiling time v0.1.32
[INFO] [stderr]    Compiling libgit2-sys v0.3.2
[INFO] [stderr]    Compiling solicit v0.4.1
[INFO] [stderr]    Compiling unicase v1.0.0
[INFO] [stderr]    Compiling traitobject v0.0.1
[INFO] [stderr]    Compiling httparse v0.1.6
[INFO] [stderr]    Compiling plugin v0.2.6
[INFO] [stdout] error[E0277]: the size for values of type `Self` cannot be known at compilation time
[INFO] [stdout]    --> /opt/rustwide/cargo-home/registry/src/index.crates.io-6f17d22bba15001f/solicit-0.4.1/src/http/frame/mod.rs:134:41
[INFO] [stdout]     |
[INFO] [stdout] 134 |     fn from_raw(raw_frame: RawFrame) -> Option<Self>;
[INFO] [stdout]     |                                         ^^^^^^^^^^^^ doesn't have a size known at compile-time
[INFO] [stdout]     |
[INFO] [stdout] note: required by a bound in `Option`
[INFO] [stdout]    --> /rustc/1b7dd2252b99671ce5d1cb9664c5f8636329436d/library/core/src/option.rs:564:1
[INFO] [stdout] help: consider further restricting `Self`
[INFO] [stdout]     |
[INFO] [stdout] 134 |     fn from_raw(raw_frame: RawFrame) -> Option<Self> where Self: Sized;
[INFO] [stdout]     |                                                      +++++++++++++++++
[INFO] [stdout] 
[INFO] [stdout] 
[INFO] [stdout] error[E0277]: the size for values of type `Self` cannot be known at compilation time
[INFO] [stdout]   --> /opt/rustwide/cargo-home/registry/src/index.crates.io-6f17d22bba15001f/solicit-0.4.1/src/http/transport.rs:60:28
[INFO] [stdout]    |
[INFO] [stdout] 60 |     fn try_split(&self) -> Result<Self, io::Error>;
[INFO] [stdout]    |                            ^^^^^^^^^^^^^^^^^^^^^^^ doesn't have a size known at compile-time
[INFO] [stdout]    |
[INFO] [stdout] note: required by a bound in `Result`
[INFO] [stdout]   --> /rustc/1b7dd2252b99671ce5d1cb9664c5f8636329436d/library/core/src/result.rs:503:1
[INFO] [stdout] help: consider further restricting `Self`
[INFO] [stdout]    |
[INFO] [stdout] 60 |     fn try_split(&self) -> Result<Self, io::Error> where Self: Sized;
[INFO] [stdout]    |                                                    +++++++++++++++++
[INFO] [stdout] 
[INFO] [stdout] 
[INFO] [stderr]    Compiling error v0.1.7
[INFO] [stdout] error: aborting due to 2 previous errors
[INFO] [stdout] 
[INFO] [stdout] 
[INFO] [stdout] For more information about this error, try `rustc --explain E0277`.
[INFO] [stdout] 
[INFO] [stderr] error: could not compile `solicit` (lib) due to 3 previous errors
[INFO] [stderr] warning: build failed, waiting for other jobs to finish...
[INFO] [stdout] error: aborting due to previous error
[INFO] [stdout] 
[INFO] [stdout] 
[INFO] [stdout] For more information about this error, try `rustc --explain E0642`.
[INFO] [stdout] 
[INFO] [stderr] error: could not compile `rustc-serialize` (lib) due to 2 previous errors; 1 warning emitted
[INFO] [stderr] error: failed to run custom build command for `libssh2-sys v0.1.30`
[INFO] [stderr] note: To improve backtraces for build dependencies, set the CARGO_PROFILE_DEV_BUILD_OVERRIDE_DEBUG=true environment variable to enable debug information generation.
[INFO] [stderr] 
[INFO] [stderr] Caused by:
[INFO] [stderr]   process didn't exit successfully: `/opt/rustwide/target/debug/build/libssh2-sys-7e44d6dd9a1db467/build-script-build` (exit status: 101)
[INFO] [stderr]   --- stdout
[INFO] [stderr]   running: cd "/opt/rustwide/target/debug/build/libssh2-sys-cb290f9a7313fa81/out/build" && CMAKE_PREFIX_PATH="" "cmake" "/opt/rustwide/cargo-home/registry/src/index.crates.io-6f17d22bba15001f/libssh2-sys-0.1.30/libssh2" "-DCRYPTO_BACKEND=OpenSSL" "-DBUILD_SHARED_LIBS=OFF" "-DENABLE_ZLIB_COMPRESSION=ON" "-DCMAKE_INSTALL_LIBDIR=lib" "-DBUILD_EXAMPLES=OFF" "-DBUILD_TESTING=OFF" "-DCMAKE_BUILD_TYPE=Debug" "-DCMAKE_INSTALL_PREFIX=/opt/rustwide/target/debug/build/libssh2-sys-cb290f9a7313fa81/out" "-DCMAKE_C_FLAGS=  -ffunction-sections -fdata-sections -m64 -fPIC"
[INFO] [stderr]   -- The C compiler identification is GNU 11.3.0
[INFO] [stderr]   -- Detecting C compiler ABI info
[INFO] [stderr]   -- Detecting C compiler ABI info - done
[INFO] [stderr]   -- Check for working C compiler: /usr/bin/cc - skipped
[INFO] [stderr]   -- Detecting C compile features
[INFO] [stderr]   -- Detecting C compile features - done
[INFO] [stderr]   -- Found OpenSSL: /usr/lib/x86_64-linux-gnu/libcrypto.so (found version "3.0.2")  
[INFO] [stderr]   -- Looking for EVP_aes_128_ctr
[INFO] [stderr]   -- Looking for EVP_aes_128_ctr - found
[INFO] [stderr]   -- Found ZLIB: /usr/lib/x86_64-linux-gnu/libz.so (found version "1.2.11") 
[INFO] [stderr]   -- Looking for include file unistd.h
[INFO] [stderr]   -- Looking for include file unistd.h - found
[INFO] [stderr]   -- Looking for include file inttypes.h
[INFO] [stderr]   -- Looking for include file inttypes.h - found
[INFO] [stderr]   -- Looking for include file stdlib.h
[INFO] [stderr]   -- Looking for include file stdlib.h - found
[INFO] [stderr]   -- Looking for include file sys/select.h
[INFO] [stderr]   -- Looking for include file sys/select.h - found
[INFO] [stderr]   -- Looking for include file sys/uio.h
[INFO] [stderr]   -- Looking for include file sys/uio.h - found
[INFO] [stderr]   -- Looking for include file sys/socket.h
[INFO] [stderr]   -- Looking for include file sys/socket.h - found
[INFO] [stderr]   -- Looking for include file sys/ioctl.h
[INFO] [stderr]   -- Looking for include file sys/ioctl.h - found
[INFO] [stderr]   -- Looking for include file sys/time.h
[INFO] [stderr]   -- Looking for include file sys/time.h - found
[INFO] [stderr]   -- Looking for include file sys/un.h
[INFO] [stderr]   -- Looking for include file sys/un.h - found
[INFO] [stderr]   -- Looking for include file windows.h
[INFO] [stderr]   -- Looking for include file windows.h - not found
[INFO] [stderr]   -- Looking for include file ws2tcpip.h
[INFO] [stderr]   -- Looking for include file ws2tcpip.h - not found
[INFO] [stderr]   -- Looking for include file winsock2.h
[INFO] [stderr]   -- Looking for include file winsock2.h - not found
[INFO] [stderr]   -- Looking for sys/types.h
[INFO] [stderr]   -- Looking for sys/types.h - found
[INFO] [stderr]   -- Looking for stdint.h
[INFO] [stderr]   -- Looking for stdint.h - found
[INFO] [stderr]   -- Looking for stddef.h
[INFO] [stderr]   -- Looking for stddef.h - found
[INFO] [stderr]   -- Check size of long long
[INFO] [stderr]   -- Check size of long long - done
[INFO] [stderr]   -- Looking for gettimeofday
[INFO] [stderr]   -- Looking for gettimeofday - found
[INFO] [stderr]   -- Looking for strtoll
[INFO] [stderr]   -- Looking for strtoll - found
[INFO] [stderr]   -- Looking for snprintf
[INFO] [stderr]   -- Looking for snprintf - found
[INFO] [stderr]   -- Looking for poll
[INFO] [stderr]   -- Looking for poll - found
[INFO] [stderr]   -- Looking for socket
[INFO] [stderr]   -- Looking for socket - found
[INFO] [stderr]   -- Looking for select
[INFO] [stderr]   -- Looking for select - found
[INFO] [stderr]   -- Looking for inet_addr
[INFO] [stderr]   -- Looking for inet_addr - found
[INFO] [stderr]   -- Performing Test HAVE_O_NONBLOCK
[INFO] [stderr]   -- Performing Test HAVE_O_NONBLOCK - Success
[INFO] [stderr]   -- The following features have been enabled:
[INFO] [stderr] 
[INFO] [stderr]    * Compression, using zlib for compression
[INFO] [stderr]    * diffie-hellman-group-exchange-sha1, "new" diffie-hellman-group-exchange-sha1 method
[INFO] [stderr]    * Logging, Logging of execution with debug trace
[INFO] [stderr] 
[INFO] [stderr]   -- The following REQUIRED packages have been found:
[INFO] [stderr] 
[INFO] [stderr]    * OpenSSL
[INFO] [stderr]    * ZLIB
[INFO] [stderr] 
[INFO] [stderr]   -- The following features have been disabled:
[INFO] [stderr] 
[INFO] [stderr]    * Shared library, creating libssh2 as a shared library (.so/.dll)
[INFO] [stderr]    * "none" cipher
[INFO] [stderr]    * "none" MAC
[INFO] [stderr] 
[INFO] [stderr]   -- Configuring done
[INFO] [stderr]   -- Generating done
[INFO] [stderr]   -- Build files have been written to: /opt/rustwide/target/debug/build/libssh2-sys-cb290f9a7313fa81/out/build
[INFO] [stderr]   running: cd "/opt/rustwide/target/debug/build/libssh2-sys-cb290f9a7313fa81/out/build" && "cmake" "--build" "." "--target" "install" "--config" "Debug"
[INFO] [stderr]   [  4%] Building C object src/CMakeFiles/libssh2.dir/openssl.c.o
[INFO] [stderr] 
[INFO] [stderr]   --- stderr
[INFO] [stderr]   CMake Deprecation Warning at CMakeLists.txt:36 (cmake_minimum_required):
[INFO] [stderr]     Compatibility with CMake < 2.8.12 will be removed from a future version of
[INFO] [stderr]     CMake.
[INFO] [stderr] 
[INFO] [stderr]     Update the VERSION argument <min> value or use a ...<max> suffix to tell
[INFO] [stderr]     CMake that the project does not need compatibility with older versions.
[INFO] [stderr] 
[INFO] [stderr] 
[INFO] [stderr]   In file included from /opt/rustwide/cargo-home/registry/src/index.crates.io-6f17d22bba15001f/libssh2-sys-0.1.30/libssh2/src/openssl.c:41:
[INFO] [stderr]   /opt/rustwide/cargo-home/registry/src/index.crates.io-6f17d22bba15001f/libssh2-sys-0.1.30/libssh2/src/libssh2_priv.h:255:22: error: field 'exchange_hash' has incomplete type
[INFO] [stderr]     255 |     libssh2_sha1_ctx exchange_hash;
[INFO] [stderr]         |                      ^~~~~~~~~~~~~
[INFO] [stderr]   /opt/rustwide/cargo-home/registry/src/index.crates.io-6f17d22bba15001f/libssh2-sys-0.1.30/libssh2/src/openssl.c: In function '_libssh2_rsa_new':
[INFO] [stderr]   /opt/rustwide/cargo-home/registry/src/index.crates.io-6f17d22bba15001f/libssh2-sys-0.1.30/libssh2/src/openssl.c:69:5: warning: 'RSA_new' is deprecated: Since OpenSSL 3.0 [-Wdeprecated-declarations]
[INFO] [stderr]      69 |     *rsa = RSA_new();
[INFO] [stderr]         |     ^
[INFO] [stderr]   In file included from /usr/include/openssl/x509.h:36,
[INFO] [stderr]                    from /usr/include/openssl/pem.h:23,
[INFO] [stderr]                    from /opt/rustwide/cargo-home/registry/src/index.crates.io-6f17d22bba15001f/libssh2-sys-0.1.30/libssh2/src/openssl.h:48,
[INFO] [stderr]                    from /opt/rustwide/cargo-home/registry/src/index.crates.io-6f17d22bba15001f/libssh2-sys-0.1.30/libssh2/src/crypto.h:42,
[INFO] [stderr]                    from /opt/rustwide/cargo-home/registry/src/index.crates.io-6f17d22bba15001f/libssh2-sys-0.1.30/libssh2/src/libssh2_priv.h:135,
[INFO] [stderr]                    from /opt/rustwide/cargo-home/registry/src/index.crates.io-6f17d22bba15001f/libssh2-sys-0.1.30/libssh2/src/openssl.c:41:
[INFO] [stderr]   /usr/include/openssl/rsa.h:201:28: note: declared here
[INFO] [stderr]     201 | OSSL_DEPRECATEDIN_3_0 RSA *RSA_new(void);
[INFO] [stderr]         |                            ^~~~~~~
[INFO] [stderr]   /opt/rustwide/cargo-home/registry/src/index.crates.io-6f17d22bba15001f/libssh2-sys-0.1.30/libssh2/src/openssl.c:71:11: error: invalid use of incomplete typedef 'RSA' {aka 'struct rsa_st'}
[INFO] [stderr]      71 |     (*rsa)->e = BN_new();
[INFO] [stderr]         |           ^~
[INFO] [stderr]   /opt/rustwide/cargo-home/registry/src/index.crates.io-6f17d22bba15001f/libssh2-sys-0.1.30/libssh2/src/openssl.c:72:34: error: invalid use of incomplete typedef 'RSA' {aka 'struct rsa_st'}
[INFO] [stderr]      72 |     BN_bin2bn(edata, elen, (*rsa)->e);
[INFO] [stderr]         |                                  ^~
[INFO] [stderr]   /opt/rustwide/cargo-home/registry/src/index.crates.io-6f17d22bba15001f/libssh2-sys-0.1.30/libssh2/src/openssl.c:74:11: error: invalid use of incomplete typedef 'RSA' {aka 'struct rsa_st'}
[INFO] [stderr]      74 |     (*rsa)->n = BN_new();
[INFO] [stderr]         |           ^~
[INFO] [stderr]   /opt/rustwide/cargo-home/registry/src/index.crates.io-6f17d22bba15001f/libssh2-sys-0.1.30/libssh2/src/openssl.c:75:34: error: invalid use of incomplete typedef 'RSA' {aka 'struct rsa_st'}
[INFO] [stderr]      75 |     BN_bin2bn(ndata, nlen, (*rsa)->n);
[INFO] [stderr]         |                                  ^~
[INFO] [stderr]   /opt/rustwide/cargo-home/registry/src/index.crates.io-6f17d22bba15001f/libssh2-sys-0.1.30/libssh2/src/openssl.c:78:15: error: invalid use of incomplete typedef 'RSA' {aka 'struct rsa_st'}
[INFO] [stderr]      78 |         (*rsa)->d = BN_new();
[INFO] [stderr]         |               ^~
[INFO] [stderr]   /opt/rustwide/cargo-home/registry/src/index.crates.io-6f17d22bba15001f/libssh2-sys-0.1.30/libssh2/src/openssl.c:79:38: error: invalid use of incomplete typedef 'RSA' {aka 'struct rsa_st'}
[INFO] [stderr]      79 |         BN_bin2bn(ddata, dlen, (*rsa)->d);
[INFO] [stderr]         |                                      ^~
[INFO] [stderr]   /opt/rustwide/cargo-home/registry/src/index.crates.io-6f17d22bba15001f/libssh2-sys-0.1.30/libssh2/src/openssl.c:81:15: error: invalid use of incomplete typedef 'RSA' {aka 'struct rsa_st'}
[INFO] [stderr]      81 |         (*rsa)->p = BN_new();
[INFO] [stderr]         |               ^~
[INFO] [stderr]   /opt/rustwide/cargo-home/registry/src/index.crates.io-6f17d22bba15001f/libssh2-sys-0.1.30/libssh2/src/openssl.c:82:38: error: invalid use of incomplete typedef 'RSA' {aka 'struct rsa_st'}
[INFO] [stderr]      82 |         BN_bin2bn(pdata, plen, (*rsa)->p);
[INFO] [stderr]         |                                      ^~
[INFO] [stderr]   /opt/rustwide/cargo-home/registry/src/index.crates.io-6f17d22bba15001f/libssh2-sys-0.1.30/libssh2/src/openssl.c:84:15: error: invalid use of incomplete typedef 'RSA' {aka 'struct rsa_st'}
[INFO] [stderr]      84 |         (*rsa)->q = BN_new();
[INFO] [stderr]         |               ^~
[INFO] [stderr]   /opt/rustwide/cargo-home/registry/src/index.crates.io-6f17d22bba15001f/libssh2-sys-0.1.30/libssh2/src/openssl.c:85:38: error: invalid use of incomplete typedef 'RSA' {aka 'struct rsa_st'}
[INFO] [stderr]      85 |         BN_bin2bn(qdata, qlen, (*rsa)->q);
[INFO] [stderr]         |                                      ^~
[INFO] [stderr]   /opt/rustwide/cargo-home/registry/src/index.crates.io-6f17d22bba15001f/libssh2-sys-0.1.30/libssh2/src/openssl.c:87:15: error: invalid use of incomplete typedef 'RSA' {aka 'struct rsa_st'}
[INFO] [stderr]      87 |         (*rsa)->dmp1 = BN_new();
[INFO] [stderr]         |               ^~
[INFO] [stderr]   /opt/rustwide/cargo-home/registry/src/index.crates.io-6f17d22bba15001f/libssh2-sys-0.1.30/libssh2/src/openssl.c:88:40: error: invalid use of incomplete typedef 'RSA' {aka 'struct rsa_st'}
[INFO] [stderr]      88 |         BN_bin2bn(e1data, e1len, (*rsa)->dmp1);
[INFO] [stderr]         |                                        ^~
[INFO] [stderr]   /opt/rustwide/cargo-home/registry/src/index.crates.io-6f17d22bba15001f/libssh2-sys-0.1.30/libssh2/src/openssl.c:90:15: error: invalid use of incomplete typedef 'RSA' {aka 'struct rsa_st'}
[INFO] [stderr]      90 |         (*rsa)->dmq1 = BN_new();
[INFO] [stderr]         |               ^~
[INFO] [stderr]   /opt/rustwide/cargo-home/registry/src/index.crates.io-6f17d22bba15001f/libssh2-sys-0.1.30/libssh2/src/openssl.c:91:40: error: invalid use of incomplete typedef 'RSA' {aka 'struct rsa_st'}
[INFO] [stderr]      91 |         BN_bin2bn(e2data, e2len, (*rsa)->dmq1);
[INFO] [stderr]         |                                        ^~
[INFO] [stderr]   /opt/rustwide/cargo-home/registry/src/index.crates.io-6f17d22bba15001f/libssh2-sys-0.1.30/libssh2/src/openssl.c:93:15: error: invalid use of incomplete typedef 'RSA' {aka 'struct rsa_st'}
[INFO] [stderr]      93 |         (*rsa)->iqmp = BN_new();
[INFO] [stderr]         |               ^~
[INFO] [stderr]   /opt/rustwide/cargo-home/registry/src/index.crates.io-6f17d22bba15001f/libssh2-sys-0.1.30/libssh2/src/openssl.c:94:46: error: invalid use of incomplete typedef 'RSA' {aka 'struct rsa_st'}
[INFO] [stderr]      94 |         BN_bin2bn(coeffdata, coefflen, (*rsa)->iqmp);
[INFO] [stderr]         |                                              ^~
[INFO] [stderr]   /opt/rustwide/cargo-home/registry/src/index.crates.io-6f17d22bba15001f/libssh2-sys-0.1.30/libssh2/src/openssl.c: In function '_libssh2_rsa_sha1_verify':
[INFO] [stderr]   /opt/rustwide/cargo-home/registry/src/index.crates.io-6f17d22bba15001f/libssh2-sys-0.1.30/libssh2/src/openssl.c:110:5: warning: 'RSA_verify' is deprecated: Since OpenSSL 3.0 [-Wdeprecated-declarations]
[INFO] [stderr]     110 |     ret = RSA_verify(NID_sha1, hash, SHA_DIGEST_LENGTH,
[INFO] [stderr]         |     ^~~
[INFO] [stderr]   In file included from /usr/include/openssl/x509.h:36,
[INFO] [stderr]                    from /usr/include/openssl/pem.h:23,
[INFO] [stderr]                    from /opt/rustwide/cargo-home/registry/src/index.crates.io-6f17d22bba15001f/libssh2-sys-0.1.30/libssh2/src/openssl.h:48,
[INFO] [stderr]                    from /opt/rustwide/cargo-home/registry/src/index.crates.io-6f17d22bba15001f/libssh2-sys-0.1.30/libssh2/src/crypto.h:42,
[INFO] [stderr]                    from /opt/rustwide/cargo-home/registry/src/index.crates.io-6f17d22bba15001f/libssh2-sys-0.1.30/libssh2/src/libssh2_priv.h:135,
[INFO] [stderr]                    from /opt/rustwide/cargo-home/registry/src/index.crates.io-6f17d22bba15001f/libssh2-sys-0.1.30/libssh2/src/openssl.c:41:
[INFO] [stderr]   /usr/include/openssl/rsa.h:351:27: note: declared here
[INFO] [stderr]     351 | OSSL_DEPRECATEDIN_3_0 int RSA_verify(int type, const unsigned char *m,
[INFO] [stderr]         |                           ^~~~~~~~~~
[INFO] [stderr]   /opt/rustwide/cargo-home/registry/src/index.crates.io-6f17d22bba15001f/libssh2-sys-0.1.30/libssh2/src/openssl.c: In function '_libssh2_dsa_new':
[INFO] [stderr]   /opt/rustwide/cargo-home/registry/src/index.crates.io-6f17d22bba15001f/libssh2-sys-0.1.30/libssh2/src/openssl.c:128:5: warning: 'DSA_new' is deprecated: Since OpenSSL 3.0 [-Wdeprecated-declarations]
[INFO] [stderr]     128 |     *dsactx = DSA_new();
[INFO] [stderr]         |     ^
[INFO] [stderr]   In file included from /usr/include/openssl/x509.h:37,
[INFO] [stderr]                    from /usr/include/openssl/pem.h:23,
[INFO] [stderr]                    from /opt/rustwide/cargo-home/registry/src/index.crates.io-6f17d22bba15001f/libssh2-sys-0.1.30/libssh2/src/openssl.h:48,
[INFO] [stderr]                    from /opt/rustwide/cargo-home/registry/src/index.crates.io-6f17d22bba15001f/libssh2-sys-0.1.30/libssh2/src/crypto.h:42,
[INFO] [stderr]                    from /opt/rustwide/cargo-home/registry/src/index.crates.io-6f17d22bba15001f/libssh2-sys-0.1.30/libssh2/src/libssh2_priv.h:135,
[INFO] [stderr]                    from /opt/rustwide/cargo-home/registry/src/index.crates.io-6f17d22bba15001f/libssh2-sys-0.1.30/libssh2/src/openssl.c:41:
[INFO] [stderr]   /usr/include/openssl/dsa.h:125:28: note: declared here
[INFO] [stderr]     125 | OSSL_DEPRECATEDIN_3_0 DSA *DSA_new(void);
[INFO] [stderr]         |                            ^~~~~~~
[INFO] [stderr]   /opt/rustwide/cargo-home/registry/src/index.crates.io-6f17d22bba15001f/libssh2-sys-0.1.30/libssh2/src/openssl.c:130:14: error: invalid use of incomplete typedef 'DSA' {aka 'struct dsa_st'}
[INFO] [stderr]     130 |     (*dsactx)->p = BN_new();
[INFO] [stderr]         |              ^~
[INFO] [stderr]   /opt/rustwide/cargo-home/registry/src/index.crates.io-6f17d22bba15001f/libssh2-sys-0.1.30/libssh2/src/openssl.c:131:34: error: invalid use of incomplete typedef 'DSA' {aka 'struct dsa_st'}
[INFO] [stderr]     131 |     BN_bin2bn(p, p_len, (*dsactx)->p);
[INFO] [stderr]         |                                  ^~
[INFO] [stderr]   /opt/rustwide/cargo-home/registry/src/index.crates.io-6f17d22bba15001f/libssh2-sys-0.1.30/libssh2/src/openssl.c:133:14: error: invalid use of incomplete typedef 'DSA' {aka 'struct dsa_st'}
[INFO] [stderr]     133 |     (*dsactx)->q = BN_new();
[INFO] [stderr]         |              ^~
[INFO] [stderr]   /opt/rustwide/cargo-home/registry/src/index.crates.io-6f17d22bba15001f/libssh2-sys-0.1.30/libssh2/src/openssl.c:134:34: error: invalid use of incomplete typedef 'DSA' {aka 'struct dsa_st'}
[INFO] [stderr]     134 |     BN_bin2bn(q, q_len, (*dsactx)->q);
[INFO] [stderr]         |                                  ^~
[INFO] [stderr]   /opt/rustwide/cargo-home/registry/src/index.crates.io-6f17d22bba15001f/libssh2-sys-0.1.30/libssh2/src/openssl.c:136:14: error: invalid use of incomplete typedef 'DSA' {aka 'struct dsa_st'}
[INFO] [stderr]     136 |     (*dsactx)->g = BN_new();
[INFO] [stderr]         |              ^~
[INFO] [stderr]   /opt/rustwide/cargo-home/registry/src/index.crates.io-6f17d22bba15001f/libssh2-sys-0.1.30/libssh2/src/openssl.c:137:34: error: invalid use of incomplete typedef 'DSA' {aka 'struct dsa_st'}
[INFO] [stderr]     137 |     BN_bin2bn(g, g_len, (*dsactx)->g);
[INFO] [stderr]         |                                  ^~
[INFO] [stderr]   /opt/rustwide/cargo-home/registry/src/index.crates.io-6f17d22bba15001f/libssh2-sys-0.1.30/libssh2/src/openssl.c:139:14: error: invalid use of incomplete typedef 'DSA' {aka 'struct dsa_st'}
[INFO] [stderr]     139 |     (*dsactx)->pub_key = BN_new();
[INFO] [stderr]         |              ^~
[INFO] [stderr]   /opt/rustwide/cargo-home/registry/src/index.crates.io-6f17d22bba15001f/libssh2-sys-0.1.30/libssh2/src/openssl.c:140:34: error: invalid use of incomplete typedef 'DSA' {aka 'struct dsa_st'}
[INFO] [stderr]     140 |     BN_bin2bn(y, y_len, (*dsactx)->pub_key);
[INFO] [stderr]         |                                  ^~
[INFO] [stderr]   /opt/rustwide/cargo-home/registry/src/index.crates.io-6f17d22bba15001f/libssh2-sys-0.1.30/libssh2/src/openssl.c:143:18: error: invalid use of incomplete typedef 'DSA' {aka 'struct dsa_st'}
[INFO] [stderr]     143 |         (*dsactx)->priv_key = BN_new();
[INFO] [stderr]         |                  ^~
[INFO] [stderr]   /opt/rustwide/cargo-home/registry/src/index.crates.io-6f17d22bba15001f/libssh2-sys-0.1.30/libssh2/src/openssl.c:144:38: error: invalid use of incomplete typedef 'DSA' {aka 'struct dsa_st'}
[INFO] [stderr]     144 |         BN_bin2bn(x, x_len, (*dsactx)->priv_key);
[INFO] [stderr]         |                                      ^~
[INFO] [stderr]   /opt/rustwide/cargo-home/registry/src/index.crates.io-6f17d22bba15001f/libssh2-sys-0.1.30/libssh2/src/openssl.c: In function '_libssh2_dsa_sha1_verify':
[INFO] [stderr]   /opt/rustwide/cargo-home/registry/src/index.crates.io-6f17d22bba15001f/libssh2-sys-0.1.30/libssh2/src/openssl.c:156:13: error: storage size of 'dsasig' isn't known
[INFO] [stderr]     156 |     DSA_SIG dsasig;
[INFO] [stderr]         |             ^~~~~~
[INFO] [stderr]   /opt/rustwide/cargo-home/registry/src/index.crates.io-6f17d22bba15001f/libssh2-sys-0.1.30/libssh2/src/openssl.c:166:9: warning: 'DSA_do_verify' is deprecated: Since OpenSSL 3.0 [-Wdeprecated-declarations]
[INFO] [stderr]     166 |         ret = DSA_do_verify(hash, SHA_DIGEST_LENGTH, &dsasig, dsactx);
[INFO] [stderr]         |         ^~~
[INFO] [stderr]   In file included from /usr/include/openssl/x509.h:37,
[INFO] [stderr]                    from /usr/include/openssl/pem.h:23,
[INFO] [stderr]                    from /opt/rustwide/cargo-home/registry/src/index.crates.io-6f17d22bba15001f/libssh2-sys-0.1.30/libssh2/src/openssl.h:48,
[INFO] [stderr]                    from /opt/rustwide/cargo-home/registry/src/index.crates.io-6f17d22bba15001f/libssh2-sys-0.1.30/libssh2/src/crypto.h:42,
[INFO] [stderr]                    from /opt/rustwide/cargo-home/registry/src/index.crates.io-6f17d22bba15001f/libssh2-sys-0.1.30/libssh2/src/libssh2_priv.h:135,
[INFO] [stderr]                    from /opt/rustwide/cargo-home/registry/src/index.crates.io-6f17d22bba15001f/libssh2-sys-0.1.30/libssh2/src/openssl.c:41:
[INFO] [stderr]   /usr/include/openssl/dsa.h:115:27: note: declared here
[INFO] [stderr]     115 | OSSL_DEPRECATEDIN_3_0 int DSA_do_verify(const unsigned char *dgst, int dgst_len,
[INFO] [stderr]         |                           ^~~~~~~~~~~~~
[INFO] [stderr]   /opt/rustwide/cargo-home/registry/src/index.crates.io-6f17d22bba15001f/libssh2-sys-0.1.30/libssh2/src/openssl.c:156:13: warning: unused variable 'dsasig' [-Wunused-variable]
[INFO] [stderr]     156 |     DSA_SIG dsasig;
[INFO] [stderr]         |             ^~~~~~
[INFO] [stderr]   /opt/rustwide/cargo-home/registry/src/index.crates.io-6f17d22bba15001f/libssh2-sys-0.1.30/libssh2/src/openssl.c: In function 'aes_ctr_init':
[INFO] [stderr]   /opt/rustwide/cargo-home/registry/src/index.crates.io-6f17d22bba15001f/libssh2-sys-0.1.30/libssh2/src/openssl.c:225:16: error: invalid use of incomplete typedef 'EVP_CIPHER_CTX' {aka 'struct evp_cipher_ctx_st'}
[INFO] [stderr]     225 |     switch (ctx->key_len) {
[INFO] [stderr]         |                ^~
[INFO] [stderr]   /opt/rustwide/cargo-home/registry/src/index.crates.io-6f17d22bba15001f/libssh2-sys-0.1.30/libssh2/src/openssl.c:243:32: error: invalid application of 'sizeof' to incomplete type 'EVP_CIPHER_CTX' {aka 'struct evp_cipher_ctx_st'}
[INFO] [stderr]     243 |     c->aes_ctx = malloc(sizeof(EVP_CIPHER_CTX));
[INFO] [stderr]         |                                ^~~~~~~~~~~~~~
[INFO] [stderr]   /opt/rustwide/cargo-home/registry/src/index.crates.io-6f17d22bba15001f/libssh2-sys-0.1.30/libssh2/src/openssl.c: In function 'make_ctr_evp':
[INFO] [stderr]   /opt/rustwide/cargo-home/registry/src/index.crates.io-6f17d22bba15001f/libssh2-sys-0.1.30/libssh2/src/openssl.c:327:19: error: invalid use of incomplete typedef 'EVP_CIPHER' {aka 'struct evp_cipher_st'}
[INFO] [stderr]     327 |     aes_ctr_cipher->block_size = 16;
[INFO] [stderr]         |                   ^~
[INFO] [stderr]   /opt/rustwide/cargo-home/registry/src/index.crates.io-6f17d22bba15001f/libssh2-sys-0.1.30/libssh2/src/openssl.c:328:19: error: invalid use of incomplete typedef 'EVP_CIPHER' {aka 'struct evp_cipher_st'}
[INFO] [stderr]     328 |     aes_ctr_cipher->key_len = keylen;
[INFO] [stderr]         |                   ^~
[INFO] [stderr]   /opt/rustwide/cargo-home/registry/src/index.crates.io-6f17d22bba15001f/libssh2-sys-0.1.30/libssh2/src/openssl.c:329:19: error: invalid use of incomplete typedef 'EVP_CIPHER' {aka 'struct evp_cipher_st'}
[INFO] [stderr]     329 |     aes_ctr_cipher->iv_len = 16;
[INFO] [stderr]         |                   ^~
[INFO] [stderr]   /opt/rustwide/cargo-home/registry/src/index.crates.io-6f17d22bba15001f/libssh2-sys-0.1.30/libssh2/src/openssl.c:330:19: error: invalid use of incomplete typedef 'EVP_CIPHER' {aka 'struct evp_cipher_st'}
[INFO] [stderr]     330 |     aes_ctr_cipher->init = aes_ctr_init;
[INFO] [stderr]         |                   ^~
[INFO] [stderr]   /opt/rustwide/cargo-home/registry/src/index.crates.io-6f17d22bba15001f/libssh2-sys-0.1.30/libssh2/src/openssl.c:331:19: error: invalid use of incomplete typedef 'EVP_CIPHER' {aka 'struct evp_cipher_st'}
[INFO] [stderr]     331 |     aes_ctr_cipher->do_cipher = aes_ctr_do_cipher;
[INFO] [stderr]         |                   ^~
[INFO] [stderr]   /opt/rustwide/cargo-home/registry/src/index.crates.io-6f17d22bba15001f/libssh2-sys-0.1.30/libssh2/src/openssl.c:332:19: error: invalid use of incomplete typedef 'EVP_CIPHER' {aka 'struct evp_cipher_st'}
[INFO] [stderr]     332 |     aes_ctr_cipher->cleanup = aes_ctr_cleanup;
[INFO] [stderr]         |                   ^~
[INFO] [stderr]   /opt/rustwide/cargo-home/registry/src/index.crates.io-6f17d22bba15001f/libssh2-sys-0.1.30/libssh2/src/openssl.c: In function '_libssh2_EVP_aes_128_ctr':
[INFO] [stderr]   /opt/rustwide/cargo-home/registry/src/index.crates.io-6f17d22bba15001f/libssh2-sys-0.1.30/libssh2/src/openssl.c:340:23: error: storage size of 'aes_ctr_cipher' isn't known
[INFO] [stderr]     340 |     static EVP_CIPHER aes_ctr_cipher;
[INFO] [stderr]         |                       ^~~~~~~~~~~~~~
[INFO] [stderr]   /opt/rustwide/cargo-home/registry/src/index.crates.io-6f17d22bba15001f/libssh2-sys-0.1.30/libssh2/src/openssl.c:340:23: warning: unused variable 'aes_ctr_cipher' [-Wunused-variable]
[INFO] [stderr]   /opt/rustwide/cargo-home/registry/src/index.crates.io-6f17d22bba15001f/libssh2-sys-0.1.30/libssh2/src/openssl.c: In function '_libssh2_EVP_aes_192_ctr':
[INFO] [stderr]   /opt/rustwide/cargo-home/registry/src/index.crates.io-6f17d22bba15001f/libssh2-sys-0.1.30/libssh2/src/openssl.c:348:23: error: storage size of 'aes_ctr_cipher' isn't known
[INFO] [stderr]     348 |     static EVP_CIPHER aes_ctr_cipher;
[INFO] [stderr]         |                       ^~~~~~~~~~~~~~
[INFO] [stderr]   /opt/rustwide/cargo-home/registry/src/index.crates.io-6f17d22bba15001f/libssh2-sys-0.1.30/libssh2/src/openssl.c:348:23: warning: unused variable 'aes_ctr_cipher' [-Wunused-variable]
[INFO] [stderr]   /opt/rustwide/cargo-home/registry/src/index.crates.io-6f17d22bba15001f/libssh2-sys-0.1.30/libssh2/src/openssl.c: In function '_libssh2_EVP_aes_256_ctr':
[INFO] [stderr]   /opt/rustwide/cargo-home/registry/src/index.crates.io-6f17d22bba15001f/libssh2-sys-0.1.30/libssh2/src/openssl.c:356:23: error: storage size of 'aes_ctr_cipher' isn't known
[INFO] [stderr]     356 |     static EVP_CIPHER aes_ctr_cipher;
[INFO] [stderr]         |                       ^~~~~~~~~~~~~~
[INFO] [stderr]   /opt/rustwide/cargo-home/registry/src/index.crates.io-6f17d22bba15001f/libssh2-sys-0.1.30/libssh2/src/openssl.c:356:23: warning: unused variable 'aes_ctr_cipher' [-Wunused-variable]
[INFO] [stderr]   /opt/rustwide/cargo-home/registry/src/index.crates.io-6f17d22bba15001f/libssh2-sys-0.1.30/libssh2/src/openssl.c: In function '_libssh2_rsa_new_private_frommemory':
[INFO] [stderr]   /opt/rustwide/cargo-home/registry/src/index.crates.io-6f17d22bba15001f/libssh2-sys-0.1.30/libssh2/src/openssl.c:444:9: warning: 'PEM_read_bio_RSAPrivateKey' is deprecated: Since OpenSSL 3.0 [-Wdeprecated-declarations]
[INFO] [stderr]     444 |         (pem_read_bio_func) &PEM_read_bio_RSAPrivateKey;
[INFO] [stderr]         |         ^
[INFO] [stderr]   In file included from /opt/rustwide/cargo-home/registry/src/index.crates.io-6f17d22bba15001f/libssh2-sys-0.1.30/libssh2/src/openssl.h:48,
[INFO] [stderr]                    from /opt/rustwide/cargo-home/registry/src/index.crates.io-6f17d22bba15001f/libssh2-sys-0.1.30/libssh2/src/crypto.h:42,
[INFO] [stderr]                    from /opt/rustwide/cargo-home/registry/src/index.crates.io-6f17d22bba15001f/libssh2-sys-0.1.30/libssh2/src/libssh2_priv.h:135,
[INFO] [stderr]                    from /opt/rustwide/cargo-home/registry/src/index.crates.io-6f17d22bba15001f/libssh2-sys-0.1.30/libssh2/src/openssl.c:41:
[INFO] [stderr]   /usr/include/openssl/pem.h:447:1: note: declared here
[INFO] [stderr]     447 | DECLARE_PEM_rw_cb_attr(OSSL_DEPRECATEDIN_3_0, RSAPrivateKey, RSA)
[INFO] [stderr]         | ^~~~~~~~~~~~~~~~~~~~~~
[INFO] [stderr]   /opt/rustwide/cargo-home/registry/src/index.crates.io-6f17d22bba15001f/libssh2-sys-0.1.30/libssh2/src/openssl.c: In function '_libssh2_rsa_new_private':
[INFO] [stderr]   /opt/rustwide/cargo-home/registry/src/index.crates.io-6f17d22bba15001f/libssh2-sys-0.1.30/libssh2/src/openssl.c:459:9: warning: 'PEM_read_bio_RSAPrivateKey' is deprecated: Since OpenSSL 3.0 [-Wdeprecated-declarations]
[INFO] [stderr]     459 |         (pem_read_bio_func) &PEM_read_bio_RSAPrivateKey;
[INFO] [stderr]         |         ^
[INFO] [stderr]   In file included from /opt/rustwide/cargo-home/registry/src/index.crates.io-6f17d22bba15001f/libssh2-sys-0.1.30/libssh2/src/openssl.h:48,
[INFO] [stderr]                    from /opt/rustwide/cargo-home/registry/src/index.crates.io-6f17d22bba15001f/libssh2-sys-0.1.30/libssh2/src/crypto.h:42,
[INFO] [stderr]                    from /opt/rustwide/cargo-home/registry/src/index.crates.io-6f17d22bba15001f/libssh2-sys-0.1.30/libssh2/src/libssh2_priv.h:135,
[INFO] [stderr]                    from /opt/rustwide/cargo-home/registry/src/index.crates.io-6f17d22bba15001f/libssh2-sys-0.1.30/libssh2/src/openssl.c:41:
[INFO] [stderr]   /usr/include/openssl/pem.h:447:1: note: declared here
[INFO] [stderr]     447 | DECLARE_PEM_rw_cb_attr(OSSL_DEPRECATEDIN_3_0, RSAPrivateKey, RSA)
[INFO] [stderr]         | ^~~~~~~~~~~~~~~~~~~~~~
[INFO] [stderr]   /opt/rustwide/cargo-home/registry/src/index.crates.io-6f17d22bba15001f/libssh2-sys-0.1.30/libssh2/src/openssl.c: In function '_libssh2_dsa_new_private_frommemory':
[INFO] [stderr]   /opt/rustwide/cargo-home/registry/src/index.crates.io-6f17d22bba15001f/libssh2-sys-0.1.30/libssh2/src/openssl.c:476:9: warning: 'PEM_read_bio_DSAPrivateKey' is deprecated: Since OpenSSL 3.0 [-Wdeprecated-declarations]
[INFO] [stderr]     476 |         (pem_read_bio_func) &PEM_read_bio_DSAPrivateKey;
[INFO] [stderr]         |         ^
[INFO] [stderr]   In file included from /opt/rustwide/cargo-home/registry/src/index.crates.io-6f17d22bba15001f/libssh2-sys-0.1.30/libssh2/src/openssl.h:48,
[INFO] [stderr]                    from /opt/rustwide/cargo-home/registry/src/index.crates.io-6f17d22bba15001f/libssh2-sys-0.1.30/libssh2/src/crypto.h:42,
[INFO] [stderr]                    from /opt/rustwide/cargo-home/registry/src/index.crates.io-6f17d22bba15001f/libssh2-sys-0.1.30/libssh2/src/libssh2_priv.h:135,
[INFO] [stderr]                    from /opt/rustwide/cargo-home/registry/src/index.crates.io-6f17d22bba15001f/libssh2-sys-0.1.30/libssh2/src/openssl.c:41:
[INFO] [stderr]   /usr/include/openssl/pem.h:453:1: note: declared here
[INFO] [stderr]     453 | DECLARE_PEM_rw_cb_attr(OSSL_DEPRECATEDIN_3_0, DSAPrivateKey, DSA)
[INFO] [stderr]         | ^~~~~~~~~~~~~~~~~~~~~~
[INFO] [stderr]   /opt/rustwide/cargo-home/registry/src/index.crates.io-6f17d22bba15001f/libssh2-sys-0.1.30/libssh2/src/openssl.c: In function '_libssh2_dsa_new_private':
[INFO] [stderr]   /opt/rustwide/cargo-home/registry/src/index.crates.io-6f17d22bba15001f/libssh2-sys-0.1.30/libssh2/src/openssl.c:491:9: warning: 'PEM_read_bio_DSAPrivateKey' is deprecated: Since OpenSSL 3.0 [-Wdeprecated-declarations]
[INFO] [stderr]     491 |         (pem_read_bio_func) &PEM_read_bio_DSAPrivateKey;
[INFO] [stderr]         |         ^
[INFO] [stderr]   In file included from /opt/rustwide/cargo-home/registry/src/index.crates.io-6f17d22bba15001f/libssh2-sys-0.1.30/libssh2/src/openssl.h:48,
[INFO] [stderr]                    from /opt/rustwide/cargo-home/registry/src/index.crates.io-6f17d22bba15001f/libssh2-sys-0.1.30/libssh2/src/crypto.h:42,
[INFO] [stderr]                    from /opt/rustwide/cargo-home/registry/src/index.crates.io-6f17d22bba15001f/libssh2-sys-0.1.30/libssh2/src/libssh2_priv.h:135,
[INFO] [stderr]                    from /opt/rustwide/cargo-home/registry/src/index.crates.io-6f17d22bba15001f/libssh2-sys-0.1.30/libssh2/src/openssl.c:41:
[INFO] [stderr]   /usr/include/openssl/pem.h:453:1: note: declared here
[INFO] [stderr]     453 | DECLARE_PEM_rw_cb_attr(OSSL_DEPRECATEDIN_3_0, DSAPrivateKey, DSA)
[INFO] [stderr]         | ^~~~~~~~~~~~~~~~~~~~~~
[INFO] [stderr]   /opt/rustwide/cargo-home/registry/src/index.crates.io-6f17d22bba15001f/libssh2-sys-0.1.30/libssh2/src/openssl.c: In function '_libssh2_rsa_sha1_sign':
[INFO] [stderr]   /opt/rustwide/cargo-home/registry/src/index.crates.io-6f17d22bba15001f/libssh2-sys-0.1.30/libssh2/src/openssl.c:512:5: warning: 'RSA_size' is deprecated: Since OpenSSL 3.0 [-Wdeprecated-declarations]
[INFO] [stderr]     512 |     sig_len = RSA_size(rsactx);
[INFO] [stderr]         |     ^~~~~~~
[INFO] [stderr]   In file included from /usr/include/openssl/x509.h:36,
[INFO] [stderr]                    from /usr/include/openssl/pem.h:23,
[INFO] [stderr]                    from /opt/rustwide/cargo-home/registry/src/index.crates.io-6f17d22bba15001f/libssh2-sys-0.1.30/libssh2/src/openssl.h:48,
[INFO] [stderr]                    from /opt/rustwide/cargo-home/registry/src/index.crates.io-6f17d22bba15001f/libssh2-sys-0.1.30/libssh2/src/crypto.h:42,
[INFO] [stderr]                    from /opt/rustwide/cargo-home/registry/src/index.crates.io-6f17d22bba15001f/libssh2-sys-0.1.30/libssh2/src/libssh2_priv.h:135,
[INFO] [stderr]                    from /opt/rustwide/cargo-home/registry/src/index.crates.io-6f17d22bba15001f/libssh2-sys-0.1.30/libssh2/src/openssl.c:41:
[INFO] [stderr]   /usr/include/openssl/rsa.h:204:27: note: declared here
[INFO] [stderr]     204 | OSSL_DEPRECATEDIN_3_0 int RSA_size(const RSA *rsa);
[INFO] [stderr]         |                           ^~~~~~~~
[INFO] [stderr]   /opt/rustwide/cargo-home/registry/src/index.crates.io-6f17d22bba15001f/libssh2-sys-0.1.30/libssh2/src/openssl.c:519:5: warning: 'RSA_sign' is deprecated: Since OpenSSL 3.0 [-Wdeprecated-declarations]
[INFO] [stderr]     519 |     ret = RSA_sign(NID_sha1, hash, hash_len, sig, &sig_len, rsactx);
[INFO] [stderr]         |     ^~~
[INFO] [stderr]   In file included from /usr/include/openssl/x509.h:36,
[INFO] [stderr]                    from /usr/include/openssl/pem.h:23,
[INFO] [stderr]                    from /opt/rustwide/cargo-home/registry/src/index.crates.io-6f17d22bba15001f/libssh2-sys-0.1.30/libssh2/src/openssl.h:48,
[INFO] [stderr]                    from /opt/rustwide/cargo-home/registry/src/index.crates.io-6f17d22bba15001f/libssh2-sys-0.1.30/libssh2/src/crypto.h:42,
[INFO] [stderr]                    from /opt/rustwide/cargo-home/registry/src/index.crates.io-6f17d22bba15001f/libssh2-sys-0.1.30/libssh2/src/libssh2_priv.h:135,
[INFO] [stderr]                    from /opt/rustwide/cargo-home/registry/src/index.crates.io-6f17d22bba15001f/libssh2-sys-0.1.30/libssh2/src/openssl.c:41:
[INFO] [stderr]   /usr/include/openssl/rsa.h:348:27: note: declared here
[INFO] [stderr]     348 | OSSL_DEPRECATEDIN_3_0 int RSA_sign(int type, const unsigned char *m,
[INFO] [stderr]         |                           ^~~~~~~~
[INFO] [stderr]   /opt/rustwide/cargo-home/registry/src/index.crates.io-6f17d22bba15001f/libssh2-sys-0.1.30/libssh2/src/openssl.c: In function '_libssh2_dsa_sha1_sign':
[INFO] [stderr]   /opt/rustwide/cargo-home/registry/src/index.crates.io-6f17d22bba15001f/libssh2-sys-0.1.30/libssh2/src/openssl.c:542:5: warning: 'DSA_do_sign' is deprecated: Since OpenSSL 3.0 [-Wdeprecated-declarations]
[INFO] [stderr]     542 |     sig = DSA_do_sign(hash, SHA_DIGEST_LENGTH, dsactx);
[INFO] [stderr]         |     ^~~
[INFO] [stderr]   In file included from /usr/include/openssl/x509.h:37,
[INFO] [stderr]                    from /usr/include/openssl/pem.h:23,
[INFO] [stderr]                    from /opt/rustwide/cargo-home/registry/src/index.crates.io-6f17d22bba15001f/libssh2-sys-0.1.30/libssh2/src/openssl.h:48,
[INFO] [stderr]                    from /opt/rustwide/cargo-home/registry/src/index.crates.io-6f17d22bba15001f/libssh2-sys-0.1.30/libssh2/src/crypto.h:42,
[INFO] [stderr]                    from /opt/rustwide/cargo-home/registry/src/index.crates.io-6f17d22bba15001f/libssh2-sys-0.1.30/libssh2/src/libssh2_priv.h:135,
[INFO] [stderr]                    from /opt/rustwide/cargo-home/registry/src/index.crates.io-6f17d22bba15001f/libssh2-sys-0.1.30/libssh2/src/openssl.c:41:
[INFO] [stderr]   /usr/include/openssl/dsa.h:113:32: note: declared here
[INFO] [stderr]     113 | OSSL_DEPRECATEDIN_3_0 DSA_SIG *DSA_do_sign(const unsigned char *dgst, int dlen,
[INFO] [stderr]         |                                ^~~~~~~~~~~
[INFO] [stderr]   In file included from /usr/include/openssl/params.h:16,
[INFO] [stderr]                    from /usr/include/openssl/evp.h:32,
[INFO] [stderr]                    from /opt/rustwide/cargo-home/registry/src/index.crates.io-6f17d22bba15001f/libssh2-sys-0.1.30/libssh2/src/openssl.h:45,
[INFO] [stderr]                    from /opt/rustwide/cargo-home/registry/src/index.crates.io-6f17d22bba15001f/libssh2-sys-0.1.30/libssh2/src/crypto.h:42,
[INFO] [stderr]                    from /opt/rustwide/cargo-home/registry/src/index.crates.io-6f17d22bba15001f/libssh2-sys-0.1.30/libssh2/src/libssh2_priv.h:135,
[INFO] [stderr]                    from /opt/rustwide/cargo-home/registry/src/index.crates.io-6f17d22bba15001f/libssh2-sys-0.1.30/libssh2/src/openssl.c:41:
[INFO] [stderr]   /opt/rustwide/cargo-home/registry/src/index.crates.io-6f17d22bba15001f/libssh2-sys-0.1.30/libssh2/src/openssl.c:547:29: error: invalid use of incomplete typedef 'DSA_SIG' {aka 'struct DSA_SIG_st'}
[INFO] [stderr]     547 |     r_len = BN_num_bytes(sig->r);
[INFO] [stderr]         |                             ^~
[INFO] [stderr]   /opt/rustwide/cargo-home/registry/src/index.crates.io-6f17d22bba15001f/libssh2-sys-0.1.30/libssh2/src/openssl.c:552:29: error: invalid use of incomplete typedef 'DSA_SIG' {aka 'struct DSA_SIG_st'}
[INFO] [stderr]     552 |     s_len = BN_num_bytes(sig->s);
[INFO] [stderr]         |                             ^~
[INFO] [stderr]   /opt/rustwide/cargo-home/registry/src/index.crates.io-6f17d22bba15001f/libssh2-sys-0.1.30/libssh2/src/openssl.c:560:18: error: invalid use of incomplete typedef 'DSA_SIG' {aka 'struct DSA_SIG_st'}
[INFO] [stderr]     560 |     BN_bn2bin(sig->r, signature + (20 - r_len));
[INFO] [stderr]         |                  ^~
[INFO] [stderr]   /opt/rustwide/cargo-home/registry/src/index.crates.io-6f17d22bba15001f/libssh2-sys-0.1.30/libssh2/src/openssl.c:561:18: error: invalid use of incomplete typedef 'DSA_SIG' {aka 'struct DSA_SIG_st'}
[INFO] [stderr]     561 |     BN_bn2bin(sig->s, signature + 20 + (20 - s_len));
[INFO] [stderr]         |                  ^~
[INFO] [stderr]   /opt/rustwide/cargo-home/registry/src/index.crates.io-6f17d22bba15001f/libssh2-sys-0.1.30/libssh2/src/openssl.c: In function '_libssh2_sha1':
[INFO] [stderr]   /opt/rustwide/cargo-home/registry/src/index.crates.io-6f17d22bba15001f/libssh2-sys-0.1.30/libssh2/src/openssl.c:580:16: error: storage size of 'ctx' isn't known
[INFO] [stderr]     580 |     EVP_MD_CTX ctx;
[INFO] [stderr]         |                ^~~
[INFO] [stderr]   /opt/rustwide/cargo-home/registry/src/index.crates.io-6f17d22bba15001f/libssh2-sys-0.1.30/libssh2/src/openssl.c:580:16: warning: unused variable 'ctx' [-Wunused-variable]
[INFO] [stderr]   In file included from /usr/include/openssl/params.h:16,
[INFO] [stderr]                    from /usr/include/openssl/evp.h:32,
[INFO] [stderr]                    from /opt/rustwide/cargo-home/registry/src/index.crates.io-6f17d22bba15001f/libssh2-sys-0.1.30/libssh2/src/openssl.h:45,
[INFO] [stderr]                    from /opt/rustwide/cargo-home/registry/src/index.crates.io-6f17d22bba15001f/libssh2-sys-0.1.30/libssh2/src/crypto.h:42,
[INFO] [stderr]                    from /opt/rustwide/cargo-home/registry/src/index.crates.io-6f17d22bba15001f/libssh2-sys-0.1.30/libssh2/src/libssh2_priv.h:135,
[INFO] [stderr]                    from /opt/rustwide/cargo-home/registry/src/index.crates.io-6f17d22bba15001f/libssh2-sys-0.1.30/libssh2/src/openssl.c:41:
[INFO] [stderr]   /opt/rustwide/cargo-home/registry/src/index.crates.io-6f17d22bba15001f/libssh2-sys-0.1.30/libssh2/src/openssl.c: In function 'gen_publickey_from_rsa':
[INFO] [stderr]   /opt/rustwide/cargo-home/registry/src/index.crates.io-6f17d22bba15001f/libssh2-sys-0.1.30/libssh2/src/openssl.c:625:31: error: invalid use of incomplete typedef 'RSA' {aka 'struct rsa_st'}
[INFO] [stderr]     625 |     e_bytes = BN_num_bytes(rsa->e) + 1;
[INFO] [stderr]         |                               ^~
[INFO] [stderr]   /opt/rustwide/cargo-home/registry/src/index.crates.io-6f17d22bba15001f/libssh2-sys-0.1.30/libssh2/src/openssl.c:626:31: error: invalid use of incomplete typedef 'RSA' {aka 'struct rsa_st'}
[INFO] [stderr]     626 |     n_bytes = BN_num_bytes(rsa->n) + 1;
[INFO] [stderr]         |                               ^~
[INFO] [stderr]   /opt/rustwide/cargo-home/registry/src/index.crates.io-6f17d22bba15001f/libssh2-sys-0.1.30/libssh2/src/openssl.c:644:24: error: invalid use of incomplete typedef 'RSA' {aka 'struct rsa_st'}
[INFO] [stderr]     644 |     p = write_bn(p, rsa->e, e_bytes);
[INFO] [stderr]         |                        ^~
[INFO] [stderr]   /opt/rustwide/cargo-home/registry/src/index.crates.io-6f17d22bba15001f/libssh2-sys-0.1.30/libssh2/src/openssl.c:645:24: error: invalid use of incomplete typedef 'RSA' {aka 'struct rsa_st'}
[INFO] [stderr]     645 |     p = write_bn(p, rsa->n, n_bytes);
[INFO] [stderr]         |                        ^~
[INFO] [stderr]   In file included from /usr/include/openssl/params.h:16,
[INFO] [stderr]                    from /usr/include/openssl/evp.h:32,
[INFO] [stderr]                    from /opt/rustwide/cargo-home/registry/src/index.crates.io-6f17d22bba15001f/libssh2-sys-0.1.30/libssh2/src/openssl.h:45,
[INFO] [stderr]                    from /opt/rustwide/cargo-home/registry/src/index.crates.io-6f17d22bba15001f/libssh2-sys-0.1.30/libssh2/src/crypto.h:42,
[INFO] [stderr]                    from /opt/rustwide/cargo-home/registry/src/index.crates.io-6f17d22bba15001f/libssh2-sys-0.1.30/libssh2/src/libssh2_priv.h:135,
[INFO] [stderr]                    from /opt/rustwide/cargo-home/registry/src/index.crates.io-6f17d22bba15001f/libssh2-sys-0.1.30/libssh2/src/openssl.c:41:
[INFO] [stderr]   /opt/rustwide/cargo-home/registry/src/index.crates.io-6f17d22bba15001f/libssh2-sys-0.1.30/libssh2/src/openssl.c: In function 'gen_publickey_from_dsa':
[INFO] [stderr]   /opt/rustwide/cargo-home/registry/src/index.crates.io-6f17d22bba15001f/libssh2-sys-0.1.30/libssh2/src/openssl.c:661:31: error: invalid use of incomplete typedef 'DSA' {aka 'struct dsa_st'}
[INFO] [stderr]     661 |     p_bytes = BN_num_bytes(dsa->p) + 1;
[INFO] [stderr]         |                               ^~
[INFO] [stderr]   /opt/rustwide/cargo-home/registry/src/index.crates.io-6f17d22bba15001f/libssh2-sys-0.1.30/libssh2/src/openssl.c:662:31: error: invalid use of incomplete typedef 'DSA' {aka 'struct dsa_st'}
[INFO] [stderr]     662 |     q_bytes = BN_num_bytes(dsa->q) + 1;
[INFO] [stderr]         |                               ^~
[INFO] [stderr]   /opt/rustwide/cargo-home/registry/src/index.crates.io-6f17d22bba15001f/libssh2-sys-0.1.30/libssh2/src/openssl.c:663:31: error: invalid use of incomplete typedef 'DSA' {aka 'struct dsa_st'}
[INFO] [stderr]     663 |     g_bytes = BN_num_bytes(dsa->g) + 1;
[INFO] [stderr]         |                               ^~
[INFO] [stderr]   /opt/rustwide/cargo-home/registry/src/index.crates.io-6f17d22bba15001f/libssh2-sys-0.1.30/libssh2/src/openssl.c:664:31: error: invalid use of incomplete typedef 'DSA' {aka 'struct dsa_st'}
[INFO] [stderr]     664 |     k_bytes = BN_num_bytes(dsa->pub_key) + 1;
[INFO] [stderr]         |                               ^~
[INFO] [stderr]   /opt/rustwide/cargo-home/registry/src/index.crates.io-6f17d22bba15001f/libssh2-sys-0.1.30/libssh2/src/openssl.c:682:24: error: invalid use of incomplete typedef 'DSA' {aka 'struct dsa_st'}
[INFO] [stderr]     682 |     p = write_bn(p, dsa->p, p_bytes);
[INFO] [stderr]         |                        ^~
[INFO] [stderr]   /opt/rustwide/cargo-home/registry/src/index.crates.io-6f17d22bba15001f/libssh2-sys-0.1.30/libssh2/src/openssl.c:683:24: error: invalid use of incomplete typedef 'DSA' {aka 'struct dsa_st'}
[INFO] [stderr]     683 |     p = write_bn(p, dsa->q, q_bytes);
[INFO] [stderr]         |                        ^~
[INFO] [stderr]   /opt/rustwide/cargo-home/registry/src/index.crates.io-6f17d22bba15001f/libssh2-sys-0.1.30/libssh2/src/openssl.c:684:24: error: invalid use of incomplete typedef 'DSA' {aka 'struct dsa_st'}
[INFO] [stderr]     684 |     p = write_bn(p, dsa->g, g_bytes);
[INFO] [stderr]         |                        ^~
[INFO] [stderr]   /opt/rustwide/cargo-home/registry/src/index.crates.io-6f17d22bba15001f/libssh2-sys-0.1.30/libssh2/src/openssl.c:685:24: error: invalid use of incomplete typedef 'DSA' {aka 'struct dsa_st'}
[INFO] [stderr]     685 |     p = write_bn(p, dsa->pub_key, k_bytes);
[INFO] [stderr]         |                        ^~
[INFO] [stderr]   /opt/rustwide/cargo-home/registry/src/index.crates.io-6f17d22bba15001f/libssh2-sys-0.1.30/libssh2/src/openssl.c: In function 'gen_publickey_from_rsa_evp':
[INFO] [stderr]   /opt/rustwide/cargo-home/registry/src/index.crates.io-6f17d22bba15001f/libssh2-sys-0.1.30/libssh2/src/openssl.c:709:5: warning: 'EVP_PKEY_get1_RSA' is deprecated: Since OpenSSL 3.0 [-Wdeprecated-declarations]
[INFO] [stderr]     709 |     rsa = EVP_PKEY_get1_RSA(pk);
[INFO] [stderr]         |     ^~~
[INFO] [stderr]   In file included from /opt/rustwide/cargo-home/registry/src/index.crates.io-6f17d22bba15001f/libssh2-sys-0.1.30/libssh2/src/openssl.h:45,
[INFO] [stderr]                    from /opt/rustwide/cargo-home/registry/src/index.crates.io-6f17d22bba15001f/libssh2-sys-0.1.30/libssh2/src/crypto.h:42,
[INFO] [stderr]                    from /opt/rustwide/cargo-home/registry/src/index.crates.io-6f17d22bba15001f/libssh2-sys-0.1.30/libssh2/src/libssh2_priv.h:135,
[INFO] [stderr]                    from /opt/rustwide/cargo-home/registry/src/index.crates.io-6f17d22bba15001f/libssh2-sys-0.1.30/libssh2/src/openssl.c:41:
[INFO] [stderr]   /usr/include/openssl/evp.h:1348:16: note: declared here
[INFO] [stderr]    1348 | struct rsa_st *EVP_PKEY_get1_RSA(EVP_PKEY *pkey);
[INFO] [stderr]         |                ^~~~~~~~~~~~~~~~~
[INFO] [stderr]   /opt/rustwide/cargo-home/registry/src/index.crates.io-6f17d22bba15001f/libssh2-sys-0.1.30/libssh2/src/openssl.c:724:5: warning: 'RSA_free' is deprecated: Since OpenSSL 3.0 [-Wdeprecated-declarations]
[INFO] [stderr]     724 |     RSA_free(rsa);
[INFO] [stderr]         |     ^~~~~~~~
[INFO] [stderr]   In file included from /usr/include/openssl/x509.h:36,
[INFO] [stderr]                    from /usr/include/openssl/pem.h:23,
[INFO] [stderr]                    from /opt/rustwide/cargo-home/registry/src/index.crates.io-6f17d22bba15001f/libssh2-sys-0.1.30/libssh2/src/openssl.h:48,
[INFO] [stderr]                    from /opt/rustwide/cargo-home/registry/src/index.crates.io-6f17d22bba15001f/libssh2-sys-0.1.30/libssh2/src/crypto.h:42,
[INFO] [stderr]                    from /opt/rustwide/cargo-home/registry/src/index.crates.io-6f17d22bba15001f/libssh2-sys-0.1.30/libssh2/src/libssh2_priv.h:135,
[INFO] [stderr]                    from /opt/rustwide/cargo-home/registry/src/index.crates.io-6f17d22bba15001f/libssh2-sys-0.1.30/libssh2/src/openssl.c:41:
[INFO] [stderr]   /usr/include/openssl/rsa.h:293:28: note: declared here
[INFO] [stderr]     293 | OSSL_DEPRECATEDIN_3_0 void RSA_free(RSA *r);
[INFO] [stderr]         |                            ^~~~~~~~
[INFO] [stderr]   /opt/rustwide/cargo-home/registry/src/index.crates.io-6f17d22bba15001f/libssh2-sys-0.1.30/libssh2/src/openssl.c:735:9: warning: 'RSA_free' is deprecated: Since OpenSSL 3.0 [-Wdeprecated-declarations]
[INFO] [stderr]     735 |         RSA_free(rsa);
[INFO] [stderr]         |         ^~~~~~~~
[INFO] [stderr]   In file included from /usr/include/openssl/x509.h:36,
[INFO] [stderr]                    from /usr/include/openssl/pem.h:23,
[INFO] [stderr]                    from /opt/rustwide/cargo-home/registry/src/index.crates.io-6f17d22bba15001f/libssh2-sys-0.1.30/libssh2/src/openssl.h:48,
[INFO] [stderr]                    from /opt/rustwide/cargo-home/registry/src/index.crates.io-6f17d22bba15001f/libssh2-sys-0.1.30/libssh2/src/crypto.h:42,
[INFO] [stderr]                    from /opt/rustwide/cargo-home/registry/src/index.crates.io-6f17d22bba15001f/libssh2-sys-0.1.30/libssh2/src/libssh2_priv.h:135,
[INFO] [stderr]                    from /opt/rustwide/cargo-home/registry/src/index.crates.io-6f17d22bba15001f/libssh2-sys-0.1.30/libssh2/src/openssl.c:41:
[INFO] [stderr]   /usr/include/openssl/rsa.h:293:28: note: declared here
[INFO] [stderr]     293 | OSSL_DEPRECATEDIN_3_0 void RSA_free(RSA *r);
[INFO] [stderr]         |                            ^~~~~~~~
[INFO] [stderr]   /opt/rustwide/cargo-home/registry/src/index.crates.io-6f17d22bba15001f/libssh2-sys-0.1.30/libssh2/src/openssl.c: In function 'gen_publickey_from_dsa_evp':
[INFO] [stderr]   /opt/rustwide/cargo-home/registry/src/index.crates.io-6f17d22bba15001f/libssh2-sys-0.1.30/libssh2/src/openssl.c:764:5: warning: 'EVP_PKEY_get1_DSA' is deprecated: Since OpenSSL 3.0 [-Wdeprecated-declarations]
[INFO] [stderr]     764 |     dsa = EVP_PKEY_get1_DSA(pk);
[INFO] [stderr]         |     ^~~
[INFO] [stderr]   In file included from /opt/rustwide/cargo-home/registry/src/index.crates.io-6f17d22bba15001f/libssh2-sys-0.1.30/libssh2/src/openssl.h:45,
[INFO] [stderr]                    from /opt/rustwide/cargo-home/registry/src/index.crates.io-6f17d22bba15001f/libssh2-sys-0.1.30/libssh2/src/crypto.h:42,
[INFO] [stderr]                    from /opt/rustwide/cargo-home/registry/src/index.crates.io-6f17d22bba15001f/libssh2-sys-0.1.30/libssh2/src/libssh2_priv.h:135,
[INFO] [stderr]                    from /opt/rustwide/cargo-home/registry/src/index.crates.io-6f17d22bba15001f/libssh2-sys-0.1.30/libssh2/src/openssl.c:41:
[INFO] [stderr]   /usr/include/openssl/evp.h:1357:16: note: declared here
[INFO] [stderr]    1357 | struct dsa_st *EVP_PKEY_get1_DSA(EVP_PKEY *pkey);
[INFO] [stderr]         |                ^~~~~~~~~~~~~~~~~
[INFO] [stderr]   /opt/rustwide/cargo-home/registry/src/index.crates.io-6f17d22bba15001f/libssh2-sys-0.1.30/libssh2/src/openssl.c:779:5: warning: 'DSA_free' is deprecated: Since OpenSSL 3.0 [-Wdeprecated-declarations]
[INFO] [stderr]     779 |     DSA_free(dsa);
[INFO] [stderr]         |     ^~~~~~~~
[INFO] [stderr]   In file included from /usr/include/openssl/x509.h:37,
[INFO] [stderr]                    from /usr/include/openssl/pem.h:23,
[INFO] [stderr]                    from /opt/rustwide/cargo-home/registry/src/index.crates.io-6f17d22bba15001f/libssh2-sys-0.1.30/libssh2/src/openssl.h:48,
[INFO] [stderr]                    from /opt/rustwide/cargo-home/registry/src/index.crates.io-6f17d22bba15001f/libssh2-sys-0.1.30/libssh2/src/crypto.h:42,
[INFO] [stderr]                    from /opt/rustwide/cargo-home/registry/src/index.crates.io-6f17d22bba15001f/libssh2-sys-0.1.30/libssh2/src/libssh2_priv.h:135,
[INFO] [stderr]                    from /opt/rustwide/cargo-home/registry/src/index.crates.io-6f17d22bba15001f/libssh2-sys-0.1.30/libssh2/src/openssl.c:41:
[INFO] [stderr]   /usr/include/openssl/dsa.h:127:28: note: declared here
[INFO] [stderr]     127 | OSSL_DEPRECATEDIN_3_0 void DSA_free(DSA *r);
[INFO] [stderr]         |                            ^~~~~~~~
[INFO] [stderr]   /opt/rustwide/cargo-home/registry/src/index.crates.io-6f17d22bba15001f/libssh2-sys-0.1.30/libssh2/src/openssl.c:790:9: warning: 'DSA_free' is deprecated: Since OpenSSL 3.0 [-Wdeprecated-declarations]
[INFO] [stderr]     790 |         DSA_free(dsa);
[INFO] [stderr]         |         ^~~~~~~~
[INFO] [stderr]   In file included from /usr/include/openssl/x509.h:37,
[INFO] [stderr]                    from /usr/include/openssl/pem.h:23,
[INFO] [stderr]                    from /opt/rustwide/cargo-home/registry/src/index.crates.io-6f17d22bba15001f/libssh2-sys-0.1.30/libssh2/src/openssl.h:48,
[INFO] [stderr]                    from /opt/rustwide/cargo-home/registry/src/index.crates.io-6f17d22bba15001f/libssh2-sys-0.1.30/libssh2/src/crypto.h:42,
[INFO] [stderr]                    from /opt/rustwide/cargo-home/registry/src/index.crates.io-6f17d22bba15001f/libssh2-sys-0.1.30/libssh2/src/libssh2_priv.h:135,
[INFO] [stderr]                    from /opt/rustwide/cargo-home/registry/src/index.crates.io-6f17d22bba15001f/libssh2-sys-0.1.30/libssh2/src/openssl.c:41:
[INFO] [stderr]   /usr/include/openssl/dsa.h:127:28: note: declared here
[INFO] [stderr]     127 | OSSL_DEPRECATEDIN_3_0 void DSA_free(DSA *r);
[INFO] [stderr]         |                            ^~~~~~~~
[INFO] [stderr]   /opt/rustwide/cargo-home/registry/src/index.crates.io-6f17d22bba15001f/libssh2-sys-0.1.30/libssh2/src/openssl.c: In function '_libssh2_pub_priv_keyfile':
[INFO] [stderr]   /opt/rustwide/cargo-home/registry/src/index.crates.io-6f17d22bba15001f/libssh2-sys-0.1.30/libssh2/src/openssl.c:848:15: error: invalid use of incomplete typedef 'EVP_PKEY' {aka 'struct evp_pkey_st'}
[INFO] [stderr]     848 |     switch (pk->type) {
[INFO] [stderr]         |               ^~
[INFO] [stderr]   /opt/rustwide/cargo-home/registry/src/index.crates.io-6f17d22bba15001f/libssh2-sys-0.1.30/libssh2/src/openssl.c: In function '_libssh2_pub_priv_keyfilememory':
[INFO] [stderr]   /opt/rustwide/cargo-home/registry/src/index.crates.io-6f17d22bba15001f/libssh2-sys-0.1.30/libssh2/src/openssl.c:917:15: error: invalid use of incomplete typedef 'EVP_PKEY' {aka 'struct evp_pkey_st'}
[INFO] [stderr]     917 |     switch (pk->type) {
[INFO] [stderr]         |               ^~
[INFO] [stderr]   /opt/rustwide/cargo-home/registry/src/index.crates.io-6f17d22bba15001f/libssh2-sys-0.1.30/libssh2/src/openssl.c: In function '_libssh2_EVP_aes_128_ctr':
[INFO] [stderr]   /opt/rustwide/cargo-home/registry/src/index.crates.io-6f17d22bba15001f/libssh2-sys-0.1.30/libssh2/src/openssl.c:343:1: warning: control reaches end of non-void function [-Wreturn-type]
[INFO] [stderr]     343 | }
[INFO] [stderr]         | ^
[INFO] [stderr]   /opt/rustwide/cargo-home/registry/src/index.crates.io-6f17d22bba15001f/libssh2-sys-0.1.30/libssh2/src/openssl.c: In function '_libssh2_EVP_aes_192_ctr':
[INFO] [stderr]   /opt/rustwide/cargo-home/registry/src/index.crates.io-6f17d22bba15001f/libssh2-sys-0.1.30/libssh2/src/openssl.c:351:1: warning: control reaches end of non-void function [-Wreturn-type]
[INFO] [stderr]     351 | }
[INFO] [stderr]         | ^
[INFO] [stderr]   /opt/rustwide/cargo-home/registry/src/index.crates.io-6f17d22bba15001f/libssh2-sys-0.1.30/libssh2/src/openssl.c: In function '_libssh2_EVP_aes_256_ctr':
[INFO] [stderr]   /opt/rustwide/cargo-home/registry/src/index.crates.io-6f17d22bba15001f/libssh2-sys-0.1.30/libssh2/src/openssl.c:359:1: warning: control reaches end of non-void function [-Wreturn-type]
[INFO] [stderr]     359 | }
[INFO] [stderr]         | ^
[INFO] [stderr]   gmake[2]: *** [src/CMakeFiles/libssh2.dir/build.make:76: src/CMakeFiles/libssh2.dir/openssl.c.o] Error 1
[INFO] [stderr]   gmake[1]: *** [CMakeFiles/Makefile2:116: src/CMakeFiles/libssh2.dir/all] Error 2
[INFO] [stderr]   gmake: *** [Makefile:156: all] Error 2
[INFO] [stderr]   thread 'main' panicked at '
[INFO] [stderr]   command did not execute successfully, got: exit status: 2
[INFO] [stderr] 
[INFO] [stderr]   build script failed, must exit now', /opt/rustwide/cargo-home/registry/src/index.crates.io-6f17d22bba15001f/cmake-0.1.3/src/lib.rs:249:5
[INFO] [stderr]   stack backtrace:
[INFO] [stderr]      0:     0x55ea1932b06a - std::backtrace_rs::backtrace::libunwind::trace::h2f05d0192276a8f6
[INFO] [stderr]                                  at /rustc/1b7dd2252b99671ce5d1cb9664c5f8636329436d/library/std/src/../../backtrace/src/backtrace/libunwind.rs:93:5
[INFO] [stderr]      1:     0x55ea1932b06a - std::backtrace_rs::backtrace::trace_unsynchronized::hedc23dff7a1af150
[INFO] [stderr]                                  at /rustc/1b7dd2252b99671ce5d1cb9664c5f8636329436d/library/std/src/../../backtrace/src/backtrace/mod.rs:66:5
[INFO] [stderr]      2:     0x55ea1932b06a - std::sys_common::backtrace::_print_fmt::h17541ef7592f3ce2
[INFO] [stderr]                                  at /rustc/1b7dd2252b99671ce5d1cb9664c5f8636329436d/library/std/src/sys_common/backtrace.rs:65:5
[INFO] [stderr]      3:     0x55ea1932b06a - <std::sys_common::backtrace::_print::DisplayBacktrace as core::fmt::Display>::fmt::h20f75df5ab0c0792
[INFO] [stderr]                                  at /rustc/1b7dd2252b99671ce5d1cb9664c5f8636329436d/library/std/src/sys_common/backtrace.rs:44:22
[INFO] [stderr]      4:     0x55ea1934a06f - core::fmt::write::h78109e6f466b3af6
[INFO] [stderr]                                  at /rustc/1b7dd2252b99671ce5d1cb9664c5f8636329436d/library/core/src/fmt/mod.rs:1254:17
[INFO] [stderr]      5:     0x55ea193284d5 - std::io::Write::write_fmt::hc59e1b02dd273c8a
[INFO] [stderr]                                  at /rustc/1b7dd2252b99671ce5d1cb9664c5f8636329436d/library/std/src/io/mod.rs:1698:15
[INFO] [stderr]      6:     0x55ea1932ae35 - std::sys_common::backtrace::_print::h8dac57a9f8fbf9a5
[INFO] [stderr]                                  at /rustc/1b7dd2252b99671ce5d1cb9664c5f8636329436d/library/std/src/sys_common/backtrace.rs:47:5
[INFO] [stderr]      7:     0x55ea1932ae35 - std::sys_common::backtrace::print::hf9ecbf41d1aa712f
[INFO] [stderr]                                  at /rustc/1b7dd2252b99671ce5d1cb9664c5f8636329436d/library/std/src/sys_common/backtrace.rs:34:9
[INFO] [stderr]      8:     0x55ea1932c5de - std::panicking::default_hook::{{closure}}::h04c07acfc84ca028
[INFO] [stderr]                                  at /rustc/1b7dd2252b99671ce5d1cb9664c5f8636329436d/library/std/src/panicking.rs:269:22
[INFO] [stderr]      9:     0x55ea1932c385 - std::panicking::default_hook::h01f6bb23e1eceb2c
[INFO] [stderr]                                  at /rustc/1b7dd2252b99671ce5d1cb9664c5f8636329436d/library/std/src/panicking.rs:288:9
[INFO] [stderr]     10:     0x55ea1932cb3e - std::panicking::rust_panic_with_hook::h2bb3722bbaf2f6df
[INFO] [stderr]                                  at /rustc/1b7dd2252b99671ce5d1cb9664c5f8636329436d/library/std/src/panicking.rs:691:13
[INFO] [stderr]     11:     0x55ea1932ca39 - std::panicking::begin_panic_handler::{{closure}}::h91bc7f36a4be011b
[INFO] [stderr]                                  at /rustc/1b7dd2252b99671ce5d1cb9664c5f8636329436d/library/std/src/panicking.rs:582:13
[INFO] [stderr]     12:     0x55ea1932b4d6 - std::sys_common::backtrace::__rust_end_short_backtrace::h8b3d3717114f9e59
[INFO] [stderr]                                  at /rustc/1b7dd2252b99671ce5d1cb9664c5f8636329436d/library/std/src/sys_common/backtrace.rs:150:18
[INFO] [stderr]     13:     0x55ea1932c792 - rust_begin_unwind
[INFO] [stderr]                                  at /rustc/1b7dd2252b99671ce5d1cb9664c5f8636329436d/library/std/src/panicking.rs:578:5
[INFO] [stderr]     14:     0x55ea192ea753 - core::panicking::panic_fmt::hfd368e3fbdabea26
[INFO] [stderr]                                  at /rustc/1b7dd2252b99671ce5d1cb9664c5f8636329436d/library/core/src/panicking.rs:67:14
[INFO] [stderr]     15:     0x55ea192f1baf - cmake::fail::h873c72326f1d80e2
[INFO] [stderr]     16:     0x55ea192f1b43 - cmake::run::h31c1cc010a0fa746
[INFO] [stderr]     17:     0x55ea192f0fc1 - cmake::Config::build::h090380b470755cbe
[INFO] [stderr]     18:     0x55ea192ed095 - build_script_build::main::h676737c2e8e63d71
[INFO] [stderr]     19:     0x55ea192eea13 - core::ops::function::FnOnce::call_once::h69f86c66dfbff6f8
[INFO] [stderr]     20:     0x55ea192eba86 - std::sys_common::backtrace::__rust_begin_short_backtrace::h6750f50b0ee00d45
[INFO] [stderr]     21:     0x55ea192eb769 - std::rt::lang_start::{{closure}}::hf852d73b124a82a1
[INFO] [stderr]     22:     0x55ea19324d3e - core::ops::function::impls::<impl core::ops::function::FnOnce<A> for &F>::call_once::h2eb19b8ce4148df4
[INFO] [stderr]                                  at /rustc/1b7dd2252b99671ce5d1cb9664c5f8636329436d/library/core/src/ops/function.rs:287:13
[INFO] [stderr]     23:     0x55ea19324d3e - std::panicking::try::do_call::h2e900feff5d504c5
[INFO] [stderr]                                  at /rustc/1b7dd2252b99671ce5d1cb9664c5f8636329436d/library/std/src/panicking.rs:485:40
[INFO] [stderr]     24:     0x55ea19324d3e - std::panicking::try::h8854836cb85aa9f2
[INFO] [stderr]                                  at /rustc/1b7dd2252b99671ce5d1cb9664c5f8636329436d/library/std/src/panicking.rs:449:19
[INFO] [stderr]     25:     0x55ea19324d3e - std::panic::catch_unwind::h706025dd4c48f64b
[INFO] [stderr]                                  at /rustc/1b7dd2252b99671ce5d1cb9664c5f8636329436d/library/std/src/panic.rs:140:14
[INFO] [stderr]     26:     0x55ea19324d3e - std::rt::lang_start_internal::{{closure}}::h7be5b97f4a07a91a
[INFO] [stderr]                                  at /rustc/1b7dd2252b99671ce5d1cb9664c5f8636329436d/library/std/src/rt.rs:148:48
[INFO] [stderr]     27:     0x55ea19324d3e - std::panicking::try::do_call::h59847e9d0a176965
[INFO] [stderr]                                  at /rustc/1b7dd2252b99671ce5d1cb9664c5f8636329436d/library/std/src/panicking.rs:485:40
[INFO] [stderr]     28:     0x55ea19324d3e - std::panicking::try::h399a918ba8522823
[INFO] [stderr]                                  at /rustc/1b7dd2252b99671ce5d1cb9664c5f8636329436d/library/std/src/panicking.rs:449:19
[INFO] [stderr]     29:     0x55ea19324d3e - std::panic::catch_unwind::hca7ca6c55b2a2e26
[INFO] [stderr]                                  at /rustc/1b7dd2252b99671ce5d1cb9664c5f8636329436d/library/std/src/panic.rs:140:14
[INFO] [stderr]     30:     0x55ea19324d3e - std::rt::lang_start_internal::h2c807a81560459eb
[INFO] [stderr]                                  at /rustc/1b7dd2252b99671ce5d1cb9664c5f8636329436d/library/std/src/rt.rs:148:20
[INFO] [stderr]     31:     0x55ea192eb747 - std::rt::lang_start::hb930e6a51cc5e7a1
[INFO] [stderr]     32:     0x55ea192edfc5 - main
[INFO] [stderr]     33:     0x7f226ab1ad90 - <unknown>
[INFO] [stderr]     34:     0x7f226ab1ae40 - __libc_start_main
[INFO] [stderr]     35:     0x55ea192ead75 - _start
[INFO] [stderr]     36:                0x0 - <unknown>
[INFO] running `Command { std: "docker" "inspect" "ce3e98d24fd039e01f8c4ed9318b76680e710c5038b426af71dd68ea6b2bd9c2", kill_on_drop: false }`
[INFO] running `Command { std: "docker" "rm" "-f" "ce3e98d24fd039e01f8c4ed9318b76680e710c5038b426af71dd68ea6b2bd9c2", kill_on_drop: false }`
[INFO] [stdout] ce3e98d24fd039e01f8c4ed9318b76680e710c5038b426af71dd68ea6b2bd9c2
