[INFO] cloning repository https://github.com/deon4e/solana-escrow
[INFO] running `Command { std: "git" "-c" "credential.helper=" "-c" "credential.helper=/workspace/cargo-home/bin/git-credential-null" "clone" "--bare" "https://github.com/deon4e/solana-escrow" "/workspace/cache/git-repos/https%3A%2F%2Fgithub.com%2Fdeon4e%2Fsolana-escrow", kill_on_drop: false }`
[INFO] [stderr] Cloning into bare repository '/workspace/cache/git-repos/https%3A%2F%2Fgithub.com%2Fdeon4e%2Fsolana-escrow'...
[INFO] running `Command { std: "git" "rev-parse" "HEAD", kill_on_drop: false }`
[INFO] [stdout] 20b92a4097fc9a310a6e55aa25458c79d213067c
[INFO] testing deon4e/solana-escrow against 1.69.0 for beta-1.70-1
[INFO] running `Command { std: "git" "clone" "/workspace/cache/git-repos/https%3A%2F%2Fgithub.com%2Fdeon4e%2Fsolana-escrow" "/workspace/builds/worker-5-tc1/source", kill_on_drop: false }`
[INFO] [stderr] Cloning into '/workspace/builds/worker-5-tc1/source'...
[INFO] [stderr] done.
[INFO] validating manifest of git repo https://github.com/deon4e/solana-escrow on toolchain 1.69.0
[INFO] running `Command { std: CARGO_HOME="/workspace/cargo-home" RUSTUP_HOME="/workspace/rustup-home" "/workspace/cargo-home/bin/cargo" "+1.69.0" "metadata" "--manifest-path" "Cargo.toml" "--no-deps", kill_on_drop: false }`
[INFO] started tweaking git repo https://github.com/deon4e/solana-escrow
[INFO] finished tweaking git repo https://github.com/deon4e/solana-escrow
[INFO] tweaked toml for git repo https://github.com/deon4e/solana-escrow written to /workspace/builds/worker-5-tc1/source/Cargo.toml
[INFO] crate git repo https://github.com/deon4e/solana-escrow already has a lockfile, it will not be regenerated
[INFO] running `Command { std: CARGO_HOME="/workspace/cargo-home" RUSTUP_HOME="/workspace/rustup-home" "/workspace/cargo-home/bin/cargo" "+1.69.0" "fetch" "--manifest-path" "Cargo.toml", kill_on_drop: false }`
[INFO] [stderr]  Downloading crates ...
[INFO] [stderr]   Downloaded solana-crate-features v1.7.4
[INFO] [stderr]   Downloaded simpl v0.1.0
[INFO] [stderr]   Downloaded solana-sdk-macro v1.7.4
[INFO] [stderr]   Downloaded jsonrpc-server-utils v17.1.0
[INFO] [stderr]   Downloaded jsonrpc-http-server v17.1.0
[INFO] [stderr]   Downloaded parity-tokio-ipc v0.8.0
[INFO] [stderr]   Downloaded jsonrpc-core-client v17.1.0
[INFO] [stderr]   Downloaded solana-program-test v1.7.4
[INFO] [stderr]   Downloaded solana-banks-server v1.7.4
[INFO] [stderr]   Downloaded raptorq v1.6.3
[INFO] [stderr]   Downloaded fd-lock v2.0.0
[INFO] [stderr]   Downloaded ouroboros v0.5.1
[INFO] [stderr]   Downloaded unix_socket2 v0.5.4
[INFO] [stderr]   Downloaded enum-iterator-derive v0.6.0
[INFO] [stderr]   Downloaded goauth v0.10.0
[INFO] [stderr]   Downloaded smpl_jwt v0.6.1
[INFO] [stderr]   Downloaded solana-banks-interface v1.7.4
[INFO] [stderr]   Downloaded jsonrpc-pubsub v17.1.0
[INFO] [stderr]   Downloaded jsonrpc-ipc-server v17.1.0
[INFO] [stderr]   Downloaded enum-ordinalize v3.1.10
[INFO] [stderr]   Downloaded borsh-derive v0.9.0
[INFO] [stderr]   Downloaded borsh-schema-derive-internal v0.9.0
[INFO] [stderr]   Downloaded borsh-derive-internal v0.9.0
[INFO] [stderr]   Downloaded jsonrpc-core v17.1.0
[INFO] [stderr]   Downloaded tarpc-plugins v0.9.0
[INFO] [stderr]   Downloaded tarpc v0.24.1
[INFO] [stderr]   Downloaded educe v0.4.18
[INFO] [stderr]   Downloaded solana-runtime v1.7.4
[INFO] [stderr]   Downloaded sysctl v0.4.1
[INFO] [stderr]   Downloaded solana-storage-proto v1.7.4
[INFO] [stderr]   Downloaded solana-account-decoder v1.7.4
[INFO] [stderr]   Downloaded solana-cli-config v1.7.4
[INFO] [stderr]   Downloaded solana-version v1.7.4
[INFO] [stderr]   Downloaded solana-download-utils v1.7.4
[INFO] [stderr]   Downloaded solana-faucet v1.7.4
[INFO] [stderr]   Downloaded solana-clap-utils v1.7.4
[INFO] [stderr]   Downloaded solana-net-utils v1.7.4
[INFO] [stderr]   Downloaded solana-perf v1.7.4
[INFO] [stderr]   Downloaded solana-transaction-status v1.7.4
[INFO] [stderr]   Downloaded borsh v0.9.0
[INFO] [stderr]   Downloaded tower v0.4.8
[INFO] [stderr]   Downloaded solana-storage-bigtable v1.7.4
[INFO] [stderr]   Downloaded solana_rbpf v0.2.11
[INFO] [stderr]   Downloaded arc-swap v1.3.0
[INFO] [stderr]   Downloaded tar v0.4.35
[INFO] [stderr]   Downloaded solana-program v1.7.4
[INFO] [stderr]   Downloaded solana-frozen-abi v1.7.4
[INFO] [stderr]   Downloaded solana-validator v1.7.4
[INFO] [stderr]   Downloaded solana-frozen-abi-macro v1.7.4
[INFO] [stderr]   Downloaded solana-logger v1.7.4
[INFO] [stderr]   Downloaded enum-iterator v0.6.0
[INFO] [stderr]   Downloaded solana-banks-client v1.7.4
[INFO] [stderr]   Downloaded jsonrpc-client-transports v17.1.0
[INFO] [stderr]   Downloaded solana-streamer v1.7.4
[INFO] [stderr]   Downloaded jsonrpc-ws-server v17.1.0
[INFO] [stderr]   Downloaded solana-bpf-loader-program v1.7.4
[INFO] [stderr]   Downloaded solana-genesis-utils v1.7.4
[INFO] [stderr]   Downloaded solana-poh v1.7.4
[INFO] [stderr]   Downloaded indexed v0.1.1
[INFO] [stderr]   Downloaded trees v0.2.1
[INFO] [stderr]   Downloaded solana-merkle-tree v1.7.4
[INFO] [stderr]   Downloaded hidapi v1.2.6
[INFO] [stderr]   Downloaded spl-associated-token-account v1.0.2
[INFO] [stderr]   Downloaded ouroboros_macro v0.5.1
[INFO] [stderr]   Downloaded solana-measure v1.7.4
[INFO] [stderr]   Downloaded solana-rayon-threadlimit v1.7.4
[INFO] [stderr]   Downloaded solana-secp256k1-program v1.7.4
[INFO] [stderr]   Downloaded solana-config-program v1.7.4
[INFO] [stderr]   Downloaded solana-stake-program v1.7.4
[INFO] [stderr]   Downloaded solana-sys-tuner v1.7.4
[INFO] [stderr]   Downloaded solana-client v1.7.4
[INFO] [stderr]   Downloaded solana-core v1.7.4
[INFO] [stderr]   Downloaded solana-remote-wallet v1.7.4
[INFO] [stderr]   Downloaded solana-metrics v1.7.4
[INFO] [stderr]   Downloaded solana-sdk v1.7.4
[INFO] [stderr]   Downloaded solana-vote-program v1.7.4
[INFO] [stderr]   Downloaded jsonrpc-derive v17.1.0
[INFO] [stderr]   Downloaded solana-rpc v1.7.4
[INFO] [stderr]   Downloaded solana-gossip v1.7.4
[INFO] [stderr]   Downloaded solana-ledger v1.7.4
[INFO] running `Command { std: "docker" "create" "-v" "/var/lib/crater-agent-workspace/builds/worker-5-tc1/target:/opt/rustwide/target:rw,Z" "-v" "/var/lib/crater-agent-workspace/builds/worker-5-tc1/source:/opt/rustwide/workdir:ro,Z" "-v" "/var/lib/crater-agent-workspace/cargo-home:/opt/rustwide/cargo-home:ro,Z" "-v" "/var/lib/crater-agent-workspace/rustup-home:/opt/rustwide/rustup-home:ro,Z" "-e" "SOURCE_DIR=/opt/rustwide/workdir" "-e" "CARGO_TARGET_DIR=/opt/rustwide/target" "-e" "CARGO_HOME=/opt/rustwide/cargo-home" "-e" "RUSTUP_HOME=/opt/rustwide/rustup-home" "-w" "/opt/rustwide/workdir" "-m" "1610612736" "--user" "0:0" "--network" "none" "ghcr.io/rust-lang/crates-build-env/linux@sha256:5ff2268d62e97bff2cde7d5815dd6ed5b47097566f13b8d0ca110b04b60e07ed" "/opt/rustwide/cargo-home/bin/cargo" "+1.69.0" "metadata" "--no-deps" "--format-version=1", kill_on_drop: false }`
[INFO] [stdout] d631a36afd7baba45371e85b1ebb2e18c5da45cf2918576ace1f6606b011a803
[INFO] running `Command { std: "docker" "start" "-a" "d631a36afd7baba45371e85b1ebb2e18c5da45cf2918576ace1f6606b011a803", kill_on_drop: false }`
[INFO] running `Command { std: "docker" "inspect" "d631a36afd7baba45371e85b1ebb2e18c5da45cf2918576ace1f6606b011a803", kill_on_drop: false }`
[INFO] running `Command { std: "docker" "rm" "-f" "d631a36afd7baba45371e85b1ebb2e18c5da45cf2918576ace1f6606b011a803", kill_on_drop: false }`
[INFO] [stdout] d631a36afd7baba45371e85b1ebb2e18c5da45cf2918576ace1f6606b011a803
[INFO] running `Command { std: "docker" "create" "-v" "/var/lib/crater-agent-workspace/builds/worker-5-tc1/target:/opt/rustwide/target:rw,Z" "-v" "/var/lib/crater-agent-workspace/builds/worker-5-tc1/source:/opt/rustwide/workdir:ro,Z" "-v" "/var/lib/crater-agent-workspace/cargo-home:/opt/rustwide/cargo-home:ro,Z" "-v" "/var/lib/crater-agent-workspace/rustup-home:/opt/rustwide/rustup-home:ro,Z" "-e" "SOURCE_DIR=/opt/rustwide/workdir" "-e" "CARGO_TARGET_DIR=/opt/rustwide/target" "-e" "CARGO_INCREMENTAL=0" "-e" "RUST_BACKTRACE=full" "-e" "RUSTFLAGS=--cap-lints=warn" "-e" "RUSTDOCFLAGS=--cap-lints=warn" "-e" "CARGO_HOME=/opt/rustwide/cargo-home" "-e" "RUSTUP_HOME=/opt/rustwide/rustup-home" "-w" "/opt/rustwide/workdir" "-m" "1610612736" "--user" "0:0" "--network" "none" "ghcr.io/rust-lang/crates-build-env/linux@sha256:5ff2268d62e97bff2cde7d5815dd6ed5b47097566f13b8d0ca110b04b60e07ed" "/opt/rustwide/cargo-home/bin/cargo" "+1.69.0" "build" "--frozen" "--message-format=json", kill_on_drop: false }`
[INFO] [stdout] 76716f18d8a0bd951e03f53a6a68ed6dc1049a9d8aa150d7447204fdba78b432
[INFO] running `Command { std: "docker" "start" "-a" "76716f18d8a0bd951e03f53a6a68ed6dc1049a9d8aa150d7447204fdba78b432", kill_on_drop: false }`
[INFO] [stderr]    Compiling proc-macro2 v1.0.27
[INFO] [stderr]    Compiling syn v1.0.73
[INFO] [stderr]    Compiling serde_derive v1.0.126
[INFO] [stderr]    Compiling libc v0.2.97
[INFO] [stderr]    Compiling serde v1.0.126
[INFO] [stderr]    Compiling typenum v1.13.0
[INFO] [stderr]    Compiling semver-parser v0.7.0
[INFO] [stderr]    Compiling version_check v0.9.3
[INFO] [stderr]    Compiling semver v0.9.0
[INFO] [stderr]    Compiling generic-array v0.14.4
[INFO] [stderr]    Compiling memchr v2.4.0
[INFO] [stderr]    Compiling block-padding v0.2.1
[INFO] [stderr]    Compiling feature-probe v0.1.1
[INFO] [stderr]    Compiling rustc_version v0.2.3
[INFO] [stderr]    Compiling subtle v2.4.0
[INFO] [stderr]    Compiling lazy_static v1.4.0
[INFO] [stderr]    Compiling bv v0.11.1
[INFO] [stderr]    Compiling num-traits v0.2.14
[INFO] [stderr]    Compiling ahash v0.4.7
[INFO] [stderr]    Compiling quote v1.0.9
[INFO] [stderr]    Compiling solana-frozen-abi-macro v1.7.4
[INFO] [stderr]    Compiling solana-frozen-abi v1.7.4
[INFO] [stderr]    Compiling bs58 v0.3.1
[INFO] [stderr]    Compiling cpufeatures v0.1.5
[INFO] [stderr]    Compiling solana-program v1.7.4
[INFO] [stderr]    Compiling aho-corasick v0.7.18
[INFO] [stderr]    Compiling generic-array v0.12.4
[INFO] [stderr]    Compiling hashbrown v0.9.1
[INFO] [stderr]    Compiling byteorder v1.4.3
[INFO] [stderr]    Compiling arrayref v0.3.6
[INFO] [stderr]    Compiling constant_time_eq v0.1.5
[INFO] [stderr]    Compiling arrayvec v0.5.2
[INFO] [stderr]    Compiling digest v0.8.1
[INFO] [stderr]    Compiling keccak v0.1.0
[INFO] [stderr]    Compiling getrandom v0.1.16
[INFO] [stderr]    Compiling jobserver v0.1.22
[INFO] [stderr]    Compiling rand_core v0.5.1
[INFO] [stderr]    Compiling cc v1.0.68
[INFO] [stderr]    Compiling atty v0.2.14
[INFO] [stderr]    Compiling regex v1.5.4
[INFO] [stderr]    Compiling memmap2 v0.1.0
[INFO] [stderr]    Compiling rand_chacha v0.2.2
[INFO] [stderr]    Compiling rand_pcg v0.2.1
[INFO] [stderr]    Compiling itertools v0.9.0
[INFO] [stderr]    Compiling rand v0.7.3
[INFO] [stderr]    Compiling blake3 v0.3.8
[INFO] [stderr]    Compiling env_logger v0.8.4
[INFO] [stderr]    Compiling solana-logger v1.7.4
[INFO] [stderr]    Compiling synstructure v0.12.4
[INFO] [stderr]    Compiling borsh-derive-internal v0.9.0
[INFO] [stderr]    Compiling borsh-schema-derive-internal v0.9.0
[INFO] [stderr]    Compiling zeroize_derive v1.1.0
[INFO] [stderr]    Compiling thiserror-impl v1.0.26
[INFO] [stderr]    Compiling solana-sdk-macro v1.7.4
[INFO] [stderr]    Compiling num-derive v0.3.3
[INFO] [stderr]    Compiling zeroize v1.3.0
[INFO] [stderr]    Compiling curve25519-dalek v2.1.2
[INFO] [stderr]    Compiling thiserror v1.0.26
[INFO] [stderr]    Compiling toml v0.5.8
[INFO] [stderr]    Compiling serde_bytes v0.11.5
[INFO] [stderr]    Compiling bincode v1.3.3
[INFO] [stderr]    Compiling digest v0.9.0
[INFO] [stderr]    Compiling block-buffer v0.9.0
[INFO] [stderr]    Compiling crypto-mac v0.8.0
[INFO] [stderr]    Compiling sha2 v0.9.5
[INFO] [stderr]    Compiling sha3 v0.9.1
[INFO] [stderr]    Compiling proc-macro-crate v0.1.5
[INFO] [stderr]    Compiling borsh-derive v0.9.0
[INFO] [stderr]    Compiling borsh v0.9.0
[INFO] [stderr]    Compiling solana-escrow v0.1.0 (/opt/rustwide/workdir)
[INFO] [stderr]     Finished dev [unoptimized + debuginfo] target(s) in 42.46s
[INFO] running `Command { std: "docker" "inspect" "76716f18d8a0bd951e03f53a6a68ed6dc1049a9d8aa150d7447204fdba78b432", kill_on_drop: false }`
[INFO] running `Command { std: "docker" "rm" "-f" "76716f18d8a0bd951e03f53a6a68ed6dc1049a9d8aa150d7447204fdba78b432", kill_on_drop: false }`
[INFO] [stdout] 76716f18d8a0bd951e03f53a6a68ed6dc1049a9d8aa150d7447204fdba78b432
[INFO] running `Command { std: "docker" "create" "-v" "/var/lib/crater-agent-workspace/builds/worker-5-tc1/target:/opt/rustwide/target:rw,Z" "-v" "/var/lib/crater-agent-workspace/builds/worker-5-tc1/source:/opt/rustwide/workdir:ro,Z" "-v" "/var/lib/crater-agent-workspace/cargo-home:/opt/rustwide/cargo-home:ro,Z" "-v" "/var/lib/crater-agent-workspace/rustup-home:/opt/rustwide/rustup-home:ro,Z" "-e" "SOURCE_DIR=/opt/rustwide/workdir" "-e" "CARGO_TARGET_DIR=/opt/rustwide/target" "-e" "CARGO_INCREMENTAL=0" "-e" "RUST_BACKTRACE=full" "-e" "RUSTFLAGS=--cap-lints=warn" "-e" "RUSTDOCFLAGS=--cap-lints=warn" "-e" "CARGO_HOME=/opt/rustwide/cargo-home" "-e" "RUSTUP_HOME=/opt/rustwide/rustup-home" "-w" "/opt/rustwide/workdir" "-m" "1610612736" "--user" "0:0" "--network" "none" "ghcr.io/rust-lang/crates-build-env/linux@sha256:5ff2268d62e97bff2cde7d5815dd6ed5b47097566f13b8d0ca110b04b60e07ed" "/opt/rustwide/cargo-home/bin/cargo" "+1.69.0" "test" "--frozen" "--no-run" "--message-format=json", kill_on_drop: false }`
[INFO] [stdout] f03ac05de6914e2e167a33d1a7f6360d0dc007d06b974a870357820aa3198376
[INFO] running `Command { std: "docker" "start" "-a" "f03ac05de6914e2e167a33d1a7f6360d0dc007d06b974a870357820aa3198376", kill_on_drop: false }`
[INFO] [stderr]    Compiling proc-macro2 v1.0.27
[INFO] [stderr]    Compiling unicode-xid v0.2.2
[INFO] [stderr]    Compiling syn v1.0.73
[INFO] [stderr]    Compiling jobserver v0.1.22
[INFO] [stderr]    Compiling semver-parser v0.7.0
[INFO] [stderr]    Compiling num_cpus v1.13.0
[INFO] [stderr]    Compiling smallvec v1.6.1
[INFO] [stderr]    Compiling futures v0.1.31
[INFO] [stderr]    Compiling slab v0.4.3
[INFO] [stderr]    Compiling instant v0.1.9
[INFO] [stderr]    Compiling lock_api v0.4.4
[INFO] [stderr]    Compiling cc v1.0.68
[INFO] [stderr]    Compiling semver v0.9.0
[INFO] [stderr]    Compiling parking_lot_core v0.8.3
[INFO] [stderr]    Compiling futures-core v0.3.15
[INFO] [stderr]    Compiling signal-hook-registry v1.4.0
[INFO] [stderr]    Compiling rustc_version v0.2.3
[INFO] [stderr]    Compiling quote v1.0.9
[INFO] [stderr]    Compiling parking_lot v0.11.1
[INFO] [stderr]    Compiling iovec v0.1.4
[INFO] [stderr]    Compiling once_cell v1.8.0
[INFO] [stderr]    Compiling futures-sink v0.3.15
[INFO] [stderr]    Compiling itoa v0.4.7
[INFO] [stderr]    Compiling futures-macro v0.3.15
[INFO] [stderr]    Compiling futures-channel v0.3.15
[INFO] [stderr]    Compiling futures-task v0.3.15
[INFO] [stderr]    Compiling bytes v1.0.1
[INFO] [stderr]    Compiling futures-util v0.3.15
[INFO] [stderr]    Compiling net2 v0.2.37
[INFO] [stderr]    Compiling futures-io v0.3.15
[INFO] [stderr]    Compiling mio v0.6.23
[INFO] [stderr]    Compiling crossbeam-utils v0.7.2
[INFO] [stderr]    Compiling maybe-uninit v2.0.0
[INFO] [stderr]    Compiling crossbeam-utils v0.8.5
[INFO] [stderr]    Compiling memoffset v0.6.4
[INFO] [stderr]    Compiling crossbeam-epoch v0.9.5
[INFO] [stderr]    Compiling openssl-sys v0.9.65
[INFO] [stderr]    Compiling rayon-core v1.9.1
[INFO] [stderr]    Compiling httparse v1.4.1
[INFO] [stderr]    Compiling tinyvec v1.2.0
[INFO] [stderr]    Compiling tokio v1.8.1
[INFO] [stderr]    Compiling crossbeam-channel v0.5.1
[INFO] [stderr]    Compiling crossbeam-deque v0.8.0
[INFO] [stderr]    Compiling bytes v0.4.12
[INFO] [stderr]    Compiling mio v0.7.13
[INFO] [stderr]    Compiling rayon v1.5.1
[INFO] [stderr]    Compiling serde_json v1.0.64
[INFO] [stderr]    Compiling unicode-normalization v0.1.19
[INFO] [stderr]    Compiling unicode-bidi v0.3.5
[INFO] [stderr]    Compiling foreign-types-shared v0.1.1
[INFO] [stderr]    Compiling openssl v0.10.35
[INFO] [stderr]    Compiling foreign-types v0.3.2
[INFO] [stderr]    Compiling tokio-executor v0.1.10
[INFO] [stderr]    Compiling mio-uds v0.6.8
[INFO] [stderr]    Compiling http v0.2.4
[INFO] [stderr]    Compiling tracing-core v0.1.18
[INFO] [stderr]    Compiling indexmap v1.7.0
[INFO] [stderr]    Compiling tokio-io v0.1.13
[INFO] [stderr]    Compiling parking_lot_core v0.6.2
[INFO] [stderr]    Compiling native-tls v0.2.7
[INFO] [stderr]    Compiling smallvec v0.6.14
[INFO] [stderr]    Compiling ring v0.16.20
[INFO] [stderr]    Compiling parking_lot v0.9.0
[INFO] [stderr]    Compiling lock_api v0.3.4
[INFO] [stderr]    Compiling openssl-probe v0.1.4
[INFO] [stderr]    Compiling synstructure v0.12.4
[INFO] [stderr]    Compiling tokio-sync v0.1.8
[INFO] [stderr]    Compiling form_urlencoded v1.0.1
[INFO] [stderr]    Compiling tokio-reactor v0.1.12
[INFO] [stderr]    Compiling solana-frozen-abi-macro v1.7.4
[INFO] [stderr]    Compiling num-integer v0.1.44
[INFO] [stderr]    Compiling getrandom v0.2.3
[INFO] [stderr]    Compiling borsh-derive-internal v0.9.0
[INFO] [stderr]    Compiling borsh-schema-derive-internal v0.9.0
[INFO] [stderr]    Compiling tokio-codec v0.1.2
[INFO] [stderr]    Compiling idna v0.2.3
[INFO] [stderr]    Compiling blake3 v0.3.8
[INFO] [stderr]    Compiling solana-frozen-abi v1.7.4
[INFO] [stderr]    Compiling memoffset v0.5.6
[INFO] [stderr]    Compiling winapi v0.3.9
[INFO] [stderr]    Compiling url v2.2.2
[INFO] [stderr]    Compiling rand_core v0.6.3
[INFO] [stderr]    Compiling http-body v0.4.2
[INFO] [stderr]    Compiling solana-program v1.7.4
[INFO] [stderr]    Compiling crossbeam-epoch v0.8.2
[INFO] [stderr]    Compiling time v0.1.44
[INFO] [stderr]    Compiling socket2 v0.4.0
[INFO] [stderr]    Compiling httpdate v1.0.1
[INFO] [stderr]    Compiling proc-macro2 v0.4.30
[INFO] [stderr]    Compiling block-buffer v0.7.3
[INFO] [stderr]    Compiling tokio-tcp v0.1.4
[INFO] [stderr]    Compiling backtrace v0.3.60
[INFO] [stderr]    Compiling rustc-demangle v0.1.20
[INFO] [stderr]    Compiling fake-simd v0.1.2
[INFO] [stderr]    Compiling gimli v0.24.0
[INFO] [stderr]    Compiling webpki v0.21.4
[INFO] [stderr]    Compiling sct v0.6.1
[INFO] [stderr]    Compiling object v0.25.3
[INFO] [stderr]    Compiling syn v0.15.44
[INFO] [stderr]    Compiling rustls v0.19.1
[INFO] [stderr]    Compiling failure_derive v0.1.8
[INFO] [stderr]    Compiling quote v0.6.13
[INFO] [stderr]    Compiling crossbeam-deque v0.7.3
[INFO] [stderr]    Compiling serde_derive v1.0.126
[INFO] [stderr]    Compiling tokio-macros v1.2.0
[INFO] [stderr]    Compiling tracing-attributes v0.1.15
[INFO] [stderr]    Compiling zeroize_derive v1.1.0
[INFO] [stderr]    Compiling zeroize v1.3.0
[INFO] [stderr]    Compiling thiserror-impl v1.0.26
[INFO] [stderr]    Compiling tracing v0.1.26
[INFO] [stderr]    Compiling curve25519-dalek v2.1.2
[INFO] [stderr]    Compiling num-derive v0.3.3
[INFO] [stderr]    Compiling solana-sdk-macro v1.7.4
[INFO] [stderr]    Compiling thiserror v1.0.26
[INFO] [stderr]    Compiling addr2line v0.15.2
[INFO] [stderr]    Compiling crossbeam-queue v0.2.3
[INFO] [stderr]    Compiling signature v1.3.1
[INFO] [stderr]    Compiling crypto-mac v0.7.0
[INFO] [stderr]    Compiling tokio-threadpool v0.1.18
[INFO] [stderr]    Compiling webpki-roots v0.21.1
[INFO] [stderr]    Compiling crunchy v0.2.2
[INFO] [stderr]    Compiling tokio-fs v0.1.7
[INFO] [stderr]    Compiling hmac v0.7.1
[INFO] [stderr]    Compiling tokio-uds v0.2.7
[INFO] [stderr]    Compiling tokio-util v0.6.7
[INFO] [stderr]    Compiling tokio-rustls v0.22.0
[INFO] [stderr]    Compiling tokio-native-tls v0.3.0
[INFO] [stderr]    Compiling tokio-udp v0.1.6
[INFO] [stderr]    Compiling serde v1.0.126
[INFO] [stderr]    Compiling tokio-timer v0.2.13
[INFO] [stderr]    Compiling tokio-current-thread v0.1.7
[INFO] [stderr]    Compiling h2 v0.3.3
[INFO] [stderr]    Compiling hmac-drbg v0.2.0
[INFO] [stderr]    Compiling sha2 v0.8.2
[INFO] [stderr]    Compiling tokio v0.1.22
[INFO] [stderr]    Compiling solana-sdk v1.7.4
[INFO] [stderr]    Compiling libsecp256k1 v0.3.5
[INFO] [stderr]    Compiling qstring v0.7.2
[INFO] [stderr]    Compiling uriparse v0.6.3
[INFO] [stderr]    Compiling assert_matches v1.5.0
[INFO] [stderr]    Compiling glob v0.3.0
[INFO] [stderr]    Compiling rand_chacha v0.3.1
[INFO] [stderr]    Compiling rand v0.8.4
[INFO] [stderr]    Compiling anyhow v1.0.41
[INFO] [stderr]    Compiling futures-executor v0.3.15
[INFO] [stderr]    Compiling generic-array v0.14.4
[INFO] [stderr]    Compiling toml v0.5.8
[INFO] [stderr]    Compiling serde_bytes v0.11.5
[INFO] [stderr]    Compiling digest v0.9.0
[INFO] [stderr]    Compiling block-buffer v0.9.0
[INFO] [stderr]    Compiling crypto-mac v0.8.0
[INFO] [stderr]    Compiling bincode v1.3.3
[INFO] [stderr]    Compiling sha2 v0.9.5
[INFO] [stderr]    Compiling bv v0.11.1
[INFO] [stderr]    Compiling sha3 v0.9.1
[INFO] [stderr]    Compiling proc-macro-crate v0.1.5
[INFO] [stderr]    Compiling curve25519-dalek v3.1.0
[INFO] [stderr]    Compiling serde_urlencoded v0.7.0
[INFO] [stderr]    Compiling ed25519 v1.1.1
[INFO] [stderr]    Compiling crypto-mac v0.10.0
[INFO] [stderr]    Compiling crypto-mac v0.9.1
[INFO] [stderr]    Compiling chrono v0.4.19
[INFO] [stderr]    Compiling borsh-derive v0.9.0
[INFO] [stderr]    Compiling hmac v0.9.0
[INFO] [stderr]    Compiling failure v0.1.8
[INFO] [stderr]    Compiling hmac v0.10.1
[INFO] [stderr]    Compiling pbkdf2 v0.6.0
[INFO] [stderr]    Compiling hyper v0.14.9
[INFO] [stderr]    Compiling ed25519-dalek v1.0.1
[INFO] [stderr]    Compiling derivation-path v0.1.3
[INFO] [stderr]    Compiling ed25519-dalek-bip32 v0.1.1
[INFO] [stderr]    Compiling gethostname v0.2.1
[INFO] [stderr]    Compiling futures v0.3.15
[INFO] [stderr]    Compiling remove_dir_all v0.5.3
[INFO] [stderr]    Compiling borsh v0.9.0
[INFO] [stderr]    Compiling zstd-sys v1.4.18+zstd.1.4.7
[INFO] [stderr]    Compiling pin-project-internal v1.0.7
[INFO] [stderr]    Compiling tempfile v3.2.0
[INFO] [stderr]    Compiling solana-vote-program v1.7.4
[INFO] [stderr]    Compiling zstd-safe v2.0.6+zstd.1.4.7
[INFO] [stderr]    Compiling bzip2-sys v0.1.11+1.0.8
[INFO] [stderr]    Compiling Inflector v0.11.4
[INFO] [stderr]    Compiling unicode-width v0.1.8
[INFO] [stderr]    Compiling solana-stake-program v1.7.4
[INFO] [stderr]    Compiling solana-rayon-threadlimit v1.7.4
[INFO] [stderr]    Compiling solana-runtime v1.7.4
[INFO] [stderr]    Compiling filetime v0.2.14
[INFO] [stderr]    Compiling terminal_size v0.1.17
[INFO] [stderr]    Compiling xattr v0.2.2
[INFO] [stderr]    Compiling stable_deref_trait v1.2.0
[INFO] [stderr]    Compiling ouroboros_macro v0.5.1
[INFO] [stderr]    Compiling rustc-hash v1.1.0
[INFO] [stderr]    Compiling tar v0.4.35
[INFO] [stderr]    Compiling flate2 v1.0.20
[INFO] [stderr]    Compiling dir-diff v0.3.2
[INFO] [stderr]    Compiling dashmap v4.0.2
[INFO] [stderr]    Compiling crossbeam-channel v0.4.4
[INFO] [stderr]    Compiling libloading v0.6.7
[INFO] [stderr]    Compiling symlink v0.1.0
[INFO] [stderr]    Compiling pin-project v1.0.7
[INFO] [stderr]    Compiling rand_core v0.4.2
[INFO] [stderr]    Compiling autocfg v0.1.7
[INFO] [stderr]    Compiling console v0.14.1
[INFO] [stderr]    Compiling num_enum_derive v0.5.1
[INFO] [stderr]    Compiling clang-sys v1.2.0
[INFO] [stderr]    Compiling tokio-macros v0.2.6
[INFO] [stderr]    Compiling derivative v2.2.0
[INFO] [stderr]    Compiling standback v0.2.17
[INFO] [stderr]    Compiling nom v5.1.2
[INFO] [stderr]    Compiling lazycell v1.3.0
[INFO] [stderr]    Compiling hidapi v1.2.6
[INFO] [stderr]    Compiling termios v0.3.3
[INFO] [stderr]    Compiling ouroboros v0.5.1
[INFO] [stderr]    Compiling console v0.11.3
[INFO] [stderr]    Compiling rand_core v0.3.1
[INFO] [stderr]    Compiling jsonrpc-core v17.1.0
[INFO] [stderr]    Compiling parking_lot_core v0.7.2
[INFO] [stderr]    Compiling tokio v0.2.25
[INFO] [stderr]    Compiling libloading v0.7.0
[INFO] [stderr]    Compiling num-bigint v0.4.0
[INFO] [stderr]    Compiling bindgen v0.57.0
[INFO] [stderr]    Compiling parking_lot v0.10.2
[INFO] [stderr]    Compiling dialoguer v0.6.2
[INFO] [stderr]    Compiling time-macros-impl v0.1.2
[INFO] [stderr]    Compiling tracing-futures v0.2.5
[INFO] [stderr]    Compiling cexpr v0.4.0
[INFO] [stderr]    Compiling num_enum v0.5.1
[INFO] [stderr]    Compiling textwrap v0.11.0
[INFO] [stderr]    Compiling prost-derive v0.7.0
[INFO] [stderr]    Compiling pbkdf2 v0.4.0
[INFO] [stderr]    Compiling hmac v0.8.1
[INFO] [stderr]    Compiling tokio-stream v0.1.6
[INFO] [stderr]    Compiling scroll_derive v0.10.5
[INFO] [stderr]    Compiling solana-version v1.7.4
[INFO] [stderr]    Compiling time v0.2.27
[INFO] [stderr]    Compiling unicase v2.6.0
[INFO] [stderr]    Compiling vec_map v0.8.2
[INFO] [stderr]    Compiling shlex v0.1.1
[INFO] [stderr]    Compiling async-trait v0.1.50
[INFO] [stderr]    Compiling void v1.0.2
[INFO] [stderr]    Compiling base32 v0.4.0
[INFO] [stderr]    Compiling hyper-rustls v0.22.1
[INFO] [stderr]    Compiling hyper-tls v0.5.0
[INFO] [stderr]    Compiling tokio-util v0.3.1
[INFO] [stderr]    Compiling ansi_term v0.11.0
[INFO] [stderr]    Compiling reqwest v0.11.4
[INFO] [stderr]    Compiling peeking_take_while v0.1.2
[INFO] [stderr]    Compiling strsim v0.8.0
[INFO] [stderr]    Compiling scroll v0.10.2
[INFO] [stderr]    Compiling clap v2.33.3
[INFO] [stderr]    Compiling unreachable v1.0.0
[INFO] [stderr]    Compiling prost v0.7.0
[INFO] [stderr]    Compiling time-macros v0.1.1
[INFO] [stderr]    Compiling tiny-bip39 v0.8.0
[INFO] [stderr]    Compiling rand_chacha v0.1.1
[INFO] [stderr]    Compiling rand_pcg v0.1.2
[INFO] [stderr]    Compiling bstr v0.2.16
[INFO] [stderr]    Compiling solana-crate-features v1.7.4
[INFO] [stderr]    Compiling rpassword v4.0.5
[INFO] [stderr]    Compiling ascii v0.9.3
[INFO] [stderr]    Compiling plain v0.2.3
[INFO] [stderr]    Compiling globset v0.4.8
[INFO] [stderr]    Compiling goblin v0.3.4
[INFO] [stderr]    Compiling combine v3.8.1
[INFO] [stderr]    Compiling enum-ordinalize v3.1.10
[INFO] [stderr]    Compiling rand v0.6.5
[INFO] [stderr]    Compiling dlopen_derive v0.1.4
[INFO] [stderr]    Compiling async-stream-impl v0.3.2
[INFO] [stderr]    Compiling nix v0.19.1
[INFO] [stderr]    Compiling hash32 v0.1.1
[INFO] [stderr]    Compiling tower-layer v0.3.1
[INFO] [stderr]    Compiling simpl v0.1.0
[INFO] [stderr]    Compiling tower v0.4.8
[INFO] [stderr]    Compiling smpl_jwt v0.6.1
[INFO] [stderr]    Compiling solana_rbpf v0.2.11
[INFO] [stderr]    Compiling async-stream v0.3.2
[INFO] [stderr]    Compiling yaml-rust v0.4.5
[INFO] [stderr]    Compiling librocksdb-sys v6.17.3
[INFO] [stderr]    Compiling dlopen v0.1.8
[INFO] [stderr]    Compiling jsonrpc-server-utils v17.1.0
[INFO] [stderr]    Compiling educe v0.4.18
[INFO] [stderr]    Compiling rand_isaac v0.1.1
[INFO] [stderr]    Compiling rand_xorshift v0.1.1
[INFO] [stderr]    Compiling rand_hc v0.1.0
[INFO] [stderr]    Compiling rand_os v0.1.3
[INFO] [stderr]    Compiling rand_jitter v0.1.4
[INFO] [stderr]    Compiling enum-iterator-derive v0.6.0
[INFO] [stderr]    Compiling sha-1 v0.8.2
[INFO] [stderr]    Compiling idna v0.1.5
[INFO] [stderr]    Compiling reed-solomon-erasure v4.0.2
[INFO] [stderr]    Compiling log v0.3.9
[INFO] [stderr]    Compiling socket2 v0.3.19
[INFO] [stderr]    Compiling dirs-sys-next v0.1.2
[INFO] [stderr]    Compiling arc-swap v1.3.0
[INFO] [stderr]    Compiling dtoa v0.4.8
[INFO] [stderr]    Compiling number_prefix v0.3.0
[INFO] [stderr]    Compiling ieee754 v0.2.6
[INFO] [stderr]    Compiling indicatif v0.15.0
[INFO] [stderr]    Compiling goauth v0.10.0
[INFO] [stderr]    Compiling base64 v0.9.3
[INFO] [stderr]    Compiling fast-math v0.1.1
[INFO] [stderr]    Compiling url v1.7.2
[INFO] [stderr]    Compiling serde_yaml v0.8.17
[INFO] [stderr]    Compiling dirs-next v2.0.0
[INFO] [stderr]    Compiling enum-iterator v0.6.0
[INFO] [stderr]    Compiling tokio-serde v0.8.0
[INFO] [stderr]    Compiling mime v0.2.6
[INFO] [stderr]    Compiling tonic v0.4.3
[INFO] [stderr]    Compiling prost-types v0.7.0
[INFO] [stderr]    Compiling backoff v0.3.0
[INFO] [stderr]    Compiling chrono-humanize v0.2.1
[INFO] [stderr]    Compiling tarpc-plugins v0.9.0
[INFO] [stderr]    Compiling miow v0.3.7
[INFO] [stderr]    Compiling tokio-tls v0.2.1
[INFO] [stderr]    Compiling solana-ledger v1.7.4
[INFO] [stderr]    Compiling base64 v0.10.1
[INFO] [stderr]    Compiling static_assertions v1.1.0
[INFO] [stderr]    Compiling typeable v0.1.2
[INFO] [stderr]    Compiling arc-swap v0.4.8
[INFO] [stderr]    Compiling mio-named-pipes v0.1.7
[INFO] [stderr]    Compiling sha1 v0.6.0
[INFO] [stderr]    Compiling indexed v0.1.1
[INFO] [stderr]    Compiling parity-tokio-ipc v0.8.0
[INFO] [stderr]    Compiling trees v0.2.1
[INFO] [stderr]    Compiling websocket-base v0.24.0
[INFO] [stderr]    Compiling hyper v0.10.16
[INFO] [stderr]    Compiling solana-cli-config v1.7.4
[INFO] [stderr]    Compiling semver-parser v0.10.2
[INFO] [stderr]    Compiling input_buffer v0.3.1
[INFO] [stderr]    Compiling tarpc v0.24.1
[INFO] [stderr]    Compiling utf-8 v0.7.6
[INFO] [stderr]    Compiling fs_extra v1.2.0
[INFO] [stderr]    Compiling tungstenite v0.10.1
[INFO] [stderr]    Compiling derive_more v0.99.14
[INFO] [stderr]    Compiling semver v0.11.0
[INFO] [stderr]    Compiling ws2_32-sys v0.2.1
[INFO] [stderr]    Compiling h2 v0.2.7
[INFO] [stderr]    Compiling jsonrpc-pubsub v17.1.0
[INFO] [stderr]    Compiling mio-extras v2.0.6
[INFO] [stderr]    Compiling http-body v0.3.1
[INFO] [stderr]    Compiling sysctl v0.4.1
[INFO] [stderr]    Compiling websocket v0.24.0
[INFO] [stderr]    Compiling solana-gossip v1.7.4
[INFO] [stderr]    Compiling users v0.10.0
[INFO] [stderr]    Compiling unix_socket2 v0.5.4
[INFO] [stderr]    Compiling parity-ws v0.10.0
[INFO] [stderr]    Compiling lru v0.6.5
[INFO] [stderr]    Compiling core_affinity v0.5.10
[INFO] [stderr]    Compiling ahash v0.6.3
[INFO] [stderr]    Compiling jsonrpc-derive v17.1.0
[INFO] [stderr]    Compiling jsonrpc-ws-server v17.1.0
[INFO] [stderr]    Compiling solana-core v1.7.4
[INFO] [stderr]    Compiling miow v0.2.2
[INFO] [stderr]    Compiling retain_mut v0.1.3
[INFO] [stderr]    Compiling raptorq v1.6.3
[INFO] [stderr]    Compiling jsonrpc-ipc-server v17.1.0
[INFO] [stderr]    Compiling signal-hook v0.1.17
[INFO] [stderr]    Compiling fd-lock v2.0.0
[INFO] [stderr]    Compiling jsonrpc-client-transports v17.1.0
[INFO] [stderr]    Compiling hyper v0.13.10
[INFO] [stderr]    Compiling jsonrpc-core-client v17.1.0
[INFO] [stderr]    Compiling bzip2 v0.3.3
[INFO] [stderr]    Compiling solana-merkle-tree v1.7.4
[INFO] [stderr]    Compiling spl-token v3.1.1
[INFO] [stderr]    Compiling spl-memo v3.0.1
[INFO] [stderr]    Compiling solana-metrics v1.7.4
[INFO] [stderr]    Compiling solana-config-program v1.7.4
[INFO] [stderr]    Compiling solana-measure v1.7.4
[INFO] [stderr]    Compiling solana-secp256k1-program v1.7.4
[INFO] [stderr]    Compiling spl-associated-token-account v1.0.2
[INFO] [stderr]    Compiling solana-remote-wallet v1.7.4
[INFO] [stderr]    Compiling solana-perf v1.7.4
[INFO] [stderr]    Compiling solana-banks-interface v1.7.4
[INFO] [stderr]    Compiling jsonrpc-http-server v17.1.0
[INFO] [stderr]    Compiling solana-clap-utils v1.7.4
[INFO] [stderr]    Compiling solana-streamer v1.7.4
[INFO] [stderr]    Compiling solana-banks-client v1.7.4
[INFO] [stderr]    Compiling solana-faucet v1.7.4
[INFO] [stderr]    Compiling solana-net-utils v1.7.4
[INFO] [stderr]    Compiling solana-sys-tuner v1.7.4
[INFO] [stderr]    Compiling solana-escrow v0.1.0 (/opt/rustwide/workdir)
[INFO] [stderr] The following warnings were emitted during compilation:
[INFO] [stderr] 
[INFO] [stderr] warning: c++: fatal error: Killed signal terminated program cc1plus
[INFO] [stderr] warning: compilation terminated.
[INFO] [stderr] warning: c++: fatal error: Killed signal terminated program cc1plus
[INFO] [stderr] warning: compilation terminated.
[INFO] [stderr] warning: c++: fatal error: Killed signal terminated program cc1plus
[INFO] [stderr] warning: compilation terminated.
[INFO] [stderr] 
[INFO] [stderr] error: failed to run custom build command for `librocksdb-sys v6.17.3`
[INFO] [stderr] note: To improve backtraces for build dependencies, set the CARGO_PROFILE_TEST_BUILD_OVERRIDE_DEBUG=true environment variable to enable debug information generation.
[INFO] [stderr] 
[INFO] [stderr] Caused by:
[INFO] [stderr]   process didn't exit successfully: `/opt/rustwide/target/debug/build/librocksdb-sys-5da639c0fa49043b/build-script-build` (exit status: 1)
[INFO] [stderr]   --- stdout
[INFO] [stderr]   cargo:rerun-if-changed=rocksdb/
[INFO] [stderr]   TARGET = Some("x86_64-unknown-linux-gnu")
[INFO] [stderr]   OPT_LEVEL = Some("0")
[INFO] [stderr]   HOST = Some("x86_64-unknown-linux-gnu")
[INFO] [stderr]   CXX_x86_64-unknown-linux-gnu = None
[INFO] [stderr]   CXX_x86_64_unknown_linux_gnu = None
[INFO] [stderr]   HOST_CXX = None
[INFO] [stderr]   CXX = None
[INFO] [stderr]   CXXFLAGS_x86_64-unknown-linux-gnu = None
[INFO] [stderr]   CXXFLAGS_x86_64_unknown_linux_gnu = None
[INFO] [stderr]   HOST_CXXFLAGS = None
[INFO] [stderr]   CXXFLAGS = None
[INFO] [stderr]   CRATE_CC_NO_DEFAULTS = None
[INFO] [stderr]   DEBUG = Some("true")
[INFO] [stderr]   CARGO_CFG_TARGET_FEATURE = Some("fxsr,sse,sse2")
[INFO] [stderr]   CXX_x86_64-unknown-linux-gnu = None
[INFO] [stderr]   CXX_x86_64_unknown_linux_gnu = None
[INFO] [stderr]   HOST_CXX = None
[INFO] [stderr]   CXX = None
[INFO] [stderr]   CXXFLAGS_x86_64-unknown-linux-gnu = None
[INFO] [stderr]   CXXFLAGS_x86_64_unknown_linux_gnu = None
[INFO] [stderr]   HOST_CXXFLAGS = None
[INFO] [stderr]   CXXFLAGS = None
[INFO] [stderr]   CRATE_CC_NO_DEFAULTS = None
[INFO] [stderr]   CARGO_CFG_TARGET_FEATURE = Some("fxsr,sse,sse2")
[INFO] [stderr]   CXX_x86_64-unknown-linux-gnu = None
[INFO] [stderr]   CXX_x86_64_unknown_linux_gnu = None
[INFO] [stderr]   HOST_CXX = None
[INFO] [stderr]   CXX = None
[INFO] [stderr]   CXXFLAGS_x86_64-unknown-linux-gnu = None
[INFO] [stderr]   CXXFLAGS_x86_64_unknown_linux_gnu = None
[INFO] [stderr]   HOST_CXXFLAGS = None
[INFO] [stderr]   CXXFLAGS = None
[INFO] [stderr]   CRATE_CC_NO_DEFAULTS = None
[INFO] [stderr]   CARGO_CFG_TARGET_FEATURE = Some("fxsr,sse,sse2")
[INFO] [stderr]   CXX_x86_64-unknown-linux-gnu = None
[INFO] [stderr]   CXX_x86_64_unknown_linux_gnu = None
[INFO] [stderr]   HOST_CXX = None
[INFO] [stderr]   CXX = None
[INFO] [stderr]   CXXFLAGS_x86_64-unknown-linux-gnu = None
[INFO] [stderr]   CXXFLAGS_x86_64_unknown_linux_gnu = None
[INFO] [stderr]   HOST_CXXFLAGS = None
[INFO] [stderr]   CXXFLAGS = None
[INFO] [stderr]   CRATE_CC_NO_DEFAULTS = None
[INFO] [stderr]   CARGO_CFG_TARGET_FEATURE = Some("fxsr,sse,sse2")
[INFO] [stderr]   CXX_x86_64-unknown-linux-gnu = None
[INFO] [stderr]   CXX_x86_64_unknown_linux_gnu = None
[INFO] [stderr]   HOST_CXX = None
[INFO] [stderr]   CXX = None
[INFO] [stderr]   CXXFLAGS_x86_64-unknown-linux-gnu = None
[INFO] [stderr]   CXXFLAGS_x86_64_unknown_linux_gnu = None
[INFO] [stderr]   HOST_CXXFLAGS = None
[INFO] [stderr]   CXXFLAGS = None
[INFO] [stderr]   CRATE_CC_NO_DEFAULTS = None
[INFO] [stderr]   CARGO_CFG_TARGET_FEATURE = Some("fxsr,sse,sse2")
[INFO] [stderr]   running: "c++" "-O0" "-ffunction-sections" "-fdata-sections" "-fPIC" "-g" "-fno-omit-frame-pointer" "-m64" "-I" "rocksdb/include/" "-I" "rocksdb/" "-I" "rocksdb/third-party/gtest-1.8.1/fused-src/" "-I" "lz4/lib/" "-I" "." "-Wall" "-Wextra" "-std=c++11" "-Wno-unused-parameter" "-msse2" "-msse4.1" "-msse4.2" "-mpclmul" "-DLZ4=1" "-DNDEBUG=1" "-DHAVE_SSE42=1" "-DHAVE_PCLMUL=1" "-DOS_LINUX" "-DROCKSDB_PLATFORM_POSIX" "-DROCKSDB_LIB_IO_POSIX" "-o" "/opt/rustwide/target/debug/build/librocksdb-sys-a1a7518900474a9c/out/rocksdb/cache/cache.o" "-c" "rocksdb/cache/cache.cc"
[INFO] [stderr]   running: "c++" "-O0" "-ffunction-sections" "-fdata-sections" "-fPIC" "-g" "-fno-omit-frame-pointer" "-m64" "-I" "rocksdb/include/" "-I" "rocksdb/" "-I" "rocksdb/third-party/gtest-1.8.1/fused-src/" "-I" "lz4/lib/" "-I" "." "-Wall" "-Wextra" "-std=c++11" "-Wno-unused-parameter" "-msse2" "-msse4.1" "-msse4.2" "-mpclmul" "-DLZ4=1" "-DNDEBUG=1" "-DHAVE_SSE42=1" "-DHAVE_PCLMUL=1" "-DOS_LINUX" "-DROCKSDB_PLATFORM_POSIX" "-DROCKSDB_LIB_IO_POSIX" "-o" "/opt/rustwide/target/debug/build/librocksdb-sys-a1a7518900474a9c/out/rocksdb/cache/clock_cache.o" "-c" "rocksdb/cache/clock_cache.cc"
[INFO] [stderr]   exit status: 0
[INFO] [stderr]   running: "c++" "-O0" "-ffunction-sections" "-fdata-sections" "-fPIC" "-g" "-fno-omit-frame-pointer" "-m64" "-I" "rocksdb/include/" "-I" "rocksdb/" "-I" "rocksdb/third-party/gtest-1.8.1/fused-src/" "-I" "lz4/lib/" "-I" "." "-Wall" "-Wextra" "-std=c++11" "-Wno-unused-parameter" "-msse2" "-msse4.1" "-msse4.2" "-mpclmul" "-DLZ4=1" "-DNDEBUG=1" "-DHAVE_SSE42=1" "-DHAVE_PCLMUL=1" "-DOS_LINUX" "-DROCKSDB_PLATFORM_POSIX" "-DROCKSDB_LIB_IO_POSIX" "-o" "/opt/rustwide/target/debug/build/librocksdb-sys-a1a7518900474a9c/out/rocksdb/cache/lru_cache.o" "-c" "rocksdb/cache/lru_cache.cc"
[INFO] [stderr]   exit status: 0
[INFO] [stderr]   running: "c++" "-O0" "-ffunction-sections" "-fdata-sections" "-fPIC" "-g" "-fno-omit-frame-pointer" "-m64" "-I" "rocksdb/include/" "-I" "rocksdb/" "-I" "rocksdb/third-party/gtest-1.8.1/fused-src/" "-I" "lz4/lib/" "-I" "." "-Wall" "-Wextra" "-std=c++11" "-Wno-unused-parameter" "-msse2" "-msse4.1" "-msse4.2" "-mpclmul" "-DLZ4=1" "-DNDEBUG=1" "-DHAVE_SSE42=1" "-DHAVE_PCLMUL=1" "-DOS_LINUX" "-DROCKSDB_PLATFORM_POSIX" "-DROCKSDB_LIB_IO_POSIX" "-o" "/opt/rustwide/target/debug/build/librocksdb-sys-a1a7518900474a9c/out/rocksdb/cache/sharded_cache.o" "-c" "rocksdb/cache/sharded_cache.cc"
[INFO] [stderr]   exit status: 0
[INFO] [stderr]   running: "c++" "-O0" "-ffunction-sections" "-fdata-sections" "-fPIC" "-g" "-fno-omit-frame-pointer" "-m64" "-I" "rocksdb/include/" "-I" "rocksdb/" "-I" "rocksdb/third-party/gtest-1.8.1/fused-src/" "-I" "lz4/lib/" "-I" "." "-Wall" "-Wextra" "-std=c++11" "-Wno-unused-parameter" "-msse2" "-msse4.1" "-msse4.2" "-mpclmul" "-DLZ4=1" "-DNDEBUG=1" "-DHAVE_SSE42=1" "-DHAVE_PCLMUL=1" "-DOS_LINUX" "-DROCKSDB_PLATFORM_POSIX" "-DROCKSDB_LIB_IO_POSIX" "-o" "/opt/rustwide/target/debug/build/librocksdb-sys-a1a7518900474a9c/out/rocksdb/db/arena_wrapped_db_iter.o" "-c" "rocksdb/db/arena_wrapped_db_iter.cc"
[INFO] [stderr]   running: "c++" "-O0" "-ffunction-sections" "-fdata-sections" "-fPIC" "-g" "-fno-omit-frame-pointer" "-m64" "-I" "rocksdb/include/" "-I" "rocksdb/" "-I" "rocksdb/third-party/gtest-1.8.1/fused-src/" "-I" "lz4/lib/" "-I" "." "-Wall" "-Wextra" "-std=c++11" "-Wno-unused-parameter" "-msse2" "-msse4.1" "-msse4.2" "-mpclmul" "-DLZ4=1" "-DNDEBUG=1" "-DHAVE_SSE42=1" "-DHAVE_PCLMUL=1" "-DOS_LINUX" "-DROCKSDB_PLATFORM_POSIX" "-DROCKSDB_LIB_IO_POSIX" "-o" "/opt/rustwide/target/debug/build/librocksdb-sys-a1a7518900474a9c/out/rocksdb/db/blob/blob_file_addition.o" "-c" "rocksdb/db/blob/blob_file_addition.cc"
[INFO] [stderr]   running: "c++" "-O0" "-ffunction-sections" "-fdata-sections" "-fPIC" "-g" "-fno-omit-frame-pointer" "-m64" "-I" "rocksdb/include/" "-I" "rocksdb/" "-I" "rocksdb/third-party/gtest-1.8.1/fused-src/" "-I" "lz4/lib/" "-I" "." "-Wall" "-Wextra" "-std=c++11" "-Wno-unused-parameter" "-msse2" "-msse4.1" "-msse4.2" "-mpclmul" "-DLZ4=1" "-DNDEBUG=1" "-DHAVE_SSE42=1" "-DHAVE_PCLMUL=1" "-DOS_LINUX" "-DROCKSDB_PLATFORM_POSIX" "-DROCKSDB_LIB_IO_POSIX" "-o" "/opt/rustwide/target/debug/build/librocksdb-sys-a1a7518900474a9c/out/rocksdb/db/blob/blob_file_builder.o" "-c" "rocksdb/db/blob/blob_file_builder.cc"
[INFO] [stderr]   exit status: 0
[INFO] [stderr]   running: "c++" "-O0" "-ffunction-sections" "-fdata-sections" "-fPIC" "-g" "-fno-omit-frame-pointer" "-m64" "-I" "rocksdb/include/" "-I" "rocksdb/" "-I" "rocksdb/third-party/gtest-1.8.1/fused-src/" "-I" "lz4/lib/" "-I" "." "-Wall" "-Wextra" "-std=c++11" "-Wno-unused-parameter" "-msse2" "-msse4.1" "-msse4.2" "-mpclmul" "-DLZ4=1" "-DNDEBUG=1" "-DHAVE_SSE42=1" "-DHAVE_PCLMUL=1" "-DOS_LINUX" "-DROCKSDB_PLATFORM_POSIX" "-DROCKSDB_LIB_IO_POSIX" "-o" "/opt/rustwide/target/debug/build/librocksdb-sys-a1a7518900474a9c/out/rocksdb/db/blob/blob_file_cache.o" "-c" "rocksdb/db/blob/blob_file_cache.cc"
[INFO] [stderr]   exit status: 0
[INFO] [stderr]   running: "c++" "-O0" "-ffunction-sections" "-fdata-sections" "-fPIC" "-g" "-fno-omit-frame-pointer" "-m64" "-I" "rocksdb/include/" "-I" "rocksdb/" "-I" "rocksdb/third-party/gtest-1.8.1/fused-src/" "-I" "lz4/lib/" "-I" "." "-Wall" "-Wextra" "-std=c++11" "-Wno-unused-parameter" "-msse2" "-msse4.1" "-msse4.2" "-mpclmul" "-DLZ4=1" "-DNDEBUG=1" "-DHAVE_SSE42=1" "-DHAVE_PCLMUL=1" "-DOS_LINUX" "-DROCKSDB_PLATFORM_POSIX" "-DROCKSDB_LIB_IO_POSIX" "-o" "/opt/rustwide/target/debug/build/librocksdb-sys-a1a7518900474a9c/out/rocksdb/db/blob/blob_file_garbage.o" "-c" "rocksdb/db/blob/blob_file_garbage.cc"
[INFO] [stderr]   running: "c++" "-O0" "-ffunction-sections" "-fdata-sections" "-fPIC" "-g" "-fno-omit-frame-pointer" "-m64" "-I" "rocksdb/include/" "-I" "rocksdb/" "-I" "rocksdb/third-party/gtest-1.8.1/fused-src/" "-I" "lz4/lib/" "-I" "." "-Wall" "-Wextra" "-std=c++11" "-Wno-unused-parameter" "-msse2" "-msse4.1" "-msse4.2" "-mpclmul" "-DLZ4=1" "-DNDEBUG=1" "-DHAVE_SSE42=1" "-DHAVE_PCLMUL=1" "-DOS_LINUX" "-DROCKSDB_PLATFORM_POSIX" "-DROCKSDB_LIB_IO_POSIX" "-o" "/opt/rustwide/target/debug/build/librocksdb-sys-a1a7518900474a9c/out/rocksdb/db/blob/blob_file_meta.o" "-c" "rocksdb/db/blob/blob_file_meta.cc"
[INFO] [stderr]   exit status: 0
[INFO] [stderr]   exit status: 0
[INFO] [stderr]   exit status: 0
[INFO] [stderr]   running: "c++" "-O0" "-ffunction-sections" "-fdata-sections" "-fPIC" "-g" "-fno-omit-frame-pointer" "-m64" "-I" "rocksdb/include/" "-I" "rocksdb/" "-I" "rocksdb/third-party/gtest-1.8.1/fused-src/" "-I" "lz4/lib/" "-I" "." "-Wall" "-Wextra" "-std=c++11" "-Wno-unused-parameter" "-msse2" "-msse4.1" "-msse4.2" "-mpclmul" "-DLZ4=1" "-DNDEBUG=1" "-DHAVE_SSE42=1" "-DHAVE_PCLMUL=1" "-DOS_LINUX" "-DROCKSDB_PLATFORM_POSIX" "-DROCKSDB_LIB_IO_POSIX" "-o" "/opt/rustwide/target/debug/build/librocksdb-sys-a1a7518900474a9c/out/rocksdb/db/blob/blob_file_reader.o" "-c" "rocksdb/db/blob/blob_file_reader.cc"
[INFO] [stderr]   exit status: 0
[INFO] [stderr]   exit status: 0
[INFO] [stderr]   exit status: 0
[INFO] [stderr]   running: "c++" "-O0" "-ffunction-sections" "-fdata-sections" "-fPIC" "-g" "-fno-omit-frame-pointer" "-m64" "-I" "rocksdb/include/" "-I" "rocksdb/" "-I" "rocksdb/third-party/gtest-1.8.1/fused-src/" "-I" "lz4/lib/" "-I" "." "-Wall" "-Wextra" "-std=c++11" "-Wno-unused-parameter" "-msse2" "-msse4.1" "-msse4.2" "-mpclmul" "-DLZ4=1" "-DNDEBUG=1" "-DHAVE_SSE42=1" "-DHAVE_PCLMUL=1" "-DOS_LINUX" "-DROCKSDB_PLATFORM_POSIX" "-DROCKSDB_LIB_IO_POSIX" "-o" "/opt/rustwide/target/debug/build/librocksdb-sys-a1a7518900474a9c/out/rocksdb/db/blob/blob_log_format.o" "-c" "rocksdb/db/blob/blob_log_format.cc"
[INFO] [stderr]   running: "c++" "-O0" "-ffunction-sections" "-fdata-sections" "-fPIC" "-g" "-fno-omit-frame-pointer" "-m64" "-I" "rocksdb/include/" "-I" "rocksdb/" "-I" "rocksdb/third-party/gtest-1.8.1/fused-src/" "-I" "lz4/lib/" "-I" "." "-Wall" "-Wextra" "-std=c++11" "-Wno-unused-parameter" "-msse2" "-msse4.1" "-msse4.2" "-mpclmul" "-DLZ4=1" "-DNDEBUG=1" "-DHAVE_SSE42=1" "-DHAVE_PCLMUL=1" "-DOS_LINUX" "-DROCKSDB_PLATFORM_POSIX" "-DROCKSDB_LIB_IO_POSIX" "-o" "/opt/rustwide/target/debug/build/librocksdb-sys-a1a7518900474a9c/out/rocksdb/db/blob/blob_log_sequential_reader.o" "-c" "rocksdb/db/blob/blob_log_sequential_reader.cc"
[INFO] [stderr]   exit status: 0
[INFO] [stderr]   running: "c++" "-O0" "-ffunction-sections" "-fdata-sections" "-fPIC" "-g" "-fno-omit-frame-pointer" "-m64" "-I" "rocksdb/include/" "-I" "rocksdb/" "-I" "rocksdb/third-party/gtest-1.8.1/fused-src/" "-I" "lz4/lib/" "-I" "." "-Wall" "-Wextra" "-std=c++11" "-Wno-unused-parameter" "-msse2" "-msse4.1" "-msse4.2" "-mpclmul" "-DLZ4=1" "-DNDEBUG=1" "-DHAVE_SSE42=1" "-DHAVE_PCLMUL=1" "-DOS_LINUX" "-DROCKSDB_PLATFORM_POSIX" "-DROCKSDB_LIB_IO_POSIX" "-o" "/opt/rustwide/target/debug/build/librocksdb-sys-a1a7518900474a9c/out/rocksdb/db/blob/blob_log_writer.o" "-c" "rocksdb/db/blob/blob_log_writer.cc"
[INFO] [stderr]   running: "c++" "-O0" "-ffunction-sections" "-fdata-sections" "-fPIC" "-g" "-fno-omit-frame-pointer" "-m64" "-I" "rocksdb/include/" "-I" "rocksdb/" "-I" "rocksdb/third-party/gtest-1.8.1/fused-src/" "-I" "lz4/lib/" "-I" "." "-Wall" "-Wextra" "-std=c++11" "-Wno-unused-parameter" "-msse2" "-msse4.1" "-msse4.2" "-mpclmul" "-DLZ4=1" "-DNDEBUG=1" "-DHAVE_SSE42=1" "-DHAVE_PCLMUL=1" "-DOS_LINUX" "-DROCKSDB_PLATFORM_POSIX" "-DROCKSDB_LIB_IO_POSIX" "-o" "/opt/rustwide/target/debug/build/librocksdb-sys-a1a7518900474a9c/out/rocksdb/db/builder.o" "-c" "rocksdb/db/builder.cc"
[INFO] [stderr]   running: "c++" "-O0" "-ffunction-sections" "-fdata-sections" "-fPIC" "-g" "-fno-omit-frame-pointer" "-m64" "-I" "rocksdb/include/" "-I" "rocksdb/" "-I" "rocksdb/third-party/gtest-1.8.1/fused-src/" "-I" "lz4/lib/" "-I" "." "-Wall" "-Wextra" "-std=c++11" "-Wno-unused-parameter" "-msse2" "-msse4.1" "-msse4.2" "-mpclmul" "-DLZ4=1" "-DNDEBUG=1" "-DHAVE_SSE42=1" "-DHAVE_PCLMUL=1" "-DOS_LINUX" "-DROCKSDB_PLATFORM_POSIX" "-DROCKSDB_LIB_IO_POSIX" "-o" "/opt/rustwide/target/debug/build/librocksdb-sys-a1a7518900474a9c/out/rocksdb/db/c.o" "-c" "rocksdb/db/c.cc"
[INFO] [stderr]   exit status: 0
[INFO] [stderr]   running: "c++" "-O0" "-ffunction-sections" "-fdata-sections" "-fPIC" "-g" "-fno-omit-frame-pointer" "-m64" "-I" "rocksdb/include/" "-I" "rocksdb/" "-I" "rocksdb/third-party/gtest-1.8.1/fused-src/" "-I" "lz4/lib/" "-I" "." "-Wall" "-Wextra" "-std=c++11" "-Wno-unused-parameter" "-msse2" "-msse4.1" "-msse4.2" "-mpclmul" "-DLZ4=1" "-DNDEBUG=1" "-DHAVE_SSE42=1" "-DHAVE_PCLMUL=1" "-DOS_LINUX" "-DROCKSDB_PLATFORM_POSIX" "-DROCKSDB_LIB_IO_POSIX" "-o" "/opt/rustwide/target/debug/build/librocksdb-sys-a1a7518900474a9c/out/rocksdb/db/column_family.o" "-c" "rocksdb/db/column_family.cc"
[INFO] [stderr]   running: "c++" "-O0" "-ffunction-sections" "-fdata-sections" "-fPIC" "-g" "-fno-omit-frame-pointer" "-m64" "-I" "rocksdb/include/" "-I" "rocksdb/" "-I" "rocksdb/third-party/gtest-1.8.1/fused-src/" "-I" "lz4/lib/" "-I" "." "-Wall" "-Wextra" "-std=c++11" "-Wno-unused-parameter" "-msse2" "-msse4.1" "-msse4.2" "-mpclmul" "-DLZ4=1" "-DNDEBUG=1" "-DHAVE_SSE42=1" "-DHAVE_PCLMUL=1" "-DOS_LINUX" "-DROCKSDB_PLATFORM_POSIX" "-DROCKSDB_LIB_IO_POSIX" "-o" "/opt/rustwide/target/debug/build/librocksdb-sys-a1a7518900474a9c/out/rocksdb/db/compacted_db_impl.o" "-c" "rocksdb/db/compacted_db_impl.cc"
[INFO] [stderr]   exit status: 0
[INFO] [stderr]   running: "c++" "-O0" "-ffunction-sections" "-fdata-sections" "-fPIC" "-g" "-fno-omit-frame-pointer" "-m64" "-I" "rocksdb/include/" "-I" "rocksdb/" "-I" "rocksdb/third-party/gtest-1.8.1/fused-src/" "-I" "lz4/lib/" "-I" "." "-Wall" "-Wextra" "-std=c++11" "-Wno-unused-parameter" "-msse2" "-msse4.1" "-msse4.2" "-mpclmul" "-DLZ4=1" "-DNDEBUG=1" "-DHAVE_SSE42=1" "-DHAVE_PCLMUL=1" "-DOS_LINUX" "-DROCKSDB_PLATFORM_POSIX" "-DROCKSDB_LIB_IO_POSIX" "-o" "/opt/rustwide/target/debug/build/librocksdb-sys-a1a7518900474a9c/out/rocksdb/db/compaction/compaction.o" "-c" "rocksdb/db/compaction/compaction.cc"
[INFO] [stderr]   exit status: 0
[INFO] [stderr]   exit status: 0
[INFO] [stderr]   running: "c++" "-O0" "-ffunction-sections" "-fdata-sections" "-fPIC" "-g" "-fno-omit-frame-pointer" "-m64" "-I" "rocksdb/include/" "-I" "rocksdb/" "-I" "rocksdb/third-party/gtest-1.8.1/fused-src/" "-I" "lz4/lib/" "-I" "." "-Wall" "-Wextra" "-std=c++11" "-Wno-unused-parameter" "-msse2" "-msse4.1" "-msse4.2" "-mpclmul" "-DLZ4=1" "-DNDEBUG=1" "-DHAVE_SSE42=1" "-DHAVE_PCLMUL=1" "-DOS_LINUX" "-DROCKSDB_PLATFORM_POSIX" "-DROCKSDB_LIB_IO_POSIX" "-o" "/opt/rustwide/target/debug/build/librocksdb-sys-a1a7518900474a9c/out/rocksdb/db/compaction/compaction_iterator.o" "-c" "rocksdb/db/compaction/compaction_iterator.cc"
[INFO] [stderr]   running: "c++" "-O0" "-ffunction-sections" "-fdata-sections" "-fPIC" "-g" "-fno-omit-frame-pointer" "-m64" "-I" "rocksdb/include/" "-I" "rocksdb/" "-I" "rocksdb/third-party/gtest-1.8.1/fused-src/" "-I" "lz4/lib/" "-I" "." "-Wall" "-Wextra" "-std=c++11" "-Wno-unused-parameter" "-msse2" "-msse4.1" "-msse4.2" "-mpclmul" "-DLZ4=1" "-DNDEBUG=1" "-DHAVE_SSE42=1" "-DHAVE_PCLMUL=1" "-DOS_LINUX" "-DROCKSDB_PLATFORM_POSIX" "-DROCKSDB_LIB_IO_POSIX" "-o" "/opt/rustwide/target/debug/build/librocksdb-sys-a1a7518900474a9c/out/rocksdb/db/compaction/compaction_job.o" "-c" "rocksdb/db/compaction/compaction_job.cc"
[INFO] [stderr]   cargo:warning=c++: fatal error: Killed signal terminated program cc1plus
[INFO] [stderr]   cargo:warning=compilation terminated.
[INFO] [stderr]   exit status: 1
[INFO] [stderr]   running: "c++" "-O0" "-ffunction-sections" "-fdata-sections" "-fPIC" "-g" "-fno-omit-frame-pointer" "-m64" "-I" "rocksdb/include/" "-I" "rocksdb/" "-I" "rocksdb/third-party/gtest-1.8.1/fused-src/" "-I" "lz4/lib/" "-I" "." "-Wall" "-Wextra" "-std=c++11" "-Wno-unused-parameter" "-msse2" "-msse4.1" "-msse4.2" "-mpclmul" "-DLZ4=1" "-DNDEBUG=1" "-DHAVE_SSE42=1" "-DHAVE_PCLMUL=1" "-DOS_LINUX" "-DROCKSDB_PLATFORM_POSIX" "-DROCKSDB_LIB_IO_POSIX" "-o" "/opt/rustwide/target/debug/build/librocksdb-sys-a1a7518900474a9c/out/rocksdb/db/compaction/compaction_picker.o" "-c" "rocksdb/db/compaction/compaction_picker.cc"
[INFO] [stderr]   cargo:warning=c++: fatal error: Killed signal terminated program cc1plus
[INFO] [stderr]   cargo:warning=compilation terminated.
[INFO] [stderr]   exit status: 1
[INFO] [stderr]   cargo:warning=c++: fatal error: Killed signal terminated program cc1plus
[INFO] [stderr]   cargo:warning=compilation terminated.
[INFO] [stderr]   exit status: 1
[INFO] [stderr]   exit status: 0
[INFO] [stderr]   exit status: 0
[INFO] [stderr]   exit status: 0
[INFO] [stderr] 
[INFO] [stderr]   --- stderr
[INFO] [stderr]   error: 'rustfmt' is not installed for the toolchain '1.69.0-x86_64-unknown-linux-gnu'
[INFO] [stderr]   To install, run `rustup component add rustfmt --toolchain 1.69.0-x86_64-unknown-linux-gnu`
[INFO] [stderr]   Failed to run rustfmt: Internal rustfmt error (non-fatal, continuing)
[INFO] [stderr] 
[INFO] [stderr] 
[INFO] [stderr]   error occurred: Command "c++" "-O0" "-ffunction-sections" "-fdata-sections" "-fPIC" "-g" "-fno-omit-frame-pointer" "-m64" "-I" "rocksdb/include/" "-I" "rocksdb/" "-I" "rocksdb/third-party/gtest-1.8.1/fused-src/" "-I" "lz4/lib/" "-I" "." "-Wall" "-Wextra" "-std=c++11" "-Wno-unused-parameter" "-msse2" "-msse4.1" "-msse4.2" "-mpclmul" "-DLZ4=1" "-DNDEBUG=1" "-DHAVE_SSE42=1" "-DHAVE_PCLMUL=1" "-DOS_LINUX" "-DROCKSDB_PLATFORM_POSIX" "-DROCKSDB_LIB_IO_POSIX" "-o" "/opt/rustwide/target/debug/build/librocksdb-sys-a1a7518900474a9c/out/rocksdb/db/column_family.o" "-c" "rocksdb/db/column_family.cc" with args "c++" did not execute successfully (status code exit status: 1).
[INFO] [stderr] 
[INFO] [stderr] 
[INFO] [stderr] warning: build failed, waiting for other jobs to finish...
[INFO] running `Command { std: "docker" "inspect" "f03ac05de6914e2e167a33d1a7f6360d0dc007d06b974a870357820aa3198376", kill_on_drop: false }`
[INFO] running `Command { std: "docker" "rm" "-f" "f03ac05de6914e2e167a33d1a7f6360d0dc007d06b974a870357820aa3198376", kill_on_drop: false }`
[INFO] [stdout] f03ac05de6914e2e167a33d1a7f6360d0dc007d06b974a870357820aa3198376
