[INFO] cloning repository https://github.com/definedD4/my-ui
[INFO] running `Command { std: "git" "-c" "credential.helper=" "-c" "credential.helper=/workspace/cargo-home/bin/git-credential-null" "clone" "--bare" "https://github.com/definedD4/my-ui" "/workspace/cache/git-repos/https%3A%2F%2Fgithub.com%2FdefinedD4%2Fmy-ui", kill_on_drop: false }`
[INFO] [stderr] Cloning into bare repository '/workspace/cache/git-repos/https%3A%2F%2Fgithub.com%2FdefinedD4%2Fmy-ui'...
[INFO] running `Command { std: "git" "rev-parse" "HEAD", kill_on_drop: false }`
[INFO] [stdout] f858db961ca4114ff9a1264459db33e7148d1b9f
[INFO] testing definedD4/my-ui against 1.69.0 for beta-1.70-1
[INFO] running `Command { std: "git" "clone" "/workspace/cache/git-repos/https%3A%2F%2Fgithub.com%2FdefinedD4%2Fmy-ui" "/workspace/builds/worker-6-tc1/source", kill_on_drop: false }`
[INFO] [stderr] Cloning into '/workspace/builds/worker-6-tc1/source'...
[INFO] [stderr] done.
[INFO] validating manifest of git repo https://github.com/definedD4/my-ui on toolchain 1.69.0
[INFO] running `Command { std: CARGO_HOME="/workspace/cargo-home" RUSTUP_HOME="/workspace/rustup-home" "/workspace/cargo-home/bin/cargo" "+1.69.0" "metadata" "--manifest-path" "Cargo.toml" "--no-deps", kill_on_drop: false }`
[INFO] started tweaking git repo https://github.com/definedD4/my-ui
[INFO] finished tweaking git repo https://github.com/definedD4/my-ui
[INFO] tweaked toml for git repo https://github.com/definedD4/my-ui written to /workspace/builds/worker-6-tc1/source/Cargo.toml
[INFO] crate git repo https://github.com/definedD4/my-ui already has a lockfile, it will not be regenerated
[INFO] running `Command { std: CARGO_HOME="/workspace/cargo-home" RUSTUP_HOME="/workspace/rustup-home" "/workspace/cargo-home/bin/cargo" "+1.69.0" "fetch" "--manifest-path" "Cargo.toml", kill_on_drop: false }`
[INFO] [stderr]  Downloading crates ...
[INFO] [stderr]   Downloaded serde v0.9.10
[INFO] [stderr]   Downloaded serde_json v0.9.8
[INFO] [stderr]   Downloaded gcc v0.3.43
[INFO] [stderr]   Downloaded backtrace-sys v0.1.10
[INFO] [stderr]   Downloaded glium v0.16.0
[INFO] running `Command { std: "docker" "create" "-v" "/var/lib/crater-agent-workspace/builds/worker-6-tc1/target:/opt/rustwide/target:rw,Z" "-v" "/var/lib/crater-agent-workspace/builds/worker-6-tc1/source:/opt/rustwide/workdir:ro,Z" "-v" "/var/lib/crater-agent-workspace/cargo-home:/opt/rustwide/cargo-home:ro,Z" "-v" "/var/lib/crater-agent-workspace/rustup-home:/opt/rustwide/rustup-home:ro,Z" "-e" "SOURCE_DIR=/opt/rustwide/workdir" "-e" "CARGO_TARGET_DIR=/opt/rustwide/target" "-e" "CARGO_HOME=/opt/rustwide/cargo-home" "-e" "RUSTUP_HOME=/opt/rustwide/rustup-home" "-w" "/opt/rustwide/workdir" "-m" "1610612736" "--user" "0:0" "--network" "none" "ghcr.io/rust-lang/crates-build-env/linux@sha256:5ff2268d62e97bff2cde7d5815dd6ed5b47097566f13b8d0ca110b04b60e07ed" "/opt/rustwide/cargo-home/bin/cargo" "+1.69.0" "metadata" "--no-deps" "--format-version=1", kill_on_drop: false }`
[INFO] [stdout] 2627fc76218e250bddca3f903a75097feb5e7042c873382f7a2bcf6d90d5c948
[INFO] running `Command { std: "docker" "start" "-a" "2627fc76218e250bddca3f903a75097feb5e7042c873382f7a2bcf6d90d5c948", kill_on_drop: false }`
[INFO] running `Command { std: "docker" "inspect" "2627fc76218e250bddca3f903a75097feb5e7042c873382f7a2bcf6d90d5c948", kill_on_drop: false }`
[INFO] running `Command { std: "docker" "rm" "-f" "2627fc76218e250bddca3f903a75097feb5e7042c873382f7a2bcf6d90d5c948", kill_on_drop: false }`
[INFO] [stdout] 2627fc76218e250bddca3f903a75097feb5e7042c873382f7a2bcf6d90d5c948
[INFO] running `Command { std: "docker" "create" "-v" "/var/lib/crater-agent-workspace/builds/worker-6-tc1/target:/opt/rustwide/target:rw,Z" "-v" "/var/lib/crater-agent-workspace/builds/worker-6-tc1/source:/opt/rustwide/workdir:ro,Z" "-v" "/var/lib/crater-agent-workspace/cargo-home:/opt/rustwide/cargo-home:ro,Z" "-v" "/var/lib/crater-agent-workspace/rustup-home:/opt/rustwide/rustup-home:ro,Z" "-e" "SOURCE_DIR=/opt/rustwide/workdir" "-e" "CARGO_TARGET_DIR=/opt/rustwide/target" "-e" "CARGO_INCREMENTAL=0" "-e" "RUST_BACKTRACE=full" "-e" "RUSTFLAGS=--cap-lints=warn" "-e" "RUSTDOCFLAGS=--cap-lints=warn" "-e" "CARGO_HOME=/opt/rustwide/cargo-home" "-e" "RUSTUP_HOME=/opt/rustwide/rustup-home" "-w" "/opt/rustwide/workdir" "-m" "1610612736" "--user" "0:0" "--network" "none" "ghcr.io/rust-lang/crates-build-env/linux@sha256:5ff2268d62e97bff2cde7d5815dd6ed5b47097566f13b8d0ca110b04b60e07ed" "/opt/rustwide/cargo-home/bin/cargo" "+1.69.0" "build" "--frozen" "--message-format=json", kill_on_drop: false }`
[INFO] [stdout] d191f1c8ca74a798ca9bccd0f327eb8dd32fdf753bcb897619e1245f0cbac4e7
[INFO] running `Command { std: "docker" "start" "-a" "d191f1c8ca74a798ca9bccd0f327eb8dd32fdf753bcb897619e1245f0cbac4e7", kill_on_drop: false }`
[INFO] [stderr]    Compiling libc v0.2.21
[INFO] [stderr]    Compiling siphasher v0.2.1
[INFO] [stderr]    Compiling bitflags v0.7.0
[INFO] [stderr]    Compiling winapi-build v0.1.1
[INFO] [stderr]    Compiling num-traits v0.1.37
[INFO] [stderr]    Compiling serde v0.9.10
[INFO] [stderr]    Compiling dtoa v0.4.1
[INFO] [stderr]    Compiling itoa v0.3.1
[INFO] [stderr]    Compiling lazy_static v0.2.2
[INFO] [stderr]    Compiling winapi v0.2.8
[INFO] [stderr]    Compiling semver v0.1.20
[INFO] [stderr]    Compiling khronos_api v1.0.0
[INFO] [stderr]    Compiling log v0.3.6
[INFO] [stderr]    Compiling pkg-config v0.3.9
[INFO] [stderr]    Compiling gcc v0.3.43
[INFO] [stderr]    Compiling byteorder v1.0.0
[INFO] [stderr]    Compiling xml-rs v0.3.6
[INFO] [stderr]    Compiling backtrace v0.2.3
[INFO] [stderr]    Compiling cfg-if v0.1.0
[INFO] [stderr]    Compiling rustc-demangle v0.1.4
[INFO] [stderr]    Compiling phf_shared v0.7.21
[INFO] [stderr]    Compiling smallvec v0.1.8
[INFO] [stderr]    Compiling kernel32-sys v0.2.2
[INFO] [stderr]    Compiling dbghelp-sys v0.2.0
[INFO] [stderr]    Compiling fnv v1.0.5
[INFO] [stderr]    Compiling rustc_version v0.1.7
[INFO] [stderr]    Compiling rand v0.3.15
[INFO] [stderr]    Compiling phf v0.7.21
[INFO] [stderr]    Compiling shared_library v0.1.5
[INFO] [stderr]    Compiling x11-dl v2.12.0
[INFO] [stderr]    Compiling tempfile v2.1.5
[INFO] [stderr]    Compiling osmesa-sys v0.1.2
[INFO] [stderr]    Compiling backtrace-sys v0.1.10
[INFO] [stderr]    Compiling fs2 v0.2.5
[INFO] [stderr]    Compiling memmap v0.4.0
[INFO] [stderr]    Compiling wayland-scanner v0.7.8
[INFO] [stderr]    Compiling gl_generator v0.5.2
[INFO] [stderr]    Compiling phf_generator v0.7.21
[INFO] [stderr]    Compiling phf_codegen v0.7.21
[INFO] [stderr]    Compiling target_build_utils v0.3.0
[INFO] [stderr]    Compiling wayland-client v0.7.8
[INFO] [stderr]    Compiling glutin v0.7.4
[INFO] [stderr]    Compiling glium v0.16.0
[INFO] [stderr]    Compiling serde_json v0.9.8
[INFO] [stderr]    Compiling libloading v0.3.2
[INFO] [stderr]    Compiling dlib v0.3.1
[INFO] [stderr]    Compiling wayland-sys v0.7.8
[INFO] [stderr]    Compiling wayland-window v0.4.4
[INFO] [stderr]    Compiling wayland-kbd v0.6.3
[INFO] [stderr]    Compiling winit v0.5.11
[INFO] [stderr]    Compiling my-ui v0.1.0 (/opt/rustwide/workdir)
[INFO] [stdout] warning: unused import: `glium::glutin`
[INFO] [stdout]  --> src/render.rs:3:5
[INFO] [stdout]   |
[INFO] [stdout] 3 | use glium::glutin;
[INFO] [stdout]   |     ^^^^^^^^^^^^^
[INFO] [stdout]   |
[INFO] [stdout]   = note: `#[warn(unused_imports)]` on by default
[INFO] [stdout] 
[INFO] [stdout] 
[INFO] [stdout] warning: unused import: `std::any::Any`
[INFO] [stdout]   --> src/main.rs:18:5
[INFO] [stdout]    |
[INFO] [stdout] 18 | use std::any::Any;
[INFO] [stdout]    |     ^^^^^^^^^^^^^
[INFO] [stdout] 
[INFO] [stdout] 
[INFO] [stdout] error[E0554]: `#![feature]` may not be used on the stable release channel
[INFO] [stdout]  --> src/main.rs:1:12
[INFO] [stdout]   |
[INFO] [stdout] 1 | #![feature(ptr_eq)]
[INFO] [stdout]   |            ^^^^^^
[INFO] [stdout] 
[INFO] [stdout] 
[INFO] [stdout] error[E0554]: `#![feature]` may not be used on the stable release channel
[INFO] [stdout]  --> src/main.rs:2:12
[INFO] [stdout]   |
[INFO] [stdout] 2 | #![feature(get_type_id)]
[INFO] [stdout]   |            ^^^^^^^^^^^
[INFO] [stdout] 
[INFO] [stdout] 
[INFO] [stdout] warning: the feature `get_type_id` has been stable since 1.34.0 and no longer requires an attribute to enable
[INFO] [stdout]  --> src/main.rs:2:12
[INFO] [stdout]   |
[INFO] [stdout] 2 | #![feature(get_type_id)]
[INFO] [stdout]   |            ^^^^^^^^^^^
[INFO] [stdout]   |
[INFO] [stdout]   = note: `#[warn(stable_features)]` on by default
[INFO] [stdout] 
[INFO] [stdout] 
[INFO] [stdout] warning: the feature `ptr_eq` has been stable since 1.17.0 and no longer requires an attribute to enable
[INFO] [stdout]  --> src/main.rs:1:12
[INFO] [stdout]   |
[INFO] [stdout] 1 | #![feature(ptr_eq)]
[INFO] [stdout]   |            ^^^^^^
[INFO] [stdout] 
[INFO] [stdout] 
[INFO] [stdout] warning: trait objects without an explicit `dyn` are deprecated
[INFO] [stdout]   --> src/tree.rs:48:34
[INFO] [stdout]    |
[INFO] [stdout] 48 | type ElementBox = Rc<RefCell<Box<Element + 'static>>>;
[INFO] [stdout]    |                                  ^^^^^^^^^^^^^^^^^
[INFO] [stdout]    |
[INFO] [stdout]    = warning: this is accepted in the current edition (Rust 2015) but is a hard error in Rust 2021!
[INFO] [stdout]    = note: for more information, see <https://doc.rust-lang.org/nightly/edition-guide/rust-2021/warnings-promoted-to-error.html>
[INFO] [stdout]    = note: `#[warn(bare_trait_objects)]` on by default
[INFO] [stdout] help: use `dyn`
[INFO] [stdout]    |
[INFO] [stdout] 48 | type ElementBox = Rc<RefCell<Box<dyn Element + 'static>>>;
[INFO] [stdout]    |                                  +++
[INFO] [stdout] 
[INFO] [stdout] 
[INFO] [stdout] warning: trait objects without an explicit `dyn` are deprecated
[INFO] [stdout]   --> src/tree.rs:49:40
[INFO] [stdout]    |
[INFO] [stdout] 49 | type ElementWeakBox = Weak<RefCell<Box<Element + 'static>>>;
[INFO] [stdout]    |                                        ^^^^^^^^^^^^^^^^^
[INFO] [stdout]    |
[INFO] [stdout]    = warning: this is accepted in the current edition (Rust 2015) but is a hard error in Rust 2021!
[INFO] [stdout]    = note: for more information, see <https://doc.rust-lang.org/nightly/edition-guide/rust-2021/warnings-promoted-to-error.html>
[INFO] [stdout] help: use `dyn`
[INFO] [stdout]    |
[INFO] [stdout] 49 | type ElementWeakBox = Weak<RefCell<Box<dyn Element + 'static>>>;
[INFO] [stdout]    |                                        +++
[INFO] [stdout] 
[INFO] [stdout] 
[INFO] [stdout] warning: trait objects without an explicit `dyn` are deprecated
[INFO] [stdout]   --> src/window.rs:19:25
[INFO] [stdout]    |
[INFO] [stdout] 19 |     content: Option<Box<Element>>,
[INFO] [stdout]    |                         ^^^^^^^
[INFO] [stdout]    |
[INFO] [stdout]    = warning: this is accepted in the current edition (Rust 2015) but is a hard error in Rust 2021!
[INFO] [stdout]    = note: for more information, see <https://doc.rust-lang.org/nightly/edition-guide/rust-2021/warnings-promoted-to-error.html>
[INFO] [stdout] help: use `dyn`
[INFO] [stdout]    |
[INFO] [stdout] 19 |     content: Option<Box<dyn Element>>,
[INFO] [stdout]    |                         +++
[INFO] [stdout] 
[INFO] [stdout] 
[INFO] [stdout] warning: trait objects without an explicit `dyn` are deprecated
[INFO] [stdout]   --> src/property.rs:42:17
[INFO] [stdout]    |
[INFO] [stdout] 42 |     source: Box<ValueSource<T>>,
[INFO] [stdout]    |                 ^^^^^^^^^^^^^^
[INFO] [stdout]    |
[INFO] [stdout]    = warning: this is accepted in the current edition (Rust 2015) but is a hard error in Rust 2021!
[INFO] [stdout]    = note: for more information, see <https://doc.rust-lang.org/nightly/edition-guide/rust-2021/warnings-promoted-to-error.html>
[INFO] [stdout] help: use `dyn`
[INFO] [stdout]    |
[INFO] [stdout] 42 |     source: Box<dyn ValueSource<T>>,
[INFO] [stdout]    |                 +++
[INFO] [stdout] 
[INFO] [stdout] 
[INFO] [stdout] warning: trait objects without an explicit `dyn` are deprecated
[INFO] [stdout]   --> src/main.rs:94:48
[INFO] [stdout]    |
[INFO] [stdout] 94 |     pub fn set_content(&mut self, content: Box<Element>) -> NodeRef {
[INFO] [stdout]    |                                                ^^^^^^^
[INFO] [stdout]    |
[INFO] [stdout]    = warning: this is accepted in the current edition (Rust 2015) but is a hard error in Rust 2021!
[INFO] [stdout]    = note: for more information, see <https://doc.rust-lang.org/nightly/edition-guide/rust-2021/warnings-promoted-to-error.html>
[INFO] [stdout] help: use `dyn`
[INFO] [stdout]    |
[INFO] [stdout] 94 |     pub fn set_content(&mut self, content: Box<dyn Element>) -> NodeRef {
[INFO] [stdout]    |                                                +++
[INFO] [stdout] 
[INFO] [stdout] 
[INFO] [stdout] warning: trait objects without an explicit `dyn` are deprecated
[INFO] [stdout]    --> src/main.rs:126:45
[INFO] [stdout]     |
[INFO] [stdout] 126 |     pub fn add_item(&mut self, element: Box<Element>) -> NodeRef {
[INFO] [stdout]     |                                             ^^^^^^^
[INFO] [stdout]     |
[INFO] [stdout]     = warning: this is accepted in the current edition (Rust 2015) but is a hard error in Rust 2021!
[INFO] [stdout]     = note: for more information, see <https://doc.rust-lang.org/nightly/edition-guide/rust-2021/warnings-promoted-to-error.html>
[INFO] [stdout] help: use `dyn`
[INFO] [stdout]     |
[INFO] [stdout] 126 |     pub fn add_item(&mut self, element: Box<dyn Element>) -> NodeRef {
[INFO] [stdout]     |                                             +++
[INFO] [stdout] 
[INFO] [stdout] 
[INFO] [stdout] warning: trait objects without an explicit `dyn` are deprecated
[INFO] [stdout]   --> src/tree.rs:15:6
[INFO] [stdout]    |
[INFO] [stdout] 15 | impl Element {
[INFO] [stdout]    |      ^^^^^^^
[INFO] [stdout]    |
[INFO] [stdout]    = warning: this is accepted in the current edition (Rust 2015) but is a hard error in Rust 2021!
[INFO] [stdout]    = note: for more information, see <https://doc.rust-lang.org/nightly/edition-guide/rust-2021/warnings-promoted-to-error.html>
[INFO] [stdout] help: use `dyn`
[INFO] [stdout]    |
[INFO] [stdout] 15 | impl dyn Element {
[INFO] [stdout]    |      +++
[INFO] [stdout] 
[INFO] [stdout] 
[INFO] [stdout] warning: trait objects without an explicit `dyn` are deprecated
[INFO] [stdout]   --> src/tree.rs:79:30
[INFO] [stdout]    |
[INFO] [stdout] 79 |     fn new_node(element: Box<Element + 'static>, parrent: Option<NodeWeakRef>) -> NodeRef {
[INFO] [stdout]    |                              ^^^^^^^^^^^^^^^^^
[INFO] [stdout]    |
[INFO] [stdout]    = warning: this is accepted in the current edition (Rust 2015) but is a hard error in Rust 2021!
[INFO] [stdout]    = note: for more information, see <https://doc.rust-lang.org/nightly/edition-guide/rust-2021/warnings-promoted-to-error.html>
[INFO] [stdout] help: use `dyn`
[INFO] [stdout]    |
[INFO] [stdout] 79 |     fn new_node(element: Box<dyn Element + 'static>, parrent: Option<NodeWeakRef>) -> NodeRef {
[INFO] [stdout]    |                              +++
[INFO] [stdout] 
[INFO] [stdout] 
[INFO] [stdout] warning: trait objects without an explicit `dyn` are deprecated
[INFO] [stdout]   --> src/tree.rs:97:44
[INFO] [stdout]    |
[INFO] [stdout] 97 |     pub fn add_child(&mut self, child: Box<Element + 'static>) -> NodeRef {
[INFO] [stdout]    |                                            ^^^^^^^^^^^^^^^^^
[INFO] [stdout]    |
[INFO] [stdout]    = warning: this is accepted in the current edition (Rust 2015) but is a hard error in Rust 2021!
[INFO] [stdout]    = note: for more information, see <https://doc.rust-lang.org/nightly/edition-guide/rust-2021/warnings-promoted-to-error.html>
[INFO] [stdout] help: use `dyn`
[INFO] [stdout]    |
[INFO] [stdout] 97 |     pub fn add_child(&mut self, child: Box<dyn Element + 'static>) -> NodeRef {
[INFO] [stdout]    |                                            +++
[INFO] [stdout] 
[INFO] [stdout] 
[INFO] [stdout] warning: trait objects without an explicit `dyn` are deprecated
[INFO] [stdout]    --> src/tree.rs:116:34
[INFO] [stdout]     |
[INFO] [stdout] 116 |     pub fn element(&self) -> Ref<Element + 'static> {
[INFO] [stdout]     |                                  ^^^^^^^^^^^^^^^^^
[INFO] [stdout]     |
[INFO] [stdout]     = warning: this is accepted in the current edition (Rust 2015) but is a hard error in Rust 2021!
[INFO] [stdout]     = note: for more information, see <https://doc.rust-lang.org/nightly/edition-guide/rust-2021/warnings-promoted-to-error.html>
[INFO] [stdout] help: use `dyn`
[INFO] [stdout]     |
[INFO] [stdout] 116 |     pub fn element(&self) -> Ref<dyn Element + 'static> {
[INFO] [stdout]     |                                  +++
[INFO] [stdout] 
[INFO] [stdout] 
[INFO] [stdout] warning: trait objects without an explicit `dyn` are deprecated
[INFO] [stdout]    --> src/tree.rs:120:41
[INFO] [stdout]     |
[INFO] [stdout] 120 |     pub fn element_mut(&self) -> RefMut<Element + 'static> {
[INFO] [stdout]     |                                         ^^^^^^^^^^^^^^^^^
[INFO] [stdout]     |
[INFO] [stdout]     = warning: this is accepted in the current edition (Rust 2015) but is a hard error in Rust 2021!
[INFO] [stdout]     = note: for more information, see <https://doc.rust-lang.org/nightly/edition-guide/rust-2021/warnings-promoted-to-error.html>
[INFO] [stdout] help: use `dyn`
[INFO] [stdout]     |
[INFO] [stdout] 120 |     pub fn element_mut(&self) -> RefMut<dyn Element + 'static> {
[INFO] [stdout]     |                                         +++
[INFO] [stdout] 
[INFO] [stdout] 
[INFO] [stdout] warning: trait objects without an explicit `dyn` are deprecated
[INFO] [stdout]    --> src/tree.rs:218:52
[INFO] [stdout]     |
[INFO] [stdout] 218 |     pub fn set_root(&mut self, element: Option<Box<Element>>) -> Option<NodeRef> {
[INFO] [stdout]     |                                                    ^^^^^^^
[INFO] [stdout]     |
[INFO] [stdout]     = warning: this is accepted in the current edition (Rust 2015) but is a hard error in Rust 2021!
[INFO] [stdout]     = note: for more information, see <https://doc.rust-lang.org/nightly/edition-guide/rust-2021/warnings-promoted-to-error.html>
[INFO] [stdout] help: use `dyn`
[INFO] [stdout]     |
[INFO] [stdout] 218 |     pub fn set_root(&mut self, element: Option<Box<dyn Element>>) -> Option<NodeRef> {
[INFO] [stdout]     |                                                    +++
[INFO] [stdout] 
[INFO] [stdout] 
[INFO] [stdout] warning: trait objects without an explicit `dyn` are deprecated
[INFO] [stdout]   --> src/window.rs:34:48
[INFO] [stdout]    |
[INFO] [stdout] 34 |     pub fn set_content(&mut self, element: Box<Element>) -> NodeRef {
[INFO] [stdout]    |                                                ^^^^^^^
[INFO] [stdout]    |
[INFO] [stdout]    = warning: this is accepted in the current edition (Rust 2015) but is a hard error in Rust 2021!
[INFO] [stdout]    = note: for more information, see <https://doc.rust-lang.org/nightly/edition-guide/rust-2021/warnings-promoted-to-error.html>
[INFO] [stdout] help: use `dyn`
[INFO] [stdout]    |
[INFO] [stdout] 34 |     pub fn set_content(&mut self, element: Box<dyn Element>) -> NodeRef {
[INFO] [stdout]    |                                                +++
[INFO] [stdout] 
[INFO] [stdout] 
[INFO] [stdout] warning: trait objects without an explicit `dyn` are deprecated
[INFO] [stdout]   --> src/property.rs:52:79
[INFO] [stdout]    |
[INFO] [stdout] 52 |     pub fn new<S: Into<String>>(name: S, access_type: AccessType, source: Box<ValueSource<T>>) -> Result<Property<T>, String> {
[INFO] [stdout]    |                                                                               ^^^^^^^^^^^^^^
[INFO] [stdout]    |
[INFO] [stdout]    = warning: this is accepted in the current edition (Rust 2015) but is a hard error in Rust 2021!
[INFO] [stdout]    = note: for more information, see <https://doc.rust-lang.org/nightly/edition-guide/rust-2021/warnings-promoted-to-error.html>
[INFO] [stdout] help: use `dyn`
[INFO] [stdout]    |
[INFO] [stdout] 52 |     pub fn new<S: Into<String>>(name: S, access_type: AccessType, source: Box<dyn ValueSource<T>>) -> Result<Property<T>, String> {
[INFO] [stdout]    |                                                                               +++
[INFO] [stdout] 
[INFO] [stdout] 
[INFO] [stdout] warning: trait objects without an explicit `dyn` are deprecated
[INFO] [stdout]  --> src/msg.rs:3:6
[INFO] [stdout]   |
[INFO] [stdout] 3 | impl Message {
[INFO] [stdout]   |      ^^^^^^^
[INFO] [stdout]   |
[INFO] [stdout]   = warning: this is accepted in the current edition (Rust 2015) but is a hard error in Rust 2021!
[INFO] [stdout]   = note: for more information, see <https://doc.rust-lang.org/nightly/edition-guide/rust-2021/warnings-promoted-to-error.html>
[INFO] [stdout] help: use `dyn`
[INFO] [stdout]   |
[INFO] [stdout] 3 | impl dyn Message {
[INFO] [stdout]   |      +++
[INFO] [stdout] 
[INFO] [stdout] 
[INFO] [stdout] warning: trait objects without an explicit `dyn` are deprecated
[INFO] [stdout]  --> src/msg.rs:8:47
[INFO] [stdout]   |
[INFO] [stdout] 8 |     pub fn cast<T: Message + Sized>(self: Box<Message>) -> Option<T> {
[INFO] [stdout]   |                                               ^^^^^^^
[INFO] [stdout]   |
[INFO] [stdout]   = warning: this is accepted in the current edition (Rust 2015) but is a hard error in Rust 2021!
[INFO] [stdout]   = note: for more information, see <https://doc.rust-lang.org/nightly/edition-guide/rust-2021/warnings-promoted-to-error.html>
[INFO] [stdout] help: use `dyn`
[INFO] [stdout]   |
[INFO] [stdout] 8 |     pub fn cast<T: Message + Sized>(self: Box<dyn Message>) -> Option<T> {
[INFO] [stdout]   |                                               +++
[INFO] [stdout] 
[INFO] [stdout] 
[INFO] [stdout] error[E0599]: no method named `get_type_id` found for reference `&(dyn tree::Element + 'static)` in the current scope
[INFO] [stdout]   --> src/tree.rs:19:26
[INFO] [stdout]    |
[INFO] [stdout] 19 |         let boxed = self.get_type_id();
[INFO] [stdout]    |                          ^^^^^^^^^^^ help: there is a method with a similar name: `type_id`
[INFO] [stdout] 
[INFO] [stdout] 
[INFO] [stdout] warning: trait objects without an explicit `dyn` are deprecated
[INFO] [stdout]   --> src/tree.rs:27:40
[INFO] [stdout]    |
[INFO] [stdout] 27 |                 Some(&*(self as *const Element as *const T))
[INFO] [stdout]    |                                        ^^^^^^^
[INFO] [stdout]    |
[INFO] [stdout]    = warning: this is accepted in the current edition (Rust 2015) but is a hard error in Rust 2021!
[INFO] [stdout]    = note: for more information, see <https://doc.rust-lang.org/nightly/edition-guide/rust-2021/warnings-promoted-to-error.html>
[INFO] [stdout] help: use `dyn`
[INFO] [stdout]    |
[INFO] [stdout] 27 |                 Some(&*(self as *const dyn Element as *const T))
[INFO] [stdout]    |                                        +++
[INFO] [stdout] 
[INFO] [stdout] 
[INFO] [stdout] warning: trait objects without an explicit `dyn` are deprecated
[INFO] [stdout]   --> src/tree.rs:38:42
[INFO] [stdout]    |
[INFO] [stdout] 38 |                 Some(&mut *(self as *mut Element as *mut T))
[INFO] [stdout]    |                                          ^^^^^^^
[INFO] [stdout]    |
[INFO] [stdout]    = warning: this is accepted in the current edition (Rust 2015) but is a hard error in Rust 2021!
[INFO] [stdout]    = note: for more information, see <https://doc.rust-lang.org/nightly/edition-guide/rust-2021/warnings-promoted-to-error.html>
[INFO] [stdout] help: use `dyn`
[INFO] [stdout]    |
[INFO] [stdout] 38 |                 Some(&mut *(self as *mut dyn Element as *mut T))
[INFO] [stdout]    |                                          +++
[INFO] [stdout] 
[INFO] [stdout] 
[INFO] [stdout] error[E0599]: no method named `get_type_id` found for reference `&(dyn Message + 'static)` in the current scope
[INFO] [stdout]  --> src/msg.rs:5:14
[INFO] [stdout]   |
[INFO] [stdout] 5 |         self.get_type_id()
[INFO] [stdout]   |              ^^^^^^^^^^^ help: there is a method with a similar name: `get_message_type_id`
[INFO] [stdout] 
[INFO] [stdout] 
[INFO] [stdout] error: aborting due to 4 previous errors; 22 warnings emitted
[INFO] [stdout] 
[INFO] [stdout] 
[INFO] [stdout] Some errors have detailed explanations: E0554, E0599.
[INFO] [stdout] 
[INFO] [stdout] For more information about an error, try `rustc --explain E0554`.
[INFO] [stdout] 
[INFO] [stderr] error: could not compile `my-ui` due to 5 previous errors; 22 warnings emitted
[INFO] running `Command { std: "docker" "inspect" "d191f1c8ca74a798ca9bccd0f327eb8dd32fdf753bcb897619e1245f0cbac4e7", kill_on_drop: false }`
[INFO] running `Command { std: "docker" "rm" "-f" "d191f1c8ca74a798ca9bccd0f327eb8dd32fdf753bcb897619e1245f0cbac4e7", kill_on_drop: false }`
[INFO] [stdout] d191f1c8ca74a798ca9bccd0f327eb8dd32fdf753bcb897619e1245f0cbac4e7
