[INFO] cloning repository https://github.com/defcronyke/game-engine
[INFO] running `Command { std: "git" "-c" "credential.helper=" "-c" "credential.helper=/workspace/cargo-home/bin/git-credential-null" "clone" "--bare" "https://github.com/defcronyke/game-engine" "/workspace/cache/git-repos/https%3A%2F%2Fgithub.com%2Fdefcronyke%2Fgame-engine", kill_on_drop: false }`
[INFO] [stderr] Cloning into bare repository '/workspace/cache/git-repos/https%3A%2F%2Fgithub.com%2Fdefcronyke%2Fgame-engine'...
[INFO] running `Command { std: "git" "rev-parse" "HEAD", kill_on_drop: false }`
[INFO] [stdout] bbaa49c77e12497d42846bc9c4aa66fead90b806
[INFO] testing defcronyke/game-engine against 1.69.0 for beta-1.70-1
[INFO] running `Command { std: "git" "clone" "/workspace/cache/git-repos/https%3A%2F%2Fgithub.com%2Fdefcronyke%2Fgame-engine" "/workspace/builds/worker-0-tc1/source", kill_on_drop: false }`
[INFO] [stderr] Cloning into '/workspace/builds/worker-0-tc1/source'...
[INFO] [stderr] done.
[INFO] validating manifest of git repo https://github.com/defcronyke/game-engine on toolchain 1.69.0
[INFO] running `Command { std: CARGO_HOME="/workspace/cargo-home" RUSTUP_HOME="/workspace/rustup-home" "/workspace/cargo-home/bin/cargo" "+1.69.0" "metadata" "--manifest-path" "Cargo.toml" "--no-deps", kill_on_drop: false }`
[INFO] started tweaking git repo https://github.com/defcronyke/game-engine
[INFO] finished tweaking git repo https://github.com/defcronyke/game-engine
[INFO] tweaked toml for git repo https://github.com/defcronyke/game-engine written to /workspace/builds/worker-0-tc1/source/Cargo.toml
[INFO] crate git repo https://github.com/defcronyke/game-engine already has a lockfile, it will not be regenerated
[INFO] running `Command { std: CARGO_HOME="/workspace/cargo-home" RUSTUP_HOME="/workspace/rustup-home" "/workspace/cargo-home/bin/cargo" "+1.69.0" "fetch" "--manifest-path" "Cargo.toml", kill_on_drop: false }`
[INFO] [stderr]  Downloading crates ...
[INFO] [stderr]   Downloaded vulkano-win v0.9.0
[INFO] [stderr]   Downloaded wayland-window v0.13.2
[INFO] [stderr]   Downloaded smallvec v0.6.0
[INFO] [stderr]   Downloaded vk-sys v0.3.3
[INFO] [stderr]   Downloaded cc v1.0.7
[INFO] [stderr]   Downloaded core-foundation-sys v0.4.6
[INFO] [stderr]   Downloaded gltf-utils v0.10.1
[INFO] [stderr]   Downloaded gltf-importer v0.10.1
[INFO] [stderr]   Downloaded vulkano-shader-derive v0.9.0
[INFO] [stderr]   Downloaded remove_dir_all v0.3.0
[INFO] [stderr]   Downloaded serde_derive_internals v0.20.1
[INFO] [stderr]   Downloaded cmake v0.1.29
[INFO] [stderr]   Downloaded either v1.4.0
[INFO] [stderr]   Downloaded vulkano-shaders v0.9.0
[INFO] [stderr]   Downloaded half v1.0.2
[INFO] [stderr]   Downloaded tempdir v0.3.6
[INFO] [stderr]   Downloaded core-foundation v0.4.6
[INFO] [stderr]   Downloaded core-graphics v0.12.4
[INFO] [stderr]   Downloaded serde_derive v1.0.32
[INFO] [stderr]   Downloaded crossbeam-epoch v0.3.0
[INFO] [stderr]   Downloaded num-traits v0.2.1
[INFO] [stderr]   Downloaded cocoa v0.13.0
[INFO] [stderr]   Downloaded metal-rs v0.6.6
[INFO] [stderr]   Downloaded shared_library v0.1.8
[INFO] [stderr]   Downloaded serde v1.0.32
[INFO] [stderr]   Downloaded cgmath v0.16.0
[INFO] [stderr]   Downloaded serde_json v1.0.11
[INFO] [stderr]   Downloaded x11-dl v2.17.3
[INFO] [stderr]   Downloaded vulkano v0.9.0
[INFO] [stderr]   Downloaded rayon v1.0.0
[INFO] [stderr]   Downloaded glsl-to-spirv v0.1.4
[INFO] [stderr]   Downloaded winit v0.11.2
[INFO] running `Command { std: "docker" "create" "-v" "/var/lib/crater-agent-workspace/builds/worker-0-tc1/target:/opt/rustwide/target:rw,Z" "-v" "/var/lib/crater-agent-workspace/builds/worker-0-tc1/source:/opt/rustwide/workdir:ro,Z" "-v" "/var/lib/crater-agent-workspace/cargo-home:/opt/rustwide/cargo-home:ro,Z" "-v" "/var/lib/crater-agent-workspace/rustup-home:/opt/rustwide/rustup-home:ro,Z" "-e" "SOURCE_DIR=/opt/rustwide/workdir" "-e" "CARGO_TARGET_DIR=/opt/rustwide/target" "-e" "CARGO_HOME=/opt/rustwide/cargo-home" "-e" "RUSTUP_HOME=/opt/rustwide/rustup-home" "-w" "/opt/rustwide/workdir" "-m" "1610612736" "--user" "0:0" "--network" "none" "ghcr.io/rust-lang/crates-build-env/linux@sha256:5ff2268d62e97bff2cde7d5815dd6ed5b47097566f13b8d0ca110b04b60e07ed" "/opt/rustwide/cargo-home/bin/cargo" "+1.69.0" "metadata" "--no-deps" "--format-version=1", kill_on_drop: false }`
[INFO] [stdout] 413d38edc762c89c149246f8ea5a37e0a30dfe2c15ade5715163536702d66474
[INFO] running `Command { std: "docker" "start" "-a" "413d38edc762c89c149246f8ea5a37e0a30dfe2c15ade5715163536702d66474", kill_on_drop: false }`
[INFO] running `Command { std: "docker" "inspect" "413d38edc762c89c149246f8ea5a37e0a30dfe2c15ade5715163536702d66474", kill_on_drop: false }`
[INFO] running `Command { std: "docker" "rm" "-f" "413d38edc762c89c149246f8ea5a37e0a30dfe2c15ade5715163536702d66474", kill_on_drop: false }`
[INFO] [stdout] 413d38edc762c89c149246f8ea5a37e0a30dfe2c15ade5715163536702d66474
[INFO] running `Command { std: "docker" "create" "-v" "/var/lib/crater-agent-workspace/builds/worker-0-tc1/target:/opt/rustwide/target:rw,Z" "-v" "/var/lib/crater-agent-workspace/builds/worker-0-tc1/source:/opt/rustwide/workdir:ro,Z" "-v" "/var/lib/crater-agent-workspace/cargo-home:/opt/rustwide/cargo-home:ro,Z" "-v" "/var/lib/crater-agent-workspace/rustup-home:/opt/rustwide/rustup-home:ro,Z" "-e" "SOURCE_DIR=/opt/rustwide/workdir" "-e" "CARGO_TARGET_DIR=/opt/rustwide/target" "-e" "CARGO_INCREMENTAL=0" "-e" "RUST_BACKTRACE=full" "-e" "RUSTFLAGS=--cap-lints=warn" "-e" "RUSTDOCFLAGS=--cap-lints=warn" "-e" "CARGO_HOME=/opt/rustwide/cargo-home" "-e" "RUSTUP_HOME=/opt/rustwide/rustup-home" "-w" "/opt/rustwide/workdir" "-m" "1610612736" "--user" "0:0" "--network" "none" "ghcr.io/rust-lang/crates-build-env/linux@sha256:5ff2268d62e97bff2cde7d5815dd6ed5b47097566f13b8d0ca110b04b60e07ed" "/opt/rustwide/cargo-home/bin/cargo" "+1.69.0" "build" "--frozen" "--message-format=json", kill_on_drop: false }`
[INFO] [stdout] 37cbe08daa03c1fd7e86a32f53ffa27607907092c502389f776da947c6b203aa
[INFO] running `Command { std: "docker" "start" "-a" "37cbe08daa03c1fd7e86a32f53ffa27607907092c502389f776da947c6b203aa", kill_on_drop: false }`
[INFO] [stderr]    Compiling libc v0.2.39
[INFO] [stderr]    Compiling cc v1.0.7
[INFO] [stderr]    Compiling bitflags v1.0.1
[INFO] [stderr]    Compiling lazy_static v1.0.0
[INFO] [stderr]    Compiling num-traits v0.2.1
[INFO] [stderr]    Compiling lazy_static v0.2.11
[INFO] [stderr]    Compiling unicode-xid v0.1.0
[INFO] [stderr]    Compiling winapi-build v0.1.1
[INFO] [stderr]    Compiling proc-macro2 v0.2.3
[INFO] [stderr]    Compiling byteorder v1.2.1
[INFO] [stderr]    Compiling unicode-xid v0.0.4
[INFO] [stderr]    Compiling xml-rs v0.7.0
[INFO] [stderr]    Compiling kernel32-sys v0.2.2
[INFO] [stderr]    Compiling synom v0.11.3
[INFO] [stderr]    Compiling nodrop v0.1.12
[INFO] [stderr]    Compiling cfg-if v0.1.2
[INFO] [stderr]    Compiling rand v0.4.2
[INFO] [stderr]    Compiling quote v0.4.2
[INFO] [stderr]    Compiling quote v0.3.15
[INFO] [stderr]    Compiling arrayvec v0.4.7
[INFO] [stderr]    Compiling num-traits v0.1.43
[INFO] [stderr]    Compiling syn v0.12.14
[INFO] [stderr]    Compiling crossbeam-utils v0.2.2
[INFO] [stderr]    Compiling syn v0.11.11
[INFO] [stderr]    Compiling memoffset v0.2.1
[INFO] [stderr]    Compiling token_store v0.1.2
[INFO] [stderr]    Compiling wayland-scanner v0.12.5
[INFO] [stderr]    Compiling winapi v0.2.8
[INFO] [stderr]    Compiling scopeguard v0.3.3
[INFO] [stderr]    Compiling libloading v0.5.0
[INFO] [stderr]    Compiling crossbeam-epoch v0.3.0
[INFO] [stderr]    Compiling cmake v0.1.29
[INFO] [stderr]    Compiling rand v0.3.22
[INFO] [stderr]    Compiling wayland-client v0.12.5
[INFO] [stderr]    Compiling wayland-protocols v0.12.5
[INFO] [stderr]    Compiling rayon-core v1.4.0
[INFO] [stderr]    Compiling dlib v0.4.1
[INFO] [stderr]    Compiling dtoa v0.4.2
[INFO] [stderr]    Compiling approx v0.1.1
[INFO] [stderr]    Compiling wayland-sys v0.12.5
[INFO] [stderr]    Compiling inflections v1.1.1
[INFO] [stderr]    Compiling serde v1.0.32
[INFO] [stderr]    Compiling itoa v0.3.4
[INFO] [stderr]    Compiling pkg-config v0.3.9
[INFO] [stderr]    Compiling glsl-to-spirv v0.1.4
[INFO] [stderr]    Compiling serde_derive_internals v0.20.1
[INFO] [stderr]    Compiling gltf-derive v0.10.1
[INFO] [stderr]    Compiling x11-dl v2.17.3
[INFO] [stderr]    Compiling crossbeam-deque v0.2.0
[INFO] [stderr]    Compiling remove_dir_all v0.3.0
[INFO] [stderr]    Compiling num-integer v0.1.36
[INFO] [stderr]    Compiling memmap v0.6.2
[INFO] [stderr]    Compiling num_cpus v1.8.0
[INFO] [stderr]    Compiling adler32 v1.0.2
[INFO] [stderr]    Compiling tempdir v0.3.6
[INFO] [stderr]    Compiling cgmath v0.15.0
[INFO] [stderr]    Compiling tempfile v2.2.0
[INFO] [stderr]    Compiling serde_derive v1.0.32
[INFO] [stderr]    Compiling vulkano v0.9.0
[INFO] [stderr]    Compiling either v1.4.0
[INFO] [stderr]    Compiling rayon v1.0.0
[INFO] [stderr]    Compiling wayland-kbd v0.13.1
[INFO] [stderr]    Compiling deflate v0.7.17
[INFO] [stderr]    Compiling inflate v0.3.4
[INFO] [stderr]    Compiling wayland-window v0.13.2
[INFO] [stderr]    Compiling num-iter v0.1.35
[INFO] [stderr]    Compiling shared_library v0.1.8
[INFO] [stderr]    Compiling color_quant v1.0.0
[INFO] [stderr]    Compiling safemem v0.2.0
[INFO] [stderr]    Compiling percent-encoding v1.0.1
[INFO] [stderr]    Compiling fnv v1.0.6
[INFO] [stderr]    Compiling serde_json v1.0.11
[INFO] [stderr]    Compiling cgmath v0.16.0
[INFO] [stderr]    Compiling lzw v0.10.0
[INFO] [stderr]    Compiling vk-sys v0.3.3
[INFO] [stderr]    Compiling smallvec v0.6.0
[INFO] [stderr]    Compiling half v1.0.2
[INFO] [stderr]    Compiling crossbeam v0.3.2
[INFO] [stderr]    Compiling gif v0.9.2
[INFO] [stderr]    Compiling base64 v0.6.0
[INFO] [stderr]    Compiling png v0.11.0
[INFO] [stderr]    Compiling jpeg-decoder v0.1.14
[INFO] [stderr]    Compiling num-rational v0.1.42
[INFO] [stderr]    Compiling enum_primitive v0.1.1
[INFO] [stderr]    Compiling gltf-json v0.10.1
[INFO] [stderr]    Compiling winit v0.11.2
[INFO] [stderr]    Compiling scoped_threadpool v0.1.9
[INFO] [stderr]    Compiling image v0.18.0
[INFO] [stderr]    Compiling time v0.1.39
[INFO] [stderr]    Compiling gltf v0.10.1
[INFO] [stdout] error[E0597]: `buf` does not live long enough
[INFO] [stdout]    --> /opt/rustwide/cargo-home/registry/src/github.com-1ecc6299db9ec823/gltf-0.10.1/src/glb.rs:153:35
[INFO] [stdout]     |
[INFO] [stdout] 113 | impl<'a> Glb<'a> {
[INFO] [stdout]     |      -- lifetime `'a` defined here
[INFO] [stdout] ...
[INFO] [stdout] 149 |                 let mut buf = vec![0; glb_len as usize];
[INFO] [stdout]     |                     ------- binding `buf` declared here
[INFO] [stdout] ...
[INFO] [stdout] 153 |                     Self::from_v2(&buf)
[INFO] [stdout]     |                     --------------^^^^-
[INFO] [stdout]     |                     |             |
[INFO] [stdout]     |                     |             borrowed value does not live long enough
[INFO] [stdout]     |                     argument requires that `buf` is borrowed for `'a`
[INFO] [stdout] ...
[INFO] [stdout] 161 |             }
[INFO] [stdout]     |             - `buf` dropped here while still borrowed
[INFO] [stdout] 
[INFO] [stdout] 
[INFO] [stdout] error: aborting due to previous error
[INFO] [stdout] 
[INFO] [stdout] 
[INFO] [stdout] For more information about this error, try `rustc --explain E0597`.
[INFO] [stdout] 
[INFO] [stderr] error: could not compile `gltf` due to 2 previous errors
[INFO] [stderr] warning: build failed, waiting for other jobs to finish...
[INFO] [stderr] error: failed to run custom build command for `glsl-to-spirv v0.1.4`
[INFO] [stderr] note: To improve backtraces for build dependencies, set the CARGO_PROFILE_DEV_BUILD_OVERRIDE_DEBUG=true environment variable to enable debug information generation.
[INFO] [stderr] 
[INFO] [stderr] Caused by:
[INFO] [stderr]   process didn't exit successfully: `/opt/rustwide/target/debug/build/glsl-to-spirv-bd2f3987cd449f3c/build-script-build` (exit status: 101)
[INFO] [stderr]   --- stdout
[INFO] [stderr]   cargo:rerun-if-changed=build/glslangValidator.exe
[INFO] [stderr]   running: cd "/opt/rustwide/target/debug/build/glsl-to-spirv-062f2e796072d7bf/out/build" && CMAKE_PREFIX_PATH="" "cmake" "/opt/rustwide/cargo-home/registry/src/github.com-1ecc6299db9ec823/glsl-to-spirv-0.1.4/glslang" "-DCMAKE_INSTALL_PREFIX=/opt/rustwide/target/debug/build/glsl-to-spirv-062f2e796072d7bf/out" "-DCMAKE_C_FLAGS= -ffunction-sections -fdata-sections -fPIC -m64" "-DCMAKE_C_COMPILER=/usr/bin/cc" "-DCMAKE_CXX_FLAGS= -ffunction-sections -fdata-sections -fPIC -m64" "-DCMAKE_CXX_COMPILER=/usr/bin/c++" "-DCMAKE_BUILD_TYPE=Debug"
[INFO] [stderr]   -- The C compiler identification is GNU 11.3.0
[INFO] [stderr]   -- The CXX compiler identification is GNU 11.3.0
[INFO] [stderr]   -- Detecting C compiler ABI info
[INFO] [stderr]   -- Detecting C compiler ABI info - done
[INFO] [stderr]   -- Check for working C compiler: /usr/bin/cc - skipped
[INFO] [stderr]   -- Detecting C compile features
[INFO] [stderr]   -- Detecting C compile features - done
[INFO] [stderr]   -- Detecting CXX compiler ABI info
[INFO] [stderr]   -- Detecting CXX compiler ABI info - done
[INFO] [stderr]   -- Check for working CXX compiler: /usr/bin/c++ - skipped
[INFO] [stderr]   -- Detecting CXX compile features
[INFO] [stderr]   -- Detecting CXX compile features - done
[INFO] [stderr]   -- Google Mock was not found - tests based on that will not build
[INFO] [stderr]   -- Configuring done
[INFO] [stderr]   -- Generating done
[INFO] [stderr]   -- Build files have been written to: /opt/rustwide/target/debug/build/glsl-to-spirv-062f2e796072d7bf/out/build
[INFO] [stderr]   running: cd "/opt/rustwide/target/debug/build/glsl-to-spirv-062f2e796072d7bf/out/build" && MAKEFLAGS="-j --jobserver-fds=11,12 --jobserver-auth=11,12" "cmake" "--build" "." "--target" "install" "--config" "Debug" "--"
[INFO] [stderr]   [  1%] Building CXX object hlsl/CMakeFiles/HLSL.dir/hlslAttributes.cpp.o
[INFO] [stderr]   [  3%] Building CXX object hlsl/CMakeFiles/HLSL.dir/hlslParseHelper.cpp.o
[INFO] [stderr]   [  5%] Building CXX object glslang/OSDependent/Unix/CMakeFiles/OSDependent.dir/ossource.cpp.o
[INFO] [stderr]   [  7%] Linking CXX static library libOSDependent.a
[INFO] [stderr]   [  7%] Built target OSDependent
[INFO] [stderr]   [  8%] Building CXX object OGLCompilersDLL/CMakeFiles/OGLCompiler.dir/InitializeDll.cpp.o
[INFO] [stderr]   [ 10%] Building CXX object StandAlone/CMakeFiles/glslang-default-resource-limits.dir/ResourceLimits.cpp.o
[INFO] [stderr]   [ 12%] Linking CXX static library libOGLCompiler.a
[INFO] [stderr]   [ 12%] Built target OGLCompiler
[INFO] [stderr]   [ 14%] Building CXX object SPIRV/CMakeFiles/SPVRemapper.dir/SPVRemapper.cpp.o
[INFO] [stderr]   [ 15%] Linking CXX static library libglslang-default-resource-limits.a
[INFO] [stderr]   [ 15%] Built target glslang-default-resource-limits
[INFO] [stderr]   [ 17%] Building CXX object SPIRV/CMakeFiles/SPVRemapper.dir/doc.cpp.o
[INFO] [stderr]   [ 19%] Building CXX object hlsl/CMakeFiles/HLSL.dir/hlslScanContext.cpp.o
[INFO] [stderr]   [ 21%] Building CXX object hlsl/CMakeFiles/HLSL.dir/hlslOpMap.cpp.o
[INFO] [stderr]   [ 22%] Building CXX object hlsl/CMakeFiles/HLSL.dir/hlslTokenStream.cpp.o
[INFO] [stderr]   [ 24%] Building CXX object hlsl/CMakeFiles/HLSL.dir/hlslGrammar.cpp.o
[INFO] [stderr]   [ 26%] Linking CXX static library libSPVRemapper.a
[INFO] [stderr]   [ 26%] Built target SPVRemapper
[INFO] [stderr] 
[INFO] [stderr]   --- stderr
[INFO] [stderr]   fatal: not a git repository (or any parent up to mount point /opt/rustwide)
[INFO] [stderr]   Stopping at filesystem boundary (GIT_DISCOVERY_ACROSS_FILESYSTEM not set).
[INFO] [stderr]   CMake Warning (dev) at /usr/share/cmake-3.22/Modules/GNUInstallDirs.cmake:239 (message):
[INFO] [stderr]     Unable to determine default CMAKE_INSTALL_LIBDIR directory because no
[INFO] [stderr]     target architecture is known.  Please enable at least one language before
[INFO] [stderr]     including GNUInstallDirs.
[INFO] [stderr]   Call Stack (most recent call first):
[INFO] [stderr]     CMakeLists.txt:7 (include)
[INFO] [stderr]   This warning is for project developers.  Use -Wno-dev to suppress it.
[INFO] [stderr] 
[INFO] [stderr]   c++: fatal error: Killed signal terminated program cc1plus
[INFO] [stderr]   compilation terminated.
[INFO] [stderr]   gmake[2]: *** [hlsl/CMakeFiles/HLSL.dir/build.make:90: hlsl/CMakeFiles/HLSL.dir/hlslParseHelper.cpp.o] Error 1
[INFO] [stderr]   gmake[2]: *** Waiting for unfinished jobs....
[INFO] [stderr]   gmake[1]: *** [CMakeFiles/Makefile2:1210: hlsl/CMakeFiles/HLSL.dir/all] Error 2
[INFO] [stderr]   gmake: *** [Makefile:146: all] Error 2
[INFO] [stderr]   thread 'main' panicked at '
[INFO] [stderr]   command did not execute successfully, got: exit status: 2
[INFO] [stderr] 
[INFO] [stderr]   build script failed, must exit now', /opt/rustwide/cargo-home/registry/src/github.com-1ecc6299db9ec823/cmake-0.1.29/src/lib.rs:632:5
[INFO] [stderr]   stack backtrace:
[INFO] [stderr]      0:     0x55fd65eb510a - std::backtrace_rs::backtrace::libunwind::trace::ha9053a9a07ca49cb
[INFO] [stderr]                                  at /rustc/84c898d65adf2f39a5a98507f1fe0ce10a2b8dbc/library/std/src/../../backtrace/src/backtrace/libunwind.rs:93:5
[INFO] [stderr]      1:     0x55fd65eb510a - std::backtrace_rs::backtrace::trace_unsynchronized::h9c2852a457ad564e
[INFO] [stderr]                                  at /rustc/84c898d65adf2f39a5a98507f1fe0ce10a2b8dbc/library/std/src/../../backtrace/src/backtrace/mod.rs:66:5
[INFO] [stderr]      2:     0x55fd65eb510a - std::sys_common::backtrace::_print_fmt::h457936fbfaa0070f
[INFO] [stderr]                                  at /rustc/84c898d65adf2f39a5a98507f1fe0ce10a2b8dbc/library/std/src/sys_common/backtrace.rs:65:5
[INFO] [stderr]      3:     0x55fd65eb510a - <std::sys_common::backtrace::_print::DisplayBacktrace as core::fmt::Display>::fmt::h5779d7bf7f70cb0c
[INFO] [stderr]                                  at /rustc/84c898d65adf2f39a5a98507f1fe0ce10a2b8dbc/library/std/src/sys_common/backtrace.rs:44:22
[INFO] [stderr]      4:     0x55fd65ed4f5e - core::fmt::write::h5a4baaff1bcd3eb5
[INFO] [stderr]                                  at /rustc/84c898d65adf2f39a5a98507f1fe0ce10a2b8dbc/library/core/src/fmt/mod.rs:1232:17
[INFO] [stderr]      5:     0x55fd65eb26c5 - std::io::Write::write_fmt::h4bc1f301cb9e9cce
[INFO] [stderr]                                  at /rustc/84c898d65adf2f39a5a98507f1fe0ce10a2b8dbc/library/std/src/io/mod.rs:1684:15
[INFO] [stderr]      6:     0x55fd65eb4ed5 - std::sys_common::backtrace::_print::h5fcdc36060f177e8
[INFO] [stderr]                                  at /rustc/84c898d65adf2f39a5a98507f1fe0ce10a2b8dbc/library/std/src/sys_common/backtrace.rs:47:5
[INFO] [stderr]      7:     0x55fd65eb4ed5 - std::sys_common::backtrace::print::h54ca9458b876c8bf
[INFO] [stderr]                                  at /rustc/84c898d65adf2f39a5a98507f1fe0ce10a2b8dbc/library/std/src/sys_common/backtrace.rs:34:9
[INFO] [stderr]      8:     0x55fd65eb674f - std::panicking::default_hook::{{closure}}::hbe471161c7664ed6
[INFO] [stderr]                                  at /rustc/84c898d65adf2f39a5a98507f1fe0ce10a2b8dbc/library/std/src/panicking.rs:271:22
[INFO] [stderr]      9:     0x55fd65eb648b - std::panicking::default_hook::ha3500da57aa4ac4f
[INFO] [stderr]                                  at /rustc/84c898d65adf2f39a5a98507f1fe0ce10a2b8dbc/library/std/src/panicking.rs:290:9
[INFO] [stderr]     10:     0x55fd65eb6cf8 - std::panicking::rust_panic_with_hook::h50c09d000dc561d2
[INFO] [stderr]                                  at /rustc/84c898d65adf2f39a5a98507f1fe0ce10a2b8dbc/library/std/src/panicking.rs:692:13
[INFO] [stderr]     11:     0x55fd65eb6bf9 - std::panicking::begin_panic_handler::{{closure}}::h9e2b2176e00e0d9c
[INFO] [stderr]                                  at /rustc/84c898d65adf2f39a5a98507f1fe0ce10a2b8dbc/library/std/src/panicking.rs:583:13
[INFO] [stderr]     12:     0x55fd65eb5576 - std::sys_common::backtrace::__rust_end_short_backtrace::h5739b8e512c09d02
[INFO] [stderr]                                  at /rustc/84c898d65adf2f39a5a98507f1fe0ce10a2b8dbc/library/std/src/sys_common/backtrace.rs:150:18
[INFO] [stderr]     13:     0x55fd65eb6902 - rust_begin_unwind
[INFO] [stderr]                                  at /rustc/84c898d65adf2f39a5a98507f1fe0ce10a2b8dbc/library/std/src/panicking.rs:579:5
[INFO] [stderr]     14:     0x55fd65e5d753 - core::panicking::panic_fmt::hf33a1475b4dc5c3e
[INFO] [stderr]                                  at /rustc/84c898d65adf2f39a5a98507f1fe0ce10a2b8dbc/library/core/src/panicking.rs:64:14
[INFO] [stderr]     15:     0x55fd65e6473f - cmake::fail::h39df575f07a2b19f
[INFO] [stderr]     16:     0x55fd65e641a3 - cmake::run::h973a3b14b5014eea
[INFO] [stderr]     17:     0x55fd65e620b6 - cmake::Config::build::h511c089ccd006873
[INFO] [stderr]     18:     0x55fd65e5e1b3 - cmake::build::h185f7369cf1dccd0
[INFO] [stderr]     19:     0x55fd65e5eeca - build_script_build::main::hdce33075b69b9976
[INFO] [stderr]     20:     0x55fd65e5dd63 - core::ops::function::FnOnce::call_once::h7dececcedb7047d9
[INFO] [stderr]     21:     0x55fd65e5e799 - std::sys_common::backtrace::__rust_begin_short_backtrace::h1348b620df645eef
[INFO] [stderr]     22:     0x55fd65e5e779 - std::rt::lang_start::{{closure}}::h1e780688c0db7954
[INFO] [stderr]     23:     0x55fd65eaef1c - core::ops::function::impls::<impl core::ops::function::FnOnce<A> for &F>::call_once::hd6efcd3bec896f2c
[INFO] [stderr]                                  at /rustc/84c898d65adf2f39a5a98507f1fe0ce10a2b8dbc/library/core/src/ops/function.rs:287:13
[INFO] [stderr]     24:     0x55fd65eaef1c - std::panicking::try::do_call::hce04e543bb1f4cbb
[INFO] [stderr]                                  at /rustc/84c898d65adf2f39a5a98507f1fe0ce10a2b8dbc/library/std/src/panicking.rs:487:40
[INFO] [stderr]     25:     0x55fd65eaef1c - std::panicking::try::h3342dd4e1f680968
[INFO] [stderr]                                  at /rustc/84c898d65adf2f39a5a98507f1fe0ce10a2b8dbc/library/std/src/panicking.rs:451:19
[INFO] [stderr]     26:     0x55fd65eaef1c - std::panic::catch_unwind::h148ce1e59ac0cee7
[INFO] [stderr]                                  at /rustc/84c898d65adf2f39a5a98507f1fe0ce10a2b8dbc/library/std/src/panic.rs:140:14
[INFO] [stderr]     27:     0x55fd65eaef1c - std::rt::lang_start_internal::{{closure}}::h25f9dda2057a67fe
[INFO] [stderr]                                  at /rustc/84c898d65adf2f39a5a98507f1fe0ce10a2b8dbc/library/std/src/rt.rs:148:48
[INFO] [stderr]     28:     0x55fd65eaef1c - std::panicking::try::do_call::h7caaaeaf9401650b
[INFO] [stderr]                                  at /rustc/84c898d65adf2f39a5a98507f1fe0ce10a2b8dbc/library/std/src/panicking.rs:487:40
[INFO] [stderr]     29:     0x55fd65eaef1c - std::panicking::try::he7d15285746cbbc2
[INFO] [stderr]                                  at /rustc/84c898d65adf2f39a5a98507f1fe0ce10a2b8dbc/library/std/src/panicking.rs:451:19
[INFO] [stderr]     30:     0x55fd65eaef1c - std::panic::catch_unwind::h89fb4f50c0301fe0
[INFO] [stderr]                                  at /rustc/84c898d65adf2f39a5a98507f1fe0ce10a2b8dbc/library/std/src/panic.rs:140:14
[INFO] [stderr]     31:     0x55fd65eaef1c - std::rt::lang_start_internal::h078acd489417d3c1
[INFO] [stderr]                                  at /rustc/84c898d65adf2f39a5a98507f1fe0ce10a2b8dbc/library/std/src/rt.rs:148:20
[INFO] [stderr]     32:     0x55fd65e5e757 - std::rt::lang_start::h0edc47c12a9d9caf
[INFO] [stderr]     33:     0x55fd65e5f0d5 - main
[INFO] [stderr]     34:     0x7f72de95ed90 - <unknown>
[INFO] [stderr]     35:     0x7f72de95ee40 - __libc_start_main
[INFO] [stderr]     36:     0x55fd65e5dc85 - _start
[INFO] [stderr]     37:                0x0 - <unknown>
[INFO] running `Command { std: "docker" "inspect" "37cbe08daa03c1fd7e86a32f53ffa27607907092c502389f776da947c6b203aa", kill_on_drop: false }`
[INFO] running `Command { std: "docker" "rm" "-f" "37cbe08daa03c1fd7e86a32f53ffa27607907092c502389f776da947c6b203aa", kill_on_drop: false }`
[INFO] [stdout] 37cbe08daa03c1fd7e86a32f53ffa27607907092c502389f776da947c6b203aa
