[INFO] cloning repository https://github.com/deeprobin/dwrite-benchmark
[INFO] running `Command { std: "git" "-c" "credential.helper=" "-c" "credential.helper=/workspace/cargo-home/bin/git-credential-null" "clone" "--bare" "https://github.com/deeprobin/dwrite-benchmark" "/workspace/cache/git-repos/https%3A%2F%2Fgithub.com%2Fdeeprobin%2Fdwrite-benchmark", kill_on_drop: false }`
[INFO] [stderr] Cloning into bare repository '/workspace/cache/git-repos/https%3A%2F%2Fgithub.com%2Fdeeprobin%2Fdwrite-benchmark'...
[INFO] running `Command { std: "git" "rev-parse" "HEAD", kill_on_drop: false }`
[INFO] [stdout] e1b15276dd35e0ce02a2f2d04da3ac30cce5afbf
[INFO] testing deeprobin/dwrite-benchmark against 1.69.0 for beta-1.70-1
[INFO] running `Command { std: "git" "clone" "/workspace/cache/git-repos/https%3A%2F%2Fgithub.com%2Fdeeprobin%2Fdwrite-benchmark" "/workspace/builds/worker-7-tc1/source", kill_on_drop: false }`
[INFO] [stderr] Cloning into '/workspace/builds/worker-7-tc1/source'...
[INFO] [stderr] done.
[INFO] validating manifest of git repo https://github.com/deeprobin/dwrite-benchmark on toolchain 1.69.0
[INFO] running `Command { std: CARGO_HOME="/workspace/cargo-home" RUSTUP_HOME="/workspace/rustup-home" "/workspace/cargo-home/bin/cargo" "+1.69.0" "metadata" "--manifest-path" "Cargo.toml" "--no-deps", kill_on_drop: false }`
[INFO] started tweaking git repo https://github.com/deeprobin/dwrite-benchmark
[INFO] finished tweaking git repo https://github.com/deeprobin/dwrite-benchmark
[INFO] tweaked toml for git repo https://github.com/deeprobin/dwrite-benchmark written to /workspace/builds/worker-7-tc1/source/Cargo.toml
[INFO] crate git repo https://github.com/deeprobin/dwrite-benchmark already has a lockfile, it will not be regenerated
[INFO] running `Command { std: CARGO_HOME="/workspace/cargo-home" RUSTUP_HOME="/workspace/rustup-home" "/workspace/cargo-home/bin/cargo" "+1.69.0" "fetch" "--manifest-path" "Cargo.toml", kill_on_drop: false }`
[INFO] running `Command { std: "docker" "create" "-v" "/var/lib/crater-agent-workspace/builds/worker-7-tc1/target:/opt/rustwide/target:rw,Z" "-v" "/var/lib/crater-agent-workspace/builds/worker-7-tc1/source:/opt/rustwide/workdir:ro,Z" "-v" "/var/lib/crater-agent-workspace/cargo-home:/opt/rustwide/cargo-home:ro,Z" "-v" "/var/lib/crater-agent-workspace/rustup-home:/opt/rustwide/rustup-home:ro,Z" "-e" "SOURCE_DIR=/opt/rustwide/workdir" "-e" "CARGO_TARGET_DIR=/opt/rustwide/target" "-e" "CARGO_HOME=/opt/rustwide/cargo-home" "-e" "RUSTUP_HOME=/opt/rustwide/rustup-home" "-w" "/opt/rustwide/workdir" "-m" "1610612736" "--user" "0:0" "--network" "none" "ghcr.io/rust-lang/crates-build-env/linux@sha256:5ff2268d62e97bff2cde7d5815dd6ed5b47097566f13b8d0ca110b04b60e07ed" "/opt/rustwide/cargo-home/bin/cargo" "+1.69.0" "metadata" "--no-deps" "--format-version=1", kill_on_drop: false }`
[INFO] [stdout] 175f040d5635418bcd78f1ce4be8ac67fd44edd306ed8b40acf7731465cae218
[INFO] running `Command { std: "docker" "start" "-a" "175f040d5635418bcd78f1ce4be8ac67fd44edd306ed8b40acf7731465cae218", kill_on_drop: false }`
[INFO] running `Command { std: "docker" "inspect" "175f040d5635418bcd78f1ce4be8ac67fd44edd306ed8b40acf7731465cae218", kill_on_drop: false }`
[INFO] running `Command { std: "docker" "rm" "-f" "175f040d5635418bcd78f1ce4be8ac67fd44edd306ed8b40acf7731465cae218", kill_on_drop: false }`
[INFO] [stdout] 175f040d5635418bcd78f1ce4be8ac67fd44edd306ed8b40acf7731465cae218
[INFO] running `Command { std: "docker" "create" "-v" "/var/lib/crater-agent-workspace/builds/worker-7-tc1/target:/opt/rustwide/target:rw,Z" "-v" "/var/lib/crater-agent-workspace/builds/worker-7-tc1/source:/opt/rustwide/workdir:ro,Z" "-v" "/var/lib/crater-agent-workspace/cargo-home:/opt/rustwide/cargo-home:ro,Z" "-v" "/var/lib/crater-agent-workspace/rustup-home:/opt/rustwide/rustup-home:ro,Z" "-e" "SOURCE_DIR=/opt/rustwide/workdir" "-e" "CARGO_TARGET_DIR=/opt/rustwide/target" "-e" "CARGO_INCREMENTAL=0" "-e" "RUST_BACKTRACE=full" "-e" "RUSTFLAGS=--cap-lints=warn" "-e" "RUSTDOCFLAGS=--cap-lints=warn" "-e" "CARGO_HOME=/opt/rustwide/cargo-home" "-e" "RUSTUP_HOME=/opt/rustwide/rustup-home" "-w" "/opt/rustwide/workdir" "-m" "1610612736" "--user" "0:0" "--network" "none" "ghcr.io/rust-lang/crates-build-env/linux@sha256:5ff2268d62e97bff2cde7d5815dd6ed5b47097566f13b8d0ca110b04b60e07ed" "/opt/rustwide/cargo-home/bin/cargo" "+1.69.0" "build" "--frozen" "--message-format=json", kill_on_drop: false }`
[INFO] [stdout] 567a2a89652f96c781110f729bd4b476e7efd052c150826e74055737a6a4866d
[INFO] running `Command { std: "docker" "start" "-a" "567a2a89652f96c781110f729bd4b476e7efd052c150826e74055737a6a4866d", kill_on_drop: false }`
[INFO] [stderr]    Compiling winapi v0.3.9
[INFO] [stderr]    Compiling dwrite-benchmarks v0.1.0 (/opt/rustwide/workdir)
[INFO] [stdout] error[E0433]: failed to resolve: could not find `um` in `winapi`
[INFO] [stdout]  --> src/lib.rs:6:14
[INFO] [stdout]   |
[INFO] [stdout] 6 | use winapi::{um::dwrite::*, Interface};
[INFO] [stdout]   |              ^^ could not find `um` in `winapi`
[INFO] [stdout] 
[INFO] [stdout] 
[INFO] [stdout] error[E0432]: unresolved import `winapi::Interface`
[INFO] [stdout]  --> src/lib.rs:6:29
[INFO] [stdout]   |
[INFO] [stdout] 6 | use winapi::{um::dwrite::*, Interface};
[INFO] [stdout]   |                             ^^^^^^^^^ no `Interface` in the root
[INFO] [stdout] 
[INFO] [stdout] 
[INFO] [stdout] error[E0412]: cannot find type `IDWriteFactory` in this scope
[INFO] [stdout]  --> src/lib.rs:8:40
[INFO] [stdout]   |
[INFO] [stdout] 8 | pub unsafe fn create_factory() -> *mut IDWriteFactory {
[INFO] [stdout]   |                                        ^^^^^^^^^^^^^^ not found in this scope
[INFO] [stdout] 
[INFO] [stdout] 
[INFO] [stdout] error[E0412]: cannot find type `IDWriteFactory` in this scope
[INFO] [stdout]   --> src/lib.rs:10:23
[INFO] [stdout]    |
[INFO] [stdout] 10 |     let mut ptr: *mut IDWriteFactory = null_mut();
[INFO] [stdout]    |                       ^^^^^^^^^^^^^^ not found in this scope
[INFO] [stdout] 
[INFO] [stdout] 
[INFO] [stdout] error[E0425]: cannot find value `DWRITE_FACTORY_TYPE_SHARED` in this scope
[INFO] [stdout]   --> src/lib.rs:12:9
[INFO] [stdout]    |
[INFO] [stdout] 12 |         DWRITE_FACTORY_TYPE_SHARED,
[INFO] [stdout]    |         ^^^^^^^^^^^^^^^^^^^^^^^^^^ not found in this scope
[INFO] [stdout] 
[INFO] [stdout] 
[INFO] [stdout] error[E0412]: cannot find type `IDWriteFactory` in this scope
[INFO] [stdout]   --> src/lib.rs:21:19
[INFO] [stdout]    |
[INFO] [stdout] 21 |     factory: *mut IDWriteFactory,
[INFO] [stdout]    |                   ^^^^^^^^^^^^^^ not found in this scope
[INFO] [stdout] 
[INFO] [stdout] 
[INFO] [stdout] error[E0412]: cannot find type `IDWriteTextFormat` in this scope
[INFO] [stdout]   --> src/lib.rs:24:11
[INFO] [stdout]    |
[INFO] [stdout] 24 | ) -> *mut IDWriteTextFormat {
[INFO] [stdout]    |           ^^^^^^^^^^^^^^^^^ not found in this scope
[INFO] [stdout] 
[INFO] [stdout] 
[INFO] [stdout] error[E0412]: cannot find type `IDWriteTextFormat` in this scope
[INFO] [stdout]   --> src/lib.rs:25:23
[INFO] [stdout]    |
[INFO] [stdout] 25 |     let mut ptr: *mut IDWriteTextFormat = null_mut();
[INFO] [stdout]    |                       ^^^^^^^^^^^^^^^^^ not found in this scope
[INFO] [stdout] 
[INFO] [stdout] 
[INFO] [stdout] error[E0425]: cannot find value `DWRITE_FONT_WEIGHT_NORMAL` in this scope
[INFO] [stdout]   --> src/lib.rs:29:9
[INFO] [stdout]    |
[INFO] [stdout] 29 |         DWRITE_FONT_WEIGHT_NORMAL,
[INFO] [stdout]    |         ^^^^^^^^^^^^^^^^^^^^^^^^^ not found in this scope
[INFO] [stdout] 
[INFO] [stdout] 
[INFO] [stdout] error[E0425]: cannot find value `DWRITE_FONT_STYLE_NORMAL` in this scope
[INFO] [stdout]   --> src/lib.rs:30:9
[INFO] [stdout]    |
[INFO] [stdout] 30 |         DWRITE_FONT_STYLE_NORMAL,
[INFO] [stdout]    |         ^^^^^^^^^^^^^^^^^^^^^^^^ not found in this scope
[INFO] [stdout] 
[INFO] [stdout] 
[INFO] [stdout] error[E0425]: cannot find value `DWRITE_FONT_STRETCH_NORMAL` in this scope
[INFO] [stdout]   --> src/lib.rs:31:9
[INFO] [stdout]    |
[INFO] [stdout] 31 |         DWRITE_FONT_STRETCH_NORMAL,
[INFO] [stdout]    |         ^^^^^^^^^^^^^^^^^^^^^^^^^^ not found in this scope
[INFO] [stdout] 
[INFO] [stdout] 
[INFO] [stdout] error[E0412]: cannot find type `IDWriteFactory` in this scope
[INFO] [stdout]   --> src/lib.rs:42:19
[INFO] [stdout]    |
[INFO] [stdout] 42 |     factory: *mut IDWriteFactory,
[INFO] [stdout]    |                   ^^^^^^^^^^^^^^ not found in this scope
[INFO] [stdout] 
[INFO] [stdout] 
[INFO] [stdout] error[E0412]: cannot find type `IDWriteNumberSubstitution` in this scope
[INFO] [stdout]   --> src/lib.rs:44:11
[INFO] [stdout]    |
[INFO] [stdout] 44 | ) -> *mut IDWriteNumberSubstitution {
[INFO] [stdout]    |           ^^^^^^^^^^^^^^^^^^^^^^^^^ not found in this scope
[INFO] [stdout] 
[INFO] [stdout] 
[INFO] [stdout] error[E0412]: cannot find type `IDWriteNumberSubstitution` in this scope
[INFO] [stdout]   --> src/lib.rs:45:23
[INFO] [stdout]    |
[INFO] [stdout] 45 |     let mut ptr: *mut IDWriteNumberSubstitution = null_mut();
[INFO] [stdout]    |                       ^^^^^^^^^^^^^^^^^^^^^^^^^ not found in this scope
[INFO] [stdout] 
[INFO] [stdout] 
[INFO] [stdout] error[E0425]: cannot find value `DWRITE_NUMBER_SUBSTITUTION_METHOD_NONE` in this scope
[INFO] [stdout]   --> src/lib.rs:47:9
[INFO] [stdout]    |
[INFO] [stdout] 47 |         DWRITE_NUMBER_SUBSTITUTION_METHOD_NONE,
[INFO] [stdout]    |         ^^^^^^^^^^^^^^^^^^^^^^^^^^^^^^^^^^^^^^ not found in this scope
[INFO] [stdout] 
[INFO] [stdout] 
[INFO] [stdout] error[E0412]: cannot find type `IDWriteFactory` in this scope
[INFO] [stdout]   --> src/lib.rs:58:19
[INFO] [stdout]    |
[INFO] [stdout] 58 |     factory: *mut IDWriteFactory,
[INFO] [stdout]    |                   ^^^^^^^^^^^^^^ not found in this scope
[INFO] [stdout] 
[INFO] [stdout] 
[INFO] [stdout] error[E0412]: cannot find type `IDWriteFontFile` in this scope
[INFO] [stdout]   --> src/lib.rs:60:11
[INFO] [stdout]    |
[INFO] [stdout] 60 | ) -> *mut IDWriteFontFile {
[INFO] [stdout]    |           ^^^^^^^^^^^^^^^ not found in this scope
[INFO] [stdout] 
[INFO] [stdout] 
[INFO] [stdout] error[E0412]: cannot find type `IDWriteFontFile` in this scope
[INFO] [stdout]   --> src/lib.rs:61:23
[INFO] [stdout]    |
[INFO] [stdout] 61 |     let mut ptr: *mut IDWriteFontFile = null_mut();
[INFO] [stdout]    |                       ^^^^^^^^^^^^^^^ not found in this scope
[INFO] [stdout] 
[INFO] [stdout] 
[INFO] [stdout] error[E0412]: cannot find type `IDWriteFactory` in this scope
[INFO] [stdout]   --> src/lib.rs:72:19
[INFO] [stdout]    |
[INFO] [stdout] 72 |     factory: *mut IDWriteFactory,
[INFO] [stdout]    |                   ^^^^^^^^^^^^^^ not found in this scope
[INFO] [stdout] 
[INFO] [stdout] 
[INFO] [stdout] error[E0412]: cannot find type `IDWriteFontFile` in this scope
[INFO] [stdout]   --> src/lib.rs:73:28
[INFO] [stdout]    |
[INFO] [stdout] 73 |     font_file: *const *mut IDWriteFontFile,
[INFO] [stdout]    |                            ^^^^^^^^^^^^^^^ not found in this scope
[INFO] [stdout] 
[INFO] [stdout] 
[INFO] [stdout] error[E0412]: cannot find type `IDWriteFontFace` in this scope
[INFO] [stdout]   --> src/lib.rs:74:11
[INFO] [stdout]    |
[INFO] [stdout] 74 | ) -> *mut IDWriteFontFace {
[INFO] [stdout]    |           ^^^^^^^^^^^^^^^ not found in this scope
[INFO] [stdout] 
[INFO] [stdout] 
[INFO] [stdout] error[E0412]: cannot find type `IDWriteFontFace` in this scope
[INFO] [stdout]   --> src/lib.rs:75:23
[INFO] [stdout]    |
[INFO] [stdout] 75 |     let mut ptr: *mut IDWriteFontFace = null_mut();
[INFO] [stdout]    |                       ^^^^^^^^^^^^^^^ not found in this scope
[INFO] [stdout] 
[INFO] [stdout] 
[INFO] [stdout] error[E0425]: cannot find value `DWRITE_FONT_FACE_TYPE_TRUETYPE` in this scope
[INFO] [stdout]   --> src/lib.rs:77:9
[INFO] [stdout]    |
[INFO] [stdout] 77 |         DWRITE_FONT_FACE_TYPE_TRUETYPE,
[INFO] [stdout]    |         ^^^^^^^^^^^^^^^^^^^^^^^^^^^^^^ not found in this scope
[INFO] [stdout] 
[INFO] [stdout] 
[INFO] [stdout] error[E0425]: cannot find value `DWRITE_FONT_SIMULATIONS_NONE` in this scope
[INFO] [stdout]   --> src/lib.rs:81:9
[INFO] [stdout]    |
[INFO] [stdout] 81 |         DWRITE_FONT_SIMULATIONS_NONE,
[INFO] [stdout]    |         ^^^^^^^^^^^^^^^^^^^^^^^^^^^^ not found in this scope
[INFO] [stdout] 
[INFO] [stdout] 
[INFO] [stdout] error[E0412]: cannot find type `IDWriteFactory` in this scope
[INFO] [stdout]   --> src/lib.rs:88:50
[INFO] [stdout]    |
[INFO] [stdout] 88 | pub unsafe fn create_text_analyzer(factory: *mut IDWriteFactory) -> *mut IDWriteTextAnalyzer {
[INFO] [stdout]    |                                                  ^^^^^^^^^^^^^^ not found in this scope
[INFO] [stdout] 
[INFO] [stdout] 
[INFO] [stdout] error[E0412]: cannot find type `IDWriteTextAnalyzer` in this scope
[INFO] [stdout]   --> src/lib.rs:88:74
[INFO] [stdout]    |
[INFO] [stdout] 88 | pub unsafe fn create_text_analyzer(factory: *mut IDWriteFactory) -> *mut IDWriteTextAnalyzer {
[INFO] [stdout]    |                                                                          ^^^^^^^^^^^^^^^^^^^ not found in this scope
[INFO] [stdout] 
[INFO] [stdout] 
[INFO] [stdout] error[E0412]: cannot find type `IDWriteTextAnalyzer` in this scope
[INFO] [stdout]   --> src/lib.rs:89:23
[INFO] [stdout]    |
[INFO] [stdout] 89 |     let mut ptr: *mut IDWriteTextAnalyzer = null_mut();
[INFO] [stdout]    |                       ^^^^^^^^^^^^^^^^^^^ not found in this scope
[INFO] [stdout] 
[INFO] [stdout] 
[INFO] [stdout] error[E0412]: cannot find type `IDWriteTextAnalyzer` in this scope
[INFO] [stdout]   --> src/lib.rs:97:20
[INFO] [stdout]    |
[INFO] [stdout] 97 |     analyzer: *mut IDWriteTextAnalyzer,
[INFO] [stdout]    |                    ^^^^^^^^^^^^^^^^^^^ not found in this scope
[INFO] [stdout] 
[INFO] [stdout] 
[INFO] [stdout] error[E0412]: cannot find type `IDWriteFontFace` in this scope
[INFO] [stdout]    --> src/lib.rs:100:21
[INFO] [stdout]     |
[INFO] [stdout] 100 |     font_face: *mut IDWriteFontFace,
[INFO] [stdout]     |                     ^^^^^^^^^^^^^^^ not found in this scope
[INFO] [stdout] 
[INFO] [stdout] 
[INFO] [stdout] error[E0412]: cannot find type `IDWriteNumberSubstitution` in this scope
[INFO] [stdout]    --> src/lib.rs:102:30
[INFO] [stdout]     |
[INFO] [stdout] 102 |     number_substituion: *mut IDWriteNumberSubstitution,
[INFO] [stdout]     |                              ^^^^^^^^^^^^^^^^^^^^^^^^^ not found in this scope
[INFO] [stdout] 
[INFO] [stdout] 
[INFO] [stdout] error[E0412]: cannot find type `DWRITE_SHAPING_TEXT_PROPERTIES` in this scope
[INFO] [stdout]    --> src/lib.rs:104:26
[INFO] [stdout]     |
[INFO] [stdout] 104 |     let text_props: *mut DWRITE_SHAPING_TEXT_PROPERTIES =
[INFO] [stdout]     |                          ^^^^^^^^^^^^^^^^^^^^^^^^^^^^^^ not found in this scope
[INFO] [stdout] 
[INFO] [stdout] 
[INFO] [stdout] error[E0422]: cannot find struct, variant or union type `DWRITE_SHAPING_TEXT_PROPERTIES` in this scope
[INFO] [stdout]    --> src/lib.rs:105:14
[INFO] [stdout]     |
[INFO] [stdout] 105 |         &mut DWRITE_SHAPING_TEXT_PROPERTIES { bit_fields: 0 };
[INFO] [stdout]     |              ^^^^^^^^^^^^^^^^^^^^^^^^^^^^^^ not found in this scope
[INFO] [stdout] 
[INFO] [stdout] 
[INFO] [stdout] error[E0412]: cannot find type `DWRITE_TYPOGRAPHIC_FEATURES` in this scope
[INFO] [stdout]    --> src/lib.rs:106:42
[INFO] [stdout]     |
[INFO] [stdout] 106 |     let mut typographic_features: *const DWRITE_TYPOGRAPHIC_FEATURES =
[INFO] [stdout]     |                                          ^^^^^^^^^^^^^^^^^^^^^^^^^^^ not found in this scope
[INFO] [stdout] 
[INFO] [stdout] 
[INFO] [stdout] error[E0422]: cannot find struct, variant or union type `DWRITE_TYPOGRAPHIC_FEATURES` in this scope
[INFO] [stdout]    --> src/lib.rs:107:10
[INFO] [stdout]     |
[INFO] [stdout] 107 |         &DWRITE_TYPOGRAPHIC_FEATURES {
[INFO] [stdout]     |          ^^^^^^^^^^^^^^^^^^^^^^^^^^^ not found in this scope
[INFO] [stdout] 
[INFO] [stdout] 
[INFO] [stdout] error[E0425]: cannot find value `DWRITE_FONT_FEATURE_TAG_STANDARD_LIGATURES` in this scope
[INFO] [stdout]    --> src/lib.rs:109:23
[INFO] [stdout]     |
[INFO] [stdout] 109 |             features: DWRITE_FONT_FEATURE_TAG_STANDARD_LIGATURES as *mut _,
[INFO] [stdout]     |                       ^^^^^^^^^^^^^^^^^^^^^^^^^^^^^^^^^^^^^^^^^^ not found in this scope
[INFO] [stdout] 
[INFO] [stdout] 
[INFO] [stdout] error[E0412]: cannot find type `DWRITE_SHAPING_GLYPH_PROPERTIES` in this scope
[INFO] [stdout]    --> src/lib.rs:112:27
[INFO] [stdout]     |
[INFO] [stdout] 112 |     let glyph_props: *mut DWRITE_SHAPING_GLYPH_PROPERTIES =
[INFO] [stdout]     |                           ^^^^^^^^^^^^^^^^^^^^^^^^^^^^^^^ not found in this scope
[INFO] [stdout] 
[INFO] [stdout] 
[INFO] [stdout] error[E0422]: cannot find struct, variant or union type `DWRITE_SHAPING_GLYPH_PROPERTIES` in this scope
[INFO] [stdout]    --> src/lib.rs:113:14
[INFO] [stdout]     |
[INFO] [stdout] 113 |         &mut DWRITE_SHAPING_GLYPH_PROPERTIES { bit_fields: 0 };
[INFO] [stdout]     |              ^^^^^^^^^^^^^^^^^^^^^^^^^^^^^^^ not found in this scope
[INFO] [stdout] 
[INFO] [stdout] 
[INFO] [stdout] error[E0422]: cannot find struct, variant or union type `DWRITE_SCRIPT_ANALYSIS` in this scope
[INFO] [stdout]    --> src/lib.rs:121:10
[INFO] [stdout]     |
[INFO] [stdout] 121 |         &DWRITE_SCRIPT_ANALYSIS {
[INFO] [stdout]     |          ^^^^^^^^^^^^^^^^^^^^^^ not found in this scope
[INFO] [stdout] 
[INFO] [stdout] 
[INFO] [stdout] error[E0425]: cannot find value `DWRITE_SCRIPT_SHAPES_DEFAULT` in this scope
[INFO] [stdout]    --> src/lib.rs:123:21
[INFO] [stdout]     |
[INFO] [stdout] 123 |             shapes: DWRITE_SCRIPT_SHAPES_DEFAULT,
[INFO] [stdout]     |                     ^^^^^^^^^^^^^^^^^^^^^^^^^^^^ not found in this scope
[INFO] [stdout] 
[INFO] [stdout] 
[INFO] [stdout] error[E0412]: cannot find type `IDWriteTextAnalyzer` in this scope
[INFO] [stdout]    --> src/lib.rs:141:20
[INFO] [stdout]     |
[INFO] [stdout] 141 |     analyzer: *mut IDWriteTextAnalyzer,
[INFO] [stdout]     |                    ^^^^^^^^^^^^^^^^^^^ not found in this scope
[INFO] [stdout] 
[INFO] [stdout] 
[INFO] [stdout] error[E0412]: cannot find type `IDWriteFontFace` in this scope
[INFO] [stdout]    --> src/lib.rs:144:21
[INFO] [stdout]     |
[INFO] [stdout] 144 |     font_face: *mut IDWriteFontFace,
[INFO] [stdout]     |                     ^^^^^^^^^^^^^^^ not found in this scope
[INFO] [stdout] 
[INFO] [stdout] 
[INFO] [stdout] error[E0412]: cannot find type `DWRITE_SHAPING_TEXT_PROPERTIES` in this scope
[INFO] [stdout]    --> src/lib.rs:148:26
[INFO] [stdout]     |
[INFO] [stdout] 148 |     let text_props: *mut DWRITE_SHAPING_TEXT_PROPERTIES =
[INFO] [stdout]     |                          ^^^^^^^^^^^^^^^^^^^^^^^^^^^^^^ not found in this scope
[INFO] [stdout] 
[INFO] [stdout] 
[INFO] [stdout] error[E0422]: cannot find struct, variant or union type `DWRITE_SHAPING_TEXT_PROPERTIES` in this scope
[INFO] [stdout]    --> src/lib.rs:149:14
[INFO] [stdout]     |
[INFO] [stdout] 149 |         &mut DWRITE_SHAPING_TEXT_PROPERTIES { bit_fields: 0 };
[INFO] [stdout]     |              ^^^^^^^^^^^^^^^^^^^^^^^^^^^^^^ not found in this scope
[INFO] [stdout] 
[INFO] [stdout] 
[INFO] [stdout] error[E0412]: cannot find type `DWRITE_SHAPING_GLYPH_PROPERTIES` in this scope
[INFO] [stdout]    --> src/lib.rs:151:27
[INFO] [stdout]     |
[INFO] [stdout] 151 |     let glyph_props: *mut DWRITE_SHAPING_GLYPH_PROPERTIES =
[INFO] [stdout]     |                           ^^^^^^^^^^^^^^^^^^^^^^^^^^^^^^^ not found in this scope
[INFO] [stdout] 
[INFO] [stdout] 
[INFO] [stdout] error[E0422]: cannot find struct, variant or union type `DWRITE_SHAPING_GLYPH_PROPERTIES` in this scope
[INFO] [stdout]    --> src/lib.rs:152:14
[INFO] [stdout]     |
[INFO] [stdout] 152 |         &mut DWRITE_SHAPING_GLYPH_PROPERTIES { bit_fields: 0 };
[INFO] [stdout]     |              ^^^^^^^^^^^^^^^^^^^^^^^^^^^^^^^ not found in this scope
[INFO] [stdout] 
[INFO] [stdout] 
[INFO] [stdout] error[E0412]: cannot find type `DWRITE_TYPOGRAPHIC_FEATURES` in this scope
[INFO] [stdout]    --> src/lib.rs:153:42
[INFO] [stdout]     |
[INFO] [stdout] 153 |     let mut typographic_features: *const DWRITE_TYPOGRAPHIC_FEATURES =
[INFO] [stdout]     |                                          ^^^^^^^^^^^^^^^^^^^^^^^^^^^ not found in this scope
[INFO] [stdout] 
[INFO] [stdout] 
[INFO] [stdout] error[E0422]: cannot find struct, variant or union type `DWRITE_TYPOGRAPHIC_FEATURES` in this scope
[INFO] [stdout]    --> src/lib.rs:154:10
[INFO] [stdout]     |
[INFO] [stdout] 154 |         &DWRITE_TYPOGRAPHIC_FEATURES {
[INFO] [stdout]     |          ^^^^^^^^^^^^^^^^^^^^^^^^^^^ not found in this scope
[INFO] [stdout] 
[INFO] [stdout] 
[INFO] [stdout] error[E0425]: cannot find value `DWRITE_FONT_FEATURE_TAG_STANDARD_LIGATURES` in this scope
[INFO] [stdout]    --> src/lib.rs:156:23
[INFO] [stdout]     |
[INFO] [stdout] 156 |             features: DWRITE_FONT_FEATURE_TAG_STANDARD_LIGATURES as *mut _,
[INFO] [stdout]     |                       ^^^^^^^^^^^^^^^^^^^^^^^^^^^^^^^^^^^^^^^^^^ not found in this scope
[INFO] [stdout] 
[INFO] [stdout] 
[INFO] [stdout] error[E0422]: cannot find struct, variant or union type `DWRITE_SCRIPT_ANALYSIS` in this scope
[INFO] [stdout]    --> src/lib.rs:170:10
[INFO] [stdout]     |
[INFO] [stdout] 170 |         &DWRITE_SCRIPT_ANALYSIS {
[INFO] [stdout]     |          ^^^^^^^^^^^^^^^^^^^^^^ not found in this scope
[INFO] [stdout] 
[INFO] [stdout] 
[INFO] [stdout] error[E0425]: cannot find value `DWRITE_SCRIPT_SHAPES_DEFAULT` in this scope
[INFO] [stdout]    --> src/lib.rs:172:21
[INFO] [stdout]     |
[INFO] [stdout] 172 |             shapes: DWRITE_SCRIPT_SHAPES_DEFAULT,
[INFO] [stdout]     |                     ^^^^^^^^^^^^^^^^^^^^^^^^^^^^ not found in this scope
[INFO] [stdout] 
[INFO] [stdout] 
[INFO] [stdout] error[E0422]: cannot find struct, variant or union type `DWRITE_GLYPH_OFFSET` in this scope
[INFO] [stdout]    --> src/lib.rs:179:14
[INFO] [stdout]     |
[INFO] [stdout] 179 |         &mut DWRITE_GLYPH_OFFSET {
[INFO] [stdout]     |              ^^^^^^^^^^^^^^^^^^^ not found in this scope
[INFO] [stdout] 
[INFO] [stdout] 
[INFO] [stdout] error[E0433]: failed to resolve: use of undeclared type `IDWriteFactory`
[INFO] [stdout]  --> src/lib.rs:9:32
[INFO] [stdout]   |
[INFO] [stdout] 9 |     let iddwritefactory_guid = IDWriteFactory::uuidof();
[INFO] [stdout]   |                                ^^^^^^^^^^^^^^ use of undeclared type `IDWriteFactory`
[INFO] [stdout] 
[INFO] [stdout] 
[INFO] [stdout] error[E0425]: cannot find function, tuple struct or tuple variant `DWriteCreateFactory` in this scope
[INFO] [stdout]   --> src/lib.rs:11:18
[INFO] [stdout]    |
[INFO] [stdout] 11 |     let result = DWriteCreateFactory(
[INFO] [stdout]    |                  ^^^^^^^^^^^^^^^^^^^ not found in this scope
[INFO] [stdout] 
[INFO] [stdout] 
[INFO] [stdout] error: aborting due to 53 previous errors
[INFO] [stdout] 
[INFO] [stdout] 
[INFO] [stdout] Some errors have detailed explanations: E0412, E0422, E0425, E0432, E0433.
[INFO] [stdout] 
[INFO] [stdout] For more information about an error, try `rustc --explain E0412`.
[INFO] [stdout] 
[INFO] [stderr] error: could not compile `dwrite-benchmarks` due to 54 previous errors
[INFO] running `Command { std: "docker" "inspect" "567a2a89652f96c781110f729bd4b476e7efd052c150826e74055737a6a4866d", kill_on_drop: false }`
[INFO] running `Command { std: "docker" "rm" "-f" "567a2a89652f96c781110f729bd4b476e7efd052c150826e74055737a6a4866d", kill_on_drop: false }`
[INFO] [stdout] 567a2a89652f96c781110f729bd4b476e7efd052c150826e74055737a6a4866d
