[INFO] cloning repository https://github.com/deeper-chain/deeper-archive
[INFO] running `Command { std: "git" "-c" "credential.helper=" "-c" "credential.helper=/workspace/cargo-home/bin/git-credential-null" "clone" "--bare" "https://github.com/deeper-chain/deeper-archive" "/workspace/cache/git-repos/https%3A%2F%2Fgithub.com%2Fdeeper-chain%2Fdeeper-archive", kill_on_drop: false }`
[INFO] [stderr] Cloning into bare repository '/workspace/cache/git-repos/https%3A%2F%2Fgithub.com%2Fdeeper-chain%2Fdeeper-archive'...
[INFO] running `Command { std: "git" "rev-parse" "HEAD", kill_on_drop: false }`
[INFO] [stdout] ae75872b4dcf47442770b511cd1cefb1ee77f629
[INFO] testing deeper-chain/deeper-archive against 1.69.0 for beta-1.70-1
[INFO] running `Command { std: "git" "clone" "/workspace/cache/git-repos/https%3A%2F%2Fgithub.com%2Fdeeper-chain%2Fdeeper-archive" "/workspace/builds/worker-5-tc1/source", kill_on_drop: false }`
[INFO] [stderr] Cloning into '/workspace/builds/worker-5-tc1/source'...
[INFO] [stderr] done.
[INFO] validating manifest of git repo https://github.com/deeper-chain/deeper-archive on toolchain 1.69.0
[INFO] running `Command { std: CARGO_HOME="/workspace/cargo-home" RUSTUP_HOME="/workspace/rustup-home" "/workspace/cargo-home/bin/cargo" "+1.69.0" "metadata" "--manifest-path" "Cargo.toml" "--no-deps", kill_on_drop: false }`
[INFO] started tweaking git repo https://github.com/deeper-chain/deeper-archive
[INFO] finished tweaking git repo https://github.com/deeper-chain/deeper-archive
[INFO] tweaked toml for git repo https://github.com/deeper-chain/deeper-archive written to /workspace/builds/worker-5-tc1/source/Cargo.toml
[INFO] crate git repo https://github.com/deeper-chain/deeper-archive already has a lockfile, it will not be regenerated
[INFO] running `Command { std: CARGO_HOME="/workspace/cargo-home" RUSTUP_HOME="/workspace/rustup-home" "/workspace/cargo-home/bin/cargo" "+1.69.0" "fetch" "--manifest-path" "Cargo.toml", kill_on_drop: false }`
[INFO] [stderr]     Updating git repository `https://github.com/deeper-chain/deeper-chain`
[INFO] [stderr]     Updating git repository `https://github.com/deeper-chain/substrate-archive`
[INFO] [stderr]     Updating git repository `https://github.com/deeper-chain/desub`
[INFO] [stderr]     Updating git repository `https://github.com/deeper-chain/frontier.git`
[INFO] [stderr]     Updating git repository `https://github.com/paritytech/frame-metadata`
[INFO] [stderr]  Downloading crates ...
[INFO] [stderr]   Downloaded memory-db v0.28.0
[INFO] [stderr]   Downloaded lru v0.7.5
[INFO] [stderr]   Downloaded wasm-instrument v0.1.1
[INFO] [stderr]   Downloaded wasmtime-runtime v0.33.1
[INFO] [stderr]   Downloaded libp2p-plaintext v0.30.0
[INFO] [stderr]   Downloaded catty v0.1.4
[INFO] [stderr]   Downloaded libp2p-uds v0.30.0
[INFO] [stderr]   Downloaded libp2p-request-response v0.13.0
[INFO] [stderr]   Downloaded libp2p-ping v0.31.0
[INFO] [stderr]   Downloaded libp2p-yamux v0.34.0
[INFO] [stderr]   Downloaded libp2p-core v0.30.2
[INFO] [stderr]   Downloaded libp2p-tcp v0.30.0
[INFO] [stderr]   Downloaded target-lexicon v0.12.3
[INFO] [stderr]   Downloaded cranelift-codegen-shared v0.80.1
[INFO] [stderr]   Downloaded evm-gasometer v0.33.0
[INFO] [stderr]   Downloaded wasmtime-jit v0.33.1
[INFO] [stderr]   Downloaded cranelift-entity v0.80.1
[INFO] [stderr]   Downloaded open-metrics-client-derive-text-encode v0.1.1
[INFO] [stderr]   Downloaded xtra v0.5.1
[INFO] [stderr]   Downloaded async-lapin v1.3.0
[INFO] [stderr]   Downloaded async-amqp v1.2.0
[INFO] [stderr]   Downloaded ref-cast-impl v1.0.7
[INFO] [stderr]   Downloaded libp2p-swarm-derive v0.25.0
[INFO] [stderr]   Downloaded triehash v0.8.4
[INFO] [stderr]   Downloaded retain_mut v0.1.7
[INFO] [stderr]   Downloaded libp2p-deflate v0.30.0
[INFO] [stderr]   Downloaded async-std-resolver v0.20.4
[INFO] [stderr]   Downloaded libp2p-pnet v0.22.0
[INFO] [stderr]   Downloaded libp2p-websocket v0.31.0
[INFO] [stderr]   Downloaded ref-cast v1.0.7
[INFO] [stderr]   Downloaded file-per-thread-logger v0.1.5
[INFO] [stderr]   Downloaded ghost v0.1.4
[INFO] [stderr]   Downloaded libp2p-floodsub v0.31.0
[INFO] [stderr]   Downloaded libp2p-mdns v0.32.0
[INFO] [stderr]   Downloaded io-lifetimes v0.4.4
[INFO] [stderr]   Downloaded barrage v0.2.1
[INFO] [stderr]   Downloaded libp2p-identify v0.31.0
[INFO] [stderr]   Downloaded evm-runtime v0.33.0
[INFO] [stderr]   Downloaded libp2p-noise v0.33.0
[INFO] [stderr]   Downloaded evm v0.33.1
[INFO] [stderr]   Downloaded libp2p-relay v0.4.0
[INFO] [stderr]   Downloaded md-5 v0.10.1
[INFO] [stderr]   Downloaded parity-db v0.3.13
[INFO] [stderr]   Downloaded psm v0.1.18
[INFO] [stderr]   Downloaded cranelift-native v0.80.1
[INFO] [stderr]   Downloaded ethereum v0.11.1
[INFO] [stderr]   Downloaded libp2p-mplex v0.30.0
[INFO] [stderr]   Downloaded tt-call v1.0.8
[INFO] [stderr]   Downloaded libp2p-wasm-ext v0.30.0
[INFO] [stderr]   Downloaded ctrlc v3.2.2
[INFO] [stderr]   Downloaded libp2p-dns v0.30.0
[INFO] [stderr]   Downloaded evm-core v0.33.0
[INFO] [stderr]   Downloaded libp2p-rendezvous v0.1.0
[INFO] [stderr]   Downloaded spinny v0.2.2
[INFO] [stderr]   Downloaded libp2p-metrics v0.1.0
[INFO] [stderr]   Downloaded wasmtime-types v0.33.1
[INFO] [stderr]   Downloaded cranelift-frontend v0.80.1
[INFO] [stderr]   Downloaded open-metrics-client v0.12.0
[INFO] [stderr]   Downloaded cranelift-bforest v0.80.1
[INFO] [stderr]   Downloaded ss58-registry v1.17.0
[INFO] [stderr]   Downloaded wasmtime-cache v0.33.1
[INFO] [stderr]   Downloaded onig v5.0.0
[INFO] [stderr]   Downloaded wasmtime-environ v0.33.1
[INFO] [stderr]   Downloaded auto_impl v0.5.0
[INFO] [stderr]   Downloaded libp2p-swarm v0.31.0
[INFO] [stderr]   Downloaded libp2p v0.40.0
[INFO] [stderr]   Downloaded cranelift-codegen-meta v0.80.1
[INFO] [stderr]   Downloaded substrate-bn v0.6.0
[INFO] [stderr]   Downloaded handlebars v4.2.2
[INFO] [stderr]   Downloaded prometheus v0.13.0
[INFO] [stderr]   Downloaded wasmtime-cranelift v0.33.1
[INFO] [stderr]   Downloaded libp2p-kad v0.32.0
[INFO] [stderr]   Downloaded libp2p-gossipsub v0.33.0
[INFO] [stderr]   Downloaded wasmtime v0.33.1
[INFO] [stderr]   Downloaded regalloc v0.0.33
[INFO] [stderr]   Downloaded rustix v0.31.3
[INFO] [stderr]   Downloaded cranelift-wasm v0.80.1
[INFO] [stderr]   Downloaded nix v0.24.1
[INFO] [stderr]   Downloaded frame-metadata v14.2.0
[INFO] [stderr]   Downloaded curve25519-dalek v4.0.0-pre.1
[INFO] [stderr]   Downloaded linux-raw-sys v0.0.36
[INFO] [stderr]   Downloaded cranelift-codegen v0.80.1
[INFO] running `Command { std: "docker" "create" "-v" "/var/lib/crater-agent-workspace/builds/worker-5-tc1/target:/opt/rustwide/target:rw,Z" "-v" "/var/lib/crater-agent-workspace/builds/worker-5-tc1/source:/opt/rustwide/workdir:ro,Z" "-v" "/var/lib/crater-agent-workspace/cargo-home:/opt/rustwide/cargo-home:ro,Z" "-v" "/var/lib/crater-agent-workspace/rustup-home:/opt/rustwide/rustup-home:ro,Z" "-e" "SOURCE_DIR=/opt/rustwide/workdir" "-e" "CARGO_TARGET_DIR=/opt/rustwide/target" "-e" "CARGO_HOME=/opt/rustwide/cargo-home" "-e" "RUSTUP_HOME=/opt/rustwide/rustup-home" "-w" "/opt/rustwide/workdir" "-m" "1610612736" "--user" "0:0" "--network" "none" "ghcr.io/rust-lang/crates-build-env/linux@sha256:5ff2268d62e97bff2cde7d5815dd6ed5b47097566f13b8d0ca110b04b60e07ed" "/opt/rustwide/cargo-home/bin/cargo" "+1.69.0" "metadata" "--no-deps" "--format-version=1", kill_on_drop: false }`
[INFO] [stdout] 03fc058e51e7fffef15129d1e7193a852614cf8611373b1a11b29877a43f44f8
[INFO] running `Command { std: "docker" "start" "-a" "03fc058e51e7fffef15129d1e7193a852614cf8611373b1a11b29877a43f44f8", kill_on_drop: false }`
[INFO] running `Command { std: "docker" "inspect" "03fc058e51e7fffef15129d1e7193a852614cf8611373b1a11b29877a43f44f8", kill_on_drop: false }`
[INFO] running `Command { std: "docker" "rm" "-f" "03fc058e51e7fffef15129d1e7193a852614cf8611373b1a11b29877a43f44f8", kill_on_drop: false }`
[INFO] [stdout] 03fc058e51e7fffef15129d1e7193a852614cf8611373b1a11b29877a43f44f8
[INFO] running `Command { std: "docker" "create" "-v" "/var/lib/crater-agent-workspace/builds/worker-5-tc1/target:/opt/rustwide/target:rw,Z" "-v" "/var/lib/crater-agent-workspace/builds/worker-5-tc1/source:/opt/rustwide/workdir:ro,Z" "-v" "/var/lib/crater-agent-workspace/cargo-home:/opt/rustwide/cargo-home:ro,Z" "-v" "/var/lib/crater-agent-workspace/rustup-home:/opt/rustwide/rustup-home:ro,Z" "-e" "SOURCE_DIR=/opt/rustwide/workdir" "-e" "CARGO_TARGET_DIR=/opt/rustwide/target" "-e" "CARGO_INCREMENTAL=0" "-e" "RUST_BACKTRACE=full" "-e" "RUSTFLAGS=--cap-lints=warn" "-e" "RUSTDOCFLAGS=--cap-lints=warn" "-e" "CARGO_HOME=/opt/rustwide/cargo-home" "-e" "RUSTUP_HOME=/opt/rustwide/rustup-home" "-w" "/opt/rustwide/workdir" "-m" "1610612736" "--user" "0:0" "--network" "none" "ghcr.io/rust-lang/crates-build-env/linux@sha256:5ff2268d62e97bff2cde7d5815dd6ed5b47097566f13b8d0ca110b04b60e07ed" "/opt/rustwide/cargo-home/bin/cargo" "+1.69.0" "build" "--frozen" "--message-format=json", kill_on_drop: false }`
[INFO] [stdout] 21a22a24e05eba991ec865ed5fbc602a18346d7ec72d4a6fe2b76ff703a86722
[INFO] running `Command { std: "docker" "start" "-a" "21a22a24e05eba991ec865ed5fbc602a18346d7ec72d4a6fe2b76ff703a86722", kill_on_drop: false }`
[INFO] [stderr]    Compiling proc-macro2 v1.0.38
[INFO] [stderr]    Compiling unicode-xid v0.2.3
[INFO] [stderr]    Compiling syn v1.0.92
[INFO] [stderr]    Compiling libc v0.2.125
[INFO] [stderr]    Compiling version_check v0.9.4
[INFO] [stderr]    Compiling serde_derive v1.0.137
[INFO] [stderr]    Compiling serde v1.0.137
[INFO] [stderr]    Compiling memchr v2.5.0
[INFO] [stderr]    Compiling log v0.4.17
[INFO] [stderr]    Compiling once_cell v1.10.0
[INFO] [stderr]    Compiling spin v0.5.2
[INFO] [stderr]    Compiling value-bag v1.0.0-alpha.9
[INFO] [stderr]    Compiling typenum v1.15.0
[INFO] [stderr]    Compiling ahash v0.7.6
[INFO] [stderr]    Compiling lazy_static v1.4.0
[INFO] [stderr]    Compiling indexmap v1.8.1
[INFO] [stderr]    Compiling generic-array v0.14.5
[INFO] [stderr]    Compiling bytes v1.1.0
[INFO] [stderr]    Compiling regex-syntax v0.6.25
[INFO] [stderr]    Compiling futures-core v0.3.21
[INFO] [stderr]    Compiling aho-corasick v0.7.18
[INFO] [stderr]    Compiling quote v1.0.18
[INFO] [stderr]    Compiling ppv-lite86 v0.2.16
[INFO] [stderr]    Compiling futures-io v0.3.21
[INFO] [stderr]    Compiling slab v0.4.6
[INFO] [stderr]    Compiling smallvec v1.8.0
[INFO] [stderr]    Compiling subtle v2.4.1
[INFO] [stderr]    Compiling getrandom v0.2.6
[INFO] [stderr]    Compiling jobserver v0.1.24
[INFO] [stderr]    Compiling byteorder v1.4.3
[INFO] [stderr]    Compiling cc v1.0.73
[INFO] [stderr]    Compiling hashbrown v0.11.2
[INFO] [stderr]    Compiling num_cpus v1.13.1
[INFO] [stderr]    Compiling rand_core v0.6.3
[INFO] [stderr]    Compiling futures-sink v0.3.21
[INFO] [stderr]    Compiling rand_chacha v0.3.1
[INFO] [stderr]    Compiling lock_api v0.4.7
[INFO] [stderr]    Compiling futures-task v0.3.21
[INFO] [stderr]    Compiling futures-channel v0.3.21
[INFO] [stderr]    Compiling futures-util v0.3.21
[INFO] [stderr]    Compiling rand v0.8.5
[INFO] [stderr]    Compiling regex v1.5.5
[INFO] [stderr]    Compiling futures v0.1.31
[INFO] [stderr]    Compiling digest v0.9.0
[INFO] [stderr]    Compiling anyhow v1.0.57
[INFO] [stderr]    Compiling crunchy v0.2.2
[INFO] [stderr]    Compiling parking_lot_core v0.8.5
[INFO] [stderr]    Compiling instant v0.1.12
[INFO] [stderr]    Compiling cpufeatures v0.2.2
[INFO] [stderr]    Compiling opaque-debug v0.3.0
[INFO] [stderr]    Compiling tinyvec_macros v0.1.0
[INFO] [stderr]    Compiling getrandom v0.1.16
[INFO] [stderr]    Compiling tinyvec v1.6.0
[INFO] [stderr]    Compiling parking_lot v0.11.2
[INFO] [stderr]    Compiling static_assertions v1.1.0
[INFO] [stderr]    Compiling base64 v0.13.0
[INFO] [stderr]    Compiling rand_core v0.5.1
[INFO] [stderr]    Compiling block-padding v0.2.1
[INFO] [stderr]    Compiling block-buffer v0.9.0
[INFO] [stderr]    Compiling rand_chacha v0.2.2
[INFO] [stderr]    Compiling rand_pcg v0.2.1
[INFO] [stderr]    Compiling itoa v1.0.1
[INFO] [stderr]    Compiling sha2 v0.9.9
[INFO] [stderr]    Compiling crypto-mac v0.8.0
[INFO] [stderr]    Compiling arrayref v0.3.6
[INFO] [stderr]    Compiling rand v0.7.3
[INFO] [stderr]    Compiling unicode-normalization v0.1.19
[INFO] [stderr]    Compiling serde_json v1.0.81
[INFO] [stderr]    Compiling ryu v1.0.9
[INFO] [stderr]    Compiling libm v0.2.2
[INFO] [stderr]    Compiling synstructure v0.12.6
[INFO] [stderr]    Compiling arrayvec v0.7.2
[INFO] [stderr]    Compiling num-traits v0.2.15
[INFO] [stderr]    Compiling radium v0.6.2
[INFO] [stderr]    Compiling libsecp256k1-core v0.3.0
[INFO] [stderr]    Compiling funty v1.1.0
[INFO] [stderr]    Compiling crossbeam-utils v0.8.8
[INFO] [stderr]    Compiling tap v1.0.1
[INFO] [stderr]    Compiling wyz v0.2.0
[INFO] [stderr]    Compiling hmac v0.8.1
[INFO] [stderr]    Compiling byte-slice-cast v1.2.1
[INFO] [stderr]    Compiling hmac-drbg v0.3.0
[INFO] [stderr]    Compiling signature v1.5.0
[INFO] [stderr]    Compiling hex v0.4.3
[INFO] [stderr]    Compiling libsecp256k1-gen-ecmult v0.3.0
[INFO] [stderr]    Compiling libsecp256k1-gen-genmult v0.3.0
[INFO] [stderr]    Compiling ed25519 v1.4.1
[INFO] [stderr]    Compiling convert_case v0.4.0
[INFO] [stderr]    Compiling tracing-core v0.1.26
[INFO] [stderr]    Compiling num-integer v0.1.45
[INFO] [stderr]    Compiling rustc-hex v2.1.0
[INFO] [stderr]    Compiling stable_deref_trait v1.2.0
[INFO] [stderr]    Compiling rustc-hash v1.1.0
[INFO] [stderr]    Compiling libsecp256k1 v0.7.0
[INFO] [stderr]    Compiling uint v0.9.3
[INFO] [stderr]    Compiling generic-array v0.12.4
[INFO] [stderr]    Compiling rlp v0.5.1
[INFO] [stderr]    Compiling crc32fast v1.3.2
[INFO] [stderr]    Compiling fixed-hash v0.7.0
[INFO] [stderr]    Compiling atty v0.2.14
[INFO] [stderr]    Compiling impl-rlp v0.3.0
[INFO] [stderr]    Compiling digest v0.8.1
[INFO] [stderr]    Compiling keccak v0.1.0
[INFO] [stderr]    Compiling byte-tools v0.3.1
[INFO] [stderr]    Compiling tiny-keccak v2.0.2
[INFO] [stderr]    Compiling fallible-iterator v0.2.0
[INFO] [stderr]    Compiling miniz_oxide v0.5.1
[INFO] [stderr]    Compiling block-padding v0.1.5
[INFO] [stderr]    Compiling zstd-sys v1.6.2+zstd.1.5.1
[INFO] [stderr]    Compiling target-lexicon v0.12.3
[INFO] [stderr]    Compiling block-buffer v0.7.3
[INFO] [stderr]    Compiling opaque-debug v0.2.3
[INFO] [stderr]    Compiling arrayvec v0.5.2
[INFO] [stderr]    Compiling ansi_term v0.12.1
[INFO] [stderr]    Compiling humantime v2.1.0
[INFO] [stderr]    Compiling crypto-common v0.1.3
[INFO] [stderr]    Compiling block-buffer v0.10.2
[INFO] [stderr]    Compiling lru v0.6.6
[INFO] [stderr]    Compiling memoffset v0.6.5
[INFO] [stderr]    Compiling rustc-demangle v0.1.21
[INFO] [stderr]    Compiling zstd-safe v4.1.3+zstd.1.5.1
[INFO] [stderr]    Compiling cranelift-codegen-shared v0.80.1
[INFO] [stderr]    Compiling cranelift-codegen-meta v0.80.1
[INFO] [stderr]    Compiling digest v0.10.3
[INFO] [stderr]    Compiling constant_time_eq v0.1.5
[INFO] [stderr]    Compiling paste v1.0.7
[INFO] [stderr]    Compiling crossbeam-channel v0.5.4
[INFO] [stderr]    Compiling wasmparser v0.81.0
[INFO] [stderr]    Compiling io-lifetimes v0.4.4
[INFO] [stderr]    Compiling arrayvec v0.4.12
[INFO] [stderr]    Compiling backtrace v0.3.65
[INFO] [stderr]    Compiling time v0.1.44
[INFO] [stderr]    Compiling crossbeam-epoch v0.9.8
[INFO] [stderr]    Compiling itoa v0.4.8
[INFO] [stderr]    Compiling sp-std v4.0.0 (https://github.com/paritytech/substrate?branch=polkadot-v0.9.17#22d40c76)
[INFO] [stderr]    Compiling nodrop v0.1.14
[INFO] [stderr]    Compiling rustix v0.31.3
[INFO] [stderr]    Compiling fake-simd v0.1.2
[INFO] [stderr]    Compiling chrono v0.4.19
[INFO] [stderr]    Compiling object v0.28.3
[INFO] [stderr]    Compiling linux-raw-sys v0.0.36
[INFO] [stderr]    Compiling hash-db v0.15.2
[INFO] [stderr]    Compiling more-asserts v0.2.2
[INFO] [stderr]    Compiling parity-util-mem v0.10.2
[INFO] [stderr]    Compiling rayon-core v1.9.2
[INFO] [stderr]    Compiling ctor v0.1.22
[INFO] [stderr]    Compiling thiserror-impl v1.0.31
[INFO] [stderr]    Compiling futures-macro v0.3.21
[INFO] [stderr]    Compiling zeroize_derive v1.3.2
[INFO] [stderr]    Compiling impl-trait-for-tuples v0.2.2
[INFO] [stderr]    Compiling derive_more v0.99.17
[INFO] [stderr]    Compiling tracing-attributes v0.1.21
[INFO] [stderr]    Compiling zeroize v1.5.5
[INFO] [stderr]    Compiling curve25519-dalek v3.2.0
[INFO] [stderr]    Compiling thiserror v1.0.31
[INFO] [stderr]    Compiling cranelift-codegen v0.80.1
[INFO] [stderr]    Compiling parity-util-mem-derive v0.1.0
[INFO] [stderr]    Compiling tracing v0.1.34
[INFO] [stderr]    Compiling Inflector v0.11.4
[INFO] [stderr]    Compiling wasmtime-runtime v0.33.1
[INFO] [stderr]    Compiling num-bigint v0.2.6
[INFO] [stderr]    Compiling crossbeam-deque v0.8.1
[INFO] [stderr]    Compiling sha2 v0.10.2
[INFO] [stderr]    Compiling region v2.2.0
[INFO] [stderr]    Compiling psm v0.1.18
[INFO] [stderr]    Compiling dirs-sys-next v0.1.2
[INFO] [stderr]    Compiling num-rational v0.2.4
[INFO] [stderr]    Compiling futures-executor v0.3.21
[INFO] [stderr]    Compiling rayon v1.5.2
[INFO] [stderr]    Compiling wasmtime-cache v0.33.1
[INFO] [stderr]    Compiling parity-wasm v0.42.2
[INFO] [stderr]    Compiling ref-cast v1.0.7
[INFO] [stderr]    Compiling futures v0.3.21
[INFO] [stderr]    Compiling environmental v1.1.3
[INFO] [stderr]    Compiling cpp_demangle v0.3.5
[INFO] [stderr]    Compiling directories-next v2.0.0
[INFO] [stderr]    Compiling ref-cast-impl v1.0.7
[INFO] [stderr]    Compiling sp-debug-derive v4.0.0 (https://github.com/paritytech/substrate?branch=polkadot-v0.9.17#22d40c76)
[INFO] [stderr]    Compiling blake2-rfc v0.2.18
[INFO] [stderr]    Compiling regex-automata v0.1.10
[INFO] [stderr]    Compiling wasmtime v0.33.1
[INFO] [stderr]    Compiling matchers v0.0.1
[INFO] [stderr]    Compiling wasmi-validation v0.4.1
[INFO] [stderr]    Compiling sha2 v0.8.2
[INFO] [stderr]    Compiling hash256-std-hasher v0.15.2
[INFO] [stderr]    Compiling crypto-mac v0.11.1
[INFO] [stderr]    Compiling sharded-slab v0.1.4
[INFO] [stderr]    Compiling thread_local v1.1.4
[INFO] [stderr]    Compiling downcast-rs v1.2.0
[INFO] [stderr]    Compiling memory_units v0.3.0
[INFO] [stderr]    Compiling async-trait v0.1.53
[INFO] [stderr]    Compiling curve25519-dalek v2.1.3
[INFO] [stderr]    Compiling wasmi v0.9.1
[INFO] [stderr]    Compiling merlin v2.0.1
[INFO] [stderr]    Compiling twox-hash v1.6.3
[INFO] [stderr]    Compiling hmac v0.11.0
[INFO] [stderr]    Compiling sp-core-hashing v4.0.0 (https://github.com/paritytech/substrate?branch=polkadot-v0.9.17#22d40c76)
[INFO] [stderr]    Compiling toml v0.5.9
[INFO] [stderr]    Compiling either v1.6.1
[INFO] [stderr]    Compiling bitvec v0.20.4
[INFO] [stderr]    Compiling itertools v0.10.3
[INFO] [stderr]    Compiling ed25519-dalek v1.0.1
[INFO] [stderr]    Compiling impl-serde v0.3.2
[INFO] [stderr]    Compiling gimli v0.26.1
[INFO] [stderr]    Compiling cranelift-entity v0.80.1
[INFO] [stderr]    Compiling proc-macro-crate v1.1.3
[INFO] [stderr]    Compiling wasmtime-types v0.33.1
[INFO] [stderr]    Compiling cranelift-bforest v0.80.1
[INFO] [stderr]    Compiling regalloc v0.0.33
[INFO] [stderr]    Compiling object v0.27.1
[INFO] [stderr]    Compiling parity-scale-codec-derive v2.3.1
[INFO] [stderr]    Compiling scale-info-derive v1.0.0
[INFO] [stderr]    Compiling env_logger v0.9.0
[INFO] [stderr]    Compiling bincode v1.3.3
[INFO] [stderr]    Compiling file-per-thread-logger v0.1.5
[INFO] [stderr]    Compiling tracing-log v0.1.3
[INFO] [stderr]    Compiling tracing-serde v0.1.3
[INFO] [stderr]    Compiling tracing-subscriber v0.2.25
[INFO] [stderr]    Compiling addr2line v0.17.0
[INFO] [stderr]    Compiling parity-scale-codec v2.3.1
[INFO] [stderr]    Compiling scale-info v1.0.0
[INFO] [stderr]    Compiling impl-codec v0.5.1
[INFO] [stderr]    Compiling wasmtime-environ v0.33.1
[INFO] [stderr]    Compiling sp-storage v5.0.0 (https://github.com/paritytech/substrate?branch=polkadot-v0.9.17#22d40c76)
[INFO] [stderr]    Compiling ss58-registry v1.17.0
[INFO] [stderr]    Compiling primitive-types v0.10.1
[INFO] [stderr]    Compiling ethbloom v0.11.1
[INFO] [stderr]    Compiling sp-externalities v0.11.0 (https://github.com/paritytech/substrate?branch=polkadot-v0.9.17#22d40c76)
[INFO] [stderr]    Compiling sp-tracing v4.0.0 (https://github.com/paritytech/substrate?branch=polkadot-v0.9.17#22d40c76)
[INFO] [stderr]    Compiling sp-runtime-interface-proc-macro v4.0.0 (https://github.com/paritytech/substrate?branch=polkadot-v0.9.17#22d40c76)
[INFO] [stderr]    Compiling schnorrkel v0.9.1
[INFO] [stderr]    Compiling ethereum-types v0.12.1
[INFO] [stderr]    Compiling pbkdf2 v0.8.0
[INFO] [stderr]    Compiling dyn-clonable-impl v0.9.0
[INFO] [stderr]    Compiling num-format v0.4.0
[INFO] [stderr]    Compiling pbkdf2 v0.4.0
[INFO] [stderr]    Compiling dyn-clone v1.0.5
[INFO] [stderr]    Compiling tiny-bip39 v0.8.2
[INFO] [stderr]    Compiling substrate-bip39 v0.4.4
[INFO] [stderr]    Compiling dyn-clonable v0.9.0
[INFO] [stderr]    Compiling cranelift-frontend v0.80.1
[INFO] [stderr]    Compiling cranelift-native v0.80.1
[INFO] [stderr]    Compiling secrecy v0.8.0
[INFO] [stderr]    Compiling base58 v0.2.0
[INFO] [stderr]    Compiling hashbrown v0.12.1
[INFO] [stderr]    Compiling cranelift-wasm v0.80.1
[INFO] [stderr]    Compiling memory-db v0.28.0
[INFO] [stderr]    Compiling trie-root v0.17.0
[INFO] [stderr]    Compiling sp-panic-handler v4.0.0 (https://github.com/paritytech/substrate?branch=polkadot-v0.9.17#22d40c76)
[INFO] [stderr]    Compiling integer-sqrt v0.1.5
[INFO] [stderr]    Compiling sp-core-hashing-proc-macro v4.0.0-dev (https://github.com/paritytech/substrate?branch=polkadot-v0.9.17#22d40c76)
[INFO] [stderr]    Compiling trie-db v0.23.1
[INFO] [stderr]    Compiling sp-arithmetic v4.0.0 (https://github.com/paritytech/substrate?branch=polkadot-v0.9.17#22d40c76)
[INFO] [stderr]    Compiling sp-version-proc-macro v4.0.0-dev (https://github.com/paritytech/substrate?branch=polkadot-v0.9.17#22d40c76)
[INFO] [stderr]    Compiling fastrand v1.7.0
[INFO] [stderr]    Compiling wasmtime-cranelift v0.33.1
[INFO] [stderr]    Compiling unicode-segmentation v1.9.0
[INFO] [stderr]    Compiling sp-api-proc-macro v4.0.0-dev (https://github.com/paritytech/substrate?branch=polkadot-v0.9.17#22d40c76)
[INFO] [stderr]    Compiling futures-timer v3.0.2
[INFO] [stderr]    Compiling matches v0.1.9
[INFO] [stderr]    Compiling heck v0.3.3
[INFO] [stderr]    Compiling unicode-bidi v0.3.8
[INFO] [stderr]    Compiling proc-macro-error-attr v1.0.4
[INFO] [stderr]    Compiling remove_dir_all v0.5.3
[INFO] [stderr]    Compiling tempfile v3.3.0
[INFO] [stderr]    Compiling proc-macro-error v1.0.4
[INFO] [stderr]    Compiling prost-derive v0.9.0
[INFO] [stderr]    Compiling which v4.2.5
[INFO] [stderr]    Compiling fixedbitset v0.4.1
[INFO] [stderr]    Compiling multimap v0.8.3
[INFO] [stderr]    Compiling petgraph v0.6.0
[INFO] [stderr]    Compiling prost-build v0.9.0
[INFO] [stderr]    Compiling form_urlencoded v1.0.1
[INFO] [stderr]    Compiling idna v0.2.3
[INFO] [stderr]    Compiling ring v0.16.20
[INFO] [stderr]    Compiling socket2 v0.4.4
[INFO] [stderr]    Compiling url v2.2.2
[INFO] [stderr]    Compiling frame-support-procedural-tools-derive v3.0.0 (https://github.com/paritytech/substrate?branch=polkadot-v0.9.17#22d40c76)
[INFO] [stderr]    Compiling untrusted v0.7.1
[INFO] [stderr]    Compiling frame-metadata v14.2.0
[INFO] [stderr]    Compiling prost v0.9.0
[INFO] [stderr]    Compiling frame-support-procedural-tools v4.0.0-dev (https://github.com/paritytech/substrate?branch=polkadot-v0.9.17#22d40c76)
[INFO] [stderr]    Compiling prost-types v0.9.0
[INFO] [stderr]    Compiling signal-hook-registry v1.4.0
[INFO] [stderr]    Compiling frame-support-procedural v4.0.0-dev (https://github.com/paritytech/substrate?branch=polkadot-v0.9.17#22d40c76)
[INFO] [stderr]    Compiling tt-call v1.0.8
[INFO] [stderr]    Compiling cache-padded v1.2.0
[INFO] [stderr]    Compiling concurrent-queue v1.2.2
[INFO] [stderr]    Compiling waker-fn v1.1.0
[INFO] [stderr]    Compiling parking v2.0.0
[INFO] [stderr]    Compiling futures-lite v1.12.0
[INFO] [stderr]    Compiling data-encoding v2.3.2
[INFO] [stderr]    Compiling polling v2.2.0
[INFO] [stderr]    Compiling pin-project-internal v1.0.10
[INFO] [stderr]    Compiling pkg-config v0.3.25
[INFO] [stderr]    Compiling event-listener v2.5.2
[INFO] [stderr]    Compiling async-io v1.6.0
[INFO] [stderr]    Compiling async-task v4.2.0
[INFO] [stderr]    Compiling multihash-derive v0.7.2
[INFO] [stderr]    Compiling asynchronous-codec v0.6.0
[INFO] [stderr]    Compiling pin-project-internal v0.4.29
[INFO] [stderr]    Compiling unsigned-varint v0.7.1
[INFO] [stderr]    Compiling pin-project v1.0.10
[INFO] [stderr]    Compiling signal-hook v0.3.13
[INFO] [stderr]    Compiling async-channel v1.6.1
[INFO] [stderr]    Compiling sha3 v0.9.1
[INFO] [stderr]    Compiling atomic-waker v1.0.0
[INFO] [stderr]    Compiling async-executor v1.4.1
[INFO] [stderr]    Compiling blocking v1.2.0
[INFO] [stderr]    Compiling multihash v0.14.0
[INFO] [stderr]    Compiling async-mutex v1.4.0
[INFO] [stderr]    Compiling libp2p-core v0.30.2
[INFO] [stderr]    Compiling bs58 v0.4.0
[INFO] [stderr]    Compiling async-global-executor v2.0.4
[INFO] [stderr]    Compiling async-process v1.4.0
[INFO] [stderr]    Compiling multistream-select v0.10.4
[INFO] [stderr]    Compiling multiaddr v0.13.0
[INFO] [stderr]    Compiling async-lock v2.5.0
[INFO] [stderr]    Compiling kv-log-macro v1.0.7
[INFO] [stderr]    Compiling async-attributes v1.1.2
[INFO] [stderr]    Compiling void v1.0.2
[INFO] [stderr]    Compiling pin-project v0.4.29
[INFO] [stderr]    Compiling asn1_der v0.7.5
[INFO] [stderr]    Compiling num-bigint v0.4.3
[INFO] [stderr]    Compiling mio v0.8.2
[INFO] [stderr]    Compiling rw-stream-sink v0.2.1
[INFO] [stderr]    Compiling num-rational v0.4.0
[INFO] [stderr]    Compiling num-complex v0.4.1
[INFO] [stderr]    Compiling async-std v1.11.0
[INFO] [stderr]    Compiling tokio v1.18.1
[INFO] [stderr]    Compiling httparse v1.7.1
[INFO] [stderr]    Compiling approx v0.5.1
[INFO] [stderr]    Compiling rawpointer v0.2.1
[INFO] [stderr]    Compiling matrixmultiply v0.3.2
[INFO] [stderr]    Compiling simba v0.5.1
[INFO] [stderr]    Compiling nalgebra-macros v0.1.0
[INFO] [stderr]    Compiling rand_distr v0.4.3
[INFO] [stderr]    Compiling webpki v0.21.4
[INFO] [stderr]    Compiling sct v0.6.1
[INFO] [stderr]    Compiling kvdb v0.10.0
[INFO] [stderr]    Compiling lru v0.7.5
[INFO] [stderr]    Compiling http v0.2.7
[INFO] [stderr]    Compiling ucd-trie v0.1.3
[INFO] [stderr]    Compiling rustls v0.19.1
[INFO] [stderr]    Compiling wasm-timer v0.2.5
[INFO] [stderr]    Compiling pest v2.1.3
[INFO] [stderr]    Compiling prometheus v0.13.0
[INFO] [stderr]    Compiling tokio-util v0.7.1
[INFO] [stderr]    Compiling want v0.3.0
[INFO] [stderr]    Compiling http-body v0.4.4
[INFO] [stderr]    Compiling libp2p-swarm v0.31.0
[INFO] [stderr]    Compiling sp-database v4.0.0-dev (https://github.com/paritytech/substrate?branch=polkadot-v0.9.17#22d40c76)
[INFO] [stderr]    Compiling heck v0.4.0
[INFO] [stderr]    Compiling h2 v0.3.13
[INFO] [stderr]    Compiling wasm-instrument v0.1.1
[INFO] [stderr]    Compiling httpdate v1.0.2
[INFO] [stderr]    Compiling cipher v0.3.0
[INFO] [stderr]    Compiling wasm-bindgen-shared v0.2.80
[INFO] [stderr]    Compiling sp-serializer v4.0.0-dev (https://github.com/paritytech/substrate?branch=polkadot-v0.9.17#22d40c76)
[INFO] [stderr]    Compiling universal-hash v0.4.1
[INFO] [stderr]    Compiling sc-executor-wasmtime v0.10.0-dev (https://github.com/paritytech/substrate?branch=polkadot-v0.9.17#22d40c76)
[INFO] [stderr]    Compiling bumpalo v3.9.1
[INFO] [stderr]    Compiling ipnet v2.5.0
[INFO] [stderr]    Compiling linked-hash-map v0.5.4
[INFO] [stderr]    Compiling wasm-bindgen-backend v0.2.80
[INFO] [stderr]    Compiling semver-parser v0.10.2
[INFO] [stderr]    Compiling nalgebra v0.27.1
[INFO] [stderr]    Compiling libz-sys v1.1.6
[INFO] [stderr]    Compiling scoped-tls v1.0.0
[INFO] [stderr]    Compiling hyper v0.14.18
[INFO] [stderr]    Compiling quick-error v1.2.3
[INFO] [stderr]    Compiling wasm-bindgen-macro-support v0.2.80
[INFO] [stderr]    Compiling semver v0.11.0
[INFO] [stderr]    Compiling sc-utils v4.0.0-dev (https://github.com/paritytech/substrate?branch=polkadot-v0.9.17#22d40c76)
[INFO] [stderr]    Compiling webpki-roots v0.21.1
[INFO] [stderr]    Compiling owning_ref v0.4.1
[INFO] [stderr]    Compiling match_cfg v0.1.0
[INFO] [stderr]    Compiling wasm-bindgen v0.2.80
[INFO] [stderr]    Compiling hostname v0.3.1
[INFO] [stderr]    Compiling rustc_version v0.3.3
[INFO] [stderr]    Compiling polyval v0.5.3
[INFO] [stderr]    Compiling enum-as-inner v0.3.4
[INFO] [stderr]    Compiling aead v0.4.3
[INFO] [stderr]    Compiling cpufeatures v0.1.5
[INFO] [stderr]    Compiling wasm-bindgen-macro v0.2.80
[INFO] [stderr]    Compiling cfg-if v0.1.10
[INFO] [stderr]    Compiling chacha20 v0.7.1
[INFO] [stderr]    Compiling snow v0.8.0
[INFO] [stderr]    Compiling ghash v0.4.4
[INFO] [stderr]    Compiling flate2 v1.0.23
[INFO] [stderr]    Compiling resolv-conf v0.7.0
[INFO] [stderr]    Compiling lru-cache v0.1.2
[INFO] [stderr]    Compiling poly1305 v0.7.2
[INFO] [stderr]    Compiling aes v0.7.5
[INFO] [stderr]    Compiling trust-dns-proto v0.20.4
[INFO] [stderr]    Compiling ctr v0.8.0
[INFO] [stderr]    Compiling libp2p-kad v0.32.0
[INFO] [stderr]    Compiling libp2p-identify v0.31.0
[INFO] [stderr]    Compiling nohash-hasher v0.2.0
[INFO] [stderr]    Compiling lazycell v1.3.0
[INFO] [stderr]    Compiling aes-gcm v0.9.4
[INFO] [stderr]    Compiling chacha20poly1305 v0.8.0
[INFO] [stderr]    Compiling if-watch v0.2.2
[INFO] [stderr]    Compiling substrate-prometheus-endpoint v0.10.0-dev (https://github.com/paritytech/substrate?branch=polkadot-v0.9.17#22d40c76)
[INFO] [stderr]    Compiling js-sys v0.3.57
[INFO] [stderr]    Compiling libp2p-plaintext v0.30.0
[INFO] [stderr]    Compiling libp2p-floodsub v0.31.0
[INFO] [stderr]    Compiling libp2p-gossipsub v0.33.0
[INFO] [stderr]    Compiling libp2p-rendezvous v0.1.0
[INFO] [stderr]    Compiling trust-dns-resolver v0.20.4
[INFO] [stderr]    Compiling libp2p-relay v0.4.0
[INFO] [stderr]    Compiling libp2p-noise v0.33.0
[INFO] [stderr]    Compiling x25519-dalek v1.1.1
[INFO] [stderr]    Compiling open-metrics-client-derive-text-encode v0.1.1
[INFO] [stderr]    Compiling blake2 v0.9.2
[INFO] [stderr]    Compiling sha-1 v0.9.8
[INFO] [stderr]    Compiling atomic v0.5.1
[INFO] [stderr]    Compiling pin-project-lite v0.1.12
[INFO] [stderr]    Compiling dtoa v0.4.8
[INFO] [stderr]    Compiling soketto v0.7.1
[INFO] [stderr]    Compiling quicksink v0.1.2
[INFO] [stderr]    Compiling async-std-resolver v0.20.4
[INFO] [stderr]    Compiling wasm-bindgen-futures v0.4.30
[INFO] [stderr]    Compiling open-metrics-client v0.12.0
[INFO] [stderr]    Compiling yamux v0.9.0
[INFO] [stderr]    Compiling dns-parser v0.8.0
[INFO] [stderr]    Compiling salsa20 v0.9.0
[INFO] [stderr]    Compiling libp2p-ping v0.31.0
[INFO] [stderr]    Compiling futures-rustls v0.21.1
[INFO] [stderr]    Compiling statrs v0.15.0
[INFO] [stderr]    Compiling cuckoofilter v0.5.0
[INFO] [stderr]    Compiling bimap v0.6.2
[INFO] [stderr]    Compiling glob v0.3.0
[INFO] [stderr]    Compiling hex_fmt v0.3.0
[INFO] [stderr]    Compiling parity-send-wrapper v0.1.0
[INFO] [stderr]    Compiling libp2p-metrics v0.1.0
[INFO] [stderr]    Compiling clang-sys v1.3.1
[INFO] [stderr]    Compiling libp2p-wasm-ext v0.30.0
[INFO] [stderr]    Compiling linregress v0.4.4
[INFO] [stderr]    Compiling libp2p-websocket v0.31.0
[INFO] [stderr]    Compiling libp2p-yamux v0.34.0
[INFO] [stderr]    Compiling libp2p-pnet v0.22.0
[INFO] [stderr]    Compiling libp2p-mdns v0.32.0
[INFO] [stderr]    Compiling libp2p-dns v0.30.0
[INFO] [stderr]    Compiling libp2p-tcp v0.30.0
[INFO] [stderr]    Compiling libp2p-mplex v0.30.0
[INFO] [stderr]    Compiling libp2p-deflate v0.30.0
[INFO] [stderr]    Compiling libp2p-request-response v0.13.0
[INFO] [stderr]    Compiling libp2p-uds v0.30.0
[INFO] [stderr]    Compiling libp2p-swarm-derive v0.25.0
[INFO] [stderr]    Compiling minimal-lexical v0.2.1
[INFO] [stderr]    Compiling libloading v0.7.3
[INFO] [stderr]    Compiling jsonrpc-core v18.0.0
[INFO] [stderr]    Compiling peeking_take_while v0.1.2
[INFO] [stderr]    Compiling sha3 v0.8.2
[INFO] [stderr]    Compiling rlp-derive v0.1.0
[INFO] [stderr]    Compiling nom v7.1.1
[INFO] [stderr]    Compiling triehash v0.8.4
[INFO] [stderr]    Compiling blake3 v0.3.8
[INFO] [stderr]    Compiling ethereum v0.11.1
[INFO] [stderr]    Compiling data-encoding-macro-internal v0.1.10
[INFO] [stderr]    Compiling libp2p v0.40.0
[INFO] [stderr]    Compiling finality-grandpa v0.14.4
[INFO] [stderr]    Compiling evm-core v0.33.0
[INFO] [stderr]    Compiling fork-tree v3.0.0 (https://github.com/paritytech/substrate?branch=polkadot-v0.9.17#22d40c76)
[INFO] [stderr]    Compiling blake2s_simd v0.5.11
[INFO] [stderr]    Compiling blake2b_simd v0.5.11
[INFO] [stderr]    Compiling base-x v0.2.10
[INFO] [stderr]    Compiling data-encoding-macro v0.1.12
[INFO] [stderr]    Compiling unsigned-varint v0.5.1
[INFO] [stderr]    Compiling evm-runtime v0.33.0
[INFO] [stderr]    Compiling multibase v0.8.0
[INFO] [stderr]    Compiling jsonrpc-pubsub v18.0.0
[INFO] [stderr]    Compiling sc-network v0.10.0-dev (https://github.com/paritytech/substrate?branch=polkadot-v0.9.17#22d40c76)
[INFO] [stderr]    Compiling asynchronous-codec v0.5.0
[INFO] [stderr]    Compiling evm-gasometer v0.33.0
[INFO] [stderr]    Compiling unsigned-varint v0.6.0
[INFO] [stderr]    Compiling sc-peerset v4.0.0-dev (https://github.com/paritytech/substrate?branch=polkadot-v0.9.17#22d40c76)
[INFO] [stderr]    Compiling linked_hash_set v0.1.4
[INFO] [stderr]    Compiling auto_impl v0.5.0
[INFO] [stderr]    Compiling idna v0.1.5
[INFO] [stderr]    Compiling bstr v0.2.17
[INFO] [stderr]    Compiling ip_network v0.4.1
[INFO] [stderr]    Compiling url v1.7.2
[INFO] [stderr]    Compiling sc-telemetry v4.0.0-dev (https://github.com/paritytech/substrate?branch=polkadot-v0.9.17#22d40c76)
[INFO] [stderr]    Compiling proc-macro-crate v0.1.5
[INFO] [stderr]    Compiling bindgen v0.59.2
[INFO] [stderr]    Compiling openssl-probe v0.1.5
[INFO] [stderr]    Compiling cexpr v0.6.0
[INFO] [stderr]    Compiling unicase v2.6.0
[INFO] [stderr]    Compiling jsonrpc-derive v18.0.0
[INFO] [stderr]    Compiling shlex v1.1.0
[INFO] [stderr]    Compiling evm v0.33.1
[INFO] [stderr]    Compiling jsonrpc-client-transports v18.0.0
[INFO] [stderr]    Compiling net2 v0.2.37
[INFO] [stderr]    Compiling jsonrpc-core-client v18.0.0
[INFO] [stderr]    Compiling iovec v0.1.4
[INFO] [stderr]    Compiling globset v0.4.8
[INFO] [stderr]    Compiling tokio-stream v0.1.8
[INFO] [stderr]    Compiling tokio-util v0.6.9
[INFO] [stderr]    Compiling sc-chain-spec-derive v4.0.0-dev (https://github.com/paritytech/substrate?branch=polkadot-v0.9.17#22d40c76)
[INFO] [stderr]    Compiling libsecp256k1-core v0.2.2
[INFO] [stderr]    Compiling memmap2 v0.5.3
[INFO] [stderr]    Compiling jsonrpc-server-utils v18.0.0
[INFO] [stderr]    Compiling mio v0.6.23
[INFO] [stderr]    Compiling dirs-sys v0.3.7
[INFO] [stderr]    Compiling libsecp256k1-gen-ecmult v0.2.1
[INFO] [stderr]    Compiling mio-extras v2.0.6
[INFO] [stderr]    Compiling libsecp256k1-gen-genmult v0.2.1
[INFO] [stderr]    Compiling bytes v0.4.12
[INFO] [stderr]    Compiling sha-1 v0.8.2
[INFO] [stderr]    Compiling rustversion v1.0.6
[INFO] [stderr]    Compiling libsecp256k1 v0.6.0
[INFO] [stderr]    Compiling parity-ws v0.11.1
[INFO] [stderr]    Compiling parity-tokio-ipc v0.9.0
[INFO] [stderr]    Compiling openssl-sys v0.9.73
[INFO] [stderr]    Compiling lz4-sys v1.9.3
[INFO] [stderr]    Compiling fs-swap v0.2.6
[INFO] [stderr]    Compiling jsonrpc-ipc-server v18.0.0
[INFO] [stderr]    Compiling jsonrpc-ws-server v18.0.0
[INFO] [stderr]    Compiling jsonrpc-http-server v18.0.0
[INFO] [stderr]    Compiling nom v5.1.2
[INFO] [stderr]    Compiling retain_mut v0.1.7
[INFO] [stderr]    Compiling base64 v0.12.3
[INFO] [stderr]    Compiling snap v1.0.5
[INFO] [stderr]    Compiling strum_macros v0.23.1
[INFO] [stderr]    Compiling sc-tracing-proc-macro v4.0.0-dev (https://github.com/paritytech/substrate?branch=polkadot-v0.9.17#22d40c76)
[INFO] [stderr]    Compiling wasmtime-jit v0.33.1
[INFO] [stderr]    Compiling sc-rpc-server v4.0.0-dev (https://github.com/paritytech/substrate?branch=polkadot-v0.9.17#22d40c76)
[INFO] [stderr]    Compiling unicode-width v0.1.9
[INFO] [stderr]    Compiling textwrap v0.11.0
[INFO] [stderr]    Compiling rustls-native-certs v0.5.0
[INFO] [stderr]    Compiling tokio-rustls v0.22.0
[INFO] [stderr]    Compiling ct-logs v0.8.0
[INFO] [stderr]    Compiling threadpool v1.8.1
[INFO] [stderr]    Compiling fs2 v0.4.3
[INFO] [stderr]    Compiling memmap2 v0.2.3
[INFO] [stderr]    Compiling vec_map v0.8.2
[INFO] [stderr]    Compiling bindgen v0.56.0
[INFO] [stderr]    Compiling librocksdb-sys v6.20.3
[INFO] [stderr]    Compiling strsim v0.8.0
[INFO] [stderr]    Compiling foreign-types-shared v0.1.1
[INFO] [stderr]    Compiling openssl v0.10.40
[INFO] [stderr]    Compiling foreign-types v0.3.2
[INFO] [stderr]    Compiling clap v2.34.0
[INFO] [stderr]    Compiling hyper-rustls v0.22.1
[INFO] [stderr]    Compiling strum v0.23.0
[INFO] [stderr]    Compiling kvdb-memorydb v0.10.0
[INFO] [stderr]    Compiling env_logger v0.8.4
[INFO] [stderr]    Compiling cexpr v0.4.0
[INFO] [stderr]    Compiling openssl-macros v0.1.0
[INFO] [stderr]    Compiling which v3.1.1
[INFO] [stderr]    Compiling standback v0.2.17
[INFO] [stderr]    Compiling native-tls v0.2.10
[INFO] [stderr]    Compiling semver v1.0.9
[INFO] [stderr]    Compiling shlex v0.1.1
[INFO] [stderr]    Compiling directories v4.0.1
[INFO] [stderr]    Compiling tracing-futures v0.2.5
[INFO] [stderr]    Compiling exit-future v0.2.0
[INFO] [stderr]    Compiling camino v1.0.7
[INFO] [stderr]    Compiling parking_lot_core v0.9.3
[INFO] [stderr]    Compiling mio v0.7.14
[INFO] [stderr]    Compiling pem v0.8.3
[INFO] [stderr]    Compiling semver-parser v0.7.0
[INFO] [stderr]    Compiling fp-storage v2.0.0 (https://github.com/deeper-chain/frontier.git?branch=feature/polkadot0.9.17_dev#1ff7d199)
[INFO] [stderr]    Compiling doc-comment v0.3.3
[INFO] [stderr]    Compiling siphasher v0.3.10
[INFO] [stderr]    Compiling const_fn v0.4.9
[INFO] [stderr]    Compiling phf_shared v0.10.0
[INFO] [stderr]    Compiling semver v0.6.0
[INFO] [stderr]    Compiling time-macros-impl v0.1.2
[INFO] [stderr]    Compiling amq-protocol-uri v6.1.0
[INFO] [stderr]    Compiling cargo-platform v0.1.2
[INFO] [stderr]    Compiling parity-wasm v0.32.0
[INFO] [stderr]    Compiling time v0.2.27
[INFO] [stderr]    Compiling num-bigint v0.3.3
[INFO] [stderr]    Compiling num-iter v0.1.43
[INFO] [stderr]    Compiling subtle v1.0.0
[INFO] [stderr]    Compiling crossbeam-queue v0.3.5
[INFO] [stderr]    Compiling sc-consensus-slots v0.10.0-dev (https://github.com/paritytech/substrate?branch=polkadot-v0.9.17#22d40c76)
[INFO] [stderr]    Compiling amq-protocol v6.1.0
[INFO] [stderr]    Compiling same-file v1.0.6
[INFO] [stderr]    Compiling cookie-factory v0.3.2
[INFO] [stderr]    Compiling rust_decimal v1.23.1
[INFO] [stderr]    Compiling walkdir v2.3.2
[INFO] [stderr]    Compiling amq-protocol-types v6.1.0
[INFO] [stderr]    Compiling wasm-gc-api v0.1.11
[INFO] [stderr]    Compiling crypto-mac v0.7.0
[INFO] [stderr]    Compiling tcp-stream v0.20.10
[INFO] [stderr]    Compiling time-macros v0.1.1
[INFO] [stderr]    Compiling amq-protocol-tcp v6.1.0
[INFO] [stderr]    Compiling cargo_metadata v0.14.2
[INFO] [stderr]    Compiling parking_lot v0.12.0
[INFO] [stderr]    Compiling build-helper v0.1.1
[INFO] [stderr]    Compiling phf_generator v0.10.0
[INFO] [stderr]    Compiling async-rustls v0.2.0
[INFO] [stderr]    Compiling frame-metadata v14.2.0 (https://github.com/paritytech/frame-metadata?branch=insipx-aj-docs-rebase#1bad6f4b)
[INFO] [stderr]    Compiling sp-npos-elections-solution-type v4.0.0-dev (https://github.com/paritytech/substrate?branch=polkadot-v0.9.17#22d40c76)
[INFO] [stderr]    Compiling hmac v0.12.1
[INFO] [stderr]    Compiling hex-literal v0.3.4
[INFO] [stderr]    Compiling unicode_categories v0.1.1
[INFO] [stderr]    Compiling crc-catalog v1.1.1
[INFO] [stderr]    Compiling platforms v2.0.0
[INFO] [stderr]    Compiling os_str_bytes v6.0.0
[INFO] [stderr]    Compiling names v0.12.0
[INFO] [stderr]    Compiling lapin v1.10.0
[INFO] [stderr]    Compiling maplit v1.0.2
[INFO] [stderr]    Compiling clap_lex v0.2.0
[INFO] [stderr]    Compiling pest_meta v2.1.3
[INFO] [stderr]    Compiling sqlformat v0.1.8
[INFO] [stderr]    Compiling crc v2.1.0
[INFO] [stderr]    Compiling sqlx-rt v0.5.13
[INFO] [stderr]    Compiling hkdf v0.12.3
[INFO] [stderr]    Compiling phf_macros v0.10.0
[INFO] [stderr]    Compiling pinky-swear v4.5.0
[INFO] [stderr]    Compiling hmac v0.7.1
[INFO] [stderr]    Compiling onig_sys v69.7.1
[INFO] [stderr]    Compiling dirs v4.0.0
[INFO] [stderr]    Compiling clap_derive v3.1.7
[INFO] [stderr]    Compiling stringprep v0.1.2
[INFO] [stderr]    Compiling enumflags2_derive v0.6.4
[INFO] [stderr]    Compiling md-5 v0.10.1
[INFO] [stderr]    Compiling sha-1 v0.10.0
[INFO] [stderr]    Compiling atoi v0.4.0
[INFO] [stderr]    Compiling futures-intrusive v0.4.0
[INFO] [stderr]    Compiling hashlink v0.7.0
[INFO] [stderr]    Compiling fdlimit v0.2.1
[INFO] [stderr]    Compiling whoami v1.2.1
[INFO] [stderr]    Compiling phf v0.10.1
[INFO] [stderr]    Compiling enumflags2 v0.6.4
[INFO] [stderr]    Compiling hmac-drbg v0.2.0
[INFO] [stderr]    Compiling sqlx-core v0.5.13
[INFO] [stderr]    Compiling num v0.4.0
[INFO] [stderr]    Compiling pest_generator v2.1.3
[INFO] [stderr]    Compiling ckb-merkle-mountain-range v0.3.2
[INFO] [stderr]    Compiling curve25519-dalek v4.0.0-pre.1
[INFO] [stderr]    Compiling pallet-contracts-proc-macro v4.0.0-dev (https://github.com/paritytech/substrate?branch=polkadot-v0.9.17#22d40c76)
[INFO] [stderr]    Compiling substrate-bn v0.6.0
[INFO] [stderr]    Compiling ripemd160 v0.9.1
[INFO] [stderr]    Compiling spin v0.9.3
[INFO] [stderr]    Compiling nanorand v0.7.0
[INFO] [stderr]    Compiling clap v3.1.17
[INFO] [stderr]    Compiling rpassword v5.0.1
[INFO] [stderr]    Compiling inventory v0.1.11
[INFO] [stderr]    Compiling dotenv v0.15.0
[INFO] [stderr]    Compiling safe-mix v1.0.1
[INFO] [stderr]    Compiling flume v0.10.12
[INFO] [stderr]    Compiling async-lapin v1.3.0
[INFO] [stderr]    Compiling pest_derive v2.1.0
[INFO] [stderr]    Compiling substrate-build-script-utils v3.0.0 (https://github.com/paritytech/substrate?branch=polkadot-v0.9.17#22d40c76)
[INFO] [stderr]    Compiling libsecp256k1 v0.3.5
[INFO] [stderr]    Compiling fc-rpc-core v1.1.0-dev (https://github.com/deeper-chain/frontier.git?branch=feature/polkadot0.9.17_dev#1ff7d199)
[INFO] [stderr]    Compiling sc-authority-discovery v0.10.0-dev (https://github.com/paritytech/substrate?branch=polkadot-v0.9.17#22d40c76)
[INFO] [stderr]    Compiling inventory-impl v0.1.11
[INFO] [stderr]    Compiling ghost v0.1.4
[INFO] [stderr]    Compiling spinny v0.2.2
[INFO] [stderr]    Compiling quick-error v2.0.1
[INFO] [stderr]    Compiling multihash v0.13.2
[INFO] [stderr]    Compiling spin v0.7.1
[INFO] [stderr]    Compiling catty v0.1.4
[INFO] [stderr]    Compiling handlebars v4.2.2
[INFO] [stderr]    Compiling cid v0.6.1
[INFO] [stderr]    Compiling barrage v0.2.1
[INFO] [stderr]    Compiling node-cli v2.0.0 (https://github.com/deeper-chain/deeper-chain?branch=feature/remove-shell-completion#a4fdd4af)
[INFO] [stderr]    Compiling async-amqp v1.2.0
[INFO] [stderr]    Compiling sc-proposer-metrics v0.10.0-dev (https://github.com/paritytech/substrate?branch=polkadot-v0.9.17#22d40c76)
[INFO] [stderr]    Compiling sa_work_queue_proc_macro v0.1.0 (https://github.com/deeper-chain/substrate-archive?branch=polkadot-v0.9.17#9c552de1)
[INFO] [stderr]    Compiling async-stream-impl v0.3.3
[INFO] [stderr]    Compiling colored v1.9.3
[INFO] [stderr]    Compiling pollster v0.2.5
[INFO] [stderr]    Compiling arc-swap v1.5.0
[INFO] [stderr]    Compiling sa-work-queue v0.1.0 (https://github.com/deeper-chain/substrate-archive?branch=polkadot-v0.9.17#9c552de1)
[INFO] [stderr]    Compiling xtra v0.5.1
[INFO] [stderr]    Compiling async-stream v0.3.3
[INFO] [stderr]    Compiling fern v0.6.1
[INFO] [stderr]    Compiling directories v3.0.2
[INFO] [stderr]    Compiling nix v0.24.1
[INFO] [stderr]    Compiling ctrlc v3.2.2
[INFO] [stderr]    Compiling sqlx-macros v0.5.13
[INFO] [stderr]    Compiling lz4 v1.23.3
[INFO] [stderr]    Compiling parity-db v0.3.13
[INFO] [stdout] error: linking with `cc` failed: exit status: 1
[INFO] [stdout]   |
[INFO] [stdout]   = note: LC_ALL="C" PATH="/opt/rustwide/rustup-home/toolchains/1.69.0-x86_64-unknown-linux-gnu/lib/rustlib/x86_64-unknown-linux-gnu/bin:/opt/rustwide/cargo-home/bin:/usr/local/sbin:/usr/local/bin:/usr/sbin:/usr/bin:/sbin:/bin" VSLANG="1033" "cc" "-Wl,--version-script=/tmp/rustcuwVpKm/list" "-m64" "/tmp/rustcuwVpKm/symbols.o" "/opt/rustwide/target/debug/deps/sqlx_macros-392a6234645d688d.sqlx_macros.3f60632c-cgu.0.rcgu.o" "/opt/rustwide/target/debug/deps/sqlx_macros-392a6234645d688d.sqlx_macros.3f60632c-cgu.1.rcgu.o" "/opt/rustwide/target/debug/deps/sqlx_macros-392a6234645d688d.sqlx_macros.3f60632c-cgu.10.rcgu.o" "/opt/rustwide/target/debug/deps/sqlx_macros-392a6234645d688d.sqlx_macros.3f60632c-cgu.11.rcgu.o" "/opt/rustwide/target/debug/deps/sqlx_macros-392a6234645d688d.sqlx_macros.3f60632c-cgu.12.rcgu.o" "/opt/rustwide/target/debug/deps/sqlx_macros-392a6234645d688d.sqlx_macros.3f60632c-cgu.13.rcgu.o" "/opt/rustwide/target/debug/deps/sqlx_macros-392a6234645d688d.sqlx_macros.3f60632c-cgu.14.rcgu.o" "/opt/rustwide/target/debug/deps/sqlx_macros-392a6234645d688d.sqlx_macros.3f60632c-cgu.15.rcgu.o" "/opt/rustwide/target/debug/deps/sqlx_macros-392a6234645d688d.sqlx_macros.3f60632c-cgu.2.rcgu.o" "/opt/rustwide/target/debug/deps/sqlx_macros-392a6234645d688d.sqlx_macros.3f60632c-cgu.3.rcgu.o" "/opt/rustwide/target/debug/deps/sqlx_macros-392a6234645d688d.sqlx_macros.3f60632c-cgu.4.rcgu.o" "/opt/rustwide/target/debug/deps/sqlx_macros-392a6234645d688d.sqlx_macros.3f60632c-cgu.5.rcgu.o" "/opt/rustwide/target/debug/deps/sqlx_macros-392a6234645d688d.sqlx_macros.3f60632c-cgu.6.rcgu.o" "/opt/rustwide/target/debug/deps/sqlx_macros-392a6234645d688d.sqlx_macros.3f60632c-cgu.7.rcgu.o" "/opt/rustwide/target/debug/deps/sqlx_macros-392a6234645d688d.sqlx_macros.3f60632c-cgu.8.rcgu.o" "/opt/rustwide/target/debug/deps/sqlx_macros-392a6234645d688d.sqlx_macros.3f60632c-cgu.9.rcgu.o" "/opt/rustwide/target/debug/deps/sqlx_macros-392a6234645d688d.2gstk7dar7mgeui8.rcgu.rmeta" "/opt/rustwide/target/debug/deps/sqlx_macros-392a6234645d688d.4e5gnfnzotezdhk3.rcgu.o" "-Wl,--as-needed" "-L" "/opt/rustwide/target/debug/deps" "-L" "/opt/rustwide/target/debug/build/ring-92b6d6fc33102e09/out" "-L" "/opt/rustwide/rustup-home/toolchains/1.69.0-x86_64-unknown-linux-gnu/lib/rustlib/x86_64-unknown-linux-gnu/lib" "-Wl,-Bstatic" "/opt/rustwide/target/debug/deps/libdotenv-945558ec77349451.rlib" "/opt/rustwide/target/debug/deps/libheck-04df1b79825eaa04.rlib" "/opt/rustwide/target/debug/deps/libunicode_segmentation-305359b7bc0f5d1f.rlib" "/opt/rustwide/target/debug/deps/libsyn-2d05554196efb4ed.rlib" "/opt/rustwide/target/debug/deps/libsqlx_core-3370fa739ec36bd5.rlib" "/opt/rustwide/target/debug/deps/libcrc-41e6c97f470fd928.rlib" "/opt/rustwide/target/debug/deps/libcrc_catalog-1aa4391b22170dc3.rlib" "/opt/rustwide/target/debug/deps/libhex-ad79348a67e835f3.rlib" "/opt/rustwide/target/debug/deps/libwhoami-95657d4290fd8bb6.rlib" "/opt/rustwide/target/debug/deps/libdirs-e6b5d35646aa21a4.rlib" "/opt/rustwide/target/debug/deps/libdirs_sys-53ec18222e3318c4.rlib" "/opt/rustwide/target/debug/deps/libwebpki_roots-e2e7af64e4b1d97a.rlib" "/opt/rustwide/target/debug/deps/libsqlformat-9aca37e3407deb18.rlib" "/opt/rustwide/target/debug/deps/libunicode_categories-dd90cba33060ac76.rlib" "/opt/rustwide/target/debug/deps/libnom-6e72e861af7c10c4.rlib" "/opt/rustwide/target/debug/deps/libitertools-66a5a4d767ec7271.rlib" "/opt/rustwide/target/debug/deps/libthiserror-8ebe7963be242c0e.rlib" "/opt/rustwide/target/debug/deps/libnum_bigint-ca4877b822c3a4cd.rlib" "/opt/rustwide/target/debug/deps/libbitflags-82cc2d155c6eb112.rlib" "/opt/rustwide/target/debug/deps/liburl-4d93f8f541238cff.rlib" "/opt/rustwide/target/debug/deps/libidna-a4dbcdb095da6035.rlib" "/opt/rustwide/target/debug/deps/libform_urlencoded-0fe912f6e457e008.rlib" "/opt/rustwide/target/debug/deps/libmatches-278cbf5ab72c0d9c.rlib" "/opt/rustwide/target/debug/deps/libpercent_encoding-5186c2668f567217.rlib" "/opt/rustwide/target/debug/deps/libmd5-49d3c62e0c6a1e01.rlib" "/opt/rustwide/target/debug/deps/libbyteorder-f6bc7e7614c9a628.rlib" "/opt/rustwide/target/debug/deps/libatoi-289d19fe73ce733b.rlib" "/opt/rustwide/target/debug/deps/libstringprep-cc9efb4097687dcb.rlib" "/opt/rustwide/target/debug/deps/libunicode_normalization-1d79e100a0eab27e.rlib" "/opt/rustwide/target/debug/deps/libtinyvec-dcb099dba038fed5.rlib" "/opt/rustwide/target/debug/deps/libtinyvec_macros-5ffb2ea8a2d866f2.rlib" "/opt/rustwide/target/debug/deps/libunicode_bidi-0c08def1fa98a3f7.rlib" "/opt/rustwide/target/debug/deps/librand-209ffa46a4a2943d.rlib" "/opt/rustwide/target/debug/deps/librand_chacha-1e488f5a4127d4e1.rlib" "/opt/rustwide/target/debug/deps/libppv_lite86-663deac31cfbfc11.rlib" "/opt/rustwide/target/debug/deps/librand_core-9024fb0e521f49f3.rlib" "/opt/rustwide/target/debug/deps/libhkdf-a702dcfa44152e08.rlib" "/opt/rustwide/target/debug/deps/libhmac-27f7bbc1e4002e8f.rlib" "/opt/rustwide/target/debug/deps/libsha2-642c1c15324fbf7a.rlib" "/opt/rustwide/target/debug/deps/libcpufeatures-ad597cf4e94adabe.rlib" "/opt/rustwide/target/debug/deps/libdigest-e6ec62719b3c4e49.rlib" "/opt/rustwide/target/debug/deps/libsubtle-acfc1aa2d8135271.rlib" "/opt/rustwide/target/debug/deps/libblock_buffer-8f80afc380778065.rlib" "/opt/rustwide/target/debug/deps/libcrypto_common-c9c05266dab3e69f.rlib" "/opt/rustwide/target/debug/deps/libgeneric_array-7b00f3595c790dda.rlib" "/opt/rustwide/target/debug/deps/libtypenum-9f315a73fa1c732e.rlib" "/opt/rustwide/target/debug/deps/libbytes-0b539a5c776b0476.rlib" "/opt/rustwide/target/debug/deps/libhashlink-89b2f4f27d3eee86.rlib" "/opt/rustwide/target/debug/deps/librust_decimal-1630e8aa905e28b4.rlib" "/opt/rustwide/target/debug/deps/libarrayvec-eaab725bd11a1a74.rlib" "/opt/rustwide/target/debug/deps/libtime-32708223402234fb.rlib" "/opt/rustwide/target/debug/deps/libtime_macros-b57d00dfadf25c13.rlib" "/opt/rustwide/target/debug/deps/libstandback-fcc341b1f8909c3a.rlib" "/opt/rustwide/target/debug/deps/libchrono-b93d83658e371b5d.rlib" "/opt/rustwide/target/debug/deps/libnum_integer-33dd08fa6f6e8e8c.rlib" "/opt/rustwide/target/debug/deps/libnum_traits-5a811bd9979ddba3.rlib" "/opt/rustwide/target/debug/deps/libtime-234bb7b26159628f.rlib" "/opt/rustwide/target/debug/deps/libserde_json-f208fc5624b1afcb.rlib" "/opt/rustwide/target/debug/deps/libryu-2a5efb018e77d146.rlib" "/opt/rustwide/target/debug/deps/libitoa-6d400cb71048bb7c.rlib" "/opt/rustwide/target/debug/deps/libindexmap-fa153bf14252f73c.rlib" "/opt/rustwide/target/debug/deps/libhashbrown-4d9c705d3ecfae04.rlib" "/opt/rustwide/target/debug/deps/libahash-1cbe2897a3caca79.rlib" "/opt/rustwide/target/debug/deps/libgetrandom-98e6d103cd9cd8ee.rlib" "/opt/rustwide/target/debug/deps/libbstr-7b9396611c840ac2.rlib" "/opt/rustwide/target/debug/deps/libsqlx_rt-d24c30a498a0c78a.rlib" "/opt/rustwide/target/debug/deps/libasync_rustls-a75c21cfbcb79c4f.rlib" "/opt/rustwide/target/debug/deps/librustls-16b2af599e4580bb.rlib" "/opt/rustwide/target/debug/deps/libbase64-135b98f58478688e.rlib" "/opt/rustwide/target/debug/deps/libsct-2eef5f937b14baa8.rlib" "/opt/rustwide/target/debug/deps/libwebpki-d715e37c2187852d.rlib" "/opt/rustwide/target/debug/deps/libring-4cdda1668888fa64.rlib" "/opt/rustwide/target/debug/deps/libuntrusted-ec41ab00ed225515.rlib" "/opt/rustwide/target/debug/deps/libasync_std-8ced50fc16966067.rlib" "/opt/rustwide/target/debug/deps/libasync_global_executor-9a1c9d5125c6d87e.rlib" "/opt/rustwide/target/debug/deps/libblocking-2ba288e374744e04.rlib" "/opt/rustwide/target/debug/deps/libatomic_waker-b693930d2c531973.rlib" "/opt/rustwide/target/debug/deps/libasync_mutex-924b9b4a49ea8508.rlib" "/opt/rustwide/target/debug/deps/libasync_executor-9df72751e3410b59.rlib" "/opt/rustwide/target/debug/deps/libasync_task-8aeef13efaf4b2c0.rlib" "/opt/rustwide/target/debug/deps/libnum_cpus-d033848777dc683d.rlib" "/opt/rustwide/target/debug/deps/libasync_process-32bac301de1a4dd8.rlib" "/opt/rustwide/target/debug/deps/libsignal_hook-4b8c55fa4f8d8f12.rlib" "/opt/rustwide/target/debug/deps/libsignal_hook_registry-9522b1e853360872.rlib" "/opt/rustwide/target/debug/deps/libasync_io-de44dee74429c9ef.rlib" "/opt/rustwide/target/debug/deps/libpolling-684a6cf25b46197a.rlib" "/opt/rustwide/target/debug/deps/libonce_cell-bf6de0187c3087d7.rlib" "/opt/rustwide/target/debug/deps/libsocket2-17cf925fddbe0052.rlib" "/opt/rustwide/target/debug/deps/libfutures_lite-530a82fc704fbf1d.rlib" "/opt/rustwide/target/debug/deps/libfastrand-87725e5e11f23675.rlib" "/opt/rustwide/target/debug/deps/libwaker_fn-2f3d6f488af88305.rlib" "/opt/rustwide/target/debug/deps/libparking-a6feda7fe2e93bcc.rlib" "/opt/rustwide/target/debug/deps/libasync_channel-7755aa4bcfb093f3.rlib" "/opt/rustwide/target/debug/deps/libconcurrent_queue-23f34e1273b6a8e7.rlib" "/opt/rustwide/target/debug/deps/libcache_padded-f4d32a9f10556cfb.rlib" "/opt/rustwide/target/debug/deps/libasync_lock-4ffa46ff5bbda344.rlib" "/opt/rustwide/target/debug/deps/libkv_log_macro-88af2a5d4a592f11.rlib" "/opt/rustwide/target/debug/deps/liblog-c89c90e3561152c7.rlib" "/opt/rustwide/target/debug/deps/libvalue_bag-949deecf71c666b2.rlib" "/opt/rustwide/target/debug/deps/libcrossbeam_queue-88bf05248084e1e5.rlib" "/opt/rustwide/target/debug/deps/libcrossbeam_utils-225eec02ae1866a9.rlib" "/opt/rustwide/target/debug/deps/liblazy_static-34ba320d3cb503b3.rlib" "/opt/rustwide/target/debug/deps/libspin-ba7f384cfb4b159f.rlib" "/opt/rustwide/target/debug/deps/libfutures_intrusive-28118ed34a2a854f.rlib" "/opt/rustwide/target/debug/deps/libparking_lot-c63e7b4f9f2fb576.rlib" "/opt/rustwide/target/debug/deps/libparking_lot_core-5a913b539cfa0db2.rlib" "/opt/rustwide/target/debug/deps/liblibc-0414006da2133e77.rlib" "/opt/rustwide/target/debug/deps/libsmallvec-c7a58a2220230ce0.rlib" "/opt/rustwide/target/debug/deps/libinstant-1bfa666718b38be4.rlib" "/opt/rustwide/target/debug/deps/libcfg_if-e5e118dd7d121aaa.rlib" "/opt/rustwide/target/debug/deps/liblock_api-e5ad3b2927a46886.rlib" "/opt/rustwide/target/debug/deps/libscopeguard-f471875f675163b5.rlib" "/opt/rustwide/target/debug/deps/libeither-add0e17706a0d59c.rlib" "/opt/rustwide/target/debug/deps/libserde-642b4289831c2617.rlib" "/opt/rustwide/target/debug/deps/libevent_listener-4f9015dc5a330811.rlib" "/opt/rustwide/target/debug/deps/libfutures_util-cf9569aa7b58d72f.rlib" "/opt/rustwide/target/debug/deps/libmemchr-399e4d4e829e4e4b.rlib" "/opt/rustwide/target/debug/deps/libfutures-b751731b445609ba.rlib" "/opt/rustwide/target/debug/deps/libfutures_io-905ced18ca6ee1c3.rlib" "/opt/rustwide/target/debug/deps/libslab-253095edecfddbad.rlib" "/opt/rustwide/target/debug/deps/libpin_project_lite-e66e1bab7310d569.rlib" "/opt/rustwide/target/debug/deps/libfutures_task-5198a3fe3958bfa8.rlib" "/opt/rustwide/target/debug/deps/libpin_utils-0d8eaf4ac0fcb221.rlib" "/opt/rustwide/target/debug/deps/libfutures_channel-816aae38c4a780bf.rlib" "/opt/rustwide/target/debug/deps/libfutures_sink-4aec2d803aa18c12.rlib" "/opt/rustwide/target/debug/deps/libfutures_core-235afe2abade6ecb.rlib" "/opt/rustwide/target/debug/deps/libquote-ade7ef12d7f1b293.rlib" "/opt/rustwide/target/debug/deps/libproc_macro2-0fbf2390c2876411.rlib" "/opt/rustwide/target/debug/deps/libunicode_xid-176800285be41863.rlib" "/opt/rustwide/rustup-home/toolchains/1.69.0-x86_64-unknown-linux-gnu/lib/rustlib/x86_64-unknown-linux-gnu/lib/libproc_macro-3627dfecd49b0535.rlib" "/opt/rustwide/rustup-home/toolchains/1.69.0-x86_64-unknown-linux-gnu/lib/rustlib/x86_64-unknown-linux-gnu/lib/libstd-89bc084783fdc439.rlib" "/opt/rustwide/rustup-home/toolchains/1.69.0-x86_64-unknown-linux-gnu/lib/rustlib/x86_64-unknown-linux-gnu/lib/libpanic_unwind-8bee4b287d4367c1.rlib" "/opt/rustwide/rustup-home/toolchains/1.69.0-x86_64-unknown-linux-gnu/lib/rustlib/x86_64-unknown-linux-gnu/lib/libobject-d61707aed80694c0.rlib" "/opt/rustwide/rustup-home/toolchains/1.69.0-x86_64-unknown-linux-gnu/lib/rustlib/x86_64-unknown-linux-gnu/lib/libmemchr-d85366256f22345b.rlib" "/opt/rustwide/rustup-home/toolchains/1.69.0-x86_64-unknown-linux-gnu/lib/rustlib/x86_64-unknown-linux-gnu/lib/libaddr2line-96069b86b8a8cae9.rlib" "/opt/rustwide/rustup-home/toolchains/1.69.0-x86_64-unknown-linux-gnu/lib/rustlib/x86_64-unknown-linux-gnu/lib/libgimli-d19d53abf68dfa6c.rlib" "/opt/rustwide/rustup-home/toolchains/1.69.0-x86_64-unknown-linux-gnu/lib/rustlib/x86_64-unknown-linux-gnu/lib/librustc_demangle-787cbccd19d64ac6.rlib" "/opt/rustwide/rustup-home/toolchains/1.69.0-x86_64-unknown-linux-gnu/lib/rustlib/x86_64-unknown-linux-gnu/lib/libstd_detect-b3837a36b830e0d0.rlib" "/opt/rustwide/rustup-home/toolchains/1.69.0-x86_64-unknown-linux-gnu/lib/rustlib/x86_64-unknown-linux-gnu/lib/libhashbrown-e3deb0e7e3f04966.rlib" "/opt/rustwide/rustup-home/toolchains/1.69.0-x86_64-unknown-linux-gnu/lib/rustlib/x86_64-unknown-linux-gnu/lib/libminiz_oxide-dabbb79c9815def4.rlib" "/opt/rustwide/rustup-home/toolchains/1.69.0-x86_64-unknown-linux-gnu/lib/rustlib/x86_64-unknown-linux-gnu/lib/libadler-305b01f34c9409f2.rlib" "/opt/rustwide/rustup-home/toolchains/1.69.0-x86_64-unknown-linux-gnu/lib/rustlib/x86_64-unknown-linux-gnu/lib/librustc_std_workspace_alloc-f833521df6074e73.rlib" "/opt/rustwide/rustup-home/toolchains/1.69.0-x86_64-unknown-linux-gnu/lib/rustlib/x86_64-unknown-linux-gnu/lib/libunwind-9ac333113350d171.rlib" "/opt/rustwide/rustup-home/toolchains/1.69.0-x86_64-unknown-linux-gnu/lib/rustlib/x86_64-unknown-linux-gnu/lib/libcfg_if-1c126114322d0eee.rlib" "/opt/rustwide/rustup-home/toolchains/1.69.0-x86_64-unknown-linux-gnu/lib/rustlib/x86_64-unknown-linux-gnu/lib/liblibc-bad9164fdeeecf92.rlib" "/opt/rustwide/rustup-home/toolchains/1.69.0-x86_64-unknown-linux-gnu/lib/rustlib/x86_64-unknown-linux-gnu/lib/liballoc-f9374b1e480fa681.rlib" "/opt/rustwide/rustup-home/toolchains/1.69.0-x86_64-unknown-linux-gnu/lib/rustlib/x86_64-unknown-linux-gnu/lib/librustc_std_workspace_core-207f06e41d9603af.rlib" "/opt/rustwide/rustup-home/toolchains/1.69.0-x86_64-unknown-linux-gnu/lib/rustlib/x86_64-unknown-linux-gnu/lib/libcore-7e2768e66e984e85.rlib" "/opt/rustwide/rustup-home/toolchains/1.69.0-x86_64-unknown-linux-gnu/lib/rustlib/x86_64-unknown-linux-gnu/lib/libcompiler_builtins-957b4aff41f8cd46.rlib" "-Wl,-Bdynamic" "-lgcc_s" "-lutil" "-lrt" "-lpthread" "-lm" "-ldl" "-lc" "-Wl,--eh-frame-hdr" "-Wl,-z,noexecstack" "-L" "/opt/rustwide/rustup-home/toolchains/1.69.0-x86_64-unknown-linux-gnu/lib/rustlib/x86_64-unknown-linux-gnu/lib" "-o" "/opt/rustwide/target/debug/deps/libsqlx_macros-392a6234645d688d.so" "-Wl,--gc-sections" "-shared" "-Wl,-z,relro,-z,now" "-nodefaultlibs"
[INFO] [stdout]   = note: collect2: fatal error: ld terminated with signal 9 [Killed]
[INFO] [stdout]           compilation terminated.
[INFO] [stdout]           
[INFO] [stdout] 
[INFO] [stdout] 
[INFO] [stdout] error: aborting due to previous error
[INFO] [stdout] 
[INFO] [stdout] 
[INFO] [stderr] error: could not compile `sqlx-macros` due to 2 previous errors
[INFO] [stderr] warning: build failed, waiting for other jobs to finish...
[INFO] [stderr] The following warnings were emitted during compilation:
[INFO] [stderr] 
[INFO] [stderr] warning: c++: fatal error: Killed signal terminated program cc1plus
[INFO] [stderr] warning: compilation terminated.
[INFO] [stderr] warning: c++: fatal error: Killed signal terminated program cc1plus
[INFO] [stderr] warning: compilation terminated.
[INFO] [stderr] warning: c++: fatal error: Killed signal terminated program cc1plus
[INFO] [stderr] warning: compilation terminated.
[INFO] [stderr] 
[INFO] [stderr] error: failed to run custom build command for `librocksdb-sys v6.20.3`
[INFO] [stderr] note: To improve backtraces for build dependencies, set the CARGO_PROFILE_DEV_BUILD_OVERRIDE_DEBUG=true environment variable to enable debug information generation.
[INFO] [stderr] 
[INFO] [stderr] Caused by:
[INFO] [stderr]   process didn't exit successfully: `/opt/rustwide/target/debug/build/librocksdb-sys-8c02e32c1b380653/build-script-build` (exit status: 1)
[INFO] [stderr]   --- stdout
[INFO] [stderr]   cargo:rerun-if-changed=rocksdb/
[INFO] [stderr]   TARGET = Some("x86_64-unknown-linux-gnu")
[INFO] [stderr]   OPT_LEVEL = Some("0")
[INFO] [stderr]   HOST = Some("x86_64-unknown-linux-gnu")
[INFO] [stderr]   CXX_x86_64-unknown-linux-gnu = None
[INFO] [stderr]   CXX_x86_64_unknown_linux_gnu = None
[INFO] [stderr]   HOST_CXX = None
[INFO] [stderr]   CXX = None
[INFO] [stderr]   CXXFLAGS_x86_64-unknown-linux-gnu = None
[INFO] [stderr]   CXXFLAGS_x86_64_unknown_linux_gnu = None
[INFO] [stderr]   HOST_CXXFLAGS = None
[INFO] [stderr]   CXXFLAGS = None
[INFO] [stderr]   CRATE_CC_NO_DEFAULTS = None
[INFO] [stderr]   DEBUG = Some("true")
[INFO] [stderr]   CARGO_CFG_TARGET_FEATURE = Some("fxsr,sse,sse2")
[INFO] [stderr]   CXX_x86_64-unknown-linux-gnu = None
[INFO] [stderr]   CXX_x86_64_unknown_linux_gnu = None
[INFO] [stderr]   HOST_CXX = None
[INFO] [stderr]   CXX = None
[INFO] [stderr]   CXXFLAGS_x86_64-unknown-linux-gnu = None
[INFO] [stderr]   CXXFLAGS_x86_64_unknown_linux_gnu = None
[INFO] [stderr]   HOST_CXXFLAGS = None
[INFO] [stderr]   CXXFLAGS = None
[INFO] [stderr]   CRATE_CC_NO_DEFAULTS = None
[INFO] [stderr]   CARGO_CFG_TARGET_FEATURE = Some("fxsr,sse,sse2")
[INFO] [stderr]   running: "c++" "-O0" "-ffunction-sections" "-fdata-sections" "-fPIC" "-g" "-fno-omit-frame-pointer" "-m64" "-I" "rocksdb/include/" "-I" "rocksdb/" "-I" "rocksdb/third-party/gtest-1.8.1/fused-src/" "-I" "snappy/" "-I" "." "-Wall" "-Wextra" "-std=c++11" "-Wno-unused-parameter" "-msse2" "-DSNAPPY=1" "-DNDEBUG=1" "-DOS_LINUX" "-DROCKSDB_PLATFORM_POSIX" "-DROCKSDB_LIB_IO_POSIX" "-DROCKSDB_SUPPORT_THREAD_LOCAL" "-o" "/opt/rustwide/target/debug/build/librocksdb-sys-94c211b413811f47/out/rocksdb/cache/cache.o" "-c" "rocksdb/cache/cache.cc"
[INFO] [stderr]   exit status: 0
[INFO] [stderr]   running: "c++" "-O0" "-ffunction-sections" "-fdata-sections" "-fPIC" "-g" "-fno-omit-frame-pointer" "-m64" "-I" "rocksdb/include/" "-I" "rocksdb/" "-I" "rocksdb/third-party/gtest-1.8.1/fused-src/" "-I" "snappy/" "-I" "." "-Wall" "-Wextra" "-std=c++11" "-Wno-unused-parameter" "-msse2" "-DSNAPPY=1" "-DNDEBUG=1" "-DOS_LINUX" "-DROCKSDB_PLATFORM_POSIX" "-DROCKSDB_LIB_IO_POSIX" "-DROCKSDB_SUPPORT_THREAD_LOCAL" "-o" "/opt/rustwide/target/debug/build/librocksdb-sys-94c211b413811f47/out/rocksdb/cache/clock_cache.o" "-c" "rocksdb/cache/clock_cache.cc"
[INFO] [stderr]   exit status: 0
[INFO] [stderr]   running: "c++" "-O0" "-ffunction-sections" "-fdata-sections" "-fPIC" "-g" "-fno-omit-frame-pointer" "-m64" "-I" "rocksdb/include/" "-I" "rocksdb/" "-I" "rocksdb/third-party/gtest-1.8.1/fused-src/" "-I" "snappy/" "-I" "." "-Wall" "-Wextra" "-std=c++11" "-Wno-unused-parameter" "-msse2" "-DSNAPPY=1" "-DNDEBUG=1" "-DOS_LINUX" "-DROCKSDB_PLATFORM_POSIX" "-DROCKSDB_LIB_IO_POSIX" "-DROCKSDB_SUPPORT_THREAD_LOCAL" "-o" "/opt/rustwide/target/debug/build/librocksdb-sys-94c211b413811f47/out/rocksdb/cache/lru_cache.o" "-c" "rocksdb/cache/lru_cache.cc"
[INFO] [stderr]   running: "c++" "-O0" "-ffunction-sections" "-fdata-sections" "-fPIC" "-g" "-fno-omit-frame-pointer" "-m64" "-I" "rocksdb/include/" "-I" "rocksdb/" "-I" "rocksdb/third-party/gtest-1.8.1/fused-src/" "-I" "snappy/" "-I" "." "-Wall" "-Wextra" "-std=c++11" "-Wno-unused-parameter" "-msse2" "-DSNAPPY=1" "-DNDEBUG=1" "-DOS_LINUX" "-DROCKSDB_PLATFORM_POSIX" "-DROCKSDB_LIB_IO_POSIX" "-DROCKSDB_SUPPORT_THREAD_LOCAL" "-o" "/opt/rustwide/target/debug/build/librocksdb-sys-94c211b413811f47/out/rocksdb/cache/sharded_cache.o" "-c" "rocksdb/cache/sharded_cache.cc"
[INFO] [stderr]   running: "c++" "-O0" "-ffunction-sections" "-fdata-sections" "-fPIC" "-g" "-fno-omit-frame-pointer" "-m64" "-I" "rocksdb/include/" "-I" "rocksdb/" "-I" "rocksdb/third-party/gtest-1.8.1/fused-src/" "-I" "snappy/" "-I" "." "-Wall" "-Wextra" "-std=c++11" "-Wno-unused-parameter" "-msse2" "-DSNAPPY=1" "-DNDEBUG=1" "-DOS_LINUX" "-DROCKSDB_PLATFORM_POSIX" "-DROCKSDB_LIB_IO_POSIX" "-DROCKSDB_SUPPORT_THREAD_LOCAL" "-o" "/opt/rustwide/target/debug/build/librocksdb-sys-94c211b413811f47/out/rocksdb/db/arena_wrapped_db_iter.o" "-c" "rocksdb/db/arena_wrapped_db_iter.cc"
[INFO] [stderr]   exit status: 0
[INFO] [stderr]   exit status: 0
[INFO] [stderr]   running: "c++" "-O0" "-ffunction-sections" "-fdata-sections" "-fPIC" "-g" "-fno-omit-frame-pointer" "-m64" "-I" "rocksdb/include/" "-I" "rocksdb/" "-I" "rocksdb/third-party/gtest-1.8.1/fused-src/" "-I" "snappy/" "-I" "." "-Wall" "-Wextra" "-std=c++11" "-Wno-unused-parameter" "-msse2" "-DSNAPPY=1" "-DNDEBUG=1" "-DOS_LINUX" "-DROCKSDB_PLATFORM_POSIX" "-DROCKSDB_LIB_IO_POSIX" "-DROCKSDB_SUPPORT_THREAD_LOCAL" "-o" "/opt/rustwide/target/debug/build/librocksdb-sys-94c211b413811f47/out/rocksdb/db/blob/blob_file_addition.o" "-c" "rocksdb/db/blob/blob_file_addition.cc"
[INFO] [stderr]   running: "c++" "-O0" "-ffunction-sections" "-fdata-sections" "-fPIC" "-g" "-fno-omit-frame-pointer" "-m64" "-I" "rocksdb/include/" "-I" "rocksdb/" "-I" "rocksdb/third-party/gtest-1.8.1/fused-src/" "-I" "snappy/" "-I" "." "-Wall" "-Wextra" "-std=c++11" "-Wno-unused-parameter" "-msse2" "-DSNAPPY=1" "-DNDEBUG=1" "-DOS_LINUX" "-DROCKSDB_PLATFORM_POSIX" "-DROCKSDB_LIB_IO_POSIX" "-DROCKSDB_SUPPORT_THREAD_LOCAL" "-o" "/opt/rustwide/target/debug/build/librocksdb-sys-94c211b413811f47/out/rocksdb/db/blob/blob_file_builder.o" "-c" "rocksdb/db/blob/blob_file_builder.cc"
[INFO] [stderr]   running: "c++" "-O0" "-ffunction-sections" "-fdata-sections" "-fPIC" "-g" "-fno-omit-frame-pointer" "-m64" "-I" "rocksdb/include/" "-I" "rocksdb/" "-I" "rocksdb/third-party/gtest-1.8.1/fused-src/" "-I" "snappy/" "-I" "." "-Wall" "-Wextra" "-std=c++11" "-Wno-unused-parameter" "-msse2" "-DSNAPPY=1" "-DNDEBUG=1" "-DOS_LINUX" "-DROCKSDB_PLATFORM_POSIX" "-DROCKSDB_LIB_IO_POSIX" "-DROCKSDB_SUPPORT_THREAD_LOCAL" "-o" "/opt/rustwide/target/debug/build/librocksdb-sys-94c211b413811f47/out/rocksdb/db/blob/blob_file_cache.o" "-c" "rocksdb/db/blob/blob_file_cache.cc"
[INFO] [stderr]   exit status: 0
[INFO] [stderr]   running: "c++" "-O0" "-ffunction-sections" "-fdata-sections" "-fPIC" "-g" "-fno-omit-frame-pointer" "-m64" "-I" "rocksdb/include/" "-I" "rocksdb/" "-I" "rocksdb/third-party/gtest-1.8.1/fused-src/" "-I" "snappy/" "-I" "." "-Wall" "-Wextra" "-std=c++11" "-Wno-unused-parameter" "-msse2" "-DSNAPPY=1" "-DNDEBUG=1" "-DOS_LINUX" "-DROCKSDB_PLATFORM_POSIX" "-DROCKSDB_LIB_IO_POSIX" "-DROCKSDB_SUPPORT_THREAD_LOCAL" "-o" "/opt/rustwide/target/debug/build/librocksdb-sys-94c211b413811f47/out/rocksdb/db/blob/blob_file_garbage.o" "-c" "rocksdb/db/blob/blob_file_garbage.cc"
[INFO] [stderr]   exit status: 0
[INFO] [stderr]   exit status: 0
[INFO] [stderr]   running: "c++" "-O0" "-ffunction-sections" "-fdata-sections" "-fPIC" "-g" "-fno-omit-frame-pointer" "-m64" "-I" "rocksdb/include/" "-I" "rocksdb/" "-I" "rocksdb/third-party/gtest-1.8.1/fused-src/" "-I" "snappy/" "-I" "." "-Wall" "-Wextra" "-std=c++11" "-Wno-unused-parameter" "-msse2" "-DSNAPPY=1" "-DNDEBUG=1" "-DOS_LINUX" "-DROCKSDB_PLATFORM_POSIX" "-DROCKSDB_LIB_IO_POSIX" "-DROCKSDB_SUPPORT_THREAD_LOCAL" "-o" "/opt/rustwide/target/debug/build/librocksdb-sys-94c211b413811f47/out/rocksdb/db/blob/blob_file_meta.o" "-c" "rocksdb/db/blob/blob_file_meta.cc"
[INFO] [stderr]   exit status: 0
[INFO] [stderr]   exit status: 0
[INFO] [stderr]   running: "c++" "-O0" "-ffunction-sections" "-fdata-sections" "-fPIC" "-g" "-fno-omit-frame-pointer" "-m64" "-I" "rocksdb/include/" "-I" "rocksdb/" "-I" "rocksdb/third-party/gtest-1.8.1/fused-src/" "-I" "snappy/" "-I" "." "-Wall" "-Wextra" "-std=c++11" "-Wno-unused-parameter" "-msse2" "-DSNAPPY=1" "-DNDEBUG=1" "-DOS_LINUX" "-DROCKSDB_PLATFORM_POSIX" "-DROCKSDB_LIB_IO_POSIX" "-DROCKSDB_SUPPORT_THREAD_LOCAL" "-o" "/opt/rustwide/target/debug/build/librocksdb-sys-94c211b413811f47/out/rocksdb/db/blob/blob_file_reader.o" "-c" "rocksdb/db/blob/blob_file_reader.cc"
[INFO] [stderr]   running: "c++" "-O0" "-ffunction-sections" "-fdata-sections" "-fPIC" "-g" "-fno-omit-frame-pointer" "-m64" "-I" "rocksdb/include/" "-I" "rocksdb/" "-I" "rocksdb/third-party/gtest-1.8.1/fused-src/" "-I" "snappy/" "-I" "." "-Wall" "-Wextra" "-std=c++11" "-Wno-unused-parameter" "-msse2" "-DSNAPPY=1" "-DNDEBUG=1" "-DOS_LINUX" "-DROCKSDB_PLATFORM_POSIX" "-DROCKSDB_LIB_IO_POSIX" "-DROCKSDB_SUPPORT_THREAD_LOCAL" "-o" "/opt/rustwide/target/debug/build/librocksdb-sys-94c211b413811f47/out/rocksdb/db/blob/blob_log_format.o" "-c" "rocksdb/db/blob/blob_log_format.cc"
[INFO] [stderr]   exit status: 0
[INFO] [stderr]   exit status: 0
[INFO] [stderr]   running: "c++" "-O0" "-ffunction-sections" "-fdata-sections" "-fPIC" "-g" "-fno-omit-frame-pointer" "-m64" "-I" "rocksdb/include/" "-I" "rocksdb/" "-I" "rocksdb/third-party/gtest-1.8.1/fused-src/" "-I" "snappy/" "-I" "." "-Wall" "-Wextra" "-std=c++11" "-Wno-unused-parameter" "-msse2" "-DSNAPPY=1" "-DNDEBUG=1" "-DOS_LINUX" "-DROCKSDB_PLATFORM_POSIX" "-DROCKSDB_LIB_IO_POSIX" "-DROCKSDB_SUPPORT_THREAD_LOCAL" "-o" "/opt/rustwide/target/debug/build/librocksdb-sys-94c211b413811f47/out/rocksdb/db/blob/blob_log_sequential_reader.o" "-c" "rocksdb/db/blob/blob_log_sequential_reader.cc"
[INFO] [stderr]   exit status: 0
[INFO] [stderr]   running: "c++" "-O0" "-ffunction-sections" "-fdata-sections" "-fPIC" "-g" "-fno-omit-frame-pointer" "-m64" "-I" "rocksdb/include/" "-I" "rocksdb/" "-I" "rocksdb/third-party/gtest-1.8.1/fused-src/" "-I" "snappy/" "-I" "." "-Wall" "-Wextra" "-std=c++11" "-Wno-unused-parameter" "-msse2" "-DSNAPPY=1" "-DNDEBUG=1" "-DOS_LINUX" "-DROCKSDB_PLATFORM_POSIX" "-DROCKSDB_LIB_IO_POSIX" "-DROCKSDB_SUPPORT_THREAD_LOCAL" "-o" "/opt/rustwide/target/debug/build/librocksdb-sys-94c211b413811f47/out/rocksdb/db/blob/blob_log_writer.o" "-c" "rocksdb/db/blob/blob_log_writer.cc"
[INFO] [stderr]   running: "c++" "-O0" "-ffunction-sections" "-fdata-sections" "-fPIC" "-g" "-fno-omit-frame-pointer" "-m64" "-I" "rocksdb/include/" "-I" "rocksdb/" "-I" "rocksdb/third-party/gtest-1.8.1/fused-src/" "-I" "snappy/" "-I" "." "-Wall" "-Wextra" "-std=c++11" "-Wno-unused-parameter" "-msse2" "-DSNAPPY=1" "-DNDEBUG=1" "-DOS_LINUX" "-DROCKSDB_PLATFORM_POSIX" "-DROCKSDB_LIB_IO_POSIX" "-DROCKSDB_SUPPORT_THREAD_LOCAL" "-o" "/opt/rustwide/target/debug/build/librocksdb-sys-94c211b413811f47/out/rocksdb/db/builder.o" "-c" "rocksdb/db/builder.cc"
[INFO] [stderr]   running: "c++" "-O0" "-ffunction-sections" "-fdata-sections" "-fPIC" "-g" "-fno-omit-frame-pointer" "-m64" "-I" "rocksdb/include/" "-I" "rocksdb/" "-I" "rocksdb/third-party/gtest-1.8.1/fused-src/" "-I" "snappy/" "-I" "." "-Wall" "-Wextra" "-std=c++11" "-Wno-unused-parameter" "-msse2" "-DSNAPPY=1" "-DNDEBUG=1" "-DOS_LINUX" "-DROCKSDB_PLATFORM_POSIX" "-DROCKSDB_LIB_IO_POSIX" "-DROCKSDB_SUPPORT_THREAD_LOCAL" "-o" "/opt/rustwide/target/debug/build/librocksdb-sys-94c211b413811f47/out/rocksdb/db/c.o" "-c" "rocksdb/db/c.cc"
[INFO] [stderr]   exit status: 0
[INFO] [stderr]   running: "c++" "-O0" "-ffunction-sections" "-fdata-sections" "-fPIC" "-g" "-fno-omit-frame-pointer" "-m64" "-I" "rocksdb/include/" "-I" "rocksdb/" "-I" "rocksdb/third-party/gtest-1.8.1/fused-src/" "-I" "snappy/" "-I" "." "-Wall" "-Wextra" "-std=c++11" "-Wno-unused-parameter" "-msse2" "-DSNAPPY=1" "-DNDEBUG=1" "-DOS_LINUX" "-DROCKSDB_PLATFORM_POSIX" "-DROCKSDB_LIB_IO_POSIX" "-DROCKSDB_SUPPORT_THREAD_LOCAL" "-o" "/opt/rustwide/target/debug/build/librocksdb-sys-94c211b413811f47/out/rocksdb/db/column_family.o" "-c" "rocksdb/db/column_family.cc"
[INFO] [stderr]   exit status: 0
[INFO] [stderr]   running: "c++" "-O0" "-ffunction-sections" "-fdata-sections" "-fPIC" "-g" "-fno-omit-frame-pointer" "-m64" "-I" "rocksdb/include/" "-I" "rocksdb/" "-I" "rocksdb/third-party/gtest-1.8.1/fused-src/" "-I" "snappy/" "-I" "." "-Wall" "-Wextra" "-std=c++11" "-Wno-unused-parameter" "-msse2" "-DSNAPPY=1" "-DNDEBUG=1" "-DOS_LINUX" "-DROCKSDB_PLATFORM_POSIX" "-DROCKSDB_LIB_IO_POSIX" "-DROCKSDB_SUPPORT_THREAD_LOCAL" "-o" "/opt/rustwide/target/debug/build/librocksdb-sys-94c211b413811f47/out/rocksdb/db/compaction/compaction.o" "-c" "rocksdb/db/compaction/compaction.cc"
[INFO] [stderr]   running: "c++" "-O0" "-ffunction-sections" "-fdata-sections" "-fPIC" "-g" "-fno-omit-frame-pointer" "-m64" "-I" "rocksdb/include/" "-I" "rocksdb/" "-I" "rocksdb/third-party/gtest-1.8.1/fused-src/" "-I" "snappy/" "-I" "." "-Wall" "-Wextra" "-std=c++11" "-Wno-unused-parameter" "-msse2" "-DSNAPPY=1" "-DNDEBUG=1" "-DOS_LINUX" "-DROCKSDB_PLATFORM_POSIX" "-DROCKSDB_LIB_IO_POSIX" "-DROCKSDB_SUPPORT_THREAD_LOCAL" "-o" "/opt/rustwide/target/debug/build/librocksdb-sys-94c211b413811f47/out/rocksdb/db/compaction/compaction_iterator.o" "-c" "rocksdb/db/compaction/compaction_iterator.cc"
[INFO] [stderr]   cargo:warning=c++: fatal error: Killed signal terminated program cc1plus
[INFO] [stderr]   cargo:warning=compilation terminated.
[INFO] [stderr]   exit status: 1
[INFO] [stderr]   running: "c++" "-O0" "-ffunction-sections" "-fdata-sections" "-fPIC" "-g" "-fno-omit-frame-pointer" "-m64" "-I" "rocksdb/include/" "-I" "rocksdb/" "-I" "rocksdb/third-party/gtest-1.8.1/fused-src/" "-I" "snappy/" "-I" "." "-Wall" "-Wextra" "-std=c++11" "-Wno-unused-parameter" "-msse2" "-DSNAPPY=1" "-DNDEBUG=1" "-DOS_LINUX" "-DROCKSDB_PLATFORM_POSIX" "-DROCKSDB_LIB_IO_POSIX" "-DROCKSDB_SUPPORT_THREAD_LOCAL" "-o" "/opt/rustwide/target/debug/build/librocksdb-sys-94c211b413811f47/out/rocksdb/db/compaction/compaction_job.o" "-c" "rocksdb/db/compaction/compaction_job.cc"
[INFO] [stderr]   exit status: 0
[INFO] [stderr]   cargo:warning=c++: fatal error: Killed signal terminated program cc1plus
[INFO] [stderr]   cargo:warning=compilation terminated.
[INFO] [stderr]   exit status: 1
[INFO] [stderr]   cargo:warning=c++: fatal error: Killed signal terminated program cc1plus
[INFO] [stderr]   cargo:warning=compilation terminated.
[INFO] [stderr]   exit status: 1
[INFO] [stderr]   exit status: 0
[INFO] [stderr]   exit status: 0
[INFO] [stderr] 
[INFO] [stderr]   --- stderr
[INFO] [stderr]   error: 'rustfmt' is not installed for the toolchain '1.69.0-x86_64-unknown-linux-gnu'
[INFO] [stderr]   To install, run `rustup component add rustfmt --toolchain 1.69.0-x86_64-unknown-linux-gnu`
[INFO] [stderr]   Failed to run rustfmt: Internal rustfmt error (non-fatal, continuing)
[INFO] [stderr] 
[INFO] [stderr] 
[INFO] [stderr]   error occurred: Command "c++" "-O0" "-ffunction-sections" "-fdata-sections" "-fPIC" "-g" "-fno-omit-frame-pointer" "-m64" "-I" "rocksdb/include/" "-I" "rocksdb/" "-I" "rocksdb/third-party/gtest-1.8.1/fused-src/" "-I" "snappy/" "-I" "." "-Wall" "-Wextra" "-std=c++11" "-Wno-unused-parameter" "-msse2" "-DSNAPPY=1" "-DNDEBUG=1" "-DOS_LINUX" "-DROCKSDB_PLATFORM_POSIX" "-DROCKSDB_LIB_IO_POSIX" "-DROCKSDB_SUPPORT_THREAD_LOCAL" "-o" "/opt/rustwide/target/debug/build/librocksdb-sys-94c211b413811f47/out/rocksdb/db/builder.o" "-c" "rocksdb/db/builder.cc" with args "c++" did not execute successfully (status code exit status: 1).
[INFO] [stderr] 
[INFO] [stderr] 
[INFO] running `Command { std: "docker" "inspect" "21a22a24e05eba991ec865ed5fbc602a18346d7ec72d4a6fe2b76ff703a86722", kill_on_drop: false }`
[INFO] running `Command { std: "docker" "rm" "-f" "21a22a24e05eba991ec865ed5fbc602a18346d7ec72d4a6fe2b76ff703a86722", kill_on_drop: false }`
[INFO] [stdout] 21a22a24e05eba991ec865ed5fbc602a18346d7ec72d4a6fe2b76ff703a86722
