[INFO] cloning repository https://github.com/deebloo/wasm-img-opt
[INFO] running `Command { std: "git" "-c" "credential.helper=" "-c" "credential.helper=/workspace/cargo-home/bin/git-credential-null" "clone" "--bare" "https://github.com/deebloo/wasm-img-opt" "/workspace/cache/git-repos/https%3A%2F%2Fgithub.com%2Fdeebloo%2Fwasm-img-opt", kill_on_drop: false }`
[INFO] [stderr] Cloning into bare repository '/workspace/cache/git-repos/https%3A%2F%2Fgithub.com%2Fdeebloo%2Fwasm-img-opt'...
[INFO] running `Command { std: "git" "rev-parse" "HEAD", kill_on_drop: false }`
[INFO] [stdout] daa7e9f411009fb4ab3932f54f9a63135c335a6d
[INFO] testing deebloo/wasm-img-opt against 1.69.0 for beta-1.70-1
[INFO] running `Command { std: "git" "clone" "/workspace/cache/git-repos/https%3A%2F%2Fgithub.com%2Fdeebloo%2Fwasm-img-opt" "/workspace/builds/worker-6-tc1/source", kill_on_drop: false }`
[INFO] [stderr] Cloning into '/workspace/builds/worker-6-tc1/source'...
[INFO] [stderr] done.
[INFO] validating manifest of git repo https://github.com/deebloo/wasm-img-opt on toolchain 1.69.0
[INFO] running `Command { std: CARGO_HOME="/workspace/cargo-home" RUSTUP_HOME="/workspace/rustup-home" "/workspace/cargo-home/bin/cargo" "+1.69.0" "metadata" "--manifest-path" "Cargo.toml" "--no-deps", kill_on_drop: false }`
[INFO] started tweaking git repo https://github.com/deebloo/wasm-img-opt
[INFO] finished tweaking git repo https://github.com/deebloo/wasm-img-opt
[INFO] tweaked toml for git repo https://github.com/deebloo/wasm-img-opt written to /workspace/builds/worker-6-tc1/source/Cargo.toml
[INFO] crate git repo https://github.com/deebloo/wasm-img-opt already has a lockfile, it will not be regenerated
[INFO] running `Command { std: CARGO_HOME="/workspace/cargo-home" RUSTUP_HOME="/workspace/rustup-home" "/workspace/cargo-home/bin/cargo" "+1.69.0" "fetch" "--manifest-path" "Cargo.toml", kill_on_drop: false }`
[INFO] running `Command { std: "docker" "create" "-v" "/var/lib/crater-agent-workspace/builds/worker-6-tc1/target:/opt/rustwide/target:rw,Z" "-v" "/var/lib/crater-agent-workspace/builds/worker-6-tc1/source:/opt/rustwide/workdir:ro,Z" "-v" "/var/lib/crater-agent-workspace/cargo-home:/opt/rustwide/cargo-home:ro,Z" "-v" "/var/lib/crater-agent-workspace/rustup-home:/opt/rustwide/rustup-home:ro,Z" "-e" "SOURCE_DIR=/opt/rustwide/workdir" "-e" "CARGO_TARGET_DIR=/opt/rustwide/target" "-e" "CARGO_HOME=/opt/rustwide/cargo-home" "-e" "RUSTUP_HOME=/opt/rustwide/rustup-home" "-w" "/opt/rustwide/workdir" "-m" "1610612736" "--user" "0:0" "--network" "none" "ghcr.io/rust-lang/crates-build-env/linux@sha256:5ff2268d62e97bff2cde7d5815dd6ed5b47097566f13b8d0ca110b04b60e07ed" "/opt/rustwide/cargo-home/bin/cargo" "+1.69.0" "metadata" "--no-deps" "--format-version=1", kill_on_drop: false }`
[INFO] [stdout] 844ecc492272c7334421373ff51ab54440c6d90ea036d2fe29a1c3d4ff24a214
[INFO] running `Command { std: "docker" "start" "-a" "844ecc492272c7334421373ff51ab54440c6d90ea036d2fe29a1c3d4ff24a214", kill_on_drop: false }`
[INFO] running `Command { std: "docker" "inspect" "844ecc492272c7334421373ff51ab54440c6d90ea036d2fe29a1c3d4ff24a214", kill_on_drop: false }`
[INFO] running `Command { std: "docker" "rm" "-f" "844ecc492272c7334421373ff51ab54440c6d90ea036d2fe29a1c3d4ff24a214", kill_on_drop: false }`
[INFO] [stdout] 844ecc492272c7334421373ff51ab54440c6d90ea036d2fe29a1c3d4ff24a214
[INFO] running `Command { std: "docker" "create" "-v" "/var/lib/crater-agent-workspace/builds/worker-6-tc1/target:/opt/rustwide/target:rw,Z" "-v" "/var/lib/crater-agent-workspace/builds/worker-6-tc1/source:/opt/rustwide/workdir:ro,Z" "-v" "/var/lib/crater-agent-workspace/cargo-home:/opt/rustwide/cargo-home:ro,Z" "-v" "/var/lib/crater-agent-workspace/rustup-home:/opt/rustwide/rustup-home:ro,Z" "-e" "SOURCE_DIR=/opt/rustwide/workdir" "-e" "CARGO_TARGET_DIR=/opt/rustwide/target" "-e" "CARGO_INCREMENTAL=0" "-e" "RUST_BACKTRACE=full" "-e" "RUSTFLAGS=--cap-lints=warn" "-e" "RUSTDOCFLAGS=--cap-lints=warn" "-e" "CARGO_HOME=/opt/rustwide/cargo-home" "-e" "RUSTUP_HOME=/opt/rustwide/rustup-home" "-w" "/opt/rustwide/workdir" "-m" "1610612736" "--user" "0:0" "--network" "none" "ghcr.io/rust-lang/crates-build-env/linux@sha256:5ff2268d62e97bff2cde7d5815dd6ed5b47097566f13b8d0ca110b04b60e07ed" "/opt/rustwide/cargo-home/bin/cargo" "+1.69.0" "build" "--frozen" "--message-format=json", kill_on_drop: false }`
[INFO] [stdout] f668118385b0b06e65b7dce3f3b91a1fe39d6d3b99346b764a2fc779e14efda8
[INFO] running `Command { std: "docker" "start" "-a" "f668118385b0b06e65b7dce3f3b91a1fe39d6d3b99346b764a2fc779e14efda8", kill_on_drop: false }`
[INFO] [stderr]    Compiling autocfg v1.0.1
[INFO] [stderr]    Compiling cfg-if v1.0.0
[INFO] [stderr]    Compiling libc v0.2.125
[INFO] [stderr]    Compiling proc-macro2 v1.0.24
[INFO] [stderr]    Compiling unicode-xid v0.2.1
[INFO] [stderr]    Compiling syn v1.0.65
[INFO] [stderr]    Compiling scopeguard v1.1.0
[INFO] [stderr]    Compiling rayon-core v1.9.1
[INFO] [stderr]    Compiling crc32fast v1.2.1
[INFO] [stderr]    Compiling log v0.4.14
[INFO] [stderr]    Compiling wasm-bindgen-shared v0.2.72
[INFO] [stderr]    Compiling adler v1.0.2
[INFO] [stderr]    Compiling futures-core v0.3.21
[INFO] [stderr]    Compiling adler32 v1.2.0
[INFO] [stderr]    Compiling bumpalo v3.6.1
[INFO] [stderr]    Compiling either v1.6.1
[INFO] [stderr]    Compiling lock_api v0.4.6
[INFO] [stderr]    Compiling bitflags v1.2.1
[INFO] [stderr]    Compiling miniz_oxide v0.5.1
[INFO] [stderr]    Compiling deflate v1.0.0
[INFO] [stderr]    Compiling weezl v0.1.5
[INFO] [stderr]    Compiling futures-sink v0.3.21
[INFO] [stderr]    Compiling inflate v0.4.5
[INFO] [stderr]    Compiling half v1.8.2
[INFO] [stderr]    Compiling smallvec v1.8.0
[INFO] [stderr]    Compiling spin v0.9.3
[INFO] [stderr]    Compiling crossbeam-utils v0.8.4
[INFO] [stderr]    Compiling memoffset v0.6.3
[INFO] [stderr]    Compiling num-traits v0.2.14
[INFO] [stderr]    Compiling rayon v1.5.1
[INFO] [stderr]    Compiling num-integer v0.1.44
[INFO] [stderr]    Compiling num-rational v0.4.0
[INFO] [stderr]    Compiling num-iter v0.1.42
[INFO] [stderr]    Compiling lebe v0.5.1
[INFO] [stderr]    Compiling wee_alloc v0.4.5
[INFO] [stderr]    Compiling bit_field v0.10.1
[INFO] [stderr]    Compiling color_quant v1.1.0
[INFO] [stderr]    Compiling wasm-bindgen v0.2.72
[INFO] [stderr]    Compiling png v0.17.5
[INFO] [stderr]    Compiling byteorder v1.4.3
[INFO] [stderr]    Compiling quote v1.0.9
[INFO] [stderr]    Compiling memory_units v0.4.0
[INFO] [stderr]    Compiling gif v0.11.2
[INFO] [stderr]    Compiling bytemuck v1.9.1
[INFO] [stderr]    Compiling scoped_threadpool v0.1.9
[INFO] [stderr]    Compiling num_cpus v1.13.0
[INFO] [stderr]    Compiling getrandom v0.2.6
[INFO] [stderr]    Compiling flate2 v1.0.23
[INFO] [stderr]    Compiling nanorand v0.7.0
[INFO] [stderr]    Compiling threadpool v1.8.1
[INFO] [stderr]    Compiling crossbeam-epoch v0.9.4
[INFO] [stderr]    Compiling crossbeam-channel v0.5.1
[INFO] [stderr]    Compiling crossbeam-deque v0.8.0
[INFO] [stderr]    Compiling wasm-bindgen-backend v0.2.72
[INFO] [stderr]    Compiling jpeg-decoder v0.2.6
[INFO] [stderr]    Compiling pin-project-internal v1.0.10
[INFO] [stderr]    Compiling tiff v0.7.2
[INFO] [stderr]    Compiling wasm-bindgen-macro-support v0.2.72
[INFO] [stderr]    Compiling wasm-bindgen-macro v0.2.72
[INFO] [stderr]    Compiling pin-project v1.0.10
[INFO] [stderr]    Compiling flume v0.10.12
[INFO] [stderr]    Compiling exr v1.4.2
[INFO] [stderr]    Compiling image v0.24.2
[INFO] [stderr]    Compiling image-opt v0.1.0 (/opt/rustwide/workdir)
[INFO] [stdout] error[E0277]: the trait bound `Vec<u8>: Seek` is not satisfied
[INFO] [stdout]    --> src/lib.rs:31:23
[INFO] [stdout]     |
[INFO] [stdout] 31  |             .write_to(bytes, format)
[INFO] [stdout]     |              -------- ^^^^^ the trait `Seek` is not implemented for `Vec<u8>`
[INFO] [stdout]     |              |
[INFO] [stdout]     |              required by a bound introduced by this call
[INFO] [stdout]     |
[INFO] [stdout]     = help: the following other types implement trait `Seek`:
[INFO] [stdout]               &File
[INFO] [stdout]               &mut S
[INFO] [stdout]               Box<S>
[INFO] [stdout]               BufReader<R>
[INFO] [stdout]               BufWriter<W>
[INFO] [stdout]               FarbfeldReader<R>
[INFO] [stdout]               File
[INFO] [stdout]               exr::io::LateFile<'p>
[INFO] [stdout]             and 3 others
[INFO] [stdout] note: required by a bound in `DynamicImage::write_to`
[INFO] [stdout]    --> /opt/rustwide/cargo-home/registry/src/github.com-1ecc6299db9ec823/image-0.24.2/./src/dynimage.rs:799:32
[INFO] [stdout]     |
[INFO] [stdout] 799 |     pub fn write_to<W: Write + Seek, F: Into<ImageOutputFormat>>(
[INFO] [stdout]     |                                ^^^^ required by this bound in `DynamicImage::write_to`
[INFO] [stdout] 
[INFO] [stdout] 
[INFO] [stdout] error[E0277]: the trait bound `Vec<u8>: Seek` is not satisfied
[INFO] [stdout]    --> src/lib.rs:47:23
[INFO] [stdout]     |
[INFO] [stdout] 47  |             .write_to(bytes, format)
[INFO] [stdout]     |              -------- ^^^^^ the trait `Seek` is not implemented for `Vec<u8>`
[INFO] [stdout]     |              |
[INFO] [stdout]     |              required by a bound introduced by this call
[INFO] [stdout]     |
[INFO] [stdout]     = help: the following other types implement trait `Seek`:
[INFO] [stdout]               &File
[INFO] [stdout]               &mut S
[INFO] [stdout]               Box<S>
[INFO] [stdout]               BufReader<R>
[INFO] [stdout]               BufWriter<W>
[INFO] [stdout]               FarbfeldReader<R>
[INFO] [stdout]               File
[INFO] [stdout]               exr::io::LateFile<'p>
[INFO] [stdout]             and 3 others
[INFO] [stdout] note: required by a bound in `DynamicImage::write_to`
[INFO] [stdout]    --> /opt/rustwide/cargo-home/registry/src/github.com-1ecc6299db9ec823/image-0.24.2/./src/dynimage.rs:799:32
[INFO] [stdout]     |
[INFO] [stdout] 799 |     pub fn write_to<W: Write + Seek, F: Into<ImageOutputFormat>>(
[INFO] [stdout]     |                                ^^^^ required by this bound in `DynamicImage::write_to`
[INFO] [stdout] 
[INFO] [stdout] 
[INFO] [stdout] error[E0277]: the trait bound `Vec<u8>: Seek` is not satisfied
[INFO] [stdout]    --> src/lib.rs:63:23
[INFO] [stdout]     |
[INFO] [stdout] 63  |             .write_to(bytes, format)
[INFO] [stdout]     |              -------- ^^^^^ the trait `Seek` is not implemented for `Vec<u8>`
[INFO] [stdout]     |              |
[INFO] [stdout]     |              required by a bound introduced by this call
[INFO] [stdout]     |
[INFO] [stdout]     = help: the following other types implement trait `Seek`:
[INFO] [stdout]               &File
[INFO] [stdout]               &mut S
[INFO] [stdout]               Box<S>
[INFO] [stdout]               BufReader<R>
[INFO] [stdout]               BufWriter<W>
[INFO] [stdout]               FarbfeldReader<R>
[INFO] [stdout]               File
[INFO] [stdout]               exr::io::LateFile<'p>
[INFO] [stdout]             and 3 others
[INFO] [stdout] note: required by a bound in `DynamicImage::write_to`
[INFO] [stdout]    --> /opt/rustwide/cargo-home/registry/src/github.com-1ecc6299db9ec823/image-0.24.2/./src/dynimage.rs:799:32
[INFO] [stdout]     |
[INFO] [stdout] 799 |     pub fn write_to<W: Write + Seek, F: Into<ImageOutputFormat>>(
[INFO] [stdout]     |                                ^^^^ required by this bound in `DynamicImage::write_to`
[INFO] [stdout] 
[INFO] [stdout] 
[INFO] [stdout] error[E0277]: the trait bound `Vec<u8>: Seek` is not satisfied
[INFO] [stdout]    --> src/lib.rs:80:22
[INFO] [stdout]     |
[INFO] [stdout] 80  |         img.write_to(bytes, format).expect("failed to invert image");
[INFO] [stdout]     |             -------- ^^^^^ the trait `Seek` is not implemented for `Vec<u8>`
[INFO] [stdout]     |             |
[INFO] [stdout]     |             required by a bound introduced by this call
[INFO] [stdout]     |
[INFO] [stdout]     = help: the following other types implement trait `Seek`:
[INFO] [stdout]               &File
[INFO] [stdout]               &mut S
[INFO] [stdout]               Box<S>
[INFO] [stdout]               BufReader<R>
[INFO] [stdout]               BufWriter<W>
[INFO] [stdout]               FarbfeldReader<R>
[INFO] [stdout]               File
[INFO] [stdout]               exr::io::LateFile<'p>
[INFO] [stdout]             and 3 others
[INFO] [stdout] note: required by a bound in `DynamicImage::write_to`
[INFO] [stdout]    --> /opt/rustwide/cargo-home/registry/src/github.com-1ecc6299db9ec823/image-0.24.2/./src/dynimage.rs:799:32
[INFO] [stdout]     |
[INFO] [stdout] 799 |     pub fn write_to<W: Write + Seek, F: Into<ImageOutputFormat>>(
[INFO] [stdout]     |                                ^^^^ required by this bound in `DynamicImage::write_to`
[INFO] [stdout] 
[INFO] [stdout] 
[INFO] [stdout] error[E0277]: the trait bound `Vec<u8>: Seek` is not satisfied
[INFO] [stdout]    --> src/lib.rs:95:23
[INFO] [stdout]     |
[INFO] [stdout] 95  |             .write_to(bytes, format)
[INFO] [stdout]     |              -------- ^^^^^ the trait `Seek` is not implemented for `Vec<u8>`
[INFO] [stdout]     |              |
[INFO] [stdout]     |              required by a bound introduced by this call
[INFO] [stdout]     |
[INFO] [stdout]     = help: the following other types implement trait `Seek`:
[INFO] [stdout]               &File
[INFO] [stdout]               &mut S
[INFO] [stdout]               Box<S>
[INFO] [stdout]               BufReader<R>
[INFO] [stdout]               BufWriter<W>
[INFO] [stdout]               FarbfeldReader<R>
[INFO] [stdout]               File
[INFO] [stdout]               exr::io::LateFile<'p>
[INFO] [stdout]             and 3 others
[INFO] [stdout] note: required by a bound in `DynamicImage::write_to`
[INFO] [stdout]    --> /opt/rustwide/cargo-home/registry/src/github.com-1ecc6299db9ec823/image-0.24.2/./src/dynimage.rs:799:32
[INFO] [stdout]     |
[INFO] [stdout] 799 |     pub fn write_to<W: Write + Seek, F: Into<ImageOutputFormat>>(
[INFO] [stdout]     |                                ^^^^ required by this bound in `DynamicImage::write_to`
[INFO] [stdout] 
[INFO] [stdout] 
[INFO] [stdout] error: aborting due to 5 previous errors
[INFO] [stdout] 
[INFO] [stdout] 
[INFO] [stdout] For more information about this error, try `rustc --explain E0277`.
[INFO] [stdout] 
[INFO] [stderr] error: could not compile `image-opt` due to 6 previous errors
[INFO] running `Command { std: "docker" "inspect" "f668118385b0b06e65b7dce3f3b91a1fe39d6d3b99346b764a2fc779e14efda8", kill_on_drop: false }`
[INFO] running `Command { std: "docker" "rm" "-f" "f668118385b0b06e65b7dce3f3b91a1fe39d6d3b99346b764a2fc779e14efda8", kill_on_drop: false }`
[INFO] [stdout] f668118385b0b06e65b7dce3f3b91a1fe39d6d3b99346b764a2fc779e14efda8
