[INFO] cloning repository https://github.com/decentninja/roleplaying-dice
[INFO] running `Command { std: "git" "-c" "credential.helper=" "-c" "credential.helper=/workspace/cargo-home/bin/git-credential-null" "clone" "--bare" "https://github.com/decentninja/roleplaying-dice" "/workspace/cache/git-repos/https%3A%2F%2Fgithub.com%2Fdecentninja%2Froleplaying-dice", kill_on_drop: false }`
[INFO] [stderr] Cloning into bare repository '/workspace/cache/git-repos/https%3A%2F%2Fgithub.com%2Fdecentninja%2Froleplaying-dice'...
[INFO] running `Command { std: "git" "rev-parse" "HEAD", kill_on_drop: false }`
[INFO] [stdout] 69d9a031eb75043b67382ad3fcc62b6f822889a9
[INFO] testing decentninja/roleplaying-dice against beta-2023-04-20 for beta-1.70-1
[INFO] running `Command { std: "git" "clone" "/workspace/cache/git-repos/https%3A%2F%2Fgithub.com%2Fdecentninja%2Froleplaying-dice" "/workspace/builds/worker-6-tc2/source", kill_on_drop: false }`
[INFO] [stderr] Cloning into '/workspace/builds/worker-6-tc2/source'...
[INFO] [stderr] done.
[INFO] validating manifest of git repo https://github.com/decentninja/roleplaying-dice on toolchain beta-2023-04-20
[INFO] running `Command { std: CARGO_HOME="/workspace/cargo-home" RUSTUP_HOME="/workspace/rustup-home" "/workspace/cargo-home/bin/cargo" "+beta-2023-04-20" "metadata" "--manifest-path" "Cargo.toml" "--no-deps", kill_on_drop: false }`
[INFO] started tweaking git repo https://github.com/decentninja/roleplaying-dice
[INFO] finished tweaking git repo https://github.com/decentninja/roleplaying-dice
[INFO] tweaked toml for git repo https://github.com/decentninja/roleplaying-dice written to /workspace/builds/worker-6-tc2/source/Cargo.toml
[INFO] crate git repo https://github.com/decentninja/roleplaying-dice already has a lockfile, it will not be regenerated
[INFO] running `Command { std: CARGO_HOME="/workspace/cargo-home" RUSTUP_HOME="/workspace/rustup-home" "/workspace/cargo-home/bin/cargo" "+beta-2023-04-20" "fetch" "--manifest-path" "Cargo.toml", kill_on_drop: false }`
[INFO] [stderr]  Downloading crates ...
[INFO] [stderr]   Downloaded rand v0.4.1
[INFO] running `Command { std: "docker" "create" "-v" "/var/lib/crater-agent-workspace/builds/worker-6-tc2/target:/opt/rustwide/target:rw,Z" "-v" "/var/lib/crater-agent-workspace/builds/worker-6-tc2/source:/opt/rustwide/workdir:ro,Z" "-v" "/var/lib/crater-agent-workspace/cargo-home:/opt/rustwide/cargo-home:ro,Z" "-v" "/var/lib/crater-agent-workspace/rustup-home:/opt/rustwide/rustup-home:ro,Z" "-e" "SOURCE_DIR=/opt/rustwide/workdir" "-e" "CARGO_TARGET_DIR=/opt/rustwide/target" "-e" "CARGO_HOME=/opt/rustwide/cargo-home" "-e" "RUSTUP_HOME=/opt/rustwide/rustup-home" "-w" "/opt/rustwide/workdir" "-m" "1610612736" "--user" "0:0" "--network" "none" "ghcr.io/rust-lang/crates-build-env/linux@sha256:5ff2268d62e97bff2cde7d5815dd6ed5b47097566f13b8d0ca110b04b60e07ed" "/opt/rustwide/cargo-home/bin/cargo" "+beta-2023-04-20" "metadata" "--no-deps" "--format-version=1", kill_on_drop: false }`
[INFO] [stdout] 016ac957b035b59fe80743f33cded5550956d120bed6be09576145a9a54ab016
[INFO] running `Command { std: "docker" "start" "-a" "016ac957b035b59fe80743f33cded5550956d120bed6be09576145a9a54ab016", kill_on_drop: false }`
[INFO] running `Command { std: "docker" "inspect" "016ac957b035b59fe80743f33cded5550956d120bed6be09576145a9a54ab016", kill_on_drop: false }`
[INFO] running `Command { std: "docker" "rm" "-f" "016ac957b035b59fe80743f33cded5550956d120bed6be09576145a9a54ab016", kill_on_drop: false }`
[INFO] [stdout] 016ac957b035b59fe80743f33cded5550956d120bed6be09576145a9a54ab016
[INFO] running `Command { std: "docker" "create" "-v" "/var/lib/crater-agent-workspace/builds/worker-6-tc2/target:/opt/rustwide/target:rw,Z" "-v" "/var/lib/crater-agent-workspace/builds/worker-6-tc2/source:/opt/rustwide/workdir:ro,Z" "-v" "/var/lib/crater-agent-workspace/cargo-home:/opt/rustwide/cargo-home:ro,Z" "-v" "/var/lib/crater-agent-workspace/rustup-home:/opt/rustwide/rustup-home:ro,Z" "-e" "SOURCE_DIR=/opt/rustwide/workdir" "-e" "CARGO_TARGET_DIR=/opt/rustwide/target" "-e" "CARGO_INCREMENTAL=0" "-e" "RUST_BACKTRACE=full" "-e" "RUSTFLAGS=--cap-lints=warn" "-e" "RUSTDOCFLAGS=--cap-lints=warn" "-e" "CARGO_HOME=/opt/rustwide/cargo-home" "-e" "RUSTUP_HOME=/opt/rustwide/rustup-home" "-w" "/opt/rustwide/workdir" "-m" "1610612736" "--user" "0:0" "--network" "none" "ghcr.io/rust-lang/crates-build-env/linux@sha256:5ff2268d62e97bff2cde7d5815dd6ed5b47097566f13b8d0ca110b04b60e07ed" "/opt/rustwide/cargo-home/bin/cargo" "+beta-2023-04-20" "build" "--frozen" "--message-format=json", kill_on_drop: false }`
[INFO] [stdout] 34b6be002ca1ce8ca3551a303d8096014522cdd963a619286bcd4795aceab485
[INFO] running `Command { std: "docker" "start" "-a" "34b6be002ca1ce8ca3551a303d8096014522cdd963a619286bcd4795aceab485", kill_on_drop: false }`
[INFO] [stderr]    Compiling libc v0.2.34
[INFO] [stderr]    Compiling rand v0.4.1
[INFO] [stderr]    Compiling sharp-dice v0.1.0 (/opt/rustwide/workdir)
[INFO] [stdout] error[E0412]: cannot find type `NoneError` in module `std::option`
[INFO] [stdout]   --> src/main.rs:63:24
[INFO] [stdout]    |
[INFO] [stdout] 63 | impl From<std::option::NoneError> for CommandError {
[INFO] [stdout]    |                        ^^^^^^^^^ not found in `std::option`
[INFO] [stdout] 
[INFO] [stdout] 
[INFO] [stdout] error[E0412]: cannot find type `NoneError` in module `std::option`
[INFO] [stdout]   --> src/main.rs:64:29
[INFO] [stdout]    |
[INFO] [stdout] 64 |     fn from(_: std::option::NoneError) -> Self {
[INFO] [stdout]    |                             ^^^^^^^^^ not found in `std::option`
[INFO] [stdout] 
[INFO] [stdout] 
[INFO] [stdout] error[E0554]: `#![feature]` may not be used on the beta release channel
[INFO] [stdout]  --> src/main.rs:1:12
[INFO] [stdout]   |
[INFO] [stdout] 1 | #![feature(try_trait)]
[INFO] [stdout]   |            ^^^^^^^^^
[INFO] [stdout] 
[INFO] [stdout] 
[INFO] [stdout] error[E0635]: unknown feature `try_trait`
[INFO] [stdout]  --> src/main.rs:1:12
[INFO] [stdout]   |
[INFO] [stdout] 1 | #![feature(try_trait)]
[INFO] [stdout]   |            ^^^^^^^^^
[INFO] [stdout] 
[INFO] [stdout] 
[INFO] [stdout] error[E0277]: the `?` operator can only be used on `Result`s, not `Option`s, in a function that returns `Result`
[INFO] [stdout]   --> src/main.rs:83:25
[INFO] [stdout]    |
[INFO] [stdout] 75 | fn command(line: String, last: &str, rng: &mut rand::ThreadRng) -> Result<String, CommandError> {
[INFO] [stdout]    | ----------------------------------------------------------------------------------------------- this function returns a `Result`
[INFO] [stdout] ...
[INFO] [stdout] 83 |             parts.next()?
[INFO] [stdout]    |                         ^ use `.ok_or(...)?` to provide an error compatible with `Result<String, CommandError>`
[INFO] [stdout]    |
[INFO] [stdout]    = help: the trait `FromResidual<Option<Infallible>>` is not implemented for `Result<String, CommandError>`
[INFO] [stdout]    = help: the following other types implement trait `FromResidual<R>`:
[INFO] [stdout]              <Result<T, F> as FromResidual<Result<Infallible, E>>>
[INFO] [stdout]              <Result<T, F> as FromResidual<Yeet<E>>>
[INFO] [stdout] 
[INFO] [stdout] 
[INFO] [stdout] error[E0277]: the `?` operator can only be used on `Result`s, not `Option`s, in a function that returns `Result`
[INFO] [stdout]   --> src/main.rs:89:42
[INFO] [stdout]    |
[INFO] [stdout] 75 | fn command(line: String, last: &str, rng: &mut rand::ThreadRng) -> Result<String, CommandError> {
[INFO] [stdout]    | ----------------------------------------------------------------------------------------------- this function returns a `Result`
[INFO] [stdout] ...
[INFO] [stdout] 89 |             let your_bonus = parts.next()?.parse::<i32>()?;
[INFO] [stdout]    |                                          ^ use `.ok_or(...)?` to provide an error compatible with `Result<String, CommandError>`
[INFO] [stdout]    |
[INFO] [stdout]    = help: the trait `FromResidual<Option<Infallible>>` is not implemented for `Result<String, CommandError>`
[INFO] [stdout]    = help: the following other types implement trait `FromResidual<R>`:
[INFO] [stdout]              <Result<T, F> as FromResidual<Result<Infallible, E>>>
[INFO] [stdout]              <Result<T, F> as FromResidual<Yeet<E>>>
[INFO] [stdout] 
[INFO] [stdout] 
[INFO] [stdout] error[E0277]: the `?` operator can only be used on `Result`s, not `Option`s, in a function that returns `Result`
[INFO] [stdout]   --> src/main.rs:90:43
[INFO] [stdout]    |
[INFO] [stdout] 75 | fn command(line: String, last: &str, rng: &mut rand::ThreadRng) -> Result<String, CommandError> {
[INFO] [stdout]    | ----------------------------------------------------------------------------------------------- this function returns a `Result`
[INFO] [stdout] ...
[INFO] [stdout] 90 |             let enemy_bonus = parts.next()?.parse::<i32>()?;
[INFO] [stdout]    |                                           ^ use `.ok_or(...)?` to provide an error compatible with `Result<String, CommandError>`
[INFO] [stdout]    |
[INFO] [stdout]    = help: the trait `FromResidual<Option<Infallible>>` is not implemented for `Result<String, CommandError>`
[INFO] [stdout]    = help: the following other types implement trait `FromResidual<R>`:
[INFO] [stdout]              <Result<T, F> as FromResidual<Result<Infallible, E>>>
[INFO] [stdout]              <Result<T, F> as FromResidual<Yeet<E>>>
[INFO] [stdout] 
[INFO] [stdout] 
[INFO] [stdout] error[E0277]: the `?` operator can only be used on `Result`s, not `Option`s, in a function that returns `Result`
[INFO] [stdout]    --> src/main.rs:109:34
[INFO] [stdout]     |
[INFO] [stdout] 75  | fn command(line: String, last: &str, rng: &mut rand::ThreadRng) -> Result<String, CommandError> {
[INFO] [stdout]     | ----------------------------------------------------------------------------------------------- this function returns a `Result`
[INFO] [stdout] ...
[INFO] [stdout] 109 |             let dc = parts.next()?.parse::<i32>()?;
[INFO] [stdout]     |                                  ^ use `.ok_or(...)?` to provide an error compatible with `Result<String, CommandError>`
[INFO] [stdout]     |
[INFO] [stdout]     = help: the trait `FromResidual<Option<Infallible>>` is not implemented for `Result<String, CommandError>`
[INFO] [stdout]     = help: the following other types implement trait `FromResidual<R>`:
[INFO] [stdout]               <Result<T, F> as FromResidual<Result<Infallible, E>>>
[INFO] [stdout]               <Result<T, F> as FromResidual<Yeet<E>>>
[INFO] [stdout] 
[INFO] [stdout] 
[INFO] [stdout] error: aborting due to 8 previous errors
[INFO] [stdout] 
[INFO] [stdout] 
[INFO] [stdout] Some errors have detailed explanations: E0277, E0412, E0554, E0635.
[INFO] [stdout] 
[INFO] [stdout] For more information about an error, try `rustc --explain E0277`.
[INFO] [stdout] 
[INFO] [stderr] error: could not compile `sharp-dice` (bin "sharp-dice") due to 9 previous errors
[INFO] running `Command { std: "docker" "inspect" "34b6be002ca1ce8ca3551a303d8096014522cdd963a619286bcd4795aceab485", kill_on_drop: false }`
[INFO] running `Command { std: "docker" "rm" "-f" "34b6be002ca1ce8ca3551a303d8096014522cdd963a619286bcd4795aceab485", kill_on_drop: false }`
[INFO] [stdout] 34b6be002ca1ce8ca3551a303d8096014522cdd963a619286bcd4795aceab485
