[INFO] cloning repository https://github.com/davidtai/casper-erc-721
[INFO] running `Command { std: "git" "-c" "credential.helper=" "-c" "credential.helper=/workspace/cargo-home/bin/git-credential-null" "clone" "--bare" "https://github.com/davidtai/casper-erc-721" "/workspace/cache/git-repos/https%3A%2F%2Fgithub.com%2Fdavidtai%2Fcasper-erc-721", kill_on_drop: false }`
[INFO] [stderr] Cloning into bare repository '/workspace/cache/git-repos/https%3A%2F%2Fgithub.com%2Fdavidtai%2Fcasper-erc-721'...
[INFO] running `Command { std: "git" "rev-parse" "HEAD", kill_on_drop: false }`
[INFO] [stdout] c5adbb139c48088cb38c6fdd87b7005721f7c876
[INFO] testing davidtai/casper-erc-721 against beta-2023-04-20 for beta-1.70-1
[INFO] running `Command { std: "git" "clone" "/workspace/cache/git-repos/https%3A%2F%2Fgithub.com%2Fdavidtai%2Fcasper-erc-721" "/workspace/builds/worker-5-tc2/source", kill_on_drop: false }`
[INFO] [stderr] Cloning into '/workspace/builds/worker-5-tc2/source'...
[INFO] [stderr] done.
[INFO] validating manifest of git repo https://github.com/davidtai/casper-erc-721 on toolchain beta-2023-04-20
[INFO] running `Command { std: CARGO_HOME="/workspace/cargo-home" RUSTUP_HOME="/workspace/rustup-home" "/workspace/cargo-home/bin/cargo" "+beta-2023-04-20" "metadata" "--manifest-path" "Cargo.toml" "--no-deps", kill_on_drop: false }`
[INFO] removed /workspace/builds/worker-5-tc2/source/rust-toolchain
[INFO] started tweaking git repo https://github.com/davidtai/casper-erc-721
[INFO] finished tweaking git repo https://github.com/davidtai/casper-erc-721
[INFO] tweaked toml for git repo https://github.com/davidtai/casper-erc-721 written to /workspace/builds/worker-5-tc2/source/Cargo.toml
[INFO] crate git repo https://github.com/davidtai/casper-erc-721 already has a lockfile, it will not be regenerated
[INFO] running `Command { std: CARGO_HOME="/workspace/cargo-home" RUSTUP_HOME="/workspace/rustup-home" "/workspace/cargo-home/bin/cargo" "+beta-2023-04-20" "fetch" "--manifest-path" "Cargo.toml", kill_on_drop: false }`
[INFO] [stderr]     Updating crates.io index
[INFO] [stderr]  Downloading crates ...
[INFO] [stderr]   Downloaded hex-buffer-serde v0.2.2
[INFO] [stderr]   Downloaded schemars v0.8.3
[INFO] [stderr]   Downloaded ecdsa v0.10.2
[INFO] [stderr]   Downloaded lmdb-sys v0.8.0
[INFO] [stderr]   Downloaded k256 v0.7.3
[INFO] [stderr]   Downloaded datasize_derive v0.2.9
[INFO] [stderr]   Downloaded base16 v0.2.1
[INFO] [stderr]   Downloaded casper-contract v1.1.1
[INFO] [stderr]   Downloaded schemars_derive v0.8.3
[INFO] [stderr]   Downloaded displaydoc v0.1.7
[INFO] [stderr]   Downloaded elliptic-curve v0.8.5
[INFO] [stderr]   Downloaded bitvec v0.18.5
[INFO] [stderr]   Downloaded lmdb v0.8.0
[INFO] [stderr]   Downloaded datasize v0.2.9
[INFO] [stderr]   Downloaded casper-engine-test-support v1.1.1
[INFO] [stderr]   Downloaded wasmi v0.7.0
[INFO] [stderr]   Downloaded casper-execution-engine v1.1.1
[INFO] [stderr]   Downloaded casper-types v1.1.1
[INFO] [stderr]   Downloaded protobuf v2.8.2
[INFO] running `Command { std: "docker" "create" "-v" "/var/lib/crater-agent-workspace/builds/worker-5-tc2/target:/opt/rustwide/target:rw,Z" "-v" "/var/lib/crater-agent-workspace/builds/worker-5-tc2/source:/opt/rustwide/workdir:ro,Z" "-v" "/var/lib/crater-agent-workspace/cargo-home:/opt/rustwide/cargo-home:ro,Z" "-v" "/var/lib/crater-agent-workspace/rustup-home:/opt/rustwide/rustup-home:ro,Z" "-e" "SOURCE_DIR=/opt/rustwide/workdir" "-e" "CARGO_TARGET_DIR=/opt/rustwide/target" "-e" "CARGO_HOME=/opt/rustwide/cargo-home" "-e" "RUSTUP_HOME=/opt/rustwide/rustup-home" "-w" "/opt/rustwide/workdir" "-m" "1610612736" "--user" "0:0" "--network" "none" "ghcr.io/rust-lang/crates-build-env/linux@sha256:5ff2268d62e97bff2cde7d5815dd6ed5b47097566f13b8d0ca110b04b60e07ed" "/opt/rustwide/cargo-home/bin/cargo" "+beta-2023-04-20" "metadata" "--no-deps" "--format-version=1", kill_on_drop: false }`
[INFO] [stdout] 319c37ed6cf6f96f342335df17437fdab2d216d7433523a7f27a5a6cf2dbcd24
[INFO] running `Command { std: "docker" "start" "-a" "319c37ed6cf6f96f342335df17437fdab2d216d7433523a7f27a5a6cf2dbcd24", kill_on_drop: false }`
[INFO] running `Command { std: "docker" "inspect" "319c37ed6cf6f96f342335df17437fdab2d216d7433523a7f27a5a6cf2dbcd24", kill_on_drop: false }`
[INFO] running `Command { std: "docker" "rm" "-f" "319c37ed6cf6f96f342335df17437fdab2d216d7433523a7f27a5a6cf2dbcd24", kill_on_drop: false }`
[INFO] [stdout] 319c37ed6cf6f96f342335df17437fdab2d216d7433523a7f27a5a6cf2dbcd24
[INFO] running `Command { std: "docker" "create" "-v" "/var/lib/crater-agent-workspace/builds/worker-5-tc2/target:/opt/rustwide/target:rw,Z" "-v" "/var/lib/crater-agent-workspace/builds/worker-5-tc2/source:/opt/rustwide/workdir:ro,Z" "-v" "/var/lib/crater-agent-workspace/cargo-home:/opt/rustwide/cargo-home:ro,Z" "-v" "/var/lib/crater-agent-workspace/rustup-home:/opt/rustwide/rustup-home:ro,Z" "-e" "SOURCE_DIR=/opt/rustwide/workdir" "-e" "CARGO_TARGET_DIR=/opt/rustwide/target" "-e" "CARGO_INCREMENTAL=0" "-e" "RUST_BACKTRACE=full" "-e" "RUSTFLAGS=--cap-lints=warn" "-e" "RUSTDOCFLAGS=--cap-lints=warn" "-e" "CARGO_HOME=/opt/rustwide/cargo-home" "-e" "RUSTUP_HOME=/opt/rustwide/rustup-home" "-w" "/opt/rustwide/workdir" "-m" "1610612736" "--user" "0:0" "--network" "none" "ghcr.io/rust-lang/crates-build-env/linux@sha256:5ff2268d62e97bff2cde7d5815dd6ed5b47097566f13b8d0ca110b04b60e07ed" "/opt/rustwide/cargo-home/bin/cargo" "+beta-2023-04-20" "build" "--frozen" "--message-format=json", kill_on_drop: false }`
[INFO] [stdout] bc24da9498bb188b142c9ad96238ac61d3c6bb1b667a7ae05cb5db30f841666d
[INFO] running `Command { std: "docker" "start" "-a" "bc24da9498bb188b142c9ad96238ac61d3c6bb1b667a7ae05cb5db30f841666d", kill_on_drop: false }`
[INFO] [stderr]    Compiling proc-macro2 v1.0.26
[INFO] [stderr]    Compiling unicode-xid v0.2.2
[INFO] [stderr]    Compiling syn v1.0.71
[INFO] [stderr]    Compiling libc v0.2.94
[INFO] [stderr]    Compiling serde_derive v1.0.125
[INFO] [stderr]    Compiling serde v1.0.125
[INFO] [stderr]    Compiling subtle v2.4.0
[INFO] [stderr]    Compiling getrandom v0.2.2
[INFO] [stderr]    Compiling funty v1.1.0
[INFO] [stderr]    Compiling num-traits v0.2.14
[INFO] [stderr]    Compiling num-integer v0.1.44
[INFO] [stderr]    Compiling radium v0.3.0
[INFO] [stderr]    Compiling wyz v0.2.0
[INFO] [stderr]    Compiling byteorder v1.4.3
[INFO] [stderr]    Compiling num-bigint v0.3.2
[INFO] [stderr]    Compiling indexmap v1.6.2
[INFO] [stderr]    Compiling num-rational v0.3.2
[INFO] [stderr]    Compiling crypto-mac v0.10.0
[INFO] [stderr]    Compiling regex-syntax v0.6.23
[INFO] [stderr]    Compiling remove_dir_all v0.5.3
[INFO] [stderr]    Compiling serde_json v1.0.64
[INFO] [stderr]    Compiling crunchy v0.2.2
[INFO] [stderr]    Compiling hmac v0.10.1
[INFO] [stderr]    Compiling unicase v2.6.0
[INFO] [stderr]    Compiling bit-vec v0.6.3
[INFO] [stderr]    Compiling schemars v0.8.3
[INFO] [stderr]    Compiling cpuid-bool v0.1.2
[INFO] [stderr]    Compiling memchr v2.3.4
[INFO] [stderr]    Compiling itoa v0.4.7
[INFO] [stderr]    Compiling bitvec v0.18.5
[INFO] [stderr]    Compiling sha2 v0.9.3
[INFO] [stderr]    Compiling bit-set v0.5.2
[INFO] [stderr]    Compiling crypto-mac v0.8.0
[INFO] [stderr]    Compiling num-bigint v0.2.6
[INFO] [stderr]    Compiling value-bag v1.0.0-alpha.6
[INFO] [stderr]    Compiling dyn-clone v1.0.4
[INFO] [stderr]    Compiling hex v0.4.3
[INFO] [stderr]    Compiling rustc-hex v2.1.0
[INFO] [stderr]    Compiling pkg-config v0.3.19
[INFO] [stderr]    Compiling pulldown-cmark v0.8.0
[INFO] [stderr]    Compiling cc v1.0.67
[INFO] [stderr]    Compiling quote v1.0.9
[INFO] [stderr]    Compiling getrandom v0.1.16
[INFO] [stderr]    Compiling wait-timeout v0.2.0
[INFO] [stderr]    Compiling uint v0.8.5
[INFO] [stderr]    Compiling rand_core v0.5.1
[INFO] [stderr]    Compiling rand_core v0.6.2
[INFO] [stderr]    Compiling blake2 v0.9.1
[INFO] [stderr]    Compiling signature v1.2.2
[INFO] [stderr]    Compiling rand_chacha v0.2.2
[INFO] [stderr]    Compiling rand_xorshift v0.2.0
[INFO] [stderr]    Compiling rand_chacha v0.3.0
[INFO] [stderr]    Compiling num-rational v0.2.4
[INFO] [stderr]    Compiling num-iter v0.1.42
[INFO] [stderr]    Compiling base64 v0.13.0
[INFO] [stderr]    Compiling log v0.4.14
[INFO] [stderr]    Compiling wee_alloc v0.4.5
[INFO] [stderr]    Compiling rand v0.7.3
[INFO] [stderr]    Compiling parity-wasm v0.41.0
[INFO] [stderr]    Compiling rand v0.8.3
[INFO] [stderr]    Compiling once_cell v1.7.2
[INFO] [stderr]    Compiling hex_fmt v0.3.0
[INFO] [stderr]    Compiling base16 v0.2.1
[INFO] [stderr]    Compiling url v2.2.1
[INFO] [stderr]    Compiling lmdb-sys v0.8.0
[INFO] [stderr]    Compiling regex v1.4.6
[INFO] [stderr]    Compiling anyhow v1.0.40
[INFO] [stderr]    Compiling ff v0.8.0
[INFO] [stderr]    Compiling semver-parser v0.9.0
[INFO] [stderr]    Compiling memory_units v0.4.0
[INFO] [stderr]    Compiling group v0.8.0
[INFO] [stderr]    Compiling num-complex v0.3.1
[INFO] [stderr]    Compiling time v0.1.43
[INFO] [stderr]    Compiling tempfile v3.2.0
[INFO] [stderr]    Compiling tracing-core v0.1.17
[INFO] [stderr]    Compiling wasmi-validation v0.3.0
[INFO] [stderr]    Compiling rusty-fork v0.3.0
[INFO] [stderr]    Compiling memory_units v0.3.0
[INFO] [stderr]    Compiling either v1.6.1
[INFO] [stderr]    Compiling proptest v0.10.1
[INFO] [stderr]    Compiling protobuf v2.8.2
[INFO] [stderr]    Compiling downcast-rs v1.2.0
[INFO] [stderr]    Compiling itertools v0.9.0
[INFO] [stderr]    Compiling hostname v0.3.1
[INFO] [stderr]    Compiling wasmi v0.7.0
[INFO] [stderr]    Compiling chrono v0.4.19
[INFO] [stderr]    Compiling tests v0.2.0 (/opt/rustwide/workdir/tests)
[INFO] [stderr] error: failed to run custom build command for `tests v0.2.0 (/opt/rustwide/workdir/tests)`
[INFO] [stderr] note: To improve backtraces for build dependencies, set the CARGO_PROFILE_DEV_BUILD_OVERRIDE_DEBUG=true environment variable to enable debug information generation.
[INFO] [stderr] 
[INFO] [stderr] Caused by:
[INFO] [stderr]   process didn't exit successfully: `/opt/rustwide/target/debug/build/tests-8c20eb76149b55da/build-script-build` (exit status: 101)
[INFO] [stderr]   --- stdout
[INFO] [stderr]   cargo:rerun-if-changed=../contract/Cargo.toml
[INFO] [stderr]   cargo:rerun-if-changed=../contract/src/lib.rs
[INFO] [stderr] 
[INFO] [stderr]   --- stderr
[INFO] [stderr]   thread 'main' panicked at 'Failed to build Wasm contracts:
[INFO] [stderr]   Output { status: ExitStatus(unix_wait_status(25856)), stdout: "", stderr: "   Compiling proc-macro2 v1.0.26\n   Compiling syn v1.0.71\n   Compiling unicode-xid v0.2.2\n   Compiling version_check v0.9.3\n   Compiling typenum v1.13.0\n   Compiling cfg-if v1.0.0\n   Compiling getrandom v0.1.16\n   Compiling autocfg v1.0.1\n   Compiling subtle v2.4.0\n   Compiling serde_derive v1.0.125\nerror[E0463]: can't find crate for `core`\n  |\n  = note: the `wasm32-unknown-unknown` target may not be installed\n  = help: consider downloading the target with `rustup target add wasm32-unknown-unknown`\n\nerror[E0463]: can't find crate for `compiler_builtins`\n\nFor more information about this error, try `rustc --explain E0463`.\nerror: could not compile `cfg-if` (lib) due to 2 previous errors\nwarning: build failed, waiting for other jobs to finish...\nerror[E0463]: can't find crate for `std`\n  --> /opt/rustwide/cargo-home/registry/src/index.crates.io-6f17d22bba15001f/subtle-2.4.0/src/lib.rs:23:1\n   |\n23 | extern crate std;\n   | ^^^^^^^^^^^^^^^^^ can't find crate\n   |\n   = note: the `wasm32-unknown-unknown` target may not be installed\n   = help: consider downloading the target with `rustup target add wasm32-unknown-unknown`\n\nerror: cannot find attribute `derive` in this scope\n  --> /opt/rustwide/cargo-home/registry/src/index.crates.io-6f17d22bba15001f/subtle-2.4.0/src/lib.rs:48:3\n   |\n48 | #[derive(Copy, Clone, Debug)]\n   |   ^^^^^^\n\nerror: cannot find macro `debug_assert` in this scope\n  --> /opt/rustwide/cargo-home/registry/src/index.crates.io-6f17d22bba15001f/subtle-2.4.0/src/lib.rs:83:9\n   |\n83 |         debug_assert!((source.0 == 0u8) | (source.0 == 1u8));\n   |         ^^^^^^^^^^^^\n\nerror: cannot find macro `debug_assert` in this scope\n   --> /opt/rustwide/cargo-home/registry/src/index.crates.io-6f17d22bba15001f/subtle-2.4.0/src/lib.rs:153:5\n    |\n153 |     debug_assert!((input == 0u8) | (input == 1u8));\n    |     ^^^^^^^^^^^^\n\nerror: cannot find attribute `derive` in this scope\n   --> /opt/rustwide/cargo-home/registry/src/index.crates.io-6f17d22bba15001f/subtle-2.4.0/src/lib.rs:507:3\n    |\n507 | #[derive(Clone, Copy, Debug)]\n    |   ^^^^^^\n\nerror: cannot find macro `assert_eq` in this scope\n   --> /opt/rustwide/cargo-home/registry/src/index.crates.io-6f17d22bba15001f/subtle-2.4.0/src/lib.rs:550:9\n    |\n550 |         assert_eq!(self.is_some.unwrap_u8(), 1);\n    |         ^^^^^^^^^\n\nerror[E0405]: cannot find trait `From` in this scope\n  --> /opt/rustwide/cargo-home/registry/src/index.crates.io-6f17d22bba15001f/subtle-2.4.0/src/lib.rs:67:6\n   |\n67 | impl From<Choice> for bool {\n   |      ^^^^ not found in this scope\n\nerror[E0405]: cannot find trait `From` in this scope\n   --> /opt/rustwide/cargo-home/registry/src/index.crates.io-6f17d22bba15001f/subtle-2.4.0/src/lib.rs:168:6\n    |\n168 | impl From<u8> for Choice {\n    |      ^^^^ not found in this scope\n\nerror[E0405]: cannot find trait `Copy` in this scope\n   --> /opt/rustwide/cargo-home/registry/src/index.crates.io-6f17d22bba15001f/subtle-2.4.0/src/lib.rs:295:36\n    |\n295 | pub trait ConditionallySelectable: Copy {\n    |                                    ^^^^ not found in this scope\n\nerror[E0405]: cannot find trait `From` in this scope\n   --> /opt/rustwide/cargo-home/registry/src/index.crates.io-6f17d22bba15001f/subtle-2.4.0/src/lib.rs:513:9\n    |\n513 | impl<T> From<CtOption<T>> for Option<T> {\n    |         ^^^^ not found in this scope\n\nerror[E0425]: cannot find value `None` in this scope\n   --> /opt/rustwide/cargo-home/registry/src/index.crates.io-6f17d22bba15001f/subtle-2.4.0/src/lib.rs:527:13\n    |\n527 |             None\n    |             ^^^^ not found in this scope\n\nerror[E0405]: cannot find trait `FnOnce` in this scope\n   --> /opt/rustwide/cargo-home/registry/src/index.crates.io-6f17d22bba15001f/subtle-2.4.0/src/lib.rs:571:12\n    |\n571 |         F: FnOnce() -> T,\n    |            ^^^^^^ not found in this scope\n\nerror[E0405]: cannot find trait `Default` in this scope\n   --> /opt/rustwide/cargo-home/registry/src/index.crates.io-6f17d22bba15001f/subtle-2.4.0/src/lib.rs:599:12\n    |\n599 |         T: Default + ConditionallySelectable,\n    |            ^^^^^^^ not found in this scope\n\nerror[E0405]: cannot find trait `FnOnce` in this scope\n   --> /opt/rustwide/cargo-home/registry/src/index.crates.io-6f17d22bba15001f/subtle-2.4.0/src/lib.rs:600:12\n    |\n600 |         F: FnOnce(T) -> U,\n    |            ^^^^^^ not found in this scope\n\nerror[E0405]: cannot find trait `Default` in this scope\n   --> /opt/rustwide/cargo-home/registry/src/index.crates.io-6f17d22bba15001f/subtle-2.4.0/src/lib.rs:622:12\n    |\n622 |         T: Default + ConditionallySelectable,\n    |            ^^^^^^^ not found in this scope\n\nerror[E0405]: cannot find trait `FnOnce` in this scope\n   --> /opt/rustwide/cargo-home/registry/src/index.crates.io-6f17d22bba15001f/subtle-2.4.0/src/lib.rs:623:12\n    |\n623 |         F: FnOnce(T) -> CtOption<U>,\n    |            ^^^^^^ not found in this scope\n\nerror[E0405]: cannot find trait `FnOnce` in this scope\n   --> /opt/rustwide/cargo-home/registry/src/index.crates.io-6f17d22bba15001f/subtle-2.4.0/src/lib.rs:641:12\n    |\n641 |         F: FnOnce() -> CtOption<T>,\n    |            ^^^^^^ not found in this scope\n\nSome errors have detailed explanations: E0405, E0425, E0463.\nFor more information about an error, try `rustc --explain E0405`.\nerror: could not compile `subtle` (lib) due to 19 previous errors\n" }', tests/build.rs:23:5
[INFO] [stderr]   stack backtrace:
[INFO] [stderr]      0:     0x55772413ef0a - std::backtrace_rs::backtrace::libunwind::trace::h2f05d0192276a8f6
[INFO] [stderr]                                  at /rustc/1b7dd2252b99671ce5d1cb9664c5f8636329436d/library/std/src/../../backtrace/src/backtrace/libunwind.rs:93:5
[INFO] [stderr]      1:     0x55772413ef0a - std::backtrace_rs::backtrace::trace_unsynchronized::hedc23dff7a1af150
[INFO] [stderr]                                  at /rustc/1b7dd2252b99671ce5d1cb9664c5f8636329436d/library/std/src/../../backtrace/src/backtrace/mod.rs:66:5
[INFO] [stderr]      2:     0x55772413ef0a - std::sys_common::backtrace::_print_fmt::h17541ef7592f3ce2
[INFO] [stderr]                                  at /rustc/1b7dd2252b99671ce5d1cb9664c5f8636329436d/library/std/src/sys_common/backtrace.rs:65:5
[INFO] [stderr]      3:     0x55772413ef0a - <std::sys_common::backtrace::_print::DisplayBacktrace as core::fmt::Display>::fmt::h20f75df5ab0c0792
[INFO] [stderr]                                  at /rustc/1b7dd2252b99671ce5d1cb9664c5f8636329436d/library/std/src/sys_common/backtrace.rs:44:22
[INFO] [stderr]      4:     0x55772415ce6f - core::fmt::write::h78109e6f466b3af6
[INFO] [stderr]                                  at /rustc/1b7dd2252b99671ce5d1cb9664c5f8636329436d/library/core/src/fmt/mod.rs:1254:17
[INFO] [stderr]      5:     0x55772413c665 - std::io::Write::write_fmt::hc59e1b02dd273c8a
[INFO] [stderr]                                  at /rustc/1b7dd2252b99671ce5d1cb9664c5f8636329436d/library/std/src/io/mod.rs:1698:15
[INFO] [stderr]      6:     0x55772413ecd5 - std::sys_common::backtrace::_print::h8dac57a9f8fbf9a5
[INFO] [stderr]                                  at /rustc/1b7dd2252b99671ce5d1cb9664c5f8636329436d/library/std/src/sys_common/backtrace.rs:47:5
[INFO] [stderr]      7:     0x55772413ecd5 - std::sys_common::backtrace::print::hf9ecbf41d1aa712f
[INFO] [stderr]                                  at /rustc/1b7dd2252b99671ce5d1cb9664c5f8636329436d/library/std/src/sys_common/backtrace.rs:34:9
[INFO] [stderr]      8:     0x55772414025e - std::panicking::default_hook::{{closure}}::h04c07acfc84ca028
[INFO] [stderr]                                  at /rustc/1b7dd2252b99671ce5d1cb9664c5f8636329436d/library/std/src/panicking.rs:269:22
[INFO] [stderr]      9:     0x557724140005 - std::panicking::default_hook::h01f6bb23e1eceb2c
[INFO] [stderr]                                  at /rustc/1b7dd2252b99671ce5d1cb9664c5f8636329436d/library/std/src/panicking.rs:288:9
[INFO] [stderr]     10:     0x5577241407be - std::panicking::rust_panic_with_hook::h2bb3722bbaf2f6df
[INFO] [stderr]                                  at /rustc/1b7dd2252b99671ce5d1cb9664c5f8636329436d/library/std/src/panicking.rs:691:13
[INFO] [stderr]     11:     0x5577241406b9 - std::panicking::begin_panic_handler::{{closure}}::h91bc7f36a4be011b
[INFO] [stderr]                                  at /rustc/1b7dd2252b99671ce5d1cb9664c5f8636329436d/library/std/src/panicking.rs:582:13
[INFO] [stderr]     12:     0x55772413f376 - std::sys_common::backtrace::__rust_end_short_backtrace::h8b3d3717114f9e59
[INFO] [stderr]                                  at /rustc/1b7dd2252b99671ce5d1cb9664c5f8636329436d/library/std/src/sys_common/backtrace.rs:150:18
[INFO] [stderr]     13:     0x557724140412 - rust_begin_unwind
[INFO] [stderr]                                  at /rustc/1b7dd2252b99671ce5d1cb9664c5f8636329436d/library/std/src/panicking.rs:578:5
[INFO] [stderr]     14:     0x55772411e413 - core::panicking::panic_fmt::hfd368e3fbdabea26
[INFO] [stderr]                                  at /rustc/1b7dd2252b99671ce5d1cb9664c5f8636329436d/library/core/src/panicking.rs:67:14
[INFO] [stderr]     15:     0x557724120553 - build_script_build::main::hf518b1ad39c27834
[INFO] [stderr]     16:     0x557724121623 - core::ops::function::FnOnce::call_once::hd2c413ef7e13b5e8
[INFO] [stderr]     17:     0x557724120046 - std::sys_common::backtrace::__rust_begin_short_backtrace::he75530d4140523ba
[INFO] [stderr]     18:     0x557724122ba9 - std::rt::lang_start::{{closure}}::hdd5146684776d1a1
[INFO] [stderr]     19:     0x55772413989e - core::ops::function::impls::<impl core::ops::function::FnOnce<A> for &F>::call_once::h2eb19b8ce4148df4
[INFO] [stderr]                                  at /rustc/1b7dd2252b99671ce5d1cb9664c5f8636329436d/library/core/src/ops/function.rs:287:13
[INFO] [stderr]     20:     0x55772413989e - std::panicking::try::do_call::h2e900feff5d504c5
[INFO] [stderr]                                  at /rustc/1b7dd2252b99671ce5d1cb9664c5f8636329436d/library/std/src/panicking.rs:485:40
[INFO] [stderr]     21:     0x55772413989e - std::panicking::try::h8854836cb85aa9f2
[INFO] [stderr]                                  at /rustc/1b7dd2252b99671ce5d1cb9664c5f8636329436d/library/std/src/panicking.rs:449:19
[INFO] [stderr]     22:     0x55772413989e - std::panic::catch_unwind::h706025dd4c48f64b
[INFO] [stderr]                                  at /rustc/1b7dd2252b99671ce5d1cb9664c5f8636329436d/library/std/src/panic.rs:140:14
[INFO] [stderr]     23:     0x55772413989e - std::rt::lang_start_internal::{{closure}}::h7be5b97f4a07a91a
[INFO] [stderr]                                  at /rustc/1b7dd2252b99671ce5d1cb9664c5f8636329436d/library/std/src/rt.rs:148:48
[INFO] [stderr]     24:     0x55772413989e - std::panicking::try::do_call::h59847e9d0a176965
[INFO] [stderr]                                  at /rustc/1b7dd2252b99671ce5d1cb9664c5f8636329436d/library/std/src/panicking.rs:485:40
[INFO] [stderr]     25:     0x55772413989e - std::panicking::try::h399a918ba8522823
[INFO] [stderr]                                  at /rustc/1b7dd2252b99671ce5d1cb9664c5f8636329436d/library/std/src/panicking.rs:449:19
[INFO] [stderr]     26:     0x55772413989e - std::panic::catch_unwind::hca7ca6c55b2a2e26
[INFO] [stderr]                                  at /rustc/1b7dd2252b99671ce5d1cb9664c5f8636329436d/library/std/src/panic.rs:140:14
[INFO] [stderr]     27:     0x55772413989e - std::rt::lang_start_internal::h2c807a81560459eb
[INFO] [stderr]                                  at /rustc/1b7dd2252b99671ce5d1cb9664c5f8636329436d/library/std/src/rt.rs:148:20
[INFO] [stderr]     28:     0x557724122b87 - std::rt::lang_start::h580e0a18779cebd8
[INFO] [stderr]     29:     0x557724120815 - main
[INFO] [stderr]     30:     0x7f9cce07bd90 - <unknown>
[INFO] [stderr]     31:     0x7f9cce07be40 - __libc_start_main
[INFO] [stderr]     32:     0x55772411e945 - _start
[INFO] [stderr]     33:                0x0 - <unknown>
[INFO] [stderr] warning: build failed, waiting for other jobs to finish...
[INFO] running `Command { std: "docker" "inspect" "bc24da9498bb188b142c9ad96238ac61d3c6bb1b667a7ae05cb5db30f841666d", kill_on_drop: false }`
[INFO] running `Command { std: "docker" "rm" "-f" "bc24da9498bb188b142c9ad96238ac61d3c6bb1b667a7ae05cb5db30f841666d", kill_on_drop: false }`
[INFO] [stdout] bc24da9498bb188b142c9ad96238ac61d3c6bb1b667a7ae05cb5db30f841666d
