[INFO] cloning repository https://github.com/davidpdrsn/bomberman-rs
[INFO] running `Command { std: "git" "-c" "credential.helper=" "-c" "credential.helper=/workspace/cargo-home/bin/git-credential-null" "clone" "--bare" "https://github.com/davidpdrsn/bomberman-rs" "/workspace/cache/git-repos/https%3A%2F%2Fgithub.com%2Fdavidpdrsn%2Fbomberman-rs", kill_on_drop: false }`
[INFO] [stderr] Cloning into bare repository '/workspace/cache/git-repos/https%3A%2F%2Fgithub.com%2Fdavidpdrsn%2Fbomberman-rs'...
[INFO] running `Command { std: "git" "rev-parse" "HEAD", kill_on_drop: false }`
[INFO] [stdout] 017dcd18d15d3488054f7c74066d84695a098a30
[INFO] testing davidpdrsn/bomberman-rs against beta-2023-04-20 for beta-1.70-1
[INFO] running `Command { std: "git" "clone" "/workspace/cache/git-repos/https%3A%2F%2Fgithub.com%2Fdavidpdrsn%2Fbomberman-rs" "/workspace/builds/worker-0-tc2/source", kill_on_drop: false }`
[INFO] [stderr] Cloning into '/workspace/builds/worker-0-tc2/source'...
[INFO] [stderr] done.
[INFO] validating manifest of git repo https://github.com/davidpdrsn/bomberman-rs on toolchain beta-2023-04-20
[INFO] running `Command { std: CARGO_HOME="/workspace/cargo-home" RUSTUP_HOME="/workspace/rustup-home" "/workspace/cargo-home/bin/cargo" "+beta-2023-04-20" "metadata" "--manifest-path" "Cargo.toml" "--no-deps", kill_on_drop: false }`
[INFO] started tweaking git repo https://github.com/davidpdrsn/bomberman-rs
[INFO] finished tweaking git repo https://github.com/davidpdrsn/bomberman-rs
[INFO] tweaked toml for git repo https://github.com/davidpdrsn/bomberman-rs written to /workspace/builds/worker-0-tc2/source/Cargo.toml
[INFO] crate git repo https://github.com/davidpdrsn/bomberman-rs already has a lockfile, it will not be regenerated
[INFO] running `Command { std: CARGO_HOME="/workspace/cargo-home" RUSTUP_HOME="/workspace/rustup-home" "/workspace/cargo-home/bin/cargo" "+beta-2023-04-20" "fetch" "--manifest-path" "Cargo.toml", kill_on_drop: false }`
[INFO] [stderr]     Blocking waiting for file lock on package cache
[INFO] [stderr]     Updating crates.io index
[INFO] [stderr]     Blocking waiting for file lock on package cache
[INFO] [stderr]  Downloading crates ...
[INFO] [stderr]   Downloaded vecmath v0.3.0
[INFO] [stderr]   Downloaded serde_derive v1.0.19
[INFO] [stderr]   Downloaded ears v0.4.0
[INFO] [stderr]   Downloaded num_cpus v1.5.1
[INFO] [stderr]   Downloaded gl v0.6.2
[INFO] [stderr]   Downloaded pistoncore-glutin_window v0.42.0
[INFO] [stderr]   Downloaded rayon-core v1.0.2
[INFO] running `Command { std: "docker" "create" "-v" "/var/lib/crater-agent-workspace/builds/worker-0-tc2/target:/opt/rustwide/target:rw,Z" "-v" "/var/lib/crater-agent-workspace/builds/worker-0-tc2/source:/opt/rustwide/workdir:ro,Z" "-v" "/var/lib/crater-agent-workspace/cargo-home:/opt/rustwide/cargo-home:ro,Z" "-v" "/var/lib/crater-agent-workspace/rustup-home:/opt/rustwide/rustup-home:ro,Z" "-e" "SOURCE_DIR=/opt/rustwide/workdir" "-e" "CARGO_TARGET_DIR=/opt/rustwide/target" "-e" "CARGO_HOME=/opt/rustwide/cargo-home" "-e" "RUSTUP_HOME=/opt/rustwide/rustup-home" "-w" "/opt/rustwide/workdir" "-m" "1610612736" "--user" "0:0" "--network" "none" "ghcr.io/rust-lang/crates-build-env/linux@sha256:5ff2268d62e97bff2cde7d5815dd6ed5b47097566f13b8d0ca110b04b60e07ed" "/opt/rustwide/cargo-home/bin/cargo" "+beta-2023-04-20" "metadata" "--no-deps" "--format-version=1", kill_on_drop: false }`
[INFO] [stdout] de33cb386920f0f98b189965ca7f6f80383646f41242f9a2d1f04467a2f54a0b
[INFO] running `Command { std: "docker" "start" "-a" "de33cb386920f0f98b189965ca7f6f80383646f41242f9a2d1f04467a2f54a0b", kill_on_drop: false }`
[INFO] running `Command { std: "docker" "inspect" "de33cb386920f0f98b189965ca7f6f80383646f41242f9a2d1f04467a2f54a0b", kill_on_drop: false }`
[INFO] running `Command { std: "docker" "rm" "-f" "de33cb386920f0f98b189965ca7f6f80383646f41242f9a2d1f04467a2f54a0b", kill_on_drop: false }`
[INFO] [stdout] de33cb386920f0f98b189965ca7f6f80383646f41242f9a2d1f04467a2f54a0b
[INFO] running `Command { std: "docker" "create" "-v" "/var/lib/crater-agent-workspace/builds/worker-0-tc2/target:/opt/rustwide/target:rw,Z" "-v" "/var/lib/crater-agent-workspace/builds/worker-0-tc2/source:/opt/rustwide/workdir:ro,Z" "-v" "/var/lib/crater-agent-workspace/cargo-home:/opt/rustwide/cargo-home:ro,Z" "-v" "/var/lib/crater-agent-workspace/rustup-home:/opt/rustwide/rustup-home:ro,Z" "-e" "SOURCE_DIR=/opt/rustwide/workdir" "-e" "CARGO_TARGET_DIR=/opt/rustwide/target" "-e" "CARGO_INCREMENTAL=0" "-e" "RUST_BACKTRACE=full" "-e" "RUSTFLAGS=--cap-lints=warn" "-e" "RUSTDOCFLAGS=--cap-lints=warn" "-e" "CARGO_HOME=/opt/rustwide/cargo-home" "-e" "RUSTUP_HOME=/opt/rustwide/rustup-home" "-w" "/opt/rustwide/workdir" "-m" "1610612736" "--user" "0:0" "--network" "none" "ghcr.io/rust-lang/crates-build-env/linux@sha256:5ff2268d62e97bff2cde7d5815dd6ed5b47097566f13b8d0ca110b04b60e07ed" "/opt/rustwide/cargo-home/bin/cargo" "+beta-2023-04-20" "build" "--frozen" "--message-format=json", kill_on_drop: false }`
[INFO] [stdout] 1deece5a417a000d4948fd5c99fe2281f04754402c4dc2e827b74467aca49aac
[INFO] running `Command { std: "docker" "start" "-a" "1deece5a417a000d4948fd5c99fe2281f04754402c4dc2e827b74467aca49aac", kill_on_drop: false }`
[INFO] [stderr]    Compiling libc v0.2.23
[INFO] [stderr]    Compiling num-traits v0.1.37
[INFO] [stderr]    Compiling siphasher v0.2.2
[INFO] [stderr]    Compiling lazy_static v0.2.8
[INFO] [stderr]    Compiling itoa v0.3.1
[INFO] [stderr]    Compiling dtoa v0.4.1
[INFO] [stderr]    Compiling serde v0.9.15
[INFO] [stderr]    Compiling bitflags v1.0.0
[INFO] [stderr]    Compiling bitflags v0.9.1
[INFO] [stderr]    Compiling log v0.3.8
[INFO] [stderr]    Compiling winapi-build v0.1.1
[INFO] [stderr]    Compiling piston-float v0.3.0
[INFO] [stderr]    Compiling byteorder v1.0.0
[INFO] [stderr]    Compiling quote v0.3.15
[INFO] [stderr]    Compiling synom v0.11.3
[INFO] [stderr]    Compiling semver v0.1.20
[INFO] [stderr]    Compiling winapi v0.2.8
[INFO] [stderr]    Compiling xml-rs v0.6.1
[INFO] [stderr]    Compiling xml-rs v0.3.6
[INFO] [stderr]    Compiling phf_shared v0.7.21
[INFO] [stderr]    Compiling piston-viewport v0.3.0
[INFO] [stderr]    Compiling rayon-core v1.0.2
[INFO] [stderr]    Compiling pkg-config v0.3.9
[INFO] [stderr]    Compiling khronos_api v1.0.1
[INFO] [stderr]    Compiling xml-rs v0.7.0
[INFO] [stderr]    Compiling kernel32-sys v0.2.2
[INFO] [stderr]    Compiling phf v0.7.21
[INFO] [stderr]    Compiling syn v0.11.11
[INFO] [stderr]    Compiling deque v0.3.2
[INFO] [stderr]    Compiling serde v1.0.19
[INFO] [stderr]    Compiling rand v0.3.15
[INFO] [stderr]    Compiling rustc_version v0.1.7
[INFO] [stderr]    Compiling num_cpus v1.5.1
[INFO] [stderr]    Compiling khronos_api v2.0.0
[INFO] [stderr]    Compiling shader_version v0.3.0
[INFO] [stderr]    Compiling adler32 v1.0.0
[INFO] [stderr]    Compiling odds v0.2.25
[INFO] [stderr]    Compiling fs2 v0.2.5
[INFO] [stderr]    Compiling tempfile v2.1.5
[INFO] [stderr]    Compiling byteorder v0.4.2
[INFO] [stderr]    Compiling num-integer v0.1.34
[INFO] [stderr]    Compiling x11-dl v2.14.0
[INFO] [stderr]    Compiling memmap v0.4.0
[INFO] [stderr]    Compiling wayland-scanner v0.9.10
[INFO] [stderr]    Compiling inflate v0.3.3
[INFO] [stderr]    Compiling gl_generator v0.5.3
[INFO] [stderr]    Compiling serde_derive_internals v0.17.0
[INFO] [stderr]    Compiling num-iter v0.1.33
[INFO] [stderr]    Compiling stb_truetype v0.2.1
[INFO] [stderr]    Compiling nodrop v0.1.9
[INFO] [stderr]    Compiling deflate v0.7.11
[INFO] [stderr]    Compiling phf_generator v0.7.21
[INFO] [stderr]    Compiling gl_generator v0.6.1
[INFO] [stderr]    Compiling phf_codegen v0.7.21
[INFO] [stderr]    Compiling arrayvec v0.3.23
[INFO] [stderr]    Compiling wayland-client v0.9.10
[INFO] [stderr]    Compiling wayland-protocols v0.9.10
[INFO] [stderr]    Compiling target_build_utils v0.3.1
[INFO] [stderr]    Compiling rayon v0.7.1
[INFO] [stderr]    Compiling shared_library v0.1.5
[INFO] [stderr]    Compiling linked-hash-map v0.0.10
[INFO] [stderr]    Compiling serde_derive v1.0.19
[INFO] [stderr]    Compiling color_quant v1.0.0
[INFO] [stderr]    Compiling gl v0.6.2
[INFO] [stderr]    Compiling lzw v0.10.0
[INFO] [stderr]    Compiling png v0.11.0
[INFO] [stderr]    Compiling gif v0.9.1
[INFO] [stderr]    Compiling rusttype v0.2.1
[INFO] [stderr]    Compiling osmesa-sys v0.1.2
[INFO] [stderr]    Compiling num-rational v0.1.36
[INFO] [stderr]    Compiling enum_primitive v0.1.1
[INFO] [stderr]    Compiling vecmath v0.3.0
[INFO] [stderr]    Compiling scoped_threadpool v0.1.7
[INFO] [stderr]    Compiling interpolation v0.1.0
[INFO] [stderr]    Compiling glutin v0.10.1
[INFO] [stderr]    Compiling piston-texture v0.6.0
[INFO] [stderr]    Compiling fnv v1.0.5
[INFO] [stderr]    Compiling read_color v0.1.0
[INFO] [stderr]    Compiling ears v0.4.0
[INFO] [stderr]    Compiling piston-shaders_graphics2d v0.3.1
[INFO] [stdout] error[E0311]: the parameter type `K` may not live long enough
[INFO] [stdout]   --> /opt/rustwide/cargo-home/registry/src/index.crates.io-6f17d22bba15001f/rusttype-0.2.1/src/support/bst/map.rs:81:19
[INFO] [stdout]    |
[INFO] [stdout] 81 |             match node.force() {
[INFO] [stdout]    |                   ^^^^
[INFO] [stdout]    |
[INFO] [stdout] note: the parameter type `K` must be valid for the anonymous lifetime defined here...
[INFO] [stdout]   --> /opt/rustwide/cargo-home/registry/src/index.crates.io-6f17d22bba15001f/rusttype-0.2.1/src/support/bst/map.rs:78:37
[INFO] [stdout]    |
[INFO] [stdout] 78 |                 node: node::NodeRef<marker::Immut, K, V, marker::LeafOrInternal>)
[INFO] [stdout]    |                                     ^^^^^^^^^^^^^
[INFO] [stdout] note: ...so that the type `K` will meet its required lifetime bounds
[INFO] [stdout]   --> /opt/rustwide/cargo-home/registry/src/index.crates.io-6f17d22bba15001f/rusttype-0.2.1/src/support/bst/map.rs:81:19
[INFO] [stdout]    |
[INFO] [stdout] 81 |             match node.force() {
[INFO] [stdout]    |                   ^^^^
[INFO] [stdout] help: consider adding an explicit lifetime bound...
[INFO] [stdout]    |
[INFO] [stdout] 77 ~         fn clone_subtree<'a, K: Clone + 'a, V: Clone>(
[INFO] [stdout] 78 ~                 node: node::NodeRef<marker::Immut<'a>, K, V, marker::LeafOrInternal>)
[INFO] [stdout]    |
[INFO] [stdout] 
[INFO] [stdout] 
[INFO] [stdout] error[E0311]: the parameter type `V` may not live long enough
[INFO] [stdout]   --> /opt/rustwide/cargo-home/registry/src/index.crates.io-6f17d22bba15001f/rusttype-0.2.1/src/support/bst/map.rs:81:19
[INFO] [stdout]    |
[INFO] [stdout] 81 |             match node.force() {
[INFO] [stdout]    |                   ^^^^
[INFO] [stdout]    |
[INFO] [stdout] note: the parameter type `V` must be valid for the anonymous lifetime defined here...
[INFO] [stdout]   --> /opt/rustwide/cargo-home/registry/src/index.crates.io-6f17d22bba15001f/rusttype-0.2.1/src/support/bst/map.rs:78:37
[INFO] [stdout]    |
[INFO] [stdout] 78 |                 node: node::NodeRef<marker::Immut, K, V, marker::LeafOrInternal>)
[INFO] [stdout]    |                                     ^^^^^^^^^^^^^
[INFO] [stdout] note: ...so that the type `V` will meet its required lifetime bounds
[INFO] [stdout]   --> /opt/rustwide/cargo-home/registry/src/index.crates.io-6f17d22bba15001f/rusttype-0.2.1/src/support/bst/map.rs:81:19
[INFO] [stdout]    |
[INFO] [stdout] 81 |             match node.force() {
[INFO] [stdout]    |                   ^^^^
[INFO] [stdout] help: consider adding an explicit lifetime bound...
[INFO] [stdout]    |
[INFO] [stdout] 77 ~         fn clone_subtree<'a, K: Clone, V: Clone + 'a>(
[INFO] [stdout] 78 ~                 node: node::NodeRef<marker::Immut<'a>, K, V, marker::LeafOrInternal>)
[INFO] [stdout]    |
[INFO] [stdout] 
[INFO] [stdout] 
[INFO] [stderr]    Compiling jpeg-decoder v0.1.12
[INFO] [stdout] error: aborting due to 2 previous errors
[INFO] [stdout] 
[INFO] [stdout] 
[INFO] [stdout] For more information about this error, try `rustc --explain E0311`.
[INFO] [stdout] 
[INFO] [stderr] error: could not compile `rusttype` (lib) due to 3 previous errors
[INFO] [stderr] warning: build failed, waiting for other jobs to finish...
[INFO] [stdout] error: linking with `cc` failed: exit status: 1
[INFO] [stdout]   |
[INFO] [stdout]   = note: LC_ALL="C" PATH="/opt/rustwide/rustup-home/toolchains/beta-2023-04-20-x86_64-unknown-linux-gnu/lib/rustlib/x86_64-unknown-linux-gnu/bin:/opt/rustwide/cargo-home/bin:/usr/local/sbin:/usr/local/bin:/usr/sbin:/usr/bin:/sbin:/bin" VSLANG="1033" "cc" "-Wl,--version-script=/tmp/rustccSpF3u/list" "-Wl,--no-undefined-version" "-m64" "/tmp/rustccSpF3u/symbols.o" "/opt/rustwide/target/debug/deps/ears-f78e80df8acdb31b.ears.11e9d0ac-cgu.0.rcgu.o" "/opt/rustwide/target/debug/deps/ears-f78e80df8acdb31b.ears.11e9d0ac-cgu.1.rcgu.o" "/opt/rustwide/target/debug/deps/ears-f78e80df8acdb31b.ears.11e9d0ac-cgu.10.rcgu.o" "/opt/rustwide/target/debug/deps/ears-f78e80df8acdb31b.ears.11e9d0ac-cgu.11.rcgu.o" "/opt/rustwide/target/debug/deps/ears-f78e80df8acdb31b.ears.11e9d0ac-cgu.12.rcgu.o" "/opt/rustwide/target/debug/deps/ears-f78e80df8acdb31b.ears.11e9d0ac-cgu.13.rcgu.o" "/opt/rustwide/target/debug/deps/ears-f78e80df8acdb31b.ears.11e9d0ac-cgu.14.rcgu.o" "/opt/rustwide/target/debug/deps/ears-f78e80df8acdb31b.ears.11e9d0ac-cgu.15.rcgu.o" "/opt/rustwide/target/debug/deps/ears-f78e80df8acdb31b.ears.11e9d0ac-cgu.2.rcgu.o" "/opt/rustwide/target/debug/deps/ears-f78e80df8acdb31b.ears.11e9d0ac-cgu.3.rcgu.o" "/opt/rustwide/target/debug/deps/ears-f78e80df8acdb31b.ears.11e9d0ac-cgu.4.rcgu.o" "/opt/rustwide/target/debug/deps/ears-f78e80df8acdb31b.ears.11e9d0ac-cgu.5.rcgu.o" "/opt/rustwide/target/debug/deps/ears-f78e80df8acdb31b.ears.11e9d0ac-cgu.6.rcgu.o" "/opt/rustwide/target/debug/deps/ears-f78e80df8acdb31b.ears.11e9d0ac-cgu.7.rcgu.o" "/opt/rustwide/target/debug/deps/ears-f78e80df8acdb31b.ears.11e9d0ac-cgu.8.rcgu.o" "/opt/rustwide/target/debug/deps/ears-f78e80df8acdb31b.ears.11e9d0ac-cgu.9.rcgu.o" "/opt/rustwide/target/debug/deps/ears-f78e80df8acdb31b.3hm7pifu3ohyvhw4.rcgu.rmeta" "-Wl,--as-needed" "-L" "/opt/rustwide/target/debug/deps" "-L" "/usr/local/opt/openal-soft/lib" "-L" "/usr/local/lib" "-L" "/opt/rustwide/rustup-home/toolchains/beta-2023-04-20-x86_64-unknown-linux-gnu/lib/rustlib/x86_64-unknown-linux-gnu/lib" "-lopenal" "-lsndfile" "-Wl,-Bstatic" "/opt/rustwide/target/debug/deps/liblazy_static-55197444efa4d0f7.rlib" "/opt/rustwide/target/debug/deps/liblibc-f2d003d9082aec65.rlib" "-L" "/opt/rustwide/rustup-home/toolchains/beta-2023-04-20-x86_64-unknown-linux-gnu/lib/rustlib/x86_64-unknown-linux-gnu/lib" "-Wl,-Bdynamic" "-lstd-0e29cc23c5e02021" "-Wl,-Bstatic" "/opt/rustwide/rustup-home/toolchains/beta-2023-04-20-x86_64-unknown-linux-gnu/lib/rustlib/x86_64-unknown-linux-gnu/lib/libcompiler_builtins-f0d6e4d0fc1e80b4.rlib" "-Wl,-Bdynamic" "-lutil" "-lgcc_s" "-lutil" "-lrt" "-lpthread" "-lm" "-ldl" "-lc" "-Wl,--eh-frame-hdr" "-Wl,-z,noexecstack" "-L" "/opt/rustwide/rustup-home/toolchains/beta-2023-04-20-x86_64-unknown-linux-gnu/lib/rustlib/x86_64-unknown-linux-gnu/lib" "-o" "/opt/rustwide/target/debug/deps/libears-f78e80df8acdb31b.so" "-shared" "-Wl,-z,relro,-z,now" "-nodefaultlibs"
[INFO] [stdout]   = note: /usr/bin/ld: cannot find -lsndfile: No such file or directory
[INFO] [stdout]           collect2: error: ld returned 1 exit status
[INFO] [stdout]           
[INFO] [stdout] 
[INFO] [stdout] 
[INFO] [stdout] error: aborting due to previous error
[INFO] [stdout] 
[INFO] [stdout] 
[INFO] [stderr] error: could not compile `ears` (lib) due to 2 previous errors
[INFO] running `Command { std: "docker" "inspect" "1deece5a417a000d4948fd5c99fe2281f04754402c4dc2e827b74467aca49aac", kill_on_drop: false }`
[INFO] running `Command { std: "docker" "rm" "-f" "1deece5a417a000d4948fd5c99fe2281f04754402c4dc2e827b74467aca49aac", kill_on_drop: false }`
[INFO] [stdout] 1deece5a417a000d4948fd5c99fe2281f04754402c4dc2e827b74467aca49aac
