[INFO] cloning repository https://github.com/davidcarltonsumo/sumo-cli-client
[INFO] running `Command { std: "git" "-c" "credential.helper=" "-c" "credential.helper=/workspace/cargo-home/bin/git-credential-null" "clone" "--bare" "https://github.com/davidcarltonsumo/sumo-cli-client" "/workspace/cache/git-repos/https%3A%2F%2Fgithub.com%2Fdavidcarltonsumo%2Fsumo-cli-client", kill_on_drop: false }`
[INFO] [stderr] Cloning into bare repository '/workspace/cache/git-repos/https%3A%2F%2Fgithub.com%2Fdavidcarltonsumo%2Fsumo-cli-client'...
[INFO] running `Command { std: "git" "rev-parse" "HEAD", kill_on_drop: false }`
[INFO] [stdout] 87f7e38ac0074db14f9f330aa3c63a6fab05c0e1
[INFO] testing davidcarltonsumo/sumo-cli-client against 1.69.0 for beta-1.70-1
[INFO] running `Command { std: "git" "clone" "/workspace/cache/git-repos/https%3A%2F%2Fgithub.com%2Fdavidcarltonsumo%2Fsumo-cli-client" "/workspace/builds/worker-0-tc1/source", kill_on_drop: false }`
[INFO] [stderr] Cloning into '/workspace/builds/worker-0-tc1/source'...
[INFO] [stderr] done.
[INFO] validating manifest of git repo https://github.com/davidcarltonsumo/sumo-cli-client on toolchain 1.69.0
[INFO] running `Command { std: CARGO_HOME="/workspace/cargo-home" RUSTUP_HOME="/workspace/rustup-home" "/workspace/cargo-home/bin/cargo" "+1.69.0" "metadata" "--manifest-path" "Cargo.toml" "--no-deps", kill_on_drop: false }`
[INFO] started tweaking git repo https://github.com/davidcarltonsumo/sumo-cli-client
[INFO] finished tweaking git repo https://github.com/davidcarltonsumo/sumo-cli-client
[INFO] tweaked toml for git repo https://github.com/davidcarltonsumo/sumo-cli-client written to /workspace/builds/worker-0-tc1/source/Cargo.toml
[INFO] crate git repo https://github.com/davidcarltonsumo/sumo-cli-client already has a lockfile, it will not be regenerated
[INFO] running `Command { std: CARGO_HOME="/workspace/cargo-home" RUSTUP_HOME="/workspace/rustup-home" "/workspace/cargo-home/bin/cargo" "+1.69.0" "fetch" "--manifest-path" "Cargo.toml", kill_on_drop: false }`
[INFO] [stderr]  Downloading crates ...
[INFO] [stderr]   Downloaded pkg-config v0.3.5
[INFO] [stderr]   Downloaded openssl-sys v0.6.4
[INFO] [stderr]   Downloaded url v0.2.37
[INFO] [stderr]   Downloaded rand v0.3.10
[INFO] [stderr]   Downloaded log v0.3.1
[INFO] [stderr]   Downloaded lazy_static v0.1.14
[INFO] [stderr]   Downloaded num_cpus v0.2.6
[INFO] [stderr]   Downloaded cookie v0.1.21
[INFO] [stderr]   Downloaded termios v0.0.5
[INFO] [stderr]   Downloaded mime v0.1.0
[INFO] [stderr]   Downloaded unicase v1.0.0
[INFO] [stderr]   Downloaded openssl v0.6.4
[INFO] [stderr]   Downloaded language-tags v0.0.7
[INFO] [stderr]   Downloaded httparse v0.1.6
[INFO] [stderr]   Downloaded hyper v0.6.10
[INFO] [stderr]   Downloaded gcc v0.3.13
[INFO] [stderr]   Downloaded solicit v0.4.1
[INFO] [stderr]   Downloaded rpassword v0.0.5
[INFO] [stderr]   Downloaded getopts v0.2.13
[INFO] running `Command { std: "docker" "create" "-v" "/var/lib/crater-agent-workspace/builds/worker-0-tc1/target:/opt/rustwide/target:rw,Z" "-v" "/var/lib/crater-agent-workspace/builds/worker-0-tc1/source:/opt/rustwide/workdir:ro,Z" "-v" "/var/lib/crater-agent-workspace/cargo-home:/opt/rustwide/cargo-home:ro,Z" "-v" "/var/lib/crater-agent-workspace/rustup-home:/opt/rustwide/rustup-home:ro,Z" "-e" "SOURCE_DIR=/opt/rustwide/workdir" "-e" "CARGO_TARGET_DIR=/opt/rustwide/target" "-e" "CARGO_HOME=/opt/rustwide/cargo-home" "-e" "RUSTUP_HOME=/opt/rustwide/rustup-home" "-w" "/opt/rustwide/workdir" "-m" "1610612736" "--user" "0:0" "--network" "none" "ghcr.io/rust-lang/crates-build-env/linux@sha256:5ff2268d62e97bff2cde7d5815dd6ed5b47097566f13b8d0ca110b04b60e07ed" "/opt/rustwide/cargo-home/bin/cargo" "+1.69.0" "metadata" "--no-deps" "--format-version=1", kill_on_drop: false }`
[INFO] [stdout] 4f13a8433f53a1de738d107042989fee1fa05f568394e7cf4f0a5ecf51ebf225
[INFO] running `Command { std: "docker" "start" "-a" "4f13a8433f53a1de738d107042989fee1fa05f568394e7cf4f0a5ecf51ebf225", kill_on_drop: false }`
[INFO] running `Command { std: "docker" "inspect" "4f13a8433f53a1de738d107042989fee1fa05f568394e7cf4f0a5ecf51ebf225", kill_on_drop: false }`
[INFO] running `Command { std: "docker" "rm" "-f" "4f13a8433f53a1de738d107042989fee1fa05f568394e7cf4f0a5ecf51ebf225", kill_on_drop: false }`
[INFO] [stdout] 4f13a8433f53a1de738d107042989fee1fa05f568394e7cf4f0a5ecf51ebf225
[INFO] running `Command { std: "docker" "create" "-v" "/var/lib/crater-agent-workspace/builds/worker-0-tc1/target:/opt/rustwide/target:rw,Z" "-v" "/var/lib/crater-agent-workspace/builds/worker-0-tc1/source:/opt/rustwide/workdir:ro,Z" "-v" "/var/lib/crater-agent-workspace/cargo-home:/opt/rustwide/cargo-home:ro,Z" "-v" "/var/lib/crater-agent-workspace/rustup-home:/opt/rustwide/rustup-home:ro,Z" "-e" "SOURCE_DIR=/opt/rustwide/workdir" "-e" "CARGO_TARGET_DIR=/opt/rustwide/target" "-e" "CARGO_INCREMENTAL=0" "-e" "RUST_BACKTRACE=full" "-e" "RUSTFLAGS=--cap-lints=warn" "-e" "RUSTDOCFLAGS=--cap-lints=warn" "-e" "CARGO_HOME=/opt/rustwide/cargo-home" "-e" "RUSTUP_HOME=/opt/rustwide/rustup-home" "-w" "/opt/rustwide/workdir" "-m" "1610612736" "--user" "0:0" "--network" "none" "ghcr.io/rust-lang/crates-build-env/linux@sha256:5ff2268d62e97bff2cde7d5815dd6ed5b47097566f13b8d0ca110b04b60e07ed" "/opt/rustwide/cargo-home/bin/cargo" "+1.69.0" "build" "--frozen" "--message-format=json", kill_on_drop: false }`
[INFO] [stdout] 7446a133e4e26b9d1eb46755ebc19e50405e6b4399994cecaad0bdf68bf94c30
[INFO] running `Command { std: "docker" "start" "-a" "7446a133e4e26b9d1eb46755ebc19e50405e6b4399994cecaad0bdf68bf94c30", kill_on_drop: false }`
[INFO] [stderr]    Compiling libc v0.1.10
[INFO] [stderr]    Compiling pkg-config v0.3.5
[INFO] [stderr]    Compiling gcc v0.3.13
[INFO] [stderr]    Compiling winapi-build v0.1.1
[INFO] [stderr]    Compiling winapi v0.2.2
[INFO] [stderr]    Compiling matches v0.1.2
[INFO] [stderr]    Compiling rustc-serialize v0.3.16
[INFO] [stderr]    Compiling lazy_static v0.1.14
[INFO] [stderr]    Compiling bitflags v0.3.2
[INFO] [stderr]    Compiling traitobject v0.0.1
[INFO] [stderr]    Compiling httparse v0.1.6
[INFO] [stdout] error[E0642]: patterns aren't allowed in functions without bodies
[INFO] [stdout]    --> /opt/rustwide/cargo-home/registry/src/github.com-1ecc6299db9ec823/rustc-serialize-0.3.16/src/serialize.rs:145:45
[INFO] [stdout]     |
[INFO] [stdout] 145 | ...                   &f_name: &str,
[INFO] [stdout]     |                       ^^^^^^^ pattern not allowed in function without body
[INFO] [stdout] 
[INFO] [stdout] 
[INFO] [stderr]    Compiling log v0.3.1
[INFO] [stderr]    Compiling kernel32-sys v0.1.4
[INFO] [stderr]    Compiling num_cpus v0.2.6
[INFO] [stderr]    Compiling termios v0.0.5
[INFO] [stderr]    Compiling typeable v0.1.2
[INFO] [stderr]    Compiling hpack v0.2.0
[INFO] [stderr]    Compiling mime v0.1.0
[INFO] [stderr]    Compiling language-tags v0.0.7
[INFO] [stderr]    Compiling unicase v1.0.0
[INFO] [stderr]    Compiling rpassword v0.0.5
[INFO] [stderr]    Compiling getopts v0.2.13
[INFO] [stderr]    Compiling time v0.1.32
[INFO] [stderr]    Compiling openssl-sys v0.6.4
[INFO] [stderr]    Compiling solicit v0.4.1
[INFO] [stdout] error[E0503]: cannot use `state` because it was mutably borrowed
[INFO] [stdout]     --> /opt/rustwide/cargo-home/registry/src/github.com-1ecc6299db9ec823/getopts-0.2.13/src/lib.rs:1008:25
[INFO] [stdout]      |
[INFO] [stdout] 955  |     let mut machine = |cont: &mut bool, (i, c): (usize, char)| {
[INFO] [stdout]      |                       ---------------------------------------- `state` is borrowed here
[INFO] [stdout] ...
[INFO] [stdout] 959  |         state = match (state, whitespace, limit) {
[INFO] [stdout]      |         ----- borrow occurs due to use of `state` in closure
[INFO] [stdout] ...
[INFO] [stdout] 1008 |     while cont && match state { B | C => true, A => false } {
[INFO] [stdout]      |                         ^^^^^ use of borrowed `state`
[INFO] [stdout] 1009 |         machine(&mut cont, (fake_i, ' '));
[INFO] [stdout]      |         ------- borrow later used here
[INFO] [stdout] 
[INFO] [stdout] 
[INFO] [stdout] error: aborting due to previous error
[INFO] [stdout] 
[INFO] [stdout] 
[INFO] [stdout] For more information about this error, try `rustc --explain E0503`.
[INFO] [stdout] 
[INFO] [stderr] error: could not compile `getopts` due to 2 previous errors
[INFO] [stderr] warning: build failed, waiting for other jobs to finish...
[INFO] [stdout] error[E0277]: the size for values of type `Self` cannot be known at compilation time
[INFO] [stdout]    --> /opt/rustwide/cargo-home/registry/src/github.com-1ecc6299db9ec823/solicit-0.4.1/src/http/frame/mod.rs:134:41
[INFO] [stdout]     |
[INFO] [stdout] 134 |     fn from_raw(raw_frame: RawFrame) -> Option<Self>;
[INFO] [stdout]     |                                         ^^^^^^^^^^^^ doesn't have a size known at compile-time
[INFO] [stdout]     |
[INFO] [stdout] note: required by a bound in `Option`
[INFO] [stdout]    --> /rustc/84c898d65adf2f39a5a98507f1fe0ce10a2b8dbc/library/core/src/option.rs:563:1
[INFO] [stdout] help: consider further restricting `Self`
[INFO] [stdout]     |
[INFO] [stdout] 134 |     fn from_raw(raw_frame: RawFrame) -> Option<Self> where Self: Sized;
[INFO] [stdout]     |                                                      +++++++++++++++++
[INFO] [stdout] 
[INFO] [stdout] 
[INFO] [stdout] error[E0277]: the size for values of type `Self` cannot be known at compilation time
[INFO] [stdout]   --> /opt/rustwide/cargo-home/registry/src/github.com-1ecc6299db9ec823/solicit-0.4.1/src/http/transport.rs:60:28
[INFO] [stdout]    |
[INFO] [stdout] 60 |     fn try_split(&self) -> Result<Self, io::Error>;
[INFO] [stdout]    |                            ^^^^^^^^^^^^^^^^^^^^^^^ doesn't have a size known at compile-time
[INFO] [stdout]    |
[INFO] [stdout] note: required by a bound in `Result`
[INFO] [stdout]   --> /rustc/84c898d65adf2f39a5a98507f1fe0ce10a2b8dbc/library/core/src/result.rs:503:1
[INFO] [stdout] help: consider further restricting `Self`
[INFO] [stdout]    |
[INFO] [stdout] 60 |     fn try_split(&self) -> Result<Self, io::Error> where Self: Sized;
[INFO] [stdout]    |                                                    +++++++++++++++++
[INFO] [stdout] 
[INFO] [stdout] 
[INFO] [stdout] error: aborting due to 2 previous errors
[INFO] [stdout] 
[INFO] [stdout] 
[INFO] [stdout] For more information about this error, try `rustc --explain E0277`.
[INFO] [stdout] 
[INFO] [stderr] error: could not compile `solicit` due to 3 previous errors
[INFO] [stdout] error: aborting due to previous error
[INFO] [stdout] 
[INFO] [stdout] 
[INFO] [stdout] For more information about this error, try `rustc --explain E0642`.
[INFO] [stdout] 
[INFO] [stderr] error: could not compile `rustc-serialize` due to 2 previous errors; 1 warning emitted
[INFO] running `Command { std: "docker" "inspect" "7446a133e4e26b9d1eb46755ebc19e50405e6b4399994cecaad0bdf68bf94c30", kill_on_drop: false }`
[INFO] running `Command { std: "docker" "rm" "-f" "7446a133e4e26b9d1eb46755ebc19e50405e6b4399994cecaad0bdf68bf94c30", kill_on_drop: false }`
[INFO] [stdout] 7446a133e4e26b9d1eb46755ebc19e50405e6b4399994cecaad0bdf68bf94c30
