[INFO] cloning repository https://github.com/dashed/yampa
[INFO] running `Command { std: "git" "-c" "credential.helper=" "-c" "credential.helper=/workspace/cargo-home/bin/git-credential-null" "clone" "--bare" "https://github.com/dashed/yampa" "/workspace/cache/git-repos/https%3A%2F%2Fgithub.com%2Fdashed%2Fyampa", kill_on_drop: false }`
[INFO] [stderr] Cloning into bare repository '/workspace/cache/git-repos/https%3A%2F%2Fgithub.com%2Fdashed%2Fyampa'...
[INFO] running `Command { std: "git" "rev-parse" "HEAD", kill_on_drop: false }`
[INFO] [stdout] df613a9f1fb164806896e4e72be2d58d35a96893
[INFO] testing dashed/yampa against beta-2023-04-20 for beta-1.70-1
[INFO] running `Command { std: "git" "clone" "/workspace/cache/git-repos/https%3A%2F%2Fgithub.com%2Fdashed%2Fyampa" "/workspace/builds/worker-5-tc2/source", kill_on_drop: false }`
[INFO] [stderr] Cloning into '/workspace/builds/worker-5-tc2/source'...
[INFO] [stderr] done.
[INFO] validating manifest of git repo https://github.com/dashed/yampa on toolchain beta-2023-04-20
[INFO] running `Command { std: CARGO_HOME="/workspace/cargo-home" RUSTUP_HOME="/workspace/rustup-home" "/workspace/cargo-home/bin/cargo" "+beta-2023-04-20" "metadata" "--manifest-path" "Cargo.toml" "--no-deps", kill_on_drop: false }`
[INFO] started tweaking git repo https://github.com/dashed/yampa
[INFO] finished tweaking git repo https://github.com/dashed/yampa
[INFO] tweaked toml for git repo https://github.com/dashed/yampa written to /workspace/builds/worker-5-tc2/source/Cargo.toml
[INFO] crate git repo https://github.com/dashed/yampa already has a lockfile, it will not be regenerated
[INFO] running `Command { std: CARGO_HOME="/workspace/cargo-home" RUSTUP_HOME="/workspace/rustup-home" "/workspace/cargo-home/bin/cargo" "+beta-2023-04-20" "fetch" "--manifest-path" "Cargo.toml", kill_on_drop: false }`
[INFO] [stderr]     Updating crates.io index
[INFO] [stderr]  Downloading crates ...
[INFO] [stderr]   Downloaded termion v1.1.4
[INFO] [stderr]   Downloaded libsodium-sys v0.0.14
[INFO] [stderr]   Downloaded constant_time_eq v0.1.2
[INFO] [stderr]   Downloaded blake2-rfc v0.2.17
[INFO] [stderr]   Downloaded version v2.0.1
[INFO] [stderr]   Downloaded serde_codegen_internals v0.14.0
[INFO] [stderr]   Downloaded quote v0.3.13
[INFO] [stderr]   Downloaded colored v1.4.0
[INFO] [stderr]   Downloaded serde v0.9.8
[INFO] [stderr]   Downloaded clap v2.20.5
[INFO] [stderr]   Downloaded ring-pwhash v0.1.2
[INFO] [stderr]   Downloaded rusterpassword v0.2.0
[INFO] [stderr]   Downloaded secstr v0.2.1
[INFO] [stderr]   Downloaded synom v0.11.0
[INFO] [stderr]   Downloaded syn v0.11.6
[INFO] [stderr]   Downloaded serde_json v0.9.8
[INFO] [stderr]   Downloaded ring v0.7.1
[INFO] [stderr]   Downloaded untrusted v0.3.2
[INFO] [stderr]   Downloaded serde_derive v0.9.8
[INFO] running `Command { std: "docker" "create" "-v" "/var/lib/crater-agent-workspace/builds/worker-5-tc2/target:/opt/rustwide/target:rw,Z" "-v" "/var/lib/crater-agent-workspace/builds/worker-5-tc2/source:/opt/rustwide/workdir:ro,Z" "-v" "/var/lib/crater-agent-workspace/cargo-home:/opt/rustwide/cargo-home:ro,Z" "-v" "/var/lib/crater-agent-workspace/rustup-home:/opt/rustwide/rustup-home:ro,Z" "-e" "SOURCE_DIR=/opt/rustwide/workdir" "-e" "CARGO_TARGET_DIR=/opt/rustwide/target" "-e" "CARGO_HOME=/opt/rustwide/cargo-home" "-e" "RUSTUP_HOME=/opt/rustwide/rustup-home" "-w" "/opt/rustwide/workdir" "-m" "1610612736" "--user" "0:0" "--network" "none" "ghcr.io/rust-lang/crates-build-env/linux@sha256:5ff2268d62e97bff2cde7d5815dd6ed5b47097566f13b8d0ca110b04b60e07ed" "/opt/rustwide/cargo-home/bin/cargo" "+beta-2023-04-20" "metadata" "--no-deps" "--format-version=1", kill_on_drop: false }`
[INFO] [stdout] aed806acce9963c77576222e582a7d99814f2f4bfa84ed57ad43d37f03bdafe1
[INFO] running `Command { std: "docker" "start" "-a" "aed806acce9963c77576222e582a7d99814f2f4bfa84ed57ad43d37f03bdafe1", kill_on_drop: false }`
[INFO] running `Command { std: "docker" "inspect" "aed806acce9963c77576222e582a7d99814f2f4bfa84ed57ad43d37f03bdafe1", kill_on_drop: false }`
[INFO] running `Command { std: "docker" "rm" "-f" "aed806acce9963c77576222e582a7d99814f2f4bfa84ed57ad43d37f03bdafe1", kill_on_drop: false }`
[INFO] [stdout] aed806acce9963c77576222e582a7d99814f2f4bfa84ed57ad43d37f03bdafe1
[INFO] running `Command { std: "docker" "create" "-v" "/var/lib/crater-agent-workspace/builds/worker-5-tc2/target:/opt/rustwide/target:rw,Z" "-v" "/var/lib/crater-agent-workspace/builds/worker-5-tc2/source:/opt/rustwide/workdir:ro,Z" "-v" "/var/lib/crater-agent-workspace/cargo-home:/opt/rustwide/cargo-home:ro,Z" "-v" "/var/lib/crater-agent-workspace/rustup-home:/opt/rustwide/rustup-home:ro,Z" "-e" "SOURCE_DIR=/opt/rustwide/workdir" "-e" "CARGO_TARGET_DIR=/opt/rustwide/target" "-e" "CARGO_INCREMENTAL=0" "-e" "RUST_BACKTRACE=full" "-e" "RUSTFLAGS=--cap-lints=warn" "-e" "RUSTDOCFLAGS=--cap-lints=warn" "-e" "CARGO_HOME=/opt/rustwide/cargo-home" "-e" "RUSTUP_HOME=/opt/rustwide/rustup-home" "-w" "/opt/rustwide/workdir" "-m" "1610612736" "--user" "0:0" "--network" "none" "ghcr.io/rust-lang/crates-build-env/linux@sha256:5ff2268d62e97bff2cde7d5815dd6ed5b47097566f13b8d0ca110b04b60e07ed" "/opt/rustwide/cargo-home/bin/cargo" "+beta-2023-04-20" "build" "--frozen" "--message-format=json", kill_on_drop: false }`
[INFO] [stdout] 28c52312c6065ccbb75b3e77fadb35fff3cacfd97e825f78a795752320dc228b
[INFO] running `Command { std: "docker" "start" "-a" "28c52312c6065ccbb75b3e77fadb35fff3cacfd97e825f78a795752320dc228b", kill_on_drop: false }`
[INFO] [stderr]    Compiling libc v0.2.20
[INFO] [stderr]    Compiling unicode-xid v0.0.4
[INFO] [stderr]    Compiling ring v0.7.1
[INFO] [stderr]    Compiling quote v0.3.13
[INFO] [stderr]    Compiling untrusted v0.3.2
[INFO] [stderr]    Compiling constant_time_eq v0.1.2
[INFO] [stderr]    Compiling lazy_static v0.2.2
[INFO] [stderr]    Compiling dtoa v0.4.1
[INFO] [stderr]    Compiling unicode-segmentation v1.1.0
[INFO] [stderr]    Compiling scoped_threadpool v0.1.7
[INFO] [stderr]    Compiling lazy_static v0.1.16
[INFO] [stderr]    Compiling vec_map v0.6.0
[INFO] [stderr]    Compiling num-traits v0.1.36
[INFO] [stderr]    Compiling itoa v0.3.1
[INFO] [stderr]    Compiling serde v0.9.8
[INFO] [stderr]    Compiling strsim v0.6.0
[INFO] [stderr]    Compiling blake2-rfc v0.2.17
[INFO] [stderr]    Compiling ansi_term v0.9.0
[INFO] [stderr]    Compiling synom v0.11.0
[INFO] [stderr]    Compiling unicode-width v0.1.4
[INFO] [stderr]    Compiling bitflags v0.7.0
[INFO] [stderr]    Compiling rustc-serialize v0.3.22
[INFO] [stderr]    Compiling colored v1.4.0
[INFO] [stderr]    Compiling version v2.0.1
[INFO] [stderr]    Compiling byteorder v1.0.0
[INFO] [stderr]    Compiling syn v0.11.6
[INFO] [stderr]    Compiling term_size v0.2.3
[INFO] [stderr]    Compiling argon2rs v0.2.5
[INFO] [stderr]    Compiling termion v1.1.4
[INFO] [stderr]    Compiling secstr v0.2.1
[INFO] [stderr]    Compiling clap v2.20.5
[INFO] [stderr] error: failed to run custom build command for `ring v0.7.1`
[INFO] [stderr] note: To improve backtraces for build dependencies, set the CARGO_PROFILE_DEV_BUILD_OVERRIDE_DEBUG=true environment variable to enable debug information generation.
[INFO] [stderr] 
[INFO] [stderr] Caused by:
[INFO] [stderr]   process didn't exit successfully: `/opt/rustwide/target/debug/build/ring-8ca5fa0ce4b283a1/build-script-build` (exit status: 101)
[INFO] [stderr]   --- stdout
[INFO] [stderr]   CARGO: /opt/rustwide/rustup-home/toolchains/beta-2023-04-20-x86_64-unknown-linux-gnu/bin/cargo
[INFO] [stderr]   CARGO_CFG_PANIC: unwind
[INFO] [stderr]   CARGO_CFG_TARGET_ARCH: x86_64
[INFO] [stderr]   CARGO_CFG_TARGET_ENDIAN: little
[INFO] [stderr]   CARGO_CFG_TARGET_ENV: gnu
[INFO] [stderr]   CARGO_CFG_TARGET_FAMILY: unix
[INFO] [stderr]   CARGO_CFG_TARGET_FEATURE: fxsr,sse,sse2
[INFO] [stderr]   CARGO_CFG_TARGET_HAS_ATOMIC: 16,32,64,8,ptr
[INFO] [stderr]   CARGO_CFG_TARGET_OS: linux
[INFO] [stderr]   CARGO_CFG_TARGET_POINTER_WIDTH: 64
[INFO] [stderr]   CARGO_CFG_TARGET_VENDOR: unknown
[INFO] [stderr]   CARGO_CFG_UNIX: 
[INFO] [stderr]   CARGO_ENCODED_RUSTFLAGS: --cap-lints=warn
[INFO] [stderr]   CARGO_FEATURE_DEFAULT: 1
[INFO] [stderr]   CARGO_FEATURE_DEV_URANDOM_FALLBACK: 1
[INFO] [stderr]   CARGO_FEATURE_USE_HEAP: 1
[INFO] [stderr]   CARGO_HOME: /opt/rustwide/cargo-home
[INFO] [stderr]   CARGO_INCREMENTAL: 0
[INFO] [stderr]   CARGO_MAKEFLAGS: -j --jobserver-fds=7,8 --jobserver-auth=7,8
[INFO] [stderr]   CARGO_MANIFEST_DIR: /opt/rustwide/cargo-home/registry/src/index.crates.io-6f17d22bba15001f/ring-0.7.1
[INFO] [stderr]   CARGO_PKG_AUTHORS: Brian Smith <brian@briansmith.org>
[INFO] [stderr]   CARGO_PKG_DESCRIPTION: Safe, fast, small crypto using Rust.
[INFO] [stderr]   CARGO_PKG_HOMEPAGE: 
[INFO] [stderr]   CARGO_PKG_LICENSE: 
[INFO] [stderr]   CARGO_PKG_LICENSE_FILE: LICENSE
[INFO] [stderr]   CARGO_PKG_NAME: ring
[INFO] [stderr]   CARGO_PKG_README: README.md
[INFO] [stderr]   CARGO_PKG_REPOSITORY: https://github.com/briansmith/ring
[INFO] [stderr]   CARGO_PKG_RUST_VERSION: 
[INFO] [stderr]   CARGO_PKG_VERSION: 0.7.1
[INFO] [stderr]   CARGO_PKG_VERSION_MAJOR: 0
[INFO] [stderr]   CARGO_PKG_VERSION_MINOR: 7
[INFO] [stderr]   CARGO_PKG_VERSION_PATCH: 1
[INFO] [stderr]   CARGO_PKG_VERSION_PRE: 
[INFO] [stderr]   CARGO_TARGET_DIR: /opt/rustwide/target
[INFO] [stderr]   DEBUG: true
[INFO] [stderr]   HOME: /root
[INFO] [stderr]   HOST: x86_64-unknown-linux-gnu
[INFO] [stderr]   HOSTNAME: 28c52312c606
[INFO] [stderr]   LD_LIBRARY_PATH: /opt/rustwide/target/debug/deps:/opt/rustwide/target/debug:/opt/rustwide/rustup-home/toolchains/beta-2023-04-20-x86_64-unknown-linux-gnu/lib/rustlib/x86_64-unknown-linux-gnu/lib:/opt/rustwide/rustup-home/toolchains/beta-2023-04-20-x86_64-unknown-linux-gnu/lib
[INFO] [stderr]   NUM_JOBS: 16
[INFO] [stderr]   OPT_LEVEL: 0
[INFO] [stderr]   OUT_DIR: /opt/rustwide/target/debug/build/ring-25d8bc0aebf6cbc7/out
[INFO] [stderr]   PATH: /opt/rustwide/cargo-home/bin:/usr/local/sbin:/usr/local/bin:/usr/sbin:/usr/bin:/sbin:/bin
[INFO] [stderr]   PROFILE: debug
[INFO] [stderr]   RUSTC: rustc
[INFO] [stderr]   RUSTDOC: rustdoc
[INFO] [stderr]   RUSTDOCFLAGS: --cap-lints=warn
[INFO] [stderr]   RUSTUP_HOME: /opt/rustwide/rustup-home
[INFO] [stderr]   RUSTUP_TOOLCHAIN: beta-2023-04-20-x86_64-unknown-linux-gnu
[INFO] [stderr]   RUST_BACKTRACE: full
[INFO] [stderr]   RUST_RECURSION_COUNT: 1
[INFO] [stderr]   SOURCE_DIR: /opt/rustwide/workdir
[INFO] [stderr]   SSL_CERT_DIR: /usr/lib/ssl/certs
[INFO] [stderr]   SSL_CERT_FILE: /usr/lib/ssl/certs/ca-certificates.crt
[INFO] [stderr]   TARGET: x86_64-unknown-linux-gnu
[INFO] [stderr]   mkdir -p /opt/rustwide/target/debug/build/ring-25d8bc0aebf6cbc7/out/lib/
[INFO] [stderr]   mkdir -p /opt/rustwide/target/debug/build/ring-25d8bc0aebf6cbc7/out/obj/crypto/
[INFO] [stderr]   mkdir -p /opt/rustwide/target/debug/build/ring-25d8bc0aebf6cbc7/out/obj/crypto/aes/
[INFO] [stderr]   mkdir -p /opt/rustwide/target/debug/build/ring-25d8bc0aebf6cbc7/out/obj/crypto/aes/asm/
[INFO] [stderr]   mkdir -p /opt/rustwide/target/debug/build/ring-25d8bc0aebf6cbc7/out/obj/crypto/bn/
[INFO] [stderr]   mkdir -p /opt/rustwide/target/debug/build/ring-25d8bc0aebf6cbc7/out/obj/crypto/bn/asm/
[INFO] [stderr]   mkdir -p /opt/rustwide/target/debug/build/ring-25d8bc0aebf6cbc7/out/obj/crypto/chacha/asm/
[INFO] [stderr]   mkdir -p /opt/rustwide/target/debug/build/ring-25d8bc0aebf6cbc7/out/obj/crypto/cipher/
[INFO] [stderr]   mkdir -p /opt/rustwide/target/debug/build/ring-25d8bc0aebf6cbc7/out/obj/crypto/curve25519/
[INFO] [stderr]   mkdir -p /opt/rustwide/target/debug/build/ring-25d8bc0aebf6cbc7/out/obj/crypto/curve25519/asm/
[INFO] [stderr]   mkdir -p /opt/rustwide/target/debug/build/ring-25d8bc0aebf6cbc7/out/obj/crypto/ec/
[INFO] [stderr]   mkdir -p /opt/rustwide/target/debug/build/ring-25d8bc0aebf6cbc7/out/obj/crypto/ec/asm/
[INFO] [stderr]   mkdir -p /opt/rustwide/target/debug/build/ring-25d8bc0aebf6cbc7/out/obj/crypto/limbs/
[INFO] [stderr]   mkdir -p /opt/rustwide/target/debug/build/ring-25d8bc0aebf6cbc7/out/obj/crypto/modes/
[INFO] [stderr]   mkdir -p /opt/rustwide/target/debug/build/ring-25d8bc0aebf6cbc7/out/obj/crypto/modes/asm/
[INFO] [stderr]   mkdir -p /opt/rustwide/target/debug/build/ring-25d8bc0aebf6cbc7/out/obj/crypto/poly1305/asm/
[INFO] [stderr]   mkdir -p /opt/rustwide/target/debug/build/ring-25d8bc0aebf6cbc7/out/obj/crypto/rand/
[INFO] [stderr]   mkdir -p /opt/rustwide/target/debug/build/ring-25d8bc0aebf6cbc7/out/obj/crypto/sha/asm/
[INFO] [stderr]   mkdir -p /opt/rustwide/target/debug/build/ring-25d8bc0aebf6cbc7/out/obj/crypto/test/
[INFO] [stderr]   cc -std=c1x -Wbad-function-cast -Wmissing-field-initializers -Wmissing-prototypes -Wnested-externs -Wstrict-prototypes  -fpic -fdata-sections -ffunction-sections -g3 -pedantic -pedantic-errors -Wall -Werror -Wextra -Wcast-align -Wcast-qual -Wenum-compare -Wfloat-equal -Wformat=2 -Winline -Winvalid-pch -Wmissing-declarations -Wmissing-field-initializers -Wmissing-include-dirs -Wredundant-decls -Wshadow -Wsign-compare -Wundef -Wuninitialized -Wwrite-strings  -fstack-protector -MMD -Iinclude -D_XOPEN_SOURCE=700 -DBORINGSSL_IMPLEMENTATION -fno-strict-aliasing -fvisibility=hidden -Wno-cast-align   -march=x86-64  -m64  -c -o /opt/rustwide/target/debug/build/ring-25d8bc0aebf6cbc7/out/obj/crypto/aes/aes.o crypto/aes/aes.c
[INFO] [stderr]   cc -std=c1x -Wbad-function-cast -Wmissing-field-initializers -Wmissing-prototypes -Wnested-externs -Wstrict-prototypes  -fpic -fdata-sections -ffunction-sections -g3 -pedantic -pedantic-errors -Wall -Werror -Wextra -Wcast-align -Wcast-qual -Wenum-compare -Wfloat-equal -Wformat=2 -Winline -Winvalid-pch -Wmissing-declarations -Wmissing-field-initializers -Wmissing-include-dirs -Wredundant-decls -Wshadow -Wsign-compare -Wundef -Wuninitialized -Wwrite-strings  -fstack-protector -MMD -Iinclude -D_XOPEN_SOURCE=700 -DBORINGSSL_IMPLEMENTATION -fno-strict-aliasing -fvisibility=hidden -Wno-cast-align   -march=x86-64  -m64  -c -o /opt/rustwide/target/debug/build/ring-25d8bc0aebf6cbc7/out/obj/crypto/bn/add.o crypto/bn/add.c
[INFO] [stderr]   cc -std=c1x -Wbad-function-cast -Wmissing-field-initializers -Wmissing-prototypes -Wnested-externs -Wstrict-prototypes  -fpic -fdata-sections -ffunction-sections -g3 -pedantic -pedantic-errors -Wall -Werror -Wextra -Wcast-align -Wcast-qual -Wenum-compare -Wfloat-equal -Wformat=2 -Winline -Winvalid-pch -Wmissing-declarations -Wmissing-field-initializers -Wmissing-include-dirs -Wredundant-decls -Wshadow -Wsign-compare -Wundef -Wuninitialized -Wwrite-strings  -fstack-protector -MMD -Iinclude -D_XOPEN_SOURCE=700 -DBORINGSSL_IMPLEMENTATION -fno-strict-aliasing -fvisibility=hidden -Wno-cast-align   -march=x86-64  -m64  -c -o /opt/rustwide/target/debug/build/ring-25d8bc0aebf6cbc7/out/obj/crypto/bn/bn.o crypto/bn/bn.c
[INFO] [stderr]   cc -std=c1x -Wbad-function-cast -Wmissing-field-initializers -Wmissing-prototypes -Wnested-externs -Wstrict-prototypes  -fpic -fdata-sections -ffunction-sections -g3 -pedantic -pedantic-errors -Wall -Werror -Wextra -Wcast-align -Wcast-qual -Wenum-compare -Wfloat-equal -Wformat=2 -Winline -Winvalid-pch -Wmissing-declarations -Wmissing-field-initializers -Wmissing-include-dirs -Wredundant-decls -Wshadow -Wsign-compare -Wundef -Wuninitialized -Wwrite-strings  -fstack-protector -MMD -Iinclude -D_XOPEN_SOURCE=700 -DBORINGSSL_IMPLEMENTATION -fno-strict-aliasing -fvisibility=hidden -Wno-cast-align   -march=x86-64  -m64  -c -o /opt/rustwide/target/debug/build/ring-25d8bc0aebf6cbc7/out/obj/crypto/bn/cmp.o crypto/bn/cmp.c
[INFO] [stderr]   cc -std=c1x -Wbad-function-cast -Wmissing-field-initializers -Wmissing-prototypes -Wnested-externs -Wstrict-prototypes  -fpic -fdata-sections -ffunction-sections -g3 -pedantic -pedantic-errors -Wall -Werror -Wextra -Wcast-align -Wcast-qual -Wenum-compare -Wfloat-equal -Wformat=2 -Winline -Winvalid-pch -Wmissing-declarations -Wmissing-field-initializers -Wmissing-include-dirs -Wredundant-decls -Wshadow -Wsign-compare -Wundef -Wuninitialized -Wwrite-strings  -fstack-protector -MMD -Iinclude -D_XOPEN_SOURCE=700 -DBORINGSSL_IMPLEMENTATION -fno-strict-aliasing -fvisibility=hidden -Wno-cast-align   -march=x86-64  -m64  -c -o /opt/rustwide/target/debug/build/ring-25d8bc0aebf6cbc7/out/obj/crypto/bn/convert.o crypto/bn/convert.c
[INFO] [stderr]   cc -std=c1x -Wbad-function-cast -Wmissing-field-initializers -Wmissing-prototypes -Wnested-externs -Wstrict-prototypes  -fpic -fdata-sections -ffunction-sections -g3 -pedantic -pedantic-errors -Wall -Werror -Wextra -Wcast-align -Wcast-qual -Wenum-compare -Wfloat-equal -Wformat=2 -Winline -Winvalid-pch -Wmissing-declarations -Wmissing-field-initializers -Wmissing-include-dirs -Wredundant-decls -Wshadow -Wsign-compare -Wundef -Wuninitialized -Wwrite-strings  -fstack-protector -MMD -Iinclude -D_XOPEN_SOURCE=700 -DBORINGSSL_IMPLEMENTATION -fno-strict-aliasing -fvisibility=hidden -Wno-cast-align   -march=x86-64  -m64  -c -o /opt/rustwide/target/debug/build/ring-25d8bc0aebf6cbc7/out/obj/crypto/bn/div.o crypto/bn/div.c
[INFO] [stderr]   cc -std=c1x -Wbad-function-cast -Wmissing-field-initializers -Wmissing-prototypes -Wnested-externs -Wstrict-prototypes  -fpic -fdata-sections -ffunction-sections -g3 -pedantic -pedantic-errors -Wall -Werror -Wextra -Wcast-align -Wcast-qual -Wenum-compare -Wfloat-equal -Wformat=2 -Winline -Winvalid-pch -Wmissing-declarations -Wmissing-field-initializers -Wmissing-include-dirs -Wredundant-decls -Wshadow -Wsign-compare -Wundef -Wuninitialized -Wwrite-strings  -fstack-protector -MMD -Iinclude -D_XOPEN_SOURCE=700 -DBORINGSSL_IMPLEMENTATION -fno-strict-aliasing -fvisibility=hidden -Wno-cast-align   -march=x86-64  -m64  -c -o /opt/rustwide/target/debug/build/ring-25d8bc0aebf6cbc7/out/obj/crypto/bn/exponentiation.o crypto/bn/exponentiation.c
[INFO] [stderr]   cc -std=c1x -Wbad-function-cast -Wmissing-field-initializers -Wmissing-prototypes -Wnested-externs -Wstrict-prototypes  -fpic -fdata-sections -ffunction-sections -g3 -pedantic -pedantic-errors -Wall -Werror -Wextra -Wcast-align -Wcast-qual -Wenum-compare -Wfloat-equal -Wformat=2 -Winline -Winvalid-pch -Wmissing-declarations -Wmissing-field-initializers -Wmissing-include-dirs -Wredundant-decls -Wshadow -Wsign-compare -Wundef -Wuninitialized -Wwrite-strings  -fstack-protector -MMD -Iinclude -D_XOPEN_SOURCE=700 -DBORINGSSL_IMPLEMENTATION -fno-strict-aliasing -fvisibility=hidden -Wno-cast-align   -march=x86-64  -m64  -c -o /opt/rustwide/target/debug/build/ring-25d8bc0aebf6cbc7/out/obj/crypto/bn/gcd.o crypto/bn/gcd.c
[INFO] [stderr]   cc -std=c1x -Wbad-function-cast -Wmissing-field-initializers -Wmissing-prototypes -Wnested-externs -Wstrict-prototypes  -fpic -fdata-sections -ffunction-sections -g3 -pedantic -pedantic-errors -Wall -Werror -Wextra -Wcast-align -Wcast-qual -Wenum-compare -Wfloat-equal -Wformat=2 -Winline -Winvalid-pch -Wmissing-declarations -Wmissing-field-initializers -Wmissing-include-dirs -Wredundant-decls -Wshadow -Wsign-compare -Wundef -Wuninitialized -Wwrite-strings  -fstack-protector -MMD -Iinclude -D_XOPEN_SOURCE=700 -DBORINGSSL_IMPLEMENTATION -fno-strict-aliasing -fvisibility=hidden -Wno-cast-align   -march=x86-64  -m64  -c -o /opt/rustwide/target/debug/build/ring-25d8bc0aebf6cbc7/out/obj/crypto/bn/generic.o crypto/bn/generic.c
[INFO] [stderr]   cc -std=c1x -Wbad-function-cast -Wmissing-field-initializers -Wmissing-prototypes -Wnested-externs -Wstrict-prototypes  -fpic -fdata-sections -ffunction-sections -g3 -pedantic -pedantic-errors -Wall -Werror -Wextra -Wcast-align -Wcast-qual -Wenum-compare -Wfloat-equal -Wformat=2 -Winline -Winvalid-pch -Wmissing-declarations -Wmissing-field-initializers -Wmissing-include-dirs -Wredundant-decls -Wshadow -Wsign-compare -Wundef -Wuninitialized -Wwrite-strings  -fstack-protector -MMD -Iinclude -D_XOPEN_SOURCE=700 -DBORINGSSL_IMPLEMENTATION -fno-strict-aliasing -fvisibility=hidden -Wno-cast-align   -march=x86-64  -m64  -c -o /opt/rustwide/target/debug/build/ring-25d8bc0aebf6cbc7/out/obj/crypto/bn/montgomery.o crypto/bn/montgomery.c
[INFO] [stderr]   cc -std=c1x -Wbad-function-cast -Wmissing-field-initializers -Wmissing-prototypes -Wnested-externs -Wstrict-prototypes  -fpic -fdata-sections -ffunction-sections -g3 -pedantic -pedantic-errors -Wall -Werror -Wextra -Wcast-align -Wcast-qual -Wenum-compare -Wfloat-equal -Wformat=2 -Winline -Winvalid-pch -Wmissing-declarations -Wmissing-field-initializers -Wmissing-include-dirs -Wredundant-decls -Wshadow -Wsign-compare -Wundef -Wuninitialized -Wwrite-strings  -fstack-protector -MMD -Iinclude -D_XOPEN_SOURCE=700 -DBORINGSSL_IMPLEMENTATION -fno-strict-aliasing -fvisibility=hidden -Wno-cast-align   -march=x86-64  -m64  -c -o /opt/rustwide/target/debug/build/ring-25d8bc0aebf6cbc7/out/obj/crypto/bn/montgomery_inv.o crypto/bn/montgomery_inv.c
[INFO] [stderr]   cc -std=c1x -Wbad-function-cast -Wmissing-field-initializers -Wmissing-prototypes -Wnested-externs -Wstrict-prototypes  -fpic -fdata-sections -ffunction-sections -g3 -pedantic -pedantic-errors -Wall -Werror -Wextra -Wcast-align -Wcast-qual -Wenum-compare -Wfloat-equal -Wformat=2 -Winline -Winvalid-pch -Wmissing-declarations -Wmissing-field-initializers -Wmissing-include-dirs -Wredundant-decls -Wshadow -Wsign-compare -Wundef -Wuninitialized -Wwrite-strings  -fstack-protector -MMD -Iinclude -D_XOPEN_SOURCE=700 -DBORINGSSL_IMPLEMENTATION -fno-strict-aliasing -fvisibility=hidden -Wno-cast-align   -march=x86-64  -m64  -c -o /opt/rustwide/target/debug/build/ring-25d8bc0aebf6cbc7/out/obj/crypto/bn/mul.o crypto/bn/mul.c
[INFO] [stderr]   cc -std=c1x -Wbad-function-cast -Wmissing-field-initializers -Wmissing-prototypes -Wnested-externs -Wstrict-prototypes  -fpic -fdata-sections -ffunction-sections -g3 -pedantic -pedantic-errors -Wall -Werror -Wextra -Wcast-align -Wcast-qual -Wenum-compare -Wfloat-equal -Wformat=2 -Winline -Winvalid-pch -Wmissing-declarations -Wmissing-field-initializers -Wmissing-include-dirs -Wredundant-decls -Wshadow -Wsign-compare -Wundef -Wuninitialized -Wwrite-strings  -fstack-protector -MMD -Iinclude -D_XOPEN_SOURCE=700 -DBORINGSSL_IMPLEMENTATION -fno-strict-aliasing -fvisibility=hidden -Wno-cast-align   -march=x86-64  -m64  -c -o /opt/rustwide/target/debug/build/ring-25d8bc0aebf6cbc7/out/obj/crypto/bn/random.o crypto/bn/random.c
[INFO] [stderr]   cc -std=c1x -Wbad-function-cast -Wmissing-field-initializers -Wmissing-prototypes -Wnested-externs -Wstrict-prototypes  -fpic -fdata-sections -ffunction-sections -g3 -pedantic -pedantic-errors -Wall -Werror -Wextra -Wcast-align -Wcast-qual -Wenum-compare -Wfloat-equal -Wformat=2 -Winline -Winvalid-pch -Wmissing-declarations -Wmissing-field-initializers -Wmissing-include-dirs -Wredundant-decls -Wshadow -Wsign-compare -Wundef -Wuninitialized -Wwrite-strings  -fstack-protector -MMD -Iinclude -D_XOPEN_SOURCE=700 -DBORINGSSL_IMPLEMENTATION -fno-strict-aliasing -fvisibility=hidden -Wno-cast-align   -march=x86-64  -m64  -c -o /opt/rustwide/target/debug/build/ring-25d8bc0aebf6cbc7/out/obj/crypto/bn/shift.o crypto/bn/shift.c
[INFO] [stderr]   cc -std=c1x -Wbad-function-cast -Wmissing-field-initializers -Wmissing-prototypes -Wnested-externs -Wstrict-prototypes  -fpic -fdata-sections -ffunction-sections -g3 -pedantic -pedantic-errors -Wall -Werror -Wextra -Wcast-align -Wcast-qual -Wenum-compare -Wfloat-equal -Wformat=2 -Winline -Winvalid-pch -Wmissing-declarations -Wmissing-field-initializers -Wmissing-include-dirs -Wredundant-decls -Wshadow -Wsign-compare -Wundef -Wuninitialized -Wwrite-strings  -fstack-protector -MMD -Iinclude -D_XOPEN_SOURCE=700 -DBORINGSSL_IMPLEMENTATION -fno-strict-aliasing -fvisibility=hidden -Wno-cast-align   -march=x86-64  -m64  -c -o /opt/rustwide/target/debug/build/ring-25d8bc0aebf6cbc7/out/obj/crypto/cipher/e_aes.o crypto/cipher/e_aes.c
[INFO] [stderr]   cc -std=c1x -Wbad-function-cast -Wmissing-field-initializers -Wmissing-prototypes -Wnested-externs -Wstrict-prototypes  -fpic -fdata-sections -ffunction-sections -g3 -pedantic -pedantic-errors -Wall -Werror -Wextra -Wcast-align -Wcast-qual -Wenum-compare -Wfloat-equal -Wformat=2 -Winline -Winvalid-pch -Wmissing-declarations -Wmissing-field-initializers -Wmissing-include-dirs -Wredundant-decls -Wshadow -Wsign-compare -Wundef -Wuninitialized -Wwrite-strings  -fstack-protector -MMD -Iinclude -D_XOPEN_SOURCE=700 -DBORINGSSL_IMPLEMENTATION -fno-strict-aliasing -fvisibility=hidden -Wno-cast-align   -march=x86-64  -m64  -c -o /opt/rustwide/target/debug/build/ring-25d8bc0aebf6cbc7/out/obj/crypto/crypto.o crypto/crypto.c
[INFO] [stderr]   cc -std=c1x -Wbad-function-cast -Wmissing-field-initializers -Wmissing-prototypes -Wnested-externs -Wstrict-prototypes  -fpic -fdata-sections -ffunction-sections -g3 -pedantic -pedantic-errors -Wall -Werror -Wextra -Wcast-align -Wcast-qual -Wenum-compare -Wfloat-equal -Wformat=2 -Winline -Winvalid-pch -Wmissing-declarations -Wmissing-field-initializers -Wmissing-include-dirs -Wredundant-decls -Wshadow -Wsign-compare -Wundef -Wuninitialized -Wwrite-strings  -fstack-protector -MMD -Iinclude -D_XOPEN_SOURCE=700 -DBORINGSSL_IMPLEMENTATION -fno-strict-aliasing -fvisibility=hidden -Wno-cast-align   -march=x86-64  -m64  -c -o /opt/rustwide/target/debug/build/ring-25d8bc0aebf6cbc7/out/obj/crypto/curve25519/curve25519.o crypto/curve25519/curve25519.c
[INFO] [stderr] 
[INFO] [stderr]   --- stderr
[INFO] [stderr]   crypto/bn/exponentiation.c:262:50: error: argument 6 of type 'const uint64_t[1]' {aka 'const long unsigned int[1]'} with mismatched bound [-Werror=array-parameter=]
[INFO] [stderr]     262 |                                   const BN_ULONG n0[BN_MONT_CTX_N0_LIMBS]) {
[INFO] [stderr]         |                                   ~~~~~~~~~~~~~~~^~~~~~~~~~~~~~~~~~~~~~~~
[INFO] [stderr]   In file included from crypto/bn/exponentiation.c:109:
[INFO] [stderr]   include/openssl/bn.h:407:37: note: previously declared as 'const uint64_t[]' {aka 'const long unsigned int[]'}
[INFO] [stderr]     407 |     const BIGNUM *n, const BN_ULONG n0[/*BN_MONT_CTX_N0_LIMBS*/]);
[INFO] [stderr]         |                      ~~~~~~~~~~~~~~~^~~~~~~~~~~~~~~~~~~~~~~~~~~~
[INFO] [stderr]   crypto/bn/montgomery.c:268:37: error: argument 4 of type 'const uint64_t[1]' {aka 'const long unsigned int[1]'} with mismatched bound [-Werror=array-parameter=]
[INFO] [stderr]     268 |                      const BN_ULONG n0[BN_MONT_CTX_N0_LIMBS]) {
[INFO] [stderr]         |                      ~~~~~~~~~~~~~~~^~~~~~~~~~~~~~~~~~~~~~~~
[INFO] [stderr]   In file included from crypto/bn/montgomery.c:109:
[INFO] [stderr]   include/openssl/bn.h:385:52: note: previously declared as 'const uint64_t[]' {aka 'const long unsigned int[]'}
[INFO] [stderr]     385 |                                     const BN_ULONG n0[/*BN_MONT_CTX_N0_LIMBS*/]);
[INFO] [stderr]         |                                     ~~~~~~~~~~~~~~~^~~~~~~~~~~~~~~~~~~~~~~~~~~~
[INFO] [stderr]   crypto/bn/montgomery.c:289:40: error: argument 5 of type 'const uint64_t[1]' {aka 'const long unsigned int[1]'} with mismatched bound [-Werror=array-parameter=]
[INFO] [stderr]     289 |                         const BN_ULONG n0[BN_MONT_CTX_N0_LIMBS]) {
[INFO] [stderr]         |                         ~~~~~~~~~~~~~~~^~~~~~~~~~~~~~~~~~~~~~~~
[INFO] [stderr]   In file included from crypto/bn/montgomery.c:109:
[INFO] [stderr]   include/openssl/bn.h:394:20: note: previously declared as 'const uint64_t[]' {aka 'const long unsigned int[]'}
[INFO] [stderr]     394 |     const BN_ULONG n0[/*BN_MONT_CTX_N0_LIMBS*/]);
[INFO] [stderr]         |     ~~~~~~~~~~~~~~~^~~~~~~~~~~~~~~~~~~~~~~~~~~~
[INFO] [stderr]   cc1: all warnings being treated as errors
[INFO] [stderr]   cc1: all warnings being treated as errors
[INFO] [stderr]   make: *** [mk/bottom_of_makefile.mk:37: /opt/rustwide/target/debug/build/ring-25d8bc0aebf6cbc7/out/obj/crypto/bn/montgomery.o] Error 1
[INFO] [stderr]   make: *** Waiting for unfinished jobs....
[INFO] [stderr]   make: *** [mk/bottom_of_makefile.mk:37: /opt/rustwide/target/debug/build/ring-25d8bc0aebf6cbc7/out/obj/crypto/bn/exponentiation.o] Error 1
[INFO] [stderr]   thread 'main' panicked at 'make execution failed', /opt/rustwide/cargo-home/registry/src/index.crates.io-6f17d22bba15001f/ring-0.7.1/build.rs:236:9
[INFO] [stderr]   stack backtrace:
[INFO] [stderr]      0:     0x555dc149837a - std::backtrace_rs::backtrace::libunwind::trace::h2f05d0192276a8f6
[INFO] [stderr]                                  at /rustc/1b7dd2252b99671ce5d1cb9664c5f8636329436d/library/std/src/../../backtrace/src/backtrace/libunwind.rs:93:5
[INFO] [stderr]      1:     0x555dc149837a - std::backtrace_rs::backtrace::trace_unsynchronized::hedc23dff7a1af150
[INFO] [stderr]                                  at /rustc/1b7dd2252b99671ce5d1cb9664c5f8636329436d/library/std/src/../../backtrace/src/backtrace/mod.rs:66:5
[INFO] [stderr]      2:     0x555dc149837a - std::sys_common::backtrace::_print_fmt::h17541ef7592f3ce2
[INFO] [stderr]                                  at /rustc/1b7dd2252b99671ce5d1cb9664c5f8636329436d/library/std/src/sys_common/backtrace.rs:65:5
[INFO] [stderr]      3:     0x555dc149837a - <std::sys_common::backtrace::_print::DisplayBacktrace as core::fmt::Display>::fmt::h20f75df5ab0c0792
[INFO] [stderr]                                  at /rustc/1b7dd2252b99671ce5d1cb9664c5f8636329436d/library/std/src/sys_common/backtrace.rs:44:22
[INFO] [stderr]      4:     0x555dc14b62ef - core::fmt::write::h78109e6f466b3af6
[INFO] [stderr]                                  at /rustc/1b7dd2252b99671ce5d1cb9664c5f8636329436d/library/core/src/fmt/mod.rs:1254:17
[INFO] [stderr]      5:     0x555dc1495d85 - std::io::Write::write_fmt::hc59e1b02dd273c8a
[INFO] [stderr]                                  at /rustc/1b7dd2252b99671ce5d1cb9664c5f8636329436d/library/std/src/io/mod.rs:1698:15
[INFO] [stderr]      6:     0x555dc1498145 - std::sys_common::backtrace::_print::h8dac57a9f8fbf9a5
[INFO] [stderr]                                  at /rustc/1b7dd2252b99671ce5d1cb9664c5f8636329436d/library/std/src/sys_common/backtrace.rs:47:5
[INFO] [stderr]      7:     0x555dc1498145 - std::sys_common::backtrace::print::hf9ecbf41d1aa712f
[INFO] [stderr]                                  at /rustc/1b7dd2252b99671ce5d1cb9664c5f8636329436d/library/std/src/sys_common/backtrace.rs:34:9
[INFO] [stderr]      8:     0x555dc14996ce - std::panicking::default_hook::{{closure}}::h04c07acfc84ca028
[INFO] [stderr]                                  at /rustc/1b7dd2252b99671ce5d1cb9664c5f8636329436d/library/std/src/panicking.rs:269:22
[INFO] [stderr]      9:     0x555dc1499475 - std::panicking::default_hook::h01f6bb23e1eceb2c
[INFO] [stderr]                                  at /rustc/1b7dd2252b99671ce5d1cb9664c5f8636329436d/library/std/src/panicking.rs:288:9
[INFO] [stderr]     10:     0x555dc1499c2e - std::panicking::rust_panic_with_hook::h2bb3722bbaf2f6df
[INFO] [stderr]                                  at /rustc/1b7dd2252b99671ce5d1cb9664c5f8636329436d/library/std/src/panicking.rs:691:13
[INFO] [stderr]     11:     0x555dc1499b29 - std::panicking::begin_panic_handler::{{closure}}::h91bc7f36a4be011b
[INFO] [stderr]                                  at /rustc/1b7dd2252b99671ce5d1cb9664c5f8636329436d/library/std/src/panicking.rs:582:13
[INFO] [stderr]     12:     0x555dc14987e6 - std::sys_common::backtrace::__rust_end_short_backtrace::h8b3d3717114f9e59
[INFO] [stderr]                                  at /rustc/1b7dd2252b99671ce5d1cb9664c5f8636329436d/library/std/src/sys_common/backtrace.rs:150:18
[INFO] [stderr]     13:     0x555dc1499882 - rust_begin_unwind
[INFO] [stderr]                                  at /rustc/1b7dd2252b99671ce5d1cb9664c5f8636329436d/library/std/src/panicking.rs:578:5
[INFO] [stderr]     14:     0x555dc146c423 - core::panicking::panic_fmt::hfd368e3fbdabea26
[INFO] [stderr]                                  at /rustc/1b7dd2252b99671ce5d1cb9664c5f8636329436d/library/core/src/panicking.rs:67:14
[INFO] [stderr]     15:     0x555dc147ab2e - build_script_build::run_command_with_args::hcf56b3eab4492790
[INFO] [stderr]     16:     0x555dc147924f - build_script_build::build_c_code::hffdb7e66bdb595ea
[INFO] [stderr]     17:     0x555dc1478572 - build_script_build::main::hd147fa90eff43d08
[INFO] [stderr]     18:     0x555dc147af93 - core::ops::function::FnOnce::call_once::h48e311e51f7b4dc8
[INFO] [stderr]     19:     0x555dc1472606 - std::sys_common::backtrace::__rust_begin_short_backtrace::h0fed5ac12dd05d7e
[INFO] [stderr]     20:     0x555dc1472659 - std::rt::lang_start::{{closure}}::h1aa4d1dd42bd9ad7
[INFO] [stderr]     21:     0x555dc1492cbe - core::ops::function::impls::<impl core::ops::function::FnOnce<A> for &F>::call_once::h2eb19b8ce4148df4
[INFO] [stderr]                                  at /rustc/1b7dd2252b99671ce5d1cb9664c5f8636329436d/library/core/src/ops/function.rs:287:13
[INFO] [stderr]     22:     0x555dc1492cbe - std::panicking::try::do_call::h2e900feff5d504c5
[INFO] [stderr]                                  at /rustc/1b7dd2252b99671ce5d1cb9664c5f8636329436d/library/std/src/panicking.rs:485:40
[INFO] [stderr]     23:     0x555dc1492cbe - std::panicking::try::h8854836cb85aa9f2
[INFO] [stderr]                                  at /rustc/1b7dd2252b99671ce5d1cb9664c5f8636329436d/library/std/src/panicking.rs:449:19
[INFO] [stderr]     24:     0x555dc1492cbe - std::panic::catch_unwind::h706025dd4c48f64b
[INFO] [stderr]                                  at /rustc/1b7dd2252b99671ce5d1cb9664c5f8636329436d/library/std/src/panic.rs:140:14
[INFO] [stderr]     25:     0x555dc1492cbe - std::rt::lang_start_internal::{{closure}}::h7be5b97f4a07a91a
[INFO] [stderr]                                  at /rustc/1b7dd2252b99671ce5d1cb9664c5f8636329436d/library/std/src/rt.rs:148:48
[INFO] [stderr]     26:     0x555dc1492cbe - std::panicking::try::do_call::h59847e9d0a176965
[INFO] [stderr]                                  at /rustc/1b7dd2252b99671ce5d1cb9664c5f8636329436d/library/std/src/panicking.rs:485:40
[INFO] [stderr]     27:     0x555dc1492cbe - std::panicking::try::h399a918ba8522823
[INFO] [stderr]                                  at /rustc/1b7dd2252b99671ce5d1cb9664c5f8636329436d/library/std/src/panicking.rs:449:19
[INFO] [stderr]     28:     0x555dc1492cbe - std::panic::catch_unwind::hca7ca6c55b2a2e26
[INFO] [stderr]                                  at /rustc/1b7dd2252b99671ce5d1cb9664c5f8636329436d/library/std/src/panic.rs:140:14
[INFO] [stderr]     29:     0x555dc1492cbe - std::rt::lang_start_internal::h2c807a81560459eb
[INFO] [stderr]                                  at /rustc/1b7dd2252b99671ce5d1cb9664c5f8636329436d/library/std/src/rt.rs:148:20
[INFO] [stderr]     30:     0x555dc1472637 - std::rt::lang_start::hed506a4a79cee485
[INFO] [stderr]     31:     0x555dc147acd5 - main
[INFO] [stderr]     32:     0x7fa83b924d90 - <unknown>
[INFO] [stderr]     33:     0x7fa83b924e40 - __libc_start_main
[INFO] [stderr]     34:     0x555dc146ca45 - _start
[INFO] [stderr]     35:                0x0 - <unknown>
[INFO] [stderr] warning: build failed, waiting for other jobs to finish...
[INFO] running `Command { std: "docker" "inspect" "28c52312c6065ccbb75b3e77fadb35fff3cacfd97e825f78a795752320dc228b", kill_on_drop: false }`
[INFO] running `Command { std: "docker" "rm" "-f" "28c52312c6065ccbb75b3e77fadb35fff3cacfd97e825f78a795752320dc228b", kill_on_drop: false }`
[INFO] [stdout] 28c52312c6065ccbb75b3e77fadb35fff3cacfd97e825f78a795752320dc228b
