[INFO] cloning repository https://github.com/dariuswiles/rust-computer-graphics-from-scratch
[INFO] running `Command { std: "git" "-c" "credential.helper=" "-c" "credential.helper=/workspace/cargo-home/bin/git-credential-null" "clone" "--bare" "https://github.com/dariuswiles/rust-computer-graphics-from-scratch" "/workspace/cache/git-repos/https%3A%2F%2Fgithub.com%2Fdariuswiles%2Frust-computer-graphics-from-scratch", kill_on_drop: false }`
[INFO] [stderr] Cloning into bare repository '/workspace/cache/git-repos/https%3A%2F%2Fgithub.com%2Fdariuswiles%2Frust-computer-graphics-from-scratch'...
[INFO] running `Command { std: "git" "rev-parse" "HEAD", kill_on_drop: false }`
[INFO] [stdout] ae12b8b4b031edafc6d5f7e1ec8a4f9254544323
[INFO] testing dariuswiles/rust-computer-graphics-from-scratch against beta-2023-04-20 for beta-1.70-1
[INFO] running `Command { std: "git" "clone" "/workspace/cache/git-repos/https%3A%2F%2Fgithub.com%2Fdariuswiles%2Frust-computer-graphics-from-scratch" "/workspace/builds/worker-0-tc2/source", kill_on_drop: false }`
[INFO] [stderr] Cloning into '/workspace/builds/worker-0-tc2/source'...
[INFO] [stderr] done.
[INFO] validating manifest of git repo https://github.com/dariuswiles/rust-computer-graphics-from-scratch on toolchain beta-2023-04-20
[INFO] running `Command { std: CARGO_HOME="/workspace/cargo-home" RUSTUP_HOME="/workspace/rustup-home" "/workspace/cargo-home/bin/cargo" "+beta-2023-04-20" "metadata" "--manifest-path" "Cargo.toml" "--no-deps", kill_on_drop: false }`
[INFO] started tweaking git repo https://github.com/dariuswiles/rust-computer-graphics-from-scratch
[INFO] removed 0 missing examples
[INFO] finished tweaking git repo https://github.com/dariuswiles/rust-computer-graphics-from-scratch
[INFO] tweaked toml for git repo https://github.com/dariuswiles/rust-computer-graphics-from-scratch written to /workspace/builds/worker-0-tc2/source/Cargo.toml
[INFO] crate git repo https://github.com/dariuswiles/rust-computer-graphics-from-scratch already has a lockfile, it will not be regenerated
[INFO] running `Command { std: CARGO_HOME="/workspace/cargo-home" RUSTUP_HOME="/workspace/rustup-home" "/workspace/cargo-home/bin/cargo" "+beta-2023-04-20" "fetch" "--manifest-path" "Cargo.toml", kill_on_drop: false }`
[INFO] running `Command { std: "docker" "create" "-v" "/var/lib/crater-agent-workspace/builds/worker-0-tc2/target:/opt/rustwide/target:rw,Z" "-v" "/var/lib/crater-agent-workspace/builds/worker-0-tc2/source:/opt/rustwide/workdir:ro,Z" "-v" "/var/lib/crater-agent-workspace/cargo-home:/opt/rustwide/cargo-home:ro,Z" "-v" "/var/lib/crater-agent-workspace/rustup-home:/opt/rustwide/rustup-home:ro,Z" "-e" "SOURCE_DIR=/opt/rustwide/workdir" "-e" "CARGO_TARGET_DIR=/opt/rustwide/target" "-e" "CARGO_HOME=/opt/rustwide/cargo-home" "-e" "RUSTUP_HOME=/opt/rustwide/rustup-home" "-w" "/opt/rustwide/workdir" "-m" "1610612736" "--user" "0:0" "--network" "none" "ghcr.io/rust-lang/crates-build-env/linux@sha256:5ff2268d62e97bff2cde7d5815dd6ed5b47097566f13b8d0ca110b04b60e07ed" "/opt/rustwide/cargo-home/bin/cargo" "+beta-2023-04-20" "metadata" "--no-deps" "--format-version=1", kill_on_drop: false }`
[INFO] [stdout] 0b17da201a7abc66698624c0f61efedee0f531952adc068386a87ae1616d8c49
[INFO] running `Command { std: "docker" "start" "-a" "0b17da201a7abc66698624c0f61efedee0f531952adc068386a87ae1616d8c49", kill_on_drop: false }`
[INFO] running `Command { std: "docker" "inspect" "0b17da201a7abc66698624c0f61efedee0f531952adc068386a87ae1616d8c49", kill_on_drop: false }`
[INFO] running `Command { std: "docker" "rm" "-f" "0b17da201a7abc66698624c0f61efedee0f531952adc068386a87ae1616d8c49", kill_on_drop: false }`
[INFO] [stdout] 0b17da201a7abc66698624c0f61efedee0f531952adc068386a87ae1616d8c49
[INFO] running `Command { std: "docker" "create" "-v" "/var/lib/crater-agent-workspace/builds/worker-0-tc2/target:/opt/rustwide/target:rw,Z" "-v" "/var/lib/crater-agent-workspace/builds/worker-0-tc2/source:/opt/rustwide/workdir:ro,Z" "-v" "/var/lib/crater-agent-workspace/cargo-home:/opt/rustwide/cargo-home:ro,Z" "-v" "/var/lib/crater-agent-workspace/rustup-home:/opt/rustwide/rustup-home:ro,Z" "-e" "SOURCE_DIR=/opt/rustwide/workdir" "-e" "CARGO_TARGET_DIR=/opt/rustwide/target" "-e" "CARGO_INCREMENTAL=0" "-e" "RUST_BACKTRACE=full" "-e" "RUSTFLAGS=--cap-lints=warn" "-e" "RUSTDOCFLAGS=--cap-lints=warn" "-e" "CARGO_HOME=/opt/rustwide/cargo-home" "-e" "RUSTUP_HOME=/opt/rustwide/rustup-home" "-w" "/opt/rustwide/workdir" "-m" "1610612736" "--user" "0:0" "--network" "none" "ghcr.io/rust-lang/crates-build-env/linux@sha256:5ff2268d62e97bff2cde7d5815dd6ed5b47097566f13b8d0ca110b04b60e07ed" "/opt/rustwide/cargo-home/bin/cargo" "+beta-2023-04-20" "build" "--frozen" "--message-format=json", kill_on_drop: false }`
[INFO] [stdout] dc8140a2f603c9df51c9ab4471c439cce243c4e92b15812eb0e14907bf6e8e66
[INFO] running `Command { std: "docker" "start" "-a" "dc8140a2f603c9df51c9ab4471c439cce243c4e92b15812eb0e14907bf6e8e66", kill_on_drop: false }`
[INFO] [stderr]    Compiling libc v0.2.97
[INFO] [stderr]    Compiling cfg-if v1.0.0
[INFO] [stderr]    Compiling proc-macro2 v1.0.27
[INFO] [stderr]    Compiling memchr v2.4.0
[INFO] [stderr]    Compiling unicode-xid v0.2.2
[INFO] [stderr]    Compiling version_check v0.9.3
[INFO] [stderr]    Compiling pkg-config v0.3.19
[INFO] [stderr]    Compiling lazy_static v1.4.0
[INFO] [stderr]    Compiling bitflags v1.2.1
[INFO] [stderr]    Compiling glob v0.3.0
[INFO] [stderr]    Compiling autocfg v1.0.1
[INFO] [stderr]    Compiling xml-rs v0.8.3
[INFO] [stderr]    Compiling log v0.4.14
[INFO] [stderr]    Compiling unicode-width v0.1.8
[INFO] [stderr]    Compiling crossbeam-utils v0.8.5
[INFO] [stderr]    Compiling regex-syntax v0.6.25
[INFO] [stderr]    Compiling libloading v0.7.0
[INFO] [stderr]    Compiling ansi_term v0.11.0
[INFO] [stderr]    Compiling textwrap v0.11.0
[INFO] [stderr]    Compiling humantime v2.1.0
[INFO] [stderr]    Compiling strsim v0.8.0
[INFO] [stderr]    Compiling vec_map v0.8.2
[INFO] [stderr]    Compiling nom v5.1.2
[INFO] [stderr]    Compiling bindgen v0.56.0
[INFO] [stderr]    Compiling termcolor v1.1.2
[INFO] [stderr]    Compiling memoffset v0.6.4
[INFO] [stderr]    Compiling crossbeam-epoch v0.9.5
[INFO] [stderr]    Compiling clang-sys v1.2.0
[INFO] [stderr]    Compiling shlex v0.1.1
[INFO] [stderr]    Compiling lazycell v1.3.0
[INFO] [stderr]    Compiling wayland-sys v0.28.5
[INFO] [stderr]    Compiling rustc-hash v1.1.0
[INFO] [stderr]    Compiling peeking_take_while v0.1.2
[INFO] [stderr]    Compiling nom v6.1.2
[INFO] [stderr]    Compiling smallvec v1.6.1
[INFO] [stderr]    Compiling scopeguard v1.1.0
[INFO] [stderr]    Compiling rayon-core v1.9.1
[INFO] [stderr]    Compiling once_cell v1.8.0
[INFO] [stderr]    Compiling ppv-lite86 v0.2.10
[INFO] [stderr]    Compiling aho-corasick v0.7.18
[INFO] [stderr]    Compiling quote v1.0.9
[INFO] [stderr]    Compiling downcast-rs v1.2.0
[INFO] [stderr]    Compiling maybe-uninit v2.0.0
[INFO] [stderr]    Compiling crossbeam-channel v0.5.1
[INFO] [stderr]    Compiling x11-dl v2.18.5
[INFO] [stderr]    Compiling rayon v1.5.1
[INFO] [stderr]    Compiling cc v1.0.68
[INFO] [stderr]    Compiling wayland-scanner v0.28.5
[INFO] [stderr]    Compiling either v1.6.1
[INFO] [stderr]    Compiling crossbeam-deque v0.8.0
[INFO] [stderr]    Compiling remove_dir_all v0.5.3
[INFO] [stderr]    Compiling atty v0.2.14
[INFO] [stderr]    Compiling which v3.1.1
[INFO] [stderr]    Compiling getrandom v0.2.3
[INFO] [stderr]    Compiling nix v0.20.0
[INFO] [stderr]    Compiling clap v2.33.3
[INFO] [stderr]    Compiling num_cpus v1.13.0
[INFO] [stderr]    Compiling raw-window-handle v0.3.3
[INFO] [stderr]    Compiling minifb v0.19.3
[INFO] [stderr]    Compiling rand_core v0.6.3
[INFO] [stderr]    Compiling regex v1.5.4
[INFO] [stderr]    Compiling rand_chacha v0.3.1
[INFO] [stderr]    Compiling wayland-client v0.28.5
[INFO] [stderr]    Compiling wayland-protocols v0.28.5
[INFO] [stderr]    Compiling rand v0.8.4
[INFO] [stderr]    Compiling xcursor v0.3.3
[INFO] [stderr]    Compiling cexpr v0.4.0
[INFO] [stderr]    Compiling env_logger v0.8.4
[INFO] [stderr]    Compiling tempfile v3.2.0
[INFO] [stderr]    Compiling jpeg-decoder v0.1.22
[INFO] [stderr]    Compiling wayland-commons v0.28.5
[INFO] [stderr]    Compiling wayland-cursor v0.28.5
[INFO] [stderr]    Compiling xkbcommon-sys v0.7.5
[INFO] [stderr]    Compiling xkb v0.2.1
[INFO] [stderr]    Compiling rust-computer-graphics-from-scratch v0.1.0 (/opt/rustwide/workdir)
[INFO] [stderr]     Finished dev [unoptimized + debuginfo] target(s) in 35.42s
[INFO] [stderr] warning: the following packages contain code that will be rejected by a future version of Rust: nom v5.1.2, nom v6.1.2
[INFO] [stderr] note: to see what the problems were, use the option `--future-incompat-report`, or run `cargo report future-incompatibilities --id 1`
[INFO] running `Command { std: "docker" "inspect" "dc8140a2f603c9df51c9ab4471c439cce243c4e92b15812eb0e14907bf6e8e66", kill_on_drop: false }`
[INFO] running `Command { std: "docker" "rm" "-f" "dc8140a2f603c9df51c9ab4471c439cce243c4e92b15812eb0e14907bf6e8e66", kill_on_drop: false }`
[INFO] [stdout] dc8140a2f603c9df51c9ab4471c439cce243c4e92b15812eb0e14907bf6e8e66
[INFO] running `Command { std: "docker" "create" "-v" "/var/lib/crater-agent-workspace/builds/worker-0-tc2/target:/opt/rustwide/target:rw,Z" "-v" "/var/lib/crater-agent-workspace/builds/worker-0-tc2/source:/opt/rustwide/workdir:ro,Z" "-v" "/var/lib/crater-agent-workspace/cargo-home:/opt/rustwide/cargo-home:ro,Z" "-v" "/var/lib/crater-agent-workspace/rustup-home:/opt/rustwide/rustup-home:ro,Z" "-e" "SOURCE_DIR=/opt/rustwide/workdir" "-e" "CARGO_TARGET_DIR=/opt/rustwide/target" "-e" "CARGO_INCREMENTAL=0" "-e" "RUST_BACKTRACE=full" "-e" "RUSTFLAGS=--cap-lints=warn" "-e" "RUSTDOCFLAGS=--cap-lints=warn" "-e" "CARGO_HOME=/opt/rustwide/cargo-home" "-e" "RUSTUP_HOME=/opt/rustwide/rustup-home" "-w" "/opt/rustwide/workdir" "-m" "1610612736" "--user" "0:0" "--network" "none" "ghcr.io/rust-lang/crates-build-env/linux@sha256:5ff2268d62e97bff2cde7d5815dd6ed5b47097566f13b8d0ca110b04b60e07ed" "/opt/rustwide/cargo-home/bin/cargo" "+beta-2023-04-20" "test" "--frozen" "--no-run" "--message-format=json", kill_on_drop: false }`
[INFO] [stdout] bb8c1da9c401ef507bc4d4e29805dcf2d8af071dbfa06200b63788702aa159d5
[INFO] running `Command { std: "docker" "start" "-a" "bb8c1da9c401ef507bc4d4e29805dcf2d8af071dbfa06200b63788702aa159d5", kill_on_drop: false }`
[INFO] [stderr]    Compiling rust-computer-graphics-from-scratch v0.1.0 (/opt/rustwide/workdir)
[INFO] [stdout] warning: fields `viewport_width` and `viewport_height` are never read
[INFO] [stdout]   --> examples/raytracer_01.rs:21:5
[INFO] [stdout]    |
[INFO] [stdout] 20 | struct Scene {
[INFO] [stdout]    |        ----- fields in this struct
[INFO] [stdout] 21 |     viewport_width: f64,
[INFO] [stdout]    |     ^^^^^^^^^^^^^^
[INFO] [stdout] 22 |     viewport_height: f64,
[INFO] [stdout]    |     ^^^^^^^^^^^^^^^
[INFO] [stdout]    |
[INFO] [stdout]    = note: `Scene` has derived impls for the traits `Debug` and `Clone`, but these are intentionally ignored during dead code analysis
[INFO] [stdout]    = note: `#[warn(dead_code)]` on by default
[INFO] [stdout] 
[INFO] [stdout] 
[INFO] [stdout] warning: fields `viewport_width` and `viewport_height` are never read
[INFO] [stdout]   --> examples/raytracer_transparency.rs:26:5
[INFO] [stdout]    |
[INFO] [stdout] 25 | struct Scene {
[INFO] [stdout]    |        ----- fields in this struct
[INFO] [stdout] 26 |     viewport_width: f64,
[INFO] [stdout]    |     ^^^^^^^^^^^^^^
[INFO] [stdout] 27 |     viewport_height: f64,
[INFO] [stdout]    |     ^^^^^^^^^^^^^^^
[INFO] [stdout]    |
[INFO] [stdout]    = note: `Scene` has derived impls for the traits `Debug` and `Clone`, but these are intentionally ignored during dead code analysis
[INFO] [stdout]    = note: `#[warn(dead_code)]` on by default
[INFO] [stdout] 
[INFO] [stdout] 
[INFO] [stdout] warning: fields `viewport_width` and `viewport_height` are never read
[INFO] [stdout]   --> examples/raytracer_bump.rs:23:5
[INFO] [stdout]    |
[INFO] [stdout] 22 | struct Scene {
[INFO] [stdout]    |        ----- fields in this struct
[INFO] [stdout] 23 |     viewport_width: f64,
[INFO] [stdout]    |     ^^^^^^^^^^^^^^
[INFO] [stdout] 24 |     viewport_height: f64,
[INFO] [stdout]    |     ^^^^^^^^^^^^^^^
[INFO] [stdout]    |
[INFO] [stdout]    = note: `Scene` has derived impls for the traits `Debug` and `Clone`, but these are intentionally ignored during dead code analysis
[INFO] [stdout]    = note: `#[warn(dead_code)]` on by default
[INFO] [stdout] 
[INFO] [stdout] 
[INFO] [stdout] warning: fields `viewport_width` and `viewport_height` are never read
[INFO] [stdout]   --> examples/raytracer_04.rs:20:5
[INFO] [stdout]    |
[INFO] [stdout] 19 | struct Scene {
[INFO] [stdout]    |        ----- fields in this struct
[INFO] [stdout] 20 |     viewport_width: f64,
[INFO] [stdout]    |     ^^^^^^^^^^^^^^
[INFO] [stdout] 21 |     viewport_height: f64,
[INFO] [stdout]    |     ^^^^^^^^^^^^^^^
[INFO] [stdout]    |
[INFO] [stdout]    = note: `Scene` has derived impls for the traits `Debug` and `Clone`, but these are intentionally ignored during dead code analysis
[INFO] [stdout]    = note: `#[warn(dead_code)]` on by default
[INFO] [stdout] 
[INFO] [stdout] 
[INFO] [stdout] warning: fields `viewport_width` and `viewport_height` are never read
[INFO] [stdout]   --> examples/raytracer_03.rs:20:5
[INFO] [stdout]    |
[INFO] [stdout] 19 | struct Scene {
[INFO] [stdout]    |        ----- fields in this struct
[INFO] [stdout] 20 |     viewport_width: f64,
[INFO] [stdout]    |     ^^^^^^^^^^^^^^
[INFO] [stdout] 21 |     viewport_height: f64,
[INFO] [stdout]    |     ^^^^^^^^^^^^^^^
[INFO] [stdout]    |
[INFO] [stdout]    = note: `Scene` has derived impls for the traits `Debug` and `Clone`, but these are intentionally ignored during dead code analysis
[INFO] [stdout]    = note: `#[warn(dead_code)]` on by default
[INFO] [stdout] 
[INFO] [stdout] 
[INFO] [stdout] warning: fields `viewport_width` and `viewport_height` are never read
[INFO] [stdout]   --> examples/raytracer_triangle_threading.rs:33:5
[INFO] [stdout]    |
[INFO] [stdout] 32 | struct Scene {
[INFO] [stdout]    |        ----- fields in this struct
[INFO] [stdout] 33 |     viewport_width: f64,
[INFO] [stdout]    |     ^^^^^^^^^^^^^^
[INFO] [stdout] 34 |     viewport_height: f64,
[INFO] [stdout]    |     ^^^^^^^^^^^^^^^
[INFO] [stdout]    |
[INFO] [stdout]    = note: `Scene` has derived impls for the traits `Debug` and `Clone`, but these are intentionally ignored during dead code analysis
[INFO] [stdout]    = note: `#[warn(dead_code)]` on by default
[INFO] [stdout] 
[INFO] [stdout] 
[INFO] [stdout] error[E0308]: mismatched types
[INFO] [stdout]    --> examples/raytracer_triangle.rs:546:5
[INFO] [stdout]     |
[INFO] [stdout] 546 |     assert_eq!(intersect_point, Result::Ok(Vector3::new(3.0, 1.0, 4.0)));
[INFO] [stdout]     |     ^^^^^^^^^^^^^^^^^^^^^^^^^^^^^^^^^^^^^^^^^^^^^^^^^^^^^^^^^^^^^^^^^^^^ expected `Result<(Vector3, f64), ()>`, found `Result<Vector3, _>`
[INFO] [stdout]     |
[INFO] [stdout]     = note: expected enum `Result<(Vector3, f64), ()>`
[INFO] [stdout]                found enum `Result<Vector3, _>`
[INFO] [stdout]     = note: this error originates in the macro `assert_eq` (in Nightly builds, run with -Z macro-backtrace for more info)
[INFO] [stdout] 
[INFO] [stdout] 
[INFO] [stdout] error: aborting due to previous error
[INFO] [stdout] 
[INFO] [stdout] 
[INFO] [stdout] For more information about this error, try `rustc --explain E0308`.
[INFO] [stdout] 
[INFO] [stderr] error: could not compile `rust-computer-graphics-from-scratch` (example "raytracer_triangle" test) due to 2 previous errors
[INFO] [stderr] warning: build failed, waiting for other jobs to finish...
[INFO] [stdout] warning: panic message is not a string literal
[INFO] [stdout]    --> examples/raster_12_bilinear.rs:271:20
[INFO] [stdout]     |
[INFO] [stdout] 271 |               panic!(format!("Expected {} texels of texture data, but only {} found in texture file",
[INFO] [stdout]     |  ____________________^
[INFO] [stdout] 272 | |                 width * height, texels.len()
[INFO] [stdout] 273 | |             ));
[INFO] [stdout]     | |_____________^
[INFO] [stdout]     |
[INFO] [stdout]     = note: this usage of `panic!()` is deprecated; it will be a hard error in Rust 2021
[INFO] [stdout]     = note: for more information, see <https://doc.rust-lang.org/nightly/edition-guide/rust-2021/panic-macro-consistency.html>
[INFO] [stdout]     = note: the `panic!()` macro supports formatting, so there's no need for the `format!()` macro here
[INFO] [stdout]     = note: `#[warn(non_fmt_panics)]` on by default
[INFO] [stdout] help: remove the `format!(..)` macro call
[INFO] [stdout]     |
[INFO] [stdout] 271 ~             panic!("Expected {} texels of texture data, but only {} found in texture file",
[INFO] [stdout] 272 |                 width * height, texels.len()
[INFO] [stdout] 273 ~             );
[INFO] [stdout]     |
[INFO] [stdout] 
[INFO] [stdout] 
[INFO] [stderr] error: could not compile `rust-computer-graphics-from-scratch` (example "raster_12_bilinear"); 1 warning emitted
[INFO] [stderr] 
[INFO] [stderr] Caused by:
[INFO] [stderr]   process didn't exit successfully: `rustc --crate-name raster_12_bilinear --edition=2018 examples/raster_12_bilinear.rs --error-format=json --json=diagnostic-rendered-ansi,artifacts,future-incompat --crate-type bin --emit=dep-info,link -C embed-bitcode=no -C debuginfo=2 -C metadata=29af79fb3bc8b7d0 -C extra-filename=-29af79fb3bc8b7d0 --out-dir /opt/rustwide/target/debug/examples -L dependency=/opt/rustwide/target/debug/deps --extern jpeg_decoder=/opt/rustwide/target/debug/deps/libjpeg_decoder-15e4bcf8aedb09ee.rlib --extern minifb=/opt/rustwide/target/debug/deps/libminifb-f767d6f8819a38f0.rlib --extern num_cpus=/opt/rustwide/target/debug/deps/libnum_cpus-773a7485beeb34e4.rlib --extern rust_computer_graphics_from_scratch=/opt/rustwide/target/debug/deps/librust_computer_graphics_from_scratch-d6116d91c71791ae.rlib --cap-lints=warn -L native=/opt/rustwide/target/debug/build/minifb-767a5eba62102834/out -L native=/usr/lib/x86_64-linux-gnu` (signal: 9, SIGKILL: kill)
[INFO] [stderr] error: could not compile `rust-computer-graphics-from-scratch` (example "raytracer_triangle_threading"); 1 warning emitted
[INFO] [stderr] 
[INFO] [stderr] Caused by:
[INFO] [stderr]   process didn't exit successfully: `rustc --crate-name raytracer_triangle_threading --edition=2018 examples/raytracer_triangle_threading.rs --error-format=json --json=diagnostic-rendered-ansi,artifacts,future-incompat --crate-type bin --emit=dep-info,link -C embed-bitcode=no -C debuginfo=2 -C metadata=dafe34e9cf2d02ce -C extra-filename=-dafe34e9cf2d02ce --out-dir /opt/rustwide/target/debug/examples -L dependency=/opt/rustwide/target/debug/deps --extern jpeg_decoder=/opt/rustwide/target/debug/deps/libjpeg_decoder-15e4bcf8aedb09ee.rlib --extern minifb=/opt/rustwide/target/debug/deps/libminifb-f767d6f8819a38f0.rlib --extern num_cpus=/opt/rustwide/target/debug/deps/libnum_cpus-773a7485beeb34e4.rlib --extern rust_computer_graphics_from_scratch=/opt/rustwide/target/debug/deps/librust_computer_graphics_from_scratch-d6116d91c71791ae.rlib --cap-lints=warn -L native=/opt/rustwide/target/debug/build/minifb-767a5eba62102834/out -L native=/usr/lib/x86_64-linux-gnu` (signal: 9, SIGKILL: kill)
[INFO] [stdout] error: linking with `cc` failed: exit status: 1
[INFO] [stdout]   |
[INFO] [stdout]   = note: LC_ALL="C" PATH="/opt/rustwide/rustup-home/toolchains/beta-2023-04-20-x86_64-unknown-linux-gnu/lib/rustlib/x86_64-unknown-linux-gnu/bin:/opt/rustwide/cargo-home/bin:/usr/local/sbin:/usr/local/bin:/usr/sbin:/usr/bin:/sbin:/bin" VSLANG="1033" "cc" "-m64" "/tmp/rustctr8g29/symbols.o" "/opt/rustwide/target/debug/examples/raytracer_01-681968b006fff62e.raytracer_01.f1a13478-cgu.0.rcgu.o" "/opt/rustwide/target/debug/examples/raytracer_01-681968b006fff62e.raytracer_01.f1a13478-cgu.1.rcgu.o" "/opt/rustwide/target/debug/examples/raytracer_01-681968b006fff62e.raytracer_01.f1a13478-cgu.10.rcgu.o" "/opt/rustwide/target/debug/examples/raytracer_01-681968b006fff62e.raytracer_01.f1a13478-cgu.11.rcgu.o" "/opt/rustwide/target/debug/examples/raytracer_01-681968b006fff62e.raytracer_01.f1a13478-cgu.12.rcgu.o" "/opt/rustwide/target/debug/examples/raytracer_01-681968b006fff62e.raytracer_01.f1a13478-cgu.2.rcgu.o" "/opt/rustwide/target/debug/examples/raytracer_01-681968b006fff62e.raytracer_01.f1a13478-cgu.3.rcgu.o" "/opt/rustwide/target/debug/examples/raytracer_01-681968b006fff62e.raytracer_01.f1a13478-cgu.4.rcgu.o" "/opt/rustwide/target/debug/examples/raytracer_01-681968b006fff62e.raytracer_01.f1a13478-cgu.5.rcgu.o" "/opt/rustwide/target/debug/examples/raytracer_01-681968b006fff62e.raytracer_01.f1a13478-cgu.6.rcgu.o" "/opt/rustwide/target/debug/examples/raytracer_01-681968b006fff62e.raytracer_01.f1a13478-cgu.7.rcgu.o" "/opt/rustwide/target/debug/examples/raytracer_01-681968b006fff62e.raytracer_01.f1a13478-cgu.8.rcgu.o" "/opt/rustwide/target/debug/examples/raytracer_01-681968b006fff62e.raytracer_01.f1a13478-cgu.9.rcgu.o" "/opt/rustwide/target/debug/examples/raytracer_01-681968b006fff62e.1umbjj7z1h2xp2tl.rcgu.o" "-Wl,--as-needed" "-L" "/opt/rustwide/target/debug/deps" "-L" "/opt/rustwide/target/debug/build/minifb-767a5eba62102834/out" "-L" "/usr/lib/x86_64-linux-gnu" "-L" "/opt/rustwide/rustup-home/toolchains/beta-2023-04-20-x86_64-unknown-linux-gnu/lib/rustlib/x86_64-unknown-linux-gnu/lib" "-Wl,-Bstatic" "/opt/rustwide/target/debug/deps/librust_computer_graphics_from_scratch-d6116d91c71791ae.rlib" "/opt/rustwide/target/debug/deps/libminifb-f767d6f8819a38f0.rlib" "/opt/rustwide/target/debug/deps/libwayland_cursor-101c8a3e059c27c7.rlib" "/opt/rustwide/target/debug/deps/libxcursor-86dd773925425a82.rlib" "/opt/rustwide/target/debug/deps/libnom-e45fe76d4d113b84.rlib" "/opt/rustwide/target/debug/deps/libmemchr-a08153ade7bcea94.rlib" "/opt/rustwide/target/debug/deps/libtempfile-c38d7586e22b53f7.rlib" "/opt/rustwide/target/debug/deps/librand-ffa44e26e743ab3a.rlib" "/opt/rustwide/target/debug/deps/librand_chacha-777e044f02e3c36b.rlib" "/opt/rustwide/target/debug/deps/libppv_lite86-4b4e10d54e032e24.rlib" "/opt/rustwide/target/debug/deps/librand_core-1a3befc1f14ccb85.rlib" "/opt/rustwide/target/debug/deps/libgetrandom-9b59835528233dda.rlib" "/opt/rustwide/target/debug/deps/libremove_dir_all-428e6ddc575f6574.rlib" "/opt/rustwide/target/debug/deps/libx11_dl-f0aba3e894f994d3.rlib" "/opt/rustwide/target/debug/deps/libmaybe_uninit-6f504a8ab2839ec6.rlib" "/opt/rustwide/target/debug/deps/liblazy_static-86422d76b8bd90ed.rlib" "/opt/rustwide/target/debug/deps/libxkb-ab2afa715612abda.rlib" "/opt/rustwide/target/debug/deps/libxkbcommon_sys-7bdee0ca74831403.rlib" "/opt/rustwide/target/debug/deps/libwayland_protocols-d7766fe07419b28e.rlib" "/opt/rustwide/target/debug/deps/libwayland_client-2d070a68d8919fe9.rlib" "/opt/rustwide/target/debug/deps/libwayland_commons-204388a00cc61ee5.rlib" "/opt/rustwide/target/debug/deps/libsmallvec-0e12401d3f654579.rlib" "/opt/rustwide/target/debug/deps/libonce_cell-00ebd81f75d94599.rlib" "/opt/rustwide/target/debug/deps/libnix-0f8fdf3f3294aa86.rlib" "/opt/rustwide/target/debug/deps/libcfg_if-97437e183f3ae6e4.rlib" "/opt/rustwide/target/debug/deps/libwayland_sys-28ba04a9e55c0a31.rlib" "/opt/rustwide/target/debug/deps/libdowncast_rs-1687a6df89d4d06a.rlib" "/opt/rustwide/target/debug/deps/libbitflags-9667ec3d8c9ff014.rlib" "/opt/rustwide/target/debug/deps/libraw_window_handle-4f12437f3965f52e.rlib" "/opt/rustwide/target/debug/deps/liblibc-a317aae1eb902e9a.rlib" "/opt/rustwide/rustup-home/toolchains/beta-2023-04-20-x86_64-unknown-linux-gnu/lib/rustlib/x86_64-unknown-linux-gnu/lib/libstd-0e29cc23c5e02021.rlib" "/opt/rustwide/rustup-home/toolchains/beta-2023-04-20-x86_64-unknown-linux-gnu/lib/rustlib/x86_64-unknown-linux-gnu/lib/libpanic_unwind-d903621768a861d9.rlib" "/opt/rustwide/rustup-home/toolchains/beta-2023-04-20-x86_64-unknown-linux-gnu/lib/rustlib/x86_64-unknown-linux-gnu/lib/libobject-6d0225e655f31c13.rlib" "/opt/rustwide/rustup-home/toolchains/beta-2023-04-20-x86_64-unknown-linux-gnu/lib/rustlib/x86_64-unknown-linux-gnu/lib/libmemchr-9dbaf4eac7eaa079.rlib" "/opt/rustwide/rustup-home/toolchains/beta-2023-04-20-x86_64-unknown-linux-gnu/lib/rustlib/x86_64-unknown-linux-gnu/lib/libaddr2line-27f05b3d42a66dd0.rlib" "/opt/rustwide/rustup-home/toolchains/beta-2023-04-20-x86_64-unknown-linux-gnu/lib/rustlib/x86_64-unknown-linux-gnu/lib/libgimli-4d73f1030321c9a2.rlib" "/opt/rustwide/rustup-home/toolchains/beta-2023-04-20-x86_64-unknown-linux-gnu/lib/rustlib/x86_64-unknown-linux-gnu/lib/librustc_demangle-2846c9e58abd0acb.rlib" "/opt/rustwide/rustup-home/toolchains/beta-2023-04-20-x86_64-unknown-linux-gnu/lib/rustlib/x86_64-unknown-linux-gnu/lib/libstd_detect-a53d0f50415947be.rlib" "/opt/rustwide/rustup-home/toolchains/beta-2023-04-20-x86_64-unknown-linux-gnu/lib/rustlib/x86_64-unknown-linux-gnu/lib/libhashbrown-d48e4b6abc25b9dc.rlib" "/opt/rustwide/rustup-home/toolchains/beta-2023-04-20-x86_64-unknown-linux-gnu/lib/rustlib/x86_64-unknown-linux-gnu/lib/libminiz_oxide-2991859439ef1207.rlib" "/opt/rustwide/rustup-home/toolchains/beta-2023-04-20-x86_64-unknown-linux-gnu/lib/rustlib/x86_64-unknown-linux-gnu/lib/libadler-8a687517e4221bae.rlib" "/opt/rustwide/rustup-home/toolchains/beta-2023-04-20-x86_64-unknown-linux-gnu/lib/rustlib/x86_64-unknown-linux-gnu/lib/librustc_std_workspace_alloc-e07b554f6a67f5b3.rlib" "/opt/rustwide/rustup-home/toolchains/beta-2023-04-20-x86_64-unknown-linux-gnu/lib/rustlib/x86_64-unknown-linux-gnu/lib/libunwind-b68238b7c3c619dd.rlib" "/opt/rustwide/rustup-home/toolchains/beta-2023-04-20-x86_64-unknown-linux-gnu/lib/rustlib/x86_64-unknown-linux-gnu/lib/libcfg_if-d5e213e896c017e4.rlib" "/opt/rustwide/rustup-home/toolchains/beta-2023-04-20-x86_64-unknown-linux-gnu/lib/rustlib/x86_64-unknown-linux-gnu/lib/liblibc-0211a3b2e61d8689.rlib" "/opt/rustwide/rustup-home/toolchains/beta-2023-04-20-x86_64-unknown-linux-gnu/lib/rustlib/x86_64-unknown-linux-gnu/lib/liballoc-b371f055239ba51f.rlib" "/opt/rustwide/rustup-home/toolchains/beta-2023-04-20-x86_64-unknown-linux-gnu/lib/rustlib/x86_64-unknown-linux-gnu/lib/librustc_std_workspace_core-e60518d2760eb01e.rlib" "/opt/rustwide/rustup-home/toolchains/beta-2023-04-20-x86_64-unknown-linux-gnu/lib/rustlib/x86_64-unknown-linux-gnu/lib/libcore-1ad943f92a4b1081.rlib" "/opt/rustwide/rustup-home/toolchains/beta-2023-04-20-x86_64-unknown-linux-gnu/lib/rustlib/x86_64-unknown-linux-gnu/lib/libcompiler_builtins-f0d6e4d0fc1e80b4.rlib" "-Wl,-Bdynamic" "-ldl" "-lxkbcommon" "-lgcc_s" "-lutil" "-lrt" "-lpthread" "-lm" "-ldl" "-lc" "-Wl,--eh-frame-hdr" "-Wl,-z,noexecstack" "-L" "/opt/rustwide/rustup-home/toolchains/beta-2023-04-20-x86_64-unknown-linux-gnu/lib/rustlib/x86_64-unknown-linux-gnu/lib" "-o" "/opt/rustwide/target/debug/examples/raytracer_01-681968b006fff62e" "-Wl,--gc-sections" "-pie" "-Wl,-z,relro,-z,now" "-nodefaultlibs"
[INFO] [stdout]   = note: collect2: fatal error: ld terminated with signal 9 [Killed]
[INFO] [stdout]           compilation terminated.
[INFO] [stdout]           
[INFO] [stdout] 
[INFO] [stdout] 
[INFO] [stdout] error: aborting due to previous error; 1 warning emitted
[INFO] [stdout] 
[INFO] [stdout] 
[INFO] [stderr] error: could not compile `rust-computer-graphics-from-scratch` (example "raytracer_01") due to 2 previous errors; 1 warning emitted
[INFO] [stdout] error: linking with `cc` failed: exit status: 1
[INFO] [stdout]   |
[INFO] [stdout]   = note: LC_ALL="C" PATH="/opt/rustwide/rustup-home/toolchains/beta-2023-04-20-x86_64-unknown-linux-gnu/lib/rustlib/x86_64-unknown-linux-gnu/bin:/opt/rustwide/cargo-home/bin:/usr/local/sbin:/usr/local/bin:/usr/sbin:/usr/bin:/sbin:/bin" VSLANG="1033" "cc" "-m64" "/tmp/rustciZxbR6/symbols.o" "/opt/rustwide/target/debug/examples/raytracer_bump-d329d862744d38e4.raytracer_bump.0905293b-cgu.0.rcgu.o" "/opt/rustwide/target/debug/examples/raytracer_bump-d329d862744d38e4.raytracer_bump.0905293b-cgu.1.rcgu.o" "/opt/rustwide/target/debug/examples/raytracer_bump-d329d862744d38e4.raytracer_bump.0905293b-cgu.10.rcgu.o" "/opt/rustwide/target/debug/examples/raytracer_bump-d329d862744d38e4.raytracer_bump.0905293b-cgu.11.rcgu.o" "/opt/rustwide/target/debug/examples/raytracer_bump-d329d862744d38e4.raytracer_bump.0905293b-cgu.12.rcgu.o" "/opt/rustwide/target/debug/examples/raytracer_bump-d329d862744d38e4.raytracer_bump.0905293b-cgu.13.rcgu.o" "/opt/rustwide/target/debug/examples/raytracer_bump-d329d862744d38e4.raytracer_bump.0905293b-cgu.14.rcgu.o" "/opt/rustwide/target/debug/examples/raytracer_bump-d329d862744d38e4.raytracer_bump.0905293b-cgu.15.rcgu.o" "/opt/rustwide/target/debug/examples/raytracer_bump-d329d862744d38e4.raytracer_bump.0905293b-cgu.2.rcgu.o" "/opt/rustwide/target/debug/examples/raytracer_bump-d329d862744d38e4.raytracer_bump.0905293b-cgu.3.rcgu.o" "/opt/rustwide/target/debug/examples/raytracer_bump-d329d862744d38e4.raytracer_bump.0905293b-cgu.4.rcgu.o" "/opt/rustwide/target/debug/examples/raytracer_bump-d329d862744d38e4.raytracer_bump.0905293b-cgu.5.rcgu.o" "/opt/rustwide/target/debug/examples/raytracer_bump-d329d862744d38e4.raytracer_bump.0905293b-cgu.6.rcgu.o" "/opt/rustwide/target/debug/examples/raytracer_bump-d329d862744d38e4.raytracer_bump.0905293b-cgu.7.rcgu.o" "/opt/rustwide/target/debug/examples/raytracer_bump-d329d862744d38e4.raytracer_bump.0905293b-cgu.8.rcgu.o" "/opt/rustwide/target/debug/examples/raytracer_bump-d329d862744d38e4.raytracer_bump.0905293b-cgu.9.rcgu.o" "/opt/rustwide/target/debug/examples/raytracer_bump-d329d862744d38e4.2x6rcwoy4cddwu28.rcgu.o" "-Wl,--as-needed" "-L" "/opt/rustwide/target/debug/deps" "-L" "/opt/rustwide/target/debug/build/minifb-767a5eba62102834/out" "-L" "/usr/lib/x86_64-linux-gnu" "-L" "/opt/rustwide/rustup-home/toolchains/beta-2023-04-20-x86_64-unknown-linux-gnu/lib/rustlib/x86_64-unknown-linux-gnu/lib" "-Wl,-Bstatic" "/opt/rustwide/target/debug/deps/librust_computer_graphics_from_scratch-d6116d91c71791ae.rlib" "/opt/rustwide/target/debug/deps/libminifb-f767d6f8819a38f0.rlib" "/opt/rustwide/target/debug/deps/libwayland_cursor-101c8a3e059c27c7.rlib" "/opt/rustwide/target/debug/deps/libxcursor-86dd773925425a82.rlib" "/opt/rustwide/target/debug/deps/libnom-e45fe76d4d113b84.rlib" "/opt/rustwide/target/debug/deps/libmemchr-a08153ade7bcea94.rlib" "/opt/rustwide/target/debug/deps/libtempfile-c38d7586e22b53f7.rlib" "/opt/rustwide/target/debug/deps/librand-ffa44e26e743ab3a.rlib" "/opt/rustwide/target/debug/deps/librand_chacha-777e044f02e3c36b.rlib" "/opt/rustwide/target/debug/deps/libppv_lite86-4b4e10d54e032e24.rlib" "/opt/rustwide/target/debug/deps/librand_core-1a3befc1f14ccb85.rlib" "/opt/rustwide/target/debug/deps/libgetrandom-9b59835528233dda.rlib" "/opt/rustwide/target/debug/deps/libremove_dir_all-428e6ddc575f6574.rlib" "/opt/rustwide/target/debug/deps/libx11_dl-f0aba3e894f994d3.rlib" "/opt/rustwide/target/debug/deps/libmaybe_uninit-6f504a8ab2839ec6.rlib" "/opt/rustwide/target/debug/deps/liblazy_static-86422d76b8bd90ed.rlib" "/opt/rustwide/target/debug/deps/libxkb-ab2afa715612abda.rlib" "/opt/rustwide/target/debug/deps/libxkbcommon_sys-7bdee0ca74831403.rlib" "/opt/rustwide/target/debug/deps/libwayland_protocols-d7766fe07419b28e.rlib" "/opt/rustwide/target/debug/deps/libwayland_client-2d070a68d8919fe9.rlib" "/opt/rustwide/target/debug/deps/libwayland_commons-204388a00cc61ee5.rlib" "/opt/rustwide/target/debug/deps/libsmallvec-0e12401d3f654579.rlib" "/opt/rustwide/target/debug/deps/libonce_cell-00ebd81f75d94599.rlib" "/opt/rustwide/target/debug/deps/libnix-0f8fdf3f3294aa86.rlib" "/opt/rustwide/target/debug/deps/libcfg_if-97437e183f3ae6e4.rlib" "/opt/rustwide/target/debug/deps/libwayland_sys-28ba04a9e55c0a31.rlib" "/opt/rustwide/target/debug/deps/libdowncast_rs-1687a6df89d4d06a.rlib" "/opt/rustwide/target/debug/deps/libbitflags-9667ec3d8c9ff014.rlib" "/opt/rustwide/target/debug/deps/libraw_window_handle-4f12437f3965f52e.rlib" "/opt/rustwide/target/debug/deps/liblibc-a317aae1eb902e9a.rlib" "/opt/rustwide/rustup-home/toolchains/beta-2023-04-20-x86_64-unknown-linux-gnu/lib/rustlib/x86_64-unknown-linux-gnu/lib/libstd-0e29cc23c5e02021.rlib" "/opt/rustwide/rustup-home/toolchains/beta-2023-04-20-x86_64-unknown-linux-gnu/lib/rustlib/x86_64-unknown-linux-gnu/lib/libpanic_unwind-d903621768a861d9.rlib" "/opt/rustwide/rustup-home/toolchains/beta-2023-04-20-x86_64-unknown-linux-gnu/lib/rustlib/x86_64-unknown-linux-gnu/lib/libobject-6d0225e655f31c13.rlib" "/opt/rustwide/rustup-home/toolchains/beta-2023-04-20-x86_64-unknown-linux-gnu/lib/rustlib/x86_64-unknown-linux-gnu/lib/libmemchr-9dbaf4eac7eaa079.rlib" "/opt/rustwide/rustup-home/toolchains/beta-2023-04-20-x86_64-unknown-linux-gnu/lib/rustlib/x86_64-unknown-linux-gnu/lib/libaddr2line-27f05b3d42a66dd0.rlib" "/opt/rustwide/rustup-home/toolchains/beta-2023-04-20-x86_64-unknown-linux-gnu/lib/rustlib/x86_64-unknown-linux-gnu/lib/libgimli-4d73f1030321c9a2.rlib" "/opt/rustwide/rustup-home/toolchains/beta-2023-04-20-x86_64-unknown-linux-gnu/lib/rustlib/x86_64-unknown-linux-gnu/lib/librustc_demangle-2846c9e58abd0acb.rlib" "/opt/rustwide/rustup-home/toolchains/beta-2023-04-20-x86_64-unknown-linux-gnu/lib/rustlib/x86_64-unknown-linux-gnu/lib/libstd_detect-a53d0f50415947be.rlib" "/opt/rustwide/rustup-home/toolchains/beta-2023-04-20-x86_64-unknown-linux-gnu/lib/rustlib/x86_64-unknown-linux-gnu/lib/libhashbrown-d48e4b6abc25b9dc.rlib" "/opt/rustwide/rustup-home/toolchains/beta-2023-04-20-x86_64-unknown-linux-gnu/lib/rustlib/x86_64-unknown-linux-gnu/lib/libminiz_oxide-2991859439ef1207.rlib" "/opt/rustwide/rustup-home/toolchains/beta-2023-04-20-x86_64-unknown-linux-gnu/lib/rustlib/x86_64-unknown-linux-gnu/lib/libadler-8a687517e4221bae.rlib" "/opt/rustwide/rustup-home/toolchains/beta-2023-04-20-x86_64-unknown-linux-gnu/lib/rustlib/x86_64-unknown-linux-gnu/lib/librustc_std_workspace_alloc-e07b554f6a67f5b3.rlib" "/opt/rustwide/rustup-home/toolchains/beta-2023-04-20-x86_64-unknown-linux-gnu/lib/rustlib/x86_64-unknown-linux-gnu/lib/libunwind-b68238b7c3c619dd.rlib" "/opt/rustwide/rustup-home/toolchains/beta-2023-04-20-x86_64-unknown-linux-gnu/lib/rustlib/x86_64-unknown-linux-gnu/lib/libcfg_if-d5e213e896c017e4.rlib" "/opt/rustwide/rustup-home/toolchains/beta-2023-04-20-x86_64-unknown-linux-gnu/lib/rustlib/x86_64-unknown-linux-gnu/lib/liblibc-0211a3b2e61d8689.rlib" "/opt/rustwide/rustup-home/toolchains/beta-2023-04-20-x86_64-unknown-linux-gnu/lib/rustlib/x86_64-unknown-linux-gnu/lib/liballoc-b371f055239ba51f.rlib" "/opt/rustwide/rustup-home/toolchains/beta-2023-04-20-x86_64-unknown-linux-gnu/lib/rustlib/x86_64-unknown-linux-gnu/lib/librustc_std_workspace_core-e60518d2760eb01e.rlib" "/opt/rustwide/rustup-home/toolchains/beta-2023-04-20-x86_64-unknown-linux-gnu/lib/rustlib/x86_64-unknown-linux-gnu/lib/libcore-1ad943f92a4b1081.rlib" "/opt/rustwide/rustup-home/toolchains/beta-2023-04-20-x86_64-unknown-linux-gnu/lib/rustlib/x86_64-unknown-linux-gnu/lib/libcompiler_builtins-f0d6e4d0fc1e80b4.rlib" "-Wl,-Bdynamic" "-ldl" "-lxkbcommon" "-lgcc_s" "-lutil" "-lrt" "-lpthread" "-lm" "-ldl" "-lc" "-Wl,--eh-frame-hdr" "-Wl,-z,noexecstack" "-L" "/opt/rustwide/rustup-home/toolchains/beta-2023-04-20-x86_64-unknown-linux-gnu/lib/rustlib/x86_64-unknown-linux-gnu/lib" "-o" "/opt/rustwide/target/debug/examples/raytracer_bump-d329d862744d38e4" "-Wl,--gc-sections" "-pie" "-Wl,-z,relro,-z,now" "-nodefaultlibs"
[INFO] [stdout]   = note: collect2: fatal error: ld terminated with signal 9 [Killed]
[INFO] [stdout]           compilation terminated.
[INFO] [stdout]           
[INFO] [stdout] 
[INFO] [stdout] 
[INFO] [stdout] error: aborting due to previous error; 1 warning emitted
[INFO] [stdout] 
[INFO] [stdout] 
[INFO] [stderr] error: could not compile `rust-computer-graphics-from-scratch` (example "raytracer_bump") due to 2 previous errors; 1 warning emitted
[INFO] [stdout] error: linking with `cc` failed: exit status: 1
[INFO] [stdout]   |
[INFO] [stdout]   = note: LC_ALL="C" PATH="/opt/rustwide/rustup-home/toolchains/beta-2023-04-20-x86_64-unknown-linux-gnu/lib/rustlib/x86_64-unknown-linux-gnu/bin:/opt/rustwide/cargo-home/bin:/usr/local/sbin:/usr/local/bin:/usr/sbin:/usr/bin:/sbin:/bin" VSLANG="1033" "cc" "-m64" "/tmp/rustcKg1Hyq/symbols.o" "/opt/rustwide/target/debug/examples/raster_09-0d0c8a21f04ac878.raster_09.58b9632d-cgu.0.rcgu.o" "/opt/rustwide/target/debug/examples/raster_09-0d0c8a21f04ac878.raster_09.58b9632d-cgu.1.rcgu.o" "/opt/rustwide/target/debug/examples/raster_09-0d0c8a21f04ac878.raster_09.58b9632d-cgu.10.rcgu.o" "/opt/rustwide/target/debug/examples/raster_09-0d0c8a21f04ac878.raster_09.58b9632d-cgu.11.rcgu.o" "/opt/rustwide/target/debug/examples/raster_09-0d0c8a21f04ac878.raster_09.58b9632d-cgu.12.rcgu.o" "/opt/rustwide/target/debug/examples/raster_09-0d0c8a21f04ac878.raster_09.58b9632d-cgu.13.rcgu.o" "/opt/rustwide/target/debug/examples/raster_09-0d0c8a21f04ac878.raster_09.58b9632d-cgu.14.rcgu.o" "/opt/rustwide/target/debug/examples/raster_09-0d0c8a21f04ac878.raster_09.58b9632d-cgu.15.rcgu.o" "/opt/rustwide/target/debug/examples/raster_09-0d0c8a21f04ac878.raster_09.58b9632d-cgu.2.rcgu.o" "/opt/rustwide/target/debug/examples/raster_09-0d0c8a21f04ac878.raster_09.58b9632d-cgu.3.rcgu.o" "/opt/rustwide/target/debug/examples/raster_09-0d0c8a21f04ac878.raster_09.58b9632d-cgu.4.rcgu.o" "/opt/rustwide/target/debug/examples/raster_09-0d0c8a21f04ac878.raster_09.58b9632d-cgu.5.rcgu.o" "/opt/rustwide/target/debug/examples/raster_09-0d0c8a21f04ac878.raster_09.58b9632d-cgu.6.rcgu.o" "/opt/rustwide/target/debug/examples/raster_09-0d0c8a21f04ac878.raster_09.58b9632d-cgu.7.rcgu.o" "/opt/rustwide/target/debug/examples/raster_09-0d0c8a21f04ac878.raster_09.58b9632d-cgu.8.rcgu.o" "/opt/rustwide/target/debug/examples/raster_09-0d0c8a21f04ac878.raster_09.58b9632d-cgu.9.rcgu.o" "/opt/rustwide/target/debug/examples/raster_09-0d0c8a21f04ac878.1zq3d62a2fy43m6f.rcgu.o" "-Wl,--as-needed" "-L" "/opt/rustwide/target/debug/deps" "-L" "/opt/rustwide/target/debug/build/minifb-767a5eba62102834/out" "-L" "/usr/lib/x86_64-linux-gnu" "-L" "/opt/rustwide/rustup-home/toolchains/beta-2023-04-20-x86_64-unknown-linux-gnu/lib/rustlib/x86_64-unknown-linux-gnu/lib" "-Wl,-Bstatic" "/opt/rustwide/target/debug/deps/librust_computer_graphics_from_scratch-d6116d91c71791ae.rlib" "/opt/rustwide/target/debug/deps/libminifb-f767d6f8819a38f0.rlib" "/opt/rustwide/target/debug/deps/libwayland_cursor-101c8a3e059c27c7.rlib" "/opt/rustwide/target/debug/deps/libxcursor-86dd773925425a82.rlib" "/opt/rustwide/target/debug/deps/libnom-e45fe76d4d113b84.rlib" "/opt/rustwide/target/debug/deps/libmemchr-a08153ade7bcea94.rlib" "/opt/rustwide/target/debug/deps/libtempfile-c38d7586e22b53f7.rlib" "/opt/rustwide/target/debug/deps/librand-ffa44e26e743ab3a.rlib" "/opt/rustwide/target/debug/deps/librand_chacha-777e044f02e3c36b.rlib" "/opt/rustwide/target/debug/deps/libppv_lite86-4b4e10d54e032e24.rlib" "/opt/rustwide/target/debug/deps/librand_core-1a3befc1f14ccb85.rlib" "/opt/rustwide/target/debug/deps/libgetrandom-9b59835528233dda.rlib" "/opt/rustwide/target/debug/deps/libremove_dir_all-428e6ddc575f6574.rlib" "/opt/rustwide/target/debug/deps/libx11_dl-f0aba3e894f994d3.rlib" "/opt/rustwide/target/debug/deps/libmaybe_uninit-6f504a8ab2839ec6.rlib" "/opt/rustwide/target/debug/deps/liblazy_static-86422d76b8bd90ed.rlib" "/opt/rustwide/target/debug/deps/libxkb-ab2afa715612abda.rlib" "/opt/rustwide/target/debug/deps/libxkbcommon_sys-7bdee0ca74831403.rlib" "/opt/rustwide/target/debug/deps/libwayland_protocols-d7766fe07419b28e.rlib" "/opt/rustwide/target/debug/deps/libwayland_client-2d070a68d8919fe9.rlib" "/opt/rustwide/target/debug/deps/libwayland_commons-204388a00cc61ee5.rlib" "/opt/rustwide/target/debug/deps/libsmallvec-0e12401d3f654579.rlib" "/opt/rustwide/target/debug/deps/libonce_cell-00ebd81f75d94599.rlib" "/opt/rustwide/target/debug/deps/libnix-0f8fdf3f3294aa86.rlib" "/opt/rustwide/target/debug/deps/libcfg_if-97437e183f3ae6e4.rlib" "/opt/rustwide/target/debug/deps/libwayland_sys-28ba04a9e55c0a31.rlib" "/opt/rustwide/target/debug/deps/libdowncast_rs-1687a6df89d4d06a.rlib" "/opt/rustwide/target/debug/deps/libbitflags-9667ec3d8c9ff014.rlib" "/opt/rustwide/target/debug/deps/libraw_window_handle-4f12437f3965f52e.rlib" "/opt/rustwide/target/debug/deps/liblibc-a317aae1eb902e9a.rlib" "/opt/rustwide/rustup-home/toolchains/beta-2023-04-20-x86_64-unknown-linux-gnu/lib/rustlib/x86_64-unknown-linux-gnu/lib/libstd-0e29cc23c5e02021.rlib" "/opt/rustwide/rustup-home/toolchains/beta-2023-04-20-x86_64-unknown-linux-gnu/lib/rustlib/x86_64-unknown-linux-gnu/lib/libpanic_unwind-d903621768a861d9.rlib" "/opt/rustwide/rustup-home/toolchains/beta-2023-04-20-x86_64-unknown-linux-gnu/lib/rustlib/x86_64-unknown-linux-gnu/lib/libobject-6d0225e655f31c13.rlib" "/opt/rustwide/rustup-home/toolchains/beta-2023-04-20-x86_64-unknown-linux-gnu/lib/rustlib/x86_64-unknown-linux-gnu/lib/libmemchr-9dbaf4eac7eaa079.rlib" "/opt/rustwide/rustup-home/toolchains/beta-2023-04-20-x86_64-unknown-linux-gnu/lib/rustlib/x86_64-unknown-linux-gnu/lib/libaddr2line-27f05b3d42a66dd0.rlib" "/opt/rustwide/rustup-home/toolchains/beta-2023-04-20-x86_64-unknown-linux-gnu/lib/rustlib/x86_64-unknown-linux-gnu/lib/libgimli-4d73f1030321c9a2.rlib" "/opt/rustwide/rustup-home/toolchains/beta-2023-04-20-x86_64-unknown-linux-gnu/lib/rustlib/x86_64-unknown-linux-gnu/lib/librustc_demangle-2846c9e58abd0acb.rlib" "/opt/rustwide/rustup-home/toolchains/beta-2023-04-20-x86_64-unknown-linux-gnu/lib/rustlib/x86_64-unknown-linux-gnu/lib/libstd_detect-a53d0f50415947be.rlib" "/opt/rustwide/rustup-home/toolchains/beta-2023-04-20-x86_64-unknown-linux-gnu/lib/rustlib/x86_64-unknown-linux-gnu/lib/libhashbrown-d48e4b6abc25b9dc.rlib" "/opt/rustwide/rustup-home/toolchains/beta-2023-04-20-x86_64-unknown-linux-gnu/lib/rustlib/x86_64-unknown-linux-gnu/lib/libminiz_oxide-2991859439ef1207.rlib" "/opt/rustwide/rustup-home/toolchains/beta-2023-04-20-x86_64-unknown-linux-gnu/lib/rustlib/x86_64-unknown-linux-gnu/lib/libadler-8a687517e4221bae.rlib" "/opt/rustwide/rustup-home/toolchains/beta-2023-04-20-x86_64-unknown-linux-gnu/lib/rustlib/x86_64-unknown-linux-gnu/lib/librustc_std_workspace_alloc-e07b554f6a67f5b3.rlib" "/opt/rustwide/rustup-home/toolchains/beta-2023-04-20-x86_64-unknown-linux-gnu/lib/rustlib/x86_64-unknown-linux-gnu/lib/libunwind-b68238b7c3c619dd.rlib" "/opt/rustwide/rustup-home/toolchains/beta-2023-04-20-x86_64-unknown-linux-gnu/lib/rustlib/x86_64-unknown-linux-gnu/lib/libcfg_if-d5e213e896c017e4.rlib" "/opt/rustwide/rustup-home/toolchains/beta-2023-04-20-x86_64-unknown-linux-gnu/lib/rustlib/x86_64-unknown-linux-gnu/lib/liblibc-0211a3b2e61d8689.rlib" "/opt/rustwide/rustup-home/toolchains/beta-2023-04-20-x86_64-unknown-linux-gnu/lib/rustlib/x86_64-unknown-linux-gnu/lib/liballoc-b371f055239ba51f.rlib" "/opt/rustwide/rustup-home/toolchains/beta-2023-04-20-x86_64-unknown-linux-gnu/lib/rustlib/x86_64-unknown-linux-gnu/lib/librustc_std_workspace_core-e60518d2760eb01e.rlib" "/opt/rustwide/rustup-home/toolchains/beta-2023-04-20-x86_64-unknown-linux-gnu/lib/rustlib/x86_64-unknown-linux-gnu/lib/libcore-1ad943f92a4b1081.rlib" "/opt/rustwide/rustup-home/toolchains/beta-2023-04-20-x86_64-unknown-linux-gnu/lib/rustlib/x86_64-unknown-linux-gnu/lib/libcompiler_builtins-f0d6e4d0fc1e80b4.rlib" "-Wl,-Bdynamic" "-ldl" "-lxkbcommon" "-lgcc_s" "-lutil" "-lrt" "-lpthread" "-lm" "-ldl" "-lc" "-Wl,--eh-frame-hdr" "-Wl,-z,noexecstack" "-L" "/opt/rustwide/rustup-home/toolchains/beta-2023-04-20-x86_64-unknown-linux-gnu/lib/rustlib/x86_64-unknown-linux-gnu/lib" "-o" "/opt/rustwide/target/debug/examples/raster_09-0d0c8a21f04ac878" "-Wl,--gc-sections" "-pie" "-Wl,-z,relro,-z,now" "-nodefaultlibs"
[INFO] [stdout]   = note: collect2: fatal error: ld terminated with signal 9 [Killed]
[INFO] [stdout]           compilation terminated.
[INFO] [stdout]           
[INFO] [stdout] 
[INFO] [stdout] 
[INFO] [stdout] error: aborting due to previous error
[INFO] [stdout] 
[INFO] [stdout] 
[INFO] [stderr] error: could not compile `rust-computer-graphics-from-scratch` (example "raster_09") due to 2 previous errors
[INFO] [stdout] warning: 1 warning emitted
[INFO] [stdout] 
[INFO] [stdout] 
[INFO] [stdout] warning: 1 warning emitted
[INFO] [stdout] 
[INFO] [stdout] 
[INFO] [stdout] warning: 1 warning emitted
[INFO] [stdout] 
[INFO] [stdout] 
[INFO] running `Command { std: "docker" "inspect" "bb8c1da9c401ef507bc4d4e29805dcf2d8af071dbfa06200b63788702aa159d5", kill_on_drop: false }`
[INFO] running `Command { std: "docker" "rm" "-f" "bb8c1da9c401ef507bc4d4e29805dcf2d8af071dbfa06200b63788702aa159d5", kill_on_drop: false }`
[INFO] [stdout] bb8c1da9c401ef507bc4d4e29805dcf2d8af071dbfa06200b63788702aa159d5
