[INFO] cloning repository https://github.com/danilhendrasr/rust-newsletter
[INFO] running `Command { std: "git" "-c" "credential.helper=" "-c" "credential.helper=/workspace/cargo-home/bin/git-credential-null" "clone" "--bare" "https://github.com/danilhendrasr/rust-newsletter" "/workspace/cache/git-repos/https%3A%2F%2Fgithub.com%2Fdanilhendrasr%2Frust-newsletter", kill_on_drop: false }`
[INFO] [stderr] Cloning into bare repository '/workspace/cache/git-repos/https%3A%2F%2Fgithub.com%2Fdanilhendrasr%2Frust-newsletter'...
[INFO] running `Command { std: "git" "rev-parse" "HEAD", kill_on_drop: false }`
[INFO] [stdout] 62a339ae5c8463bf178587e3d14d8c1ec4066ad2
[INFO] testing danilhendrasr/rust-newsletter against 1.69.0 for beta-1.70-1
[INFO] running `Command { std: "git" "clone" "/workspace/cache/git-repos/https%3A%2F%2Fgithub.com%2Fdanilhendrasr%2Frust-newsletter" "/workspace/builds/worker-5-tc1/source", kill_on_drop: false }`
[INFO] [stderr] Cloning into '/workspace/builds/worker-5-tc1/source'...
[INFO] [stderr] done.
[INFO] validating manifest of git repo https://github.com/danilhendrasr/rust-newsletter on toolchain 1.69.0
[INFO] running `Command { std: CARGO_HOME="/workspace/cargo-home" RUSTUP_HOME="/workspace/rustup-home" "/workspace/cargo-home/bin/cargo" "+1.69.0" "metadata" "--manifest-path" "Cargo.toml" "--no-deps", kill_on_drop: false }`
[INFO] started tweaking git repo https://github.com/danilhendrasr/rust-newsletter
[INFO] finished tweaking git repo https://github.com/danilhendrasr/rust-newsletter
[INFO] tweaked toml for git repo https://github.com/danilhendrasr/rust-newsletter written to /workspace/builds/worker-5-tc1/source/Cargo.toml
[INFO] crate git repo https://github.com/danilhendrasr/rust-newsletter already has a lockfile, it will not be regenerated
[INFO] running `Command { std: CARGO_HOME="/workspace/cargo-home" RUSTUP_HOME="/workspace/rustup-home" "/workspace/cargo-home/bin/cargo" "+1.69.0" "fetch" "--manifest-path" "Cargo.toml", kill_on_drop: false }`
[INFO] [stderr]  Downloading crates ...
[INFO] [stderr]   Downloaded psl-types v2.0.10
[INFO] [stderr]   Downloaded serde_html_form v0.1.0
[INFO] [stderr]   Downloaded actix-web-lab-derive v0.16.0
[INFO] [stderr]   Downloaded fake v2.3.0
[INFO] [stderr]   Downloaded actix-files v0.6.1
[INFO] [stderr]   Downloaded actix-web-flash-messages v0.3.2
[INFO] [stderr]   Downloaded actix-session v0.6.2
[INFO] [stderr]   Downloaded wiremock v0.5.11
[INFO] [stderr]   Downloaded linkify v0.8.0
[INFO] [stderr]   Downloaded argon2 v0.4.0
[INFO] [stderr]   Downloaded publicsuffix v2.1.1
[INFO] [stderr]   Downloaded quickcheck_macros v0.9.1
[INFO] [stderr]   Downloaded cookie_store v0.15.1
[INFO] [stderr]   Downloaded actix-web-lab v0.16.1
[INFO] running `Command { std: "docker" "create" "-v" "/var/lib/crater-agent-workspace/builds/worker-5-tc1/target:/opt/rustwide/target:rw,Z" "-v" "/var/lib/crater-agent-workspace/builds/worker-5-tc1/source:/opt/rustwide/workdir:ro,Z" "-v" "/var/lib/crater-agent-workspace/cargo-home:/opt/rustwide/cargo-home:ro,Z" "-v" "/var/lib/crater-agent-workspace/rustup-home:/opt/rustwide/rustup-home:ro,Z" "-e" "SOURCE_DIR=/opt/rustwide/workdir" "-e" "CARGO_TARGET_DIR=/opt/rustwide/target" "-e" "CARGO_HOME=/opt/rustwide/cargo-home" "-e" "RUSTUP_HOME=/opt/rustwide/rustup-home" "-w" "/opt/rustwide/workdir" "-m" "1610612736" "--user" "0:0" "--network" "none" "ghcr.io/rust-lang/crates-build-env/linux@sha256:5ff2268d62e97bff2cde7d5815dd6ed5b47097566f13b8d0ca110b04b60e07ed" "/opt/rustwide/cargo-home/bin/cargo" "+1.69.0" "metadata" "--no-deps" "--format-version=1", kill_on_drop: false }`
[INFO] [stdout] 9338e58e753f1873980b537e9fc937b2d058aec193a4a47b097db8749fae4c49
[INFO] running `Command { std: "docker" "start" "-a" "9338e58e753f1873980b537e9fc937b2d058aec193a4a47b097db8749fae4c49", kill_on_drop: false }`
[INFO] running `Command { std: "docker" "inspect" "9338e58e753f1873980b537e9fc937b2d058aec193a4a47b097db8749fae4c49", kill_on_drop: false }`
[INFO] running `Command { std: "docker" "rm" "-f" "9338e58e753f1873980b537e9fc937b2d058aec193a4a47b097db8749fae4c49", kill_on_drop: false }`
[INFO] [stdout] 9338e58e753f1873980b537e9fc937b2d058aec193a4a47b097db8749fae4c49
[INFO] running `Command { std: "docker" "create" "-v" "/var/lib/crater-agent-workspace/builds/worker-5-tc1/target:/opt/rustwide/target:rw,Z" "-v" "/var/lib/crater-agent-workspace/builds/worker-5-tc1/source:/opt/rustwide/workdir:ro,Z" "-v" "/var/lib/crater-agent-workspace/cargo-home:/opt/rustwide/cargo-home:ro,Z" "-v" "/var/lib/crater-agent-workspace/rustup-home:/opt/rustwide/rustup-home:ro,Z" "-e" "SOURCE_DIR=/opt/rustwide/workdir" "-e" "CARGO_TARGET_DIR=/opt/rustwide/target" "-e" "CARGO_INCREMENTAL=0" "-e" "RUST_BACKTRACE=full" "-e" "RUSTFLAGS=--cap-lints=warn" "-e" "RUSTDOCFLAGS=--cap-lints=warn" "-e" "CARGO_HOME=/opt/rustwide/cargo-home" "-e" "RUSTUP_HOME=/opt/rustwide/rustup-home" "-w" "/opt/rustwide/workdir" "-m" "1610612736" "--user" "0:0" "--network" "none" "ghcr.io/rust-lang/crates-build-env/linux@sha256:5ff2268d62e97bff2cde7d5815dd6ed5b47097566f13b8d0ca110b04b60e07ed" "/opt/rustwide/cargo-home/bin/cargo" "+1.69.0" "build" "--frozen" "--message-format=json", kill_on_drop: false }`
[INFO] [stdout] d5048abc6fe0599b3fb6ed92fc90ea1c7f4847e4ff767bd2585e88586adf4834
[INFO] running `Command { std: "docker" "start" "-a" "d5048abc6fe0599b3fb6ed92fc90ea1c7f4847e4ff767bd2585e88586adf4834", kill_on_drop: false }`
[INFO] [stderr]    Compiling libc v0.2.116
[INFO] [stderr]    Compiling version_check v0.9.4
[INFO] [stderr]    Compiling unicode-xid v0.2.2
[INFO] [stderr]    Compiling syn v1.0.86
[INFO] [stderr]    Compiling once_cell v1.9.0
[INFO] [stderr]    Compiling proc-macro2 v1.0.36
[INFO] [stderr]    Compiling typenum v1.15.0
[INFO] [stderr]    Compiling memchr v2.4.1
[INFO] [stderr]    Compiling pin-project-lite v0.2.8
[INFO] [stderr]    Compiling log v0.4.14
[INFO] [stderr]    Compiling bytes v1.1.0
[INFO] [stderr]    Compiling futures-core v0.3.21
[INFO] [stderr]    Compiling quote v1.0.15
[INFO] [stderr]    Compiling parking_lot_core v0.8.5
[INFO] [stderr]    Compiling generic-array v0.14.5
[INFO] [stderr]    Compiling instant v0.1.12
[INFO] [stderr]    Compiling jobserver v0.1.24
[INFO] [stderr]    Compiling lock_api v0.4.6
[INFO] [stderr]    Compiling serde v1.0.136
[INFO] [stderr]    Compiling signal-hook-registry v1.4.0
[INFO] [stderr]    Compiling num_cpus v1.13.1
[INFO] [stderr]    Compiling cc v1.0.72
[INFO] [stderr]    Compiling getrandom v0.2.4
[INFO] [stderr]    Compiling parking_lot v0.11.2
[INFO] [stderr]    Compiling mio v0.7.14
[INFO] [stderr]    Compiling ahash v0.7.6
[INFO] [stderr]    Compiling subtle v2.4.1
[INFO] [stderr]    Compiling futures-sink v0.3.21
[INFO] [stderr]    Compiling cpufeatures v0.2.1
[INFO] [stderr]    Compiling futures-channel v0.3.21
[INFO] [stderr]    Compiling futures-task v0.3.21
[INFO] [stderr]    Compiling regex-syntax v0.6.25
[INFO] [stderr]    Compiling ring v0.16.20
[INFO] [stderr]    Compiling hashbrown v0.11.2
[INFO] [stderr]    Compiling matches v0.1.9
[INFO] [stderr]    Compiling futures-util v0.3.21
[INFO] [stderr]    Compiling tinyvec v1.5.1
[INFO] [stderr]    Compiling indexmap v1.8.2
[INFO] [stderr]    Compiling futures-io v0.3.21
[INFO] [stderr]    Compiling slab v0.4.5
[INFO] [stderr]    Compiling unicode-bidi v0.3.7
[INFO] [stderr]    Compiling form_urlencoded v1.0.1
[INFO] [stderr]    Compiling rand_core v0.6.3
[INFO] [stderr]    Compiling tracing-core v0.1.22
[INFO] [stderr]    Compiling serde_json v1.0.81
[INFO] [stderr]    Compiling unicode-normalization v0.1.19
[INFO] [stderr]    Compiling http v0.2.6
[INFO] [stderr]    Compiling block-buffer v0.10.0
[INFO] [stderr]    Compiling crypto-common v0.1.3
[INFO] [stderr]    Compiling ppv-lite86 v0.2.16
[INFO] [stderr]    Compiling aho-corasick v0.7.18
[INFO] [stderr]    Compiling digest v0.10.3
[INFO] [stderr]    Compiling rand_chacha v0.3.1
[INFO] [stderr]    Compiling zstd-sys v1.6.3+zstd.1.5.2
[INFO] [stderr]    Compiling idna v0.2.3
[INFO] [stderr]    Compiling regex v1.5.4
[INFO] [stderr]    Compiling url v2.2.2
[INFO] [stderr]    Compiling httparse v1.5.1
[INFO] [stderr]    Compiling webpki v0.21.4
[INFO] [stderr]    Compiling sct v0.6.1
[INFO] [stderr]    Compiling rand v0.8.5
[INFO] [stderr]    Compiling cipher v0.3.0
[INFO] [stderr]    Compiling universal-hash v0.4.1
[INFO] [stderr]    Compiling socket2 v0.4.4
[INFO] [stderr]    Compiling bytestring v1.0.0
[INFO] [stderr]    Compiling miniz_oxide v0.4.4
[INFO] [stderr]    Compiling local-waker v0.1.2
[INFO] [stderr]    Compiling encoding_rs v0.8.30
[INFO] [stderr]    Compiling alloc-no-stdlib v2.0.3
[INFO] [stderr]    Compiling httpdate v1.0.2
[INFO] [stderr]    Compiling pkg-config v0.3.25
[INFO] [stderr]    Compiling zstd-safe v4.1.4+zstd.1.5.2
[INFO] [stderr]    Compiling crc32fast v1.3.1
[INFO] [stderr]    Compiling serde_derive v1.0.136
[INFO] [stderr]    Compiling tokio-macros v1.7.0
[INFO] [stderr]    Compiling futures-macro v0.3.21
[INFO] [stderr]    Compiling tracing-attributes v0.1.19
[INFO] [stderr]    Compiling alloc-stdlib v0.2.1
[INFO] [stderr]    Compiling polyval v0.5.3
[INFO] [stderr]    Compiling openssl-sys v0.9.74
[INFO] [stderr]    Compiling nom v7.1.0
[INFO] [stderr]    Compiling time-macros v0.2.3
[INFO] [stderr]    Compiling num_threads v0.1.3
[INFO] [stderr]    Compiling tokio v1.16.1
[INFO] [stderr]    Compiling paste v1.0.6
[INFO] [stderr]    Compiling firestorm v0.5.0
[INFO] [stderr]    Compiling actix-service v2.0.2
[INFO] [stderr]    Compiling tracing v0.1.31
[INFO] [stderr]    Compiling time v0.3.7
[INFO] [stderr]    Compiling ghash v0.4.4
[INFO] [stderr]    Compiling brotli-decompressor v2.3.2
[INFO] [stderr]    Compiling actix-utils v3.0.0
[INFO] [stderr]    Compiling ctr v0.8.0
[INFO] [stderr]    Compiling aes v0.7.5
[INFO] [stderr]    Compiling hmac v0.12.1
[INFO] [stderr]    Compiling aead v0.4.3
[INFO] [stderr]    Compiling cookie v0.16.0
[INFO] [stderr]    Compiling standback v0.2.17
[INFO] [stderr]    Compiling convert_case v0.4.0
[INFO] [stderr]    Compiling crossbeam-utils v0.8.6
[INFO] [stderr]    Compiling minimal-lexical v0.2.1
[INFO] [stderr]    Compiling tokio-util v0.6.9
[INFO] [stderr]    Compiling actix-rt v2.6.0
[INFO] [stderr]    Compiling tokio-util v0.7.0
[INFO] [stderr]    Compiling derive_more v0.99.17
[INFO] [stderr]    Compiling h2 v0.3.11
[INFO] [stderr]    Compiling actix-codec v0.5.0
[INFO] [stderr]    Compiling aes-gcm v0.9.4
[INFO] [stderr]    Compiling hkdf v0.12.3
[INFO] [stderr]    Compiling local-channel v0.1.2
[INFO] [stderr]    Compiling brotli v3.3.3
[INFO] [stderr]    Compiling flate2 v1.0.22
[INFO] [stderr]    Compiling num-integer v0.1.44
[INFO] [stderr]    Compiling digest v0.9.0
[INFO] [stderr]    Compiling sha2 v0.10.2
[INFO] [stderr]    Compiling sha-1 v0.10.0
[INFO] [stderr]    Compiling mio v0.8.0
[INFO] [stderr]    Compiling unicase v2.6.0
[INFO] [stderr]    Compiling actix-router v0.5.0
[INFO] [stderr]    Compiling either v1.6.1
[INFO] [stderr]    Compiling serde_urlencoded v0.7.1
[INFO] [stderr]    Compiling language-tags v0.3.2
[INFO] [stderr]    Compiling byteorder v1.4.3
[INFO] [stderr]    Compiling itoa v0.4.8
[INFO] [stderr]    Compiling actix-web-codegen v4.0.0
[INFO] [stderr]    Compiling itertools v0.10.3
[INFO] [stderr]    Compiling actix-server v2.0.0
[INFO] [stderr]    Compiling thiserror-impl v1.0.30
[INFO] [stderr]    Compiling actix-macros v0.2.3
[INFO] [stderr]    Compiling block-buffer v0.9.0
[INFO] [stderr]    Compiling regex-automata v0.1.10
[INFO] [stderr]    Compiling foreign-types-shared v0.1.1
[INFO] [stderr]    Compiling openssl v0.10.40
[INFO] [stderr]    Compiling const_fn v0.4.9
[INFO] [stderr]    Compiling unicode_categories v0.1.1
[INFO] [stderr]    Compiling crossbeam-queue v0.3.3
[INFO] [stderr]    Compiling foreign-types v0.3.2
[INFO] [stderr]    Compiling time-macros-impl v0.1.2
[INFO] [stderr]    Compiling openssl-macros v0.1.0
[INFO] [stderr]    Compiling rustls v0.19.1
[INFO] [stderr]    Compiling webpki v0.22.0
[INFO] [stderr]    Compiling thiserror v1.0.30
[INFO] [stderr]    Compiling dirs-sys v0.3.6
[INFO] [stderr]    Compiling time v0.2.27
[INFO] [stderr]    Compiling rustls v0.20.4
[INFO] [stderr]    Compiling crc-catalog v1.1.1
[INFO] [stderr]    Compiling async-trait v0.1.52
[INFO] [stderr]    Compiling native-tls v0.2.10
[INFO] [stderr]    Compiling crypto-mac v0.11.1
[INFO] [stderr]    Compiling crc v2.1.0
[INFO] [stderr]    Compiling dirs v4.0.0
[INFO] [stderr]    Compiling time-macros v0.1.1
[INFO] [stderr]    Compiling mime_guess v2.0.4
[INFO] [stderr]    Compiling crossbeam-channel v0.5.2
[INFO] [stderr]    Compiling tokio-rustls v0.22.0
[INFO] [stderr]    Compiling webpki-roots v0.21.1
[INFO] [stderr]    Compiling sct v0.7.0
[INFO] [stderr]    Compiling stringprep v0.1.2
[INFO] [stderr]    Compiling atoi v0.4.0
[INFO] [stderr]    Compiling hashlink v0.7.0
[INFO] [stderr]    Compiling futures-intrusive v0.4.0
[INFO] [stderr]    Compiling time v0.1.43
[INFO] [stderr]    Compiling cookie v0.15.1
[INFO] [stderr]    Compiling anyhow v1.0.56
[INFO] [stderr]    Compiling try-lock v0.2.3
[INFO] [stderr]    Compiling openssl-probe v0.1.5
[INFO] [stderr]    Compiling lexical-core v0.7.6
[INFO] [stderr]    Compiling whoami v1.2.1
[INFO] [stderr]    Compiling hex v0.4.3
[INFO] [stderr]    Compiling sqlformat v0.1.8
[INFO] [stderr]    Compiling want v0.3.0
[INFO] [stderr]    Compiling chrono v0.4.19
[INFO] [stderr]    Compiling sqlx-rt v0.5.10
[INFO] [stderr]    Compiling hmac v0.11.0
[INFO] [stderr]    Compiling sha2 v0.9.9
[INFO] [stderr]    Compiling md-5 v0.9.1
[INFO] [stderr]    Compiling sha-1 v0.9.8
[INFO] [stderr]    Compiling tokio-stream v0.1.8
[INFO] [stderr]    Compiling uuid v0.8.2
[INFO] [stderr]    Compiling futures-executor v0.3.21
[INFO] [stderr]    Compiling pin-project-internal v1.0.10
[INFO] [stderr]    Compiling http-body v0.4.4
[INFO] [stderr]    Compiling nom v5.1.2
[INFO] [stderr]    Compiling unicode-segmentation v1.9.0
[INFO] [stderr]    Compiling psl-types v2.0.10
[INFO] [stderr]    Compiling arc-swap v1.5.0
[INFO] [stderr]    Compiling bitflags v1.3.2
[INFO] [stderr]    Compiling tower-service v0.3.1
[INFO] [stderr]    Compiling arrayvec v0.5.2
[INFO] [stderr]    Compiling hyper v0.14.16
[INFO] [stderr]    Compiling publicsuffix v2.1.1
[INFO] [stderr]    Compiling sqlx-core v0.5.10
[INFO] [stderr]    Compiling heck v0.3.3
[INFO] [stderr]    Compiling pin-project v1.0.10
[INFO] [stderr]    Compiling futures v0.3.21
[INFO] [stderr]    Compiling tokio-rustls v0.23.2
[INFO] [stderr]    Compiling tokio-native-tls v0.3.0
[INFO] [stderr]    Compiling bstr v0.2.17
[INFO] [stderr]    Compiling matchers v0.1.0
[INFO] [stderr]    Compiling combine v4.6.4
[INFO] [stderr]    Compiling tracing-log v0.1.2
[INFO] [stderr]    Compiling sharded-slab v0.1.4
[INFO] [stderr]    Compiling csv-core v0.1.10
[INFO] [stderr]    Compiling thread_local v1.1.4
[INFO] [stderr]    Compiling claim v0.5.0
[INFO] [stderr]    Compiling base64ct v1.5.0
[INFO] [stderr]    Compiling askama_escape v0.10.3
[INFO] [stderr]    Compiling dotenv v0.15.0
[INFO] [stderr]    Compiling dtoa v0.4.8
[INFO] [stderr]    Compiling ansi_term v0.12.1
[INFO] [stderr]    Compiling http-range v0.1.5
[INFO] [stderr]    Compiling linked-hash-map v0.5.4
[INFO] [stderr]    Compiling serde-hjson v0.9.1
[INFO] [stderr]    Compiling tracing-subscriber v0.3.9
[INFO] [stderr]    Compiling yaml-rust v0.4.5
[INFO] [stderr]    Compiling password-hash v0.4.0
[INFO] [stderr]    Compiling csv v1.1.6
[INFO] [stderr]    Compiling validator_types v0.14.0
[INFO] [stderr]    Compiling cookie_store v0.15.1
[INFO] [stderr]    Compiling tracing-futures v0.2.5
[INFO] [stderr]    Compiling webpki-roots v0.22.2
[INFO] [stderr]    Compiling serde_html_form v0.1.0
[INFO] [stderr]    Compiling hyper-rustls v0.23.0
[INFO] [stderr]    Compiling toml v0.5.8
[INFO] [stderr]    Compiling actix-web-lab-derive v0.16.0
[INFO] [stderr]    Compiling blake2 v0.10.4
[INFO] [stderr]    Compiling rustls-pemfile v0.2.1
[INFO] [stderr]    Compiling gethostname v0.2.2
[INFO] [stderr]    Compiling rust-ini v0.13.0
[INFO] [stderr]    Compiling zeroize v1.5.2
[INFO] [stderr]    Compiling ipnet v2.3.1
[INFO] [stderr]    Compiling config v0.11.0
[INFO] [stderr]    Compiling secrecy v0.8.0
[INFO] [stderr]    Compiling reqwest v0.11.9
[INFO] [stderr]    Compiling tracing-bunyan-formatter v0.3.2
[INFO] [stderr]    Compiling argon2 v0.4.0
[INFO] [stderr]    Compiling validator v0.14.0
[INFO] [stderr]    Compiling redis v0.21.5
[INFO] [stderr]    Compiling serde-aux v3.0.1
[INFO] [stderr]    Compiling urlencoding v2.1.0
[INFO] [stderr]    Compiling htmlescape v0.3.1
[INFO] [stderr]    Compiling sqlx-macros v0.5.10
[INFO] [stderr]    Compiling sqlx v0.5.10
[INFO] [stderr]    Compiling zstd v0.10.0+zstd.1.5.2
[INFO] [stderr]    Compiling actix-http v3.0.4
[INFO] [stderr]    Compiling actix-web v4.0.1
[INFO] [stderr]    Compiling actix-files v0.6.1
[INFO] [stderr]    Compiling actix-session v0.6.2
[INFO] [stderr]    Compiling tracing-actix-web v0.5.1
[INFO] [stderr]    Compiling actix-web-flash-messages v0.3.2
[INFO] [stderr]    Compiling actix-web-lab v0.16.1
[INFO] [stderr]    Compiling zero2prod v0.1.0 (/opt/rustwide/workdir)
[INFO] [stdout] error: error communicating with database: Cannot assign requested address (os error 99)
[INFO] [stdout]   --> src/authentication/password.rs:65:15
[INFO] [stdout]    |
[INFO] [stdout] 65 |       let row = sqlx::query!(
[INFO] [stdout]    |  _______________^
[INFO] [stdout] 66 | |         r#"SELECT id, password_hash FROM users WHERE username = $1"#,
[INFO] [stdout] 67 | |         username
[INFO] [stdout] 68 | |     )
[INFO] [stdout]    | |_____^
[INFO] [stdout]    |
[INFO] [stdout]    = note: this error originates in the macro `$crate::sqlx_macros::expand_query` which comes from the expansion of the macro `sqlx::query` (in Nightly builds, run with -Z macro-backtrace for more info)
[INFO] [stdout] 
[INFO] [stdout] 
[INFO] [stdout] error: error communicating with database: Cannot assign requested address (os error 99)
[INFO] [stdout]   --> src/authentication/password.rs:87:5
[INFO] [stdout]    |
[INFO] [stdout] 87 | /     sqlx::query!(
[INFO] [stdout] 88 | |         r#"UPDATE users SET password_hash = $1 WHERE id = $2"#,
[INFO] [stdout] 89 | |         password_hash.expose_secret(),
[INFO] [stdout] 90 | |         user_id
[INFO] [stdout] 91 | |     )
[INFO] [stdout]    | |_____^
[INFO] [stdout]    |
[INFO] [stdout]    = note: this error originates in the macro `$crate::sqlx_macros::expand_query` which comes from the expansion of the macro `sqlx::query` (in Nightly builds, run with -Z macro-backtrace for more info)
[INFO] [stdout] 
[INFO] [stdout] 
[INFO] [stdout] error: error communicating with database: Cannot assign requested address (os error 99)
[INFO] [stdout]   --> src/domains/idempotency/persistence.rs:26:26
[INFO] [stdout]    |
[INFO] [stdout] 26 |       let saved_response = sqlx::query!(
[INFO] [stdout]    |  __________________________^
[INFO] [stdout] 27 | |         r#"SELECT
[INFO] [stdout] 28 | |             response_status_code as "response_status_code!",
[INFO] [stdout] 29 | |             response_headers as "header_pairs!: Vec<HeaderPairRecord>",
[INFO] [stdout] ...  |
[INFO] [stdout] 34 | |         idempotency_key.as_ref()
[INFO] [stdout] 35 | |     )
[INFO] [stdout]    | |_____^
[INFO] [stdout]    |
[INFO] [stdout]    = note: this error originates in the macro `$crate::sqlx_macros::expand_query` which comes from the expansion of the macro `sqlx::query` (in Nightly builds, run with -Z macro-backtrace for more info)
[INFO] [stdout] 
[INFO] [stdout] 
[INFO] [stdout] error: error communicating with database: Cannot assign requested address (os error 99)
[INFO] [stdout]   --> src/domains/idempotency/persistence.rs:75:5
[INFO] [stdout]    |
[INFO] [stdout] 75 | /     sqlx::query_unchecked!(
[INFO] [stdout] 76 | |         r#"
[INFO] [stdout] 77 | |         UPDATE idempotency
[INFO] [stdout] 78 | |         SET
[INFO] [stdout] ...  |
[INFO] [stdout] 89 | |         body.as_ref()
[INFO] [stdout] 90 | |     )
[INFO] [stdout]    | |_____^
[INFO] [stdout]    |
[INFO] [stdout]    = note: this error originates in the macro `$crate::sqlx_macros::expand_query` which comes from the expansion of the macro `sqlx::query_unchecked` (in Nightly builds, run with -Z macro-backtrace for more info)
[INFO] [stdout] 
[INFO] [stdout] 
[INFO] [stdout] error: error communicating with database: Cannot assign requested address (os error 99)
[INFO] [stdout]    --> src/domains/idempotency/persistence.rs:113:26
[INFO] [stdout]     |
[INFO] [stdout] 113 |       let n_inserted_row = sqlx::query!(
[INFO] [stdout]     |  __________________________^
[INFO] [stdout] 114 | |         r#"
[INFO] [stdout] 115 | |         INSERT INTO idempotency (
[INFO] [stdout] 116 | |             user_id,
[INFO] [stdout] ...   |
[INFO] [stdout] 124 | |         idempotency_key.as_ref()
[INFO] [stdout] 125 | |     )
[INFO] [stdout]     | |_____^
[INFO] [stdout]     |
[INFO] [stdout]     = note: this error originates in the macro `$crate::sqlx_macros::expand_query` which comes from the expansion of the macro `sqlx::query` (in Nightly builds, run with -Z macro-backtrace for more info)
[INFO] [stdout] 
[INFO] [stdout] 
[INFO] [stdout] error: error communicating with database: Cannot assign requested address (os error 99)
[INFO] [stdout]   --> src/issue_delivery_worker.rs:82:15
[INFO] [stdout]    |
[INFO] [stdout] 82 |       let row = sqlx::query!(
[INFO] [stdout]    |  _______________^
[INFO] [stdout] 83 | |         r#"
[INFO] [stdout] 84 | |         SELECT newsletter_issue_id, subscriber_email
[INFO] [stdout] 85 | |         FROM issue_delivery_queue
[INFO] [stdout] ...  |
[INFO] [stdout] 89 | |     "#
[INFO] [stdout] 90 | |     )
[INFO] [stdout]    | |_____^
[INFO] [stdout]    |
[INFO] [stdout]    = note: this error originates in the macro `$crate::sqlx_macros::expand_query` which comes from the expansion of the macro `sqlx::query` (in Nightly builds, run with -Z macro-backtrace for more info)
[INFO] [stdout] 
[INFO] [stdout] 
[INFO] [stdout] error: error communicating with database: Cannot assign requested address (os error 99)
[INFO] [stdout]    --> src/issue_delivery_worker.rs:111:5
[INFO] [stdout]     |
[INFO] [stdout] 111 | /     sqlx::query!(
[INFO] [stdout] 112 | |         r#"
[INFO] [stdout] 113 | |             DELETE FROM issue_delivery_queue
[INFO] [stdout] 114 | |             WHERE
[INFO] [stdout] ...   |
[INFO] [stdout] 119 | |         subscriber_email
[INFO] [stdout] 120 | |     )
[INFO] [stdout]     | |_____^
[INFO] [stdout]     |
[INFO] [stdout]     = note: this error originates in the macro `$crate::sqlx_macros::expand_query` which comes from the expansion of the macro `sqlx::query` (in Nightly builds, run with -Z macro-backtrace for more info)
[INFO] [stdout] 
[INFO] [stdout] 
[INFO] [stdout] error: error communicating with database: Cannot assign requested address (os error 99)
[INFO] [stdout]    --> src/issue_delivery_worker.rs:136:17
[INFO] [stdout]     |
[INFO] [stdout] 136 |       let issue = sqlx::query_as!(
[INFO] [stdout]     |  _________________^
[INFO] [stdout] 137 | |         NewsletterIssue,
[INFO] [stdout] 138 | |         r#"
[INFO] [stdout] 139 | |         SELECT title, text_content, html_content
[INFO] [stdout] ...   |
[INFO] [stdout] 144 | |         issue_id
[INFO] [stdout] 145 | |     )
[INFO] [stdout]     | |_____^
[INFO] [stdout]     |
[INFO] [stdout]     = note: this error originates in the macro `$crate::sqlx_macros::expand_query` which comes from the expansion of the macro `sqlx::query_as` (in Nightly builds, run with -Z macro-backtrace for more info)
[INFO] [stdout] 
[INFO] [stdout] 
[INFO] [stdout] error: error communicating with database: Cannot assign requested address (os error 99)
[INFO] [stdout]   --> src/routes/admin/dashboard.rs:44:15
[INFO] [stdout]    |
[INFO] [stdout] 44 |     let row = sqlx::query!("SELECT username FROM users WHERE id = $1", user_id)
[INFO] [stdout]    |               ^^^^^^^^^^^^^^^^^^^^^^^^^^^^^^^^^^^^^^^^^^^^^^^^^^^^^^^^^^^^^^^^^
[INFO] [stdout]    |
[INFO] [stdout]    = note: this error originates in the macro `$crate::sqlx_macros::expand_query` which comes from the expansion of the macro `sqlx::query` (in Nightly builds, run with -Z macro-backtrace for more info)
[INFO] [stdout] 
[INFO] [stdout] 
[INFO] [stdout] error: error communicating with database: Cannot assign requested address (os error 99)
[INFO] [stdout]    --> src/routes/admin/newsletters/post.rs:127:5
[INFO] [stdout]     |
[INFO] [stdout] 127 | /     sqlx::query!(
[INFO] [stdout] 128 | |         r#"
[INFO] [stdout] 129 | |         INSERT INTO newsletter_issues (
[INFO] [stdout] 130 | |             id,
[INFO] [stdout] ...   |
[INFO] [stdout] 140 | |         newsletter_issue.html_content
[INFO] [stdout] 141 | |     )
[INFO] [stdout]     | |_____^
[INFO] [stdout]     |
[INFO] [stdout]     = note: this error originates in the macro `$crate::sqlx_macros::expand_query` which comes from the expansion of the macro `sqlx::query` (in Nightly builds, run with -Z macro-backtrace for more info)
[INFO] [stdout] 
[INFO] [stdout] 
[INFO] [stdout] error: error communicating with database: Cannot assign requested address (os error 99)
[INFO] [stdout]    --> src/routes/admin/newsletters/post.rs:153:5
[INFO] [stdout]     |
[INFO] [stdout] 153 | /     sqlx::query!(
[INFO] [stdout] 154 | |         r#"
[INFO] [stdout] 155 | |         INSERT INTO issue_delivery_queue (
[INFO] [stdout] 156 | |             newsletter_issue_id,
[INFO] [stdout] ...   |
[INFO] [stdout] 162 | |         newsletter_issue_id
[INFO] [stdout] 163 | |     )
[INFO] [stdout]     | |_____^
[INFO] [stdout]     |
[INFO] [stdout]     = note: this error originates in the macro `$crate::sqlx_macros::expand_query` which comes from the expansion of the macro `sqlx::query` (in Nightly builds, run with -Z macro-backtrace for more info)
[INFO] [stdout] 
[INFO] [stdout] 
[INFO] [stdout] error: error communicating with database: Cannot assign requested address (os error 99)
[INFO] [stdout]    --> src/routes/subscriptions.rs:95:5
[INFO] [stdout]     |
[INFO] [stdout] 95  | /     sqlx::query!(
[INFO] [stdout] 96  | |         r#"
[INFO] [stdout] 97  | |         INSERT INTO subscription_tokens (subscriber_id, subscription_token) VALUES ($1, $2)
[INFO] [stdout] 98  | |     "#,
[INFO] [stdout] 99  | |         subscriber_id,
[INFO] [stdout] 100 | |         subscription_token
[INFO] [stdout] 101 | |     )
[INFO] [stdout]     | |_____^
[INFO] [stdout]     |
[INFO] [stdout]     = note: this error originates in the macro `$crate::sqlx_macros::expand_query` which comes from the expansion of the macro `sqlx::query` (in Nightly builds, run with -Z macro-backtrace for more info)
[INFO] [stdout] 
[INFO] [stdout] 
[INFO] [stdout] error: error communicating with database: Cannot assign requested address (os error 99)
[INFO] [stdout]    --> src/routes/subscriptions.rs:121:5
[INFO] [stdout]     |
[INFO] [stdout] 121 | /     sqlx::query!(
[INFO] [stdout] 122 | |         r#"
[INFO] [stdout] 123 | |     INSERT INTO subscriptions (id, email, name, subscribed_at, status)
[INFO] [stdout] 124 | |     VALUES ($1, $2, $3, $4, 'pending_confirmation')
[INFO] [stdout] ...   |
[INFO] [stdout] 129 | |         Utc::now()
[INFO] [stdout] 130 | |     )
[INFO] [stdout]     | |_____^
[INFO] [stdout]     |
[INFO] [stdout]     = note: this error originates in the macro `$crate::sqlx_macros::expand_query` which comes from the expansion of the macro `sqlx::query` (in Nightly builds, run with -Z macro-backtrace for more info)
[INFO] [stdout] 
[INFO] [stdout] 
[INFO] [stdout] error: error communicating with database: Cannot assign requested address (os error 99)
[INFO] [stdout]   --> src/routes/subscriptions_confirm.rs:32:5
[INFO] [stdout]    |
[INFO] [stdout] 32 | /     sqlx::query!(
[INFO] [stdout] 33 | |         r#"UPDATE subscriptions SET status = 'confirmed' WHERE id = $1"#,
[INFO] [stdout] 34 | |         subscriber_id
[INFO] [stdout] 35 | |     )
[INFO] [stdout]    | |_____^
[INFO] [stdout]    |
[INFO] [stdout]    = note: this error originates in the macro `$crate::sqlx_macros::expand_query` which comes from the expansion of the macro `sqlx::query` (in Nightly builds, run with -Z macro-backtrace for more info)
[INFO] [stdout] 
[INFO] [stdout] 
[INFO] [stdout] error: error communicating with database: Cannot assign requested address (os error 99)
[INFO] [stdout]   --> src/routes/subscriptions_confirm.rs:54:18
[INFO] [stdout]    |
[INFO] [stdout] 54 |       let result = sqlx::query!(
[INFO] [stdout]    |  __________________^
[INFO] [stdout] 55 | |         r#"SELECT subscriber_id FROM subscription_tokens WHERE subscription_token = $1"#,
[INFO] [stdout] 56 | |         subscription_token
[INFO] [stdout] 57 | |     )
[INFO] [stdout]    | |_____^
[INFO] [stdout]    |
[INFO] [stdout]    = note: this error originates in the macro `$crate::sqlx_macros::expand_query` which comes from the expansion of the macro `sqlx::query` (in Nightly builds, run with -Z macro-backtrace for more info)
[INFO] [stdout] 
[INFO] [stdout] 
[INFO] [stdout] warning: unused import: `chrono::Utc`
[INFO] [stdout]  --> src/routes/subscriptions.rs:3:5
[INFO] [stdout]   |
[INFO] [stdout] 3 | use chrono::Utc;
[INFO] [stdout]   |     ^^^^^^^^^^^
[INFO] [stdout]   |
[INFO] [stdout]   = note: `#[warn(unused_imports)]` on by default
[INFO] [stdout] 
[INFO] [stdout] 
[INFO] [stdout] warning: unused import: `anyhow::Context`
[INFO] [stdout]  --> src/routes/admin/dashboard.rs:2:5
[INFO] [stdout]   |
[INFO] [stdout] 2 | use anyhow::Context;
[INFO] [stdout]   |     ^^^^^^^^^^^^^^^
[INFO] [stdout] 
[INFO] [stdout] 
[INFO] [stdout] error: aborting due to 15 previous errors; 2 warnings emitted
[INFO] [stdout] 
[INFO] [stdout] 
[INFO] [stderr] error: could not compile `zero2prod` due to 16 previous errors; 2 warnings emitted
[INFO] running `Command { std: "docker" "inspect" "d5048abc6fe0599b3fb6ed92fc90ea1c7f4847e4ff767bd2585e88586adf4834", kill_on_drop: false }`
[INFO] running `Command { std: "docker" "rm" "-f" "d5048abc6fe0599b3fb6ed92fc90ea1c7f4847e4ff767bd2585e88586adf4834", kill_on_drop: false }`
[INFO] [stdout] d5048abc6fe0599b3fb6ed92fc90ea1c7f4847e4ff767bd2585e88586adf4834
