[INFO] cloning repository https://github.com/damoon/lab-raytracing-rs
[INFO] running `Command { std: "git" "-c" "credential.helper=" "-c" "credential.helper=/workspace/cargo-home/bin/git-credential-null" "clone" "--bare" "https://github.com/damoon/lab-raytracing-rs" "/workspace/cache/git-repos/https%3A%2F%2Fgithub.com%2Fdamoon%2Flab-raytracing-rs", kill_on_drop: false }`
[INFO] [stderr] Cloning into bare repository '/workspace/cache/git-repos/https%3A%2F%2Fgithub.com%2Fdamoon%2Flab-raytracing-rs'...
[INFO] running `Command { std: "git" "rev-parse" "HEAD", kill_on_drop: false }`
[INFO] [stdout] 55c8930e515f1fef6a54167578180b9cbd38a9e0
[INFO] testing damoon/lab-raytracing-rs against beta-2023-04-20 for beta-1.70-1
[INFO] running `Command { std: "git" "clone" "/workspace/cache/git-repos/https%3A%2F%2Fgithub.com%2Fdamoon%2Flab-raytracing-rs" "/workspace/builds/worker-7-tc2/source", kill_on_drop: false }`
[INFO] [stderr] Cloning into '/workspace/builds/worker-7-tc2/source'...
[INFO] [stderr] done.
[INFO] validating manifest of git repo https://github.com/damoon/lab-raytracing-rs on toolchain beta-2023-04-20
[INFO] running `Command { std: CARGO_HOME="/workspace/cargo-home" RUSTUP_HOME="/workspace/rustup-home" "/workspace/cargo-home/bin/cargo" "+beta-2023-04-20" "metadata" "--manifest-path" "Cargo.toml" "--no-deps", kill_on_drop: false }`
[INFO] started tweaking git repo https://github.com/damoon/lab-raytracing-rs
[INFO] removed 0 missing tests
[INFO] finished tweaking git repo https://github.com/damoon/lab-raytracing-rs
[INFO] tweaked toml for git repo https://github.com/damoon/lab-raytracing-rs written to /workspace/builds/worker-7-tc2/source/Cargo.toml
[INFO] crate git repo https://github.com/damoon/lab-raytracing-rs already has a lockfile, it will not be regenerated
[INFO] running `Command { std: CARGO_HOME="/workspace/cargo-home" RUSTUP_HOME="/workspace/rustup-home" "/workspace/cargo-home/bin/cargo" "+beta-2023-04-20" "fetch" "--manifest-path" "Cargo.toml", kill_on_drop: false }`
[INFO] [stderr]     Updating crates.io index
[INFO] [stderr]  Downloading crates ...
[INFO] [stderr]   Downloaded sealed v0.3.0
[INFO] [stderr]   Downloaded inventory-impl v0.1.11
[INFO] [stderr]   Downloaded debugid v0.8.0
[INFO] [stderr]   Downloaded pprof v0.11.1
[INFO] [stderr]   Downloaded gherkin_rust v0.10.1
[INFO] [stderr]   Downloaded typed-builder v0.7.1
[INFO] [stderr]   Downloaded cucumber v0.10.2
[INFO] [stderr]   Downloaded peg-runtime v0.6.3
[INFO] [stderr]   Downloaded peg-macros v0.6.3
[INFO] [stderr]   Downloaded inventory v0.1.11
[INFO] [stderr]   Downloaded findshlibs v0.10.2
[INFO] [stderr]   Downloaded rgb v0.8.29
[INFO] [stderr]   Downloaded cucumber-codegen v0.10.2
[INFO] [stderr]   Downloaded inferno v0.11.0
[INFO] [stderr]   Downloaded syn v2.0.9
[INFO] [stderr]   Downloaded str_stack v0.1.0
[INFO] [stderr]   Downloaded memmap2 v0.5.4
[INFO] [stderr]   Downloaded peg v0.6.3
[INFO] [stderr]   Downloaded symbolic-common v10.1.1
[INFO] [stderr]   Downloaded symbolic-demangle v10.1.1
[INFO] [stderr]   Downloaded noise v0.8.2
[INFO] running `Command { std: "docker" "create" "-v" "/var/lib/crater-agent-workspace/builds/worker-7-tc2/target:/opt/rustwide/target:rw,Z" "-v" "/var/lib/crater-agent-workspace/builds/worker-7-tc2/source:/opt/rustwide/workdir:ro,Z" "-v" "/var/lib/crater-agent-workspace/cargo-home:/opt/rustwide/cargo-home:ro,Z" "-v" "/var/lib/crater-agent-workspace/rustup-home:/opt/rustwide/rustup-home:ro,Z" "-e" "SOURCE_DIR=/opt/rustwide/workdir" "-e" "CARGO_TARGET_DIR=/opt/rustwide/target" "-e" "CARGO_HOME=/opt/rustwide/cargo-home" "-e" "RUSTUP_HOME=/opt/rustwide/rustup-home" "-w" "/opt/rustwide/workdir" "-m" "1610612736" "--user" "0:0" "--network" "none" "ghcr.io/rust-lang/crates-build-env/linux@sha256:5ff2268d62e97bff2cde7d5815dd6ed5b47097566f13b8d0ca110b04b60e07ed" "/opt/rustwide/cargo-home/bin/cargo" "+beta-2023-04-20" "metadata" "--no-deps" "--format-version=1", kill_on_drop: false }`
[INFO] [stdout] eacb3dd48cc0ad3d7a6a3dbfbfc984e60fbb09609de2000c678ab4cb7ae564f6
[INFO] running `Command { std: "docker" "start" "-a" "eacb3dd48cc0ad3d7a6a3dbfbfc984e60fbb09609de2000c678ab4cb7ae564f6", kill_on_drop: false }`
[INFO] running `Command { std: "docker" "inspect" "eacb3dd48cc0ad3d7a6a3dbfbfc984e60fbb09609de2000c678ab4cb7ae564f6", kill_on_drop: false }`
[INFO] running `Command { std: "docker" "rm" "-f" "eacb3dd48cc0ad3d7a6a3dbfbfc984e60fbb09609de2000c678ab4cb7ae564f6", kill_on_drop: false }`
[INFO] [stdout] eacb3dd48cc0ad3d7a6a3dbfbfc984e60fbb09609de2000c678ab4cb7ae564f6
[INFO] running `Command { std: "docker" "create" "-v" "/var/lib/crater-agent-workspace/builds/worker-7-tc2/target:/opt/rustwide/target:rw,Z" "-v" "/var/lib/crater-agent-workspace/builds/worker-7-tc2/source:/opt/rustwide/workdir:ro,Z" "-v" "/var/lib/crater-agent-workspace/cargo-home:/opt/rustwide/cargo-home:ro,Z" "-v" "/var/lib/crater-agent-workspace/rustup-home:/opt/rustwide/rustup-home:ro,Z" "-e" "SOURCE_DIR=/opt/rustwide/workdir" "-e" "CARGO_TARGET_DIR=/opt/rustwide/target" "-e" "CARGO_INCREMENTAL=0" "-e" "RUST_BACKTRACE=full" "-e" "RUSTFLAGS=--cap-lints=warn" "-e" "RUSTDOCFLAGS=--cap-lints=warn" "-e" "CARGO_HOME=/opt/rustwide/cargo-home" "-e" "RUSTUP_HOME=/opt/rustwide/rustup-home" "-w" "/opt/rustwide/workdir" "-m" "1610612736" "--user" "0:0" "--network" "none" "ghcr.io/rust-lang/crates-build-env/linux@sha256:5ff2268d62e97bff2cde7d5815dd6ed5b47097566f13b8d0ca110b04b60e07ed" "/opt/rustwide/cargo-home/bin/cargo" "+beta-2023-04-20" "build" "--frozen" "--message-format=json", kill_on_drop: false }`
[INFO] [stdout] 06019a0d4d48bbe96e043c0b421d30c2ddffae31576756317f50c71b16ccfbfa
[INFO] running `Command { std: "docker" "start" "-a" "06019a0d4d48bbe96e043c0b421d30c2ddffae31576756317f50c71b16ccfbfa", kill_on_drop: false }`
[INFO] [stderr]    Compiling libc v0.2.139
[INFO] [stderr]    Compiling autocfg v1.1.0
[INFO] [stderr]    Compiling memchr v2.5.0
[INFO] [stderr]    Compiling crossbeam-utils v0.8.5
[INFO] [stderr]    Compiling proc-macro2 v1.0.52
[INFO] [stderr]    Compiling ppv-lite86 v0.2.15
[INFO] [stderr]    Compiling getrandom v0.1.16
[INFO] [stderr]    Compiling cc v1.0.72
[INFO] [stderr]    Compiling quote v1.0.26
[INFO] [stderr]    Compiling unicode-ident v1.0.0
[INFO] [stderr]    Compiling once_cell v1.10.0
[INFO] [stderr]    Compiling arrayvec v0.4.12
[INFO] [stderr]    Compiling version_check v0.9.3
[INFO] [stderr]    Compiling syn v1.0.96
[INFO] [stderr]    Compiling parking_lot_core v0.9.1
[INFO] [stderr]    Compiling cpp_demangle v0.3.3
[INFO] [stderr]    Compiling crossbeam-epoch v0.9.5
[INFO] [stderr]    Compiling uuid v1.1.2
[INFO] [stderr]    Compiling nodrop v0.1.14
[INFO] [stderr]    Compiling log v0.4.14
[INFO] [stderr]    Compiling ahash v0.7.6
[INFO] [stderr]    Compiling gimli v0.26.1
[INFO] [stderr]    Compiling smallvec v1.7.0
[INFO] [stderr]    Compiling rustc-demangle v0.1.21
[INFO] [stderr]    Compiling memoffset v0.6.4
[INFO] [stderr]    Compiling indexmap v1.7.0
[INFO] [stderr]    Compiling miniz_oxide v0.4.4
[INFO] [stderr]    Compiling debugid v0.8.0
[INFO] [stderr]    Compiling num-traits v0.2.14
[INFO] [stderr]    Compiling itoa v0.4.8
[INFO] [stderr]    Compiling protobuf v2.27.1
[INFO] [stderr]    Compiling crossbeam-queue v0.3.2
[INFO] [stderr]    Compiling symbolic-demangle v10.1.1
[INFO] [stderr]    Compiling adler v1.0.2
[INFO] [stderr]    Compiling bytemuck v1.7.2
[INFO] [stderr]    Compiling stable_deref_trait v1.2.0
[INFO] [stderr]    Compiling hashbrown v0.11.2
[INFO] [stderr]    Compiling object v0.27.1
[INFO] [stderr]    Compiling rgb v0.8.29
[INFO] [stderr]    Compiling aho-corasick v1.0.1
[INFO] [stderr]    Compiling quick-xml v0.22.0
[INFO] [stderr]    Compiling num-format v0.4.0
[INFO] [stderr]    Compiling backtrace v0.3.63
[INFO] [stderr]    Compiling findshlibs v0.10.2
[INFO] [stderr]    Compiling lock_api v0.4.6
[INFO] [stderr]    Compiling regex-syntax v0.7.1
[INFO] [stderr]    Compiling remove_dir_all v0.5.3
[INFO] [stderr]    Compiling str_stack v0.1.0
[INFO] [stderr]    Compiling pprof v0.11.1
[INFO] [stderr]    Compiling itoa v1.0.1
[INFO] [stderr]    Compiling static_assertions v1.1.0
[INFO] [stderr]    Compiling crossbeam-deque v0.8.1
[INFO] [stderr]    Compiling getrandom v0.2.3
[INFO] [stderr]    Compiling memmap2 v0.5.4
[INFO] [stderr]    Compiling terminal_size v0.1.17
[INFO] [stderr]    Compiling atty v0.2.14
[INFO] [stderr]    Compiling nix v0.26.2
[INFO] [stderr]    Compiling rand_core v0.6.3
[INFO] [stderr]    Compiling rand_core v0.5.1
[INFO] [stderr]    Compiling symbolic-common v10.1.1
[INFO] [stderr]    Compiling parking_lot v0.12.0
[INFO] [stderr]    Compiling console v0.15.0
[INFO] [stderr]    Compiling rand_chacha v0.3.1
[INFO] [stderr]    Compiling rand_chacha v0.2.2
[INFO] [stderr]    Compiling rand_xorshift v0.2.0
[INFO] [stderr]    Compiling inferno v0.11.0
[INFO] [stderr]    Compiling rand v0.7.3
[INFO] [stderr]    Compiling rand v0.8.4
[INFO] [stderr]    Compiling addr2line v0.17.0
[INFO] [stderr]    Compiling crossbeam-channel v0.5.8
[INFO] [stderr]    Compiling number_prefix v0.4.0
[INFO] [stderr]    Compiling num_cpus v1.15.0
[INFO] [stderr]    Compiling auto_ops v0.3.0
[INFO] [stderr]    Compiling fastrand v1.9.0
[INFO] [stderr]    Compiling tempfile v3.2.0
[INFO] [stderr]    Compiling regex v1.8.1
[INFO] [stderr]    Compiling crossbeam v0.8.2
[INFO] [stderr]    Compiling noise v0.8.2
[INFO] [stderr]    Compiling thiserror-impl v1.0.30
[INFO] [stderr]    Compiling indicatif v0.16.2
[INFO] [stderr]    Compiling thiserror v1.0.30
[INFO] [stderr]    Compiling lab-raytracing-rs v0.0.0 (/opt/rustwide/workdir)
[INFO] [stderr]     Finished dev [unoptimized + debuginfo] target(s) in 8.26s
[INFO] [stderr] warning: the following packages contain code that will be rejected by a future version of Rust: quick-xml v0.22.0
[INFO] [stderr] note: to see what the problems were, use the option `--future-incompat-report`, or run `cargo report future-incompatibilities --id 1`
[INFO] running `Command { std: "docker" "inspect" "06019a0d4d48bbe96e043c0b421d30c2ddffae31576756317f50c71b16ccfbfa", kill_on_drop: false }`
[INFO] running `Command { std: "docker" "rm" "-f" "06019a0d4d48bbe96e043c0b421d30c2ddffae31576756317f50c71b16ccfbfa", kill_on_drop: false }`
[INFO] [stdout] 06019a0d4d48bbe96e043c0b421d30c2ddffae31576756317f50c71b16ccfbfa
[INFO] running `Command { std: "docker" "create" "-v" "/var/lib/crater-agent-workspace/builds/worker-7-tc2/target:/opt/rustwide/target:rw,Z" "-v" "/var/lib/crater-agent-workspace/builds/worker-7-tc2/source:/opt/rustwide/workdir:ro,Z" "-v" "/var/lib/crater-agent-workspace/cargo-home:/opt/rustwide/cargo-home:ro,Z" "-v" "/var/lib/crater-agent-workspace/rustup-home:/opt/rustwide/rustup-home:ro,Z" "-e" "SOURCE_DIR=/opt/rustwide/workdir" "-e" "CARGO_TARGET_DIR=/opt/rustwide/target" "-e" "CARGO_INCREMENTAL=0" "-e" "RUST_BACKTRACE=full" "-e" "RUSTFLAGS=--cap-lints=warn" "-e" "RUSTDOCFLAGS=--cap-lints=warn" "-e" "CARGO_HOME=/opt/rustwide/cargo-home" "-e" "RUSTUP_HOME=/opt/rustwide/rustup-home" "-w" "/opt/rustwide/workdir" "-m" "1610612736" "--user" "0:0" "--network" "none" "ghcr.io/rust-lang/crates-build-env/linux@sha256:5ff2268d62e97bff2cde7d5815dd6ed5b47097566f13b8d0ca110b04b60e07ed" "/opt/rustwide/cargo-home/bin/cargo" "+beta-2023-04-20" "test" "--frozen" "--no-run" "--message-format=json", kill_on_drop: false }`
[INFO] [stdout] 601bef47e922c4fcd3c088e0c0e0d13ab4fe10efc18cd48e9bdebcb095e4bebc
[INFO] running `Command { std: "docker" "start" "-a" "601bef47e922c4fcd3c088e0c0e0d13ab4fe10efc18cd48e9bdebcb095e4bebc", kill_on_drop: false }`
[INFO] [stderr]    Compiling syn v1.0.96
[INFO] [stderr]    Compiling crossbeam-utils v0.8.5
[INFO] [stderr]    Compiling serde_derive v1.0.130
[INFO] [stderr]    Compiling unicode-segmentation v1.8.0
[INFO] [stderr]    Compiling ryu v1.0.5
[INFO] [stderr]    Compiling serde v1.0.130
[INFO] [stderr]    Compiling proc-macro-hack v0.5.19
[INFO] [stderr]    Compiling futures-core v0.3.17
[INFO] [stderr]    Compiling futures-macro v0.3.17
[INFO] [stderr]    Compiling proc-macro-error-attr v1.0.4
[INFO] [stderr]    Compiling once_cell v1.10.0
[INFO] [stderr]    Compiling futures-task v0.3.17
[INFO] [stderr]    Compiling serde_json v1.0.69
[INFO] [stderr]    Compiling futures-channel v0.3.17
[INFO] [stderr]    Compiling proc-macro-nested v0.1.7
[INFO] [stderr]    Compiling proc-macro-error v1.0.4
[INFO] [stderr]    Compiling futures-util v0.3.17
[INFO] [stderr]    Compiling pin-project-lite v0.2.7
[INFO] [stderr]    Compiling futures-sink v0.3.17
[INFO] [stderr]    Compiling itoa v0.4.8
[INFO] [stderr]    Compiling heck v0.3.3
[INFO] [stderr]    Compiling syn v2.0.9
[INFO] [stderr]    Compiling aho-corasick v0.7.18
[INFO] [stderr]    Compiling bstr v0.2.17
[INFO] [stderr]    Compiling futures-io v0.3.17
[INFO] [stderr]    Compiling fnv v1.0.7
[INFO] [stderr]    Compiling slab v0.4.5
[INFO] [stderr]    Compiling peg-runtime v0.6.3
[INFO] [stderr]    Compiling same-file v1.0.6
[INFO] [stderr]    Compiling pin-utils v0.1.0
[INFO] [stderr]    Compiling crossbeam-epoch v0.9.5
[INFO] [stderr]    Compiling console v0.15.0
[INFO] [stderr]    Compiling ahash v0.7.6
[INFO] [stderr]    Compiling thread_local v1.1.3
[INFO] [stderr]    Compiling inventory v0.1.11
[INFO] [stderr]    Compiling walkdir v2.3.2
[INFO] [stderr]    Compiling either v1.6.1
[INFO] [stderr]    Compiling async-trait v0.1.68
[INFO] [stderr]    Compiling itertools v0.10.1
[INFO] [stderr]    Compiling crossbeam-deque v0.8.1
[INFO] [stderr]    Compiling inferno v0.11.0
[INFO] [stderr]    Compiling clap v2.33.3
[INFO] [stderr]    Compiling crossbeam-queue v0.3.2
[INFO] [stderr]    Compiling crossbeam-channel v0.5.8
[INFO] [stderr]    Compiling peg-macros v0.6.3
[INFO] [stderr]    Compiling tokio v1.28.0
[INFO] [stderr]    Compiling textwrap v0.12.1
[INFO] [stderr]    Compiling inflections v1.1.1
[INFO] [stderr]    Compiling globset v0.4.8
[INFO] [stderr]    Compiling indicatif v0.16.2
[INFO] [stderr]    Compiling linked-hash-map v0.5.4
[INFO] [stderr]    Compiling approx v0.5.1
[INFO] [stderr]    Compiling crossbeam v0.8.2
[INFO] [stderr]    Compiling ignore v0.4.18
[INFO] [stderr]    Compiling globwalk v0.8.1
[INFO] [stderr]    Compiling peg v0.6.3
[INFO] [stderr]    Compiling tokio-macros v2.1.0
[INFO] [stderr]    Compiling thiserror-impl v1.0.30
[INFO] [stderr]    Compiling typed-builder v0.7.1
[INFO] [stderr]    Compiling ctor v0.1.21
[INFO] [stderr]    Compiling inventory-impl v0.1.11
[INFO] [stderr]    Compiling ghost v0.1.2
[INFO] [stderr]    Compiling structopt-derive v0.4.18
[INFO] [stderr]    Compiling derive_more v0.99.16
[INFO] [stderr]    Compiling sealed v0.3.0
[INFO] [stderr]    Compiling cucumber-codegen v0.10.2
[INFO] [stderr]    Compiling thiserror v1.0.30
[INFO] [stderr]    Compiling structopt v0.3.25
[INFO] [stderr]    Compiling pprof v0.11.1
[INFO] [stderr]    Compiling lab-raytracing-rs v0.0.0 (/opt/rustwide/workdir)
[INFO] [stderr]    Compiling futures-executor v0.3.17
[INFO] [stderr]    Compiling futures v0.3.17
[INFO] [stderr]    Compiling gherkin_rust v0.10.1
[INFO] [stderr]    Compiling cucumber v0.10.2
[INFO] [stdout] error[E0432]: unresolved import `pprof::protos`
[INFO] [stdout]   --> examples/refraction.rs:24:12
[INFO] [stdout]    |
[INFO] [stdout] 24 | use pprof::protos::Message;
[INFO] [stdout]    |            ^^^^^^ could not find `protos` in `pprof`
[INFO] [stdout] 
[INFO] [stdout] 
[INFO] [stdout] error[E0061]: this function takes 1 argument but 0 arguments were supplied
[INFO] [stdout]   --> examples/metallic.rs:74:23
[INFO] [stdout]    |
[INFO] [stdout] 74 |     let px = Box::new(Perlin::new());
[INFO] [stdout]    |                       ^^^^^^^^^^^-- an argument of type `u32` is missing
[INFO] [stdout]    |
[INFO] [stdout] note: associated function defined here
[INFO] [stdout]   --> /opt/rustwide/cargo-home/registry/src/index.crates.io-6f17d22bba15001f/noise-0.8.2/src/noise_fns/generators/perlin.rs:17:12
[INFO] [stdout]    |
[INFO] [stdout] 17 |     pub fn new(seed: u32) -> Self {
[INFO] [stdout]    |            ^^^
[INFO] [stdout] help: provide the argument
[INFO] [stdout]    |
[INFO] [stdout] 74 |     let px = Box::new(Perlin::new(/* u32 */));
[INFO] [stdout]    |                                  ~~~~~~~~~~~
[INFO] [stdout] 
[INFO] [stdout] 
[INFO] [stdout] error[E0061]: this function takes 1 argument but 0 arguments were supplied
[INFO] [stdout]   --> examples/metallic.rs:76:23
[INFO] [stdout]    |
[INFO] [stdout] 76 |     let py = Box::new(Perlin::new());
[INFO] [stdout]    |                       ^^^^^^^^^^^-- an argument of type `u32` is missing
[INFO] [stdout]    |
[INFO] [stdout] note: associated function defined here
[INFO] [stdout]   --> /opt/rustwide/cargo-home/registry/src/index.crates.io-6f17d22bba15001f/noise-0.8.2/src/noise_fns/generators/perlin.rs:17:12
[INFO] [stdout]    |
[INFO] [stdout] 17 |     pub fn new(seed: u32) -> Self {
[INFO] [stdout]    |            ^^^
[INFO] [stdout] help: provide the argument
[INFO] [stdout]    |
[INFO] [stdout] 76 |     let py = Box::new(Perlin::new(/* u32 */));
[INFO] [stdout]    |                                  ~~~~~~~~~~~
[INFO] [stdout] 
[INFO] [stdout] 
[INFO] [stdout] error[E0061]: this function takes 1 argument but 0 arguments were supplied
[INFO] [stdout]   --> examples/metallic.rs:78:23
[INFO] [stdout]    |
[INFO] [stdout] 78 |     let pz = Box::new(Perlin::new());
[INFO] [stdout]    |                       ^^^^^^^^^^^-- an argument of type `u32` is missing
[INFO] [stdout]    |
[INFO] [stdout] note: associated function defined here
[INFO] [stdout]   --> /opt/rustwide/cargo-home/registry/src/index.crates.io-6f17d22bba15001f/noise-0.8.2/src/noise_fns/generators/perlin.rs:17:12
[INFO] [stdout]    |
[INFO] [stdout] 17 |     pub fn new(seed: u32) -> Self {
[INFO] [stdout]    |            ^^^
[INFO] [stdout] help: provide the argument
[INFO] [stdout]    |
[INFO] [stdout] 78 |     let pz = Box::new(Perlin::new(/* u32 */));
[INFO] [stdout]    |                                  ~~~~~~~~~~~
[INFO] [stdout] 
[INFO] [stdout] 
[INFO] [stdout] error: aborting due to 3 previous errors
[INFO] [stdout] 
[INFO] [stdout] 
[INFO] [stdout] For more information about this error, try `rustc --explain E0061`.
[INFO] [stdout] 
[INFO] [stdout] error[E0061]: this function takes 1 argument but 0 arguments were supplied
[INFO] [stdout]   --> examples/reflections.rs:73:23
[INFO] [stdout]    |
[INFO] [stdout] 73 |     let px = Box::new(Perlin::new());
[INFO] [stdout]    |                       ^^^^^^^^^^^-- an argument of type `u32` is missing
[INFO] [stdout]    |
[INFO] [stdout] note: associated function defined here
[INFO] [stdout]   --> /opt/rustwide/cargo-home/registry/src/index.crates.io-6f17d22bba15001f/noise-0.8.2/src/noise_fns/generators/perlin.rs:17:12
[INFO] [stdout]    |
[INFO] [stdout] 17 |     pub fn new(seed: u32) -> Self {
[INFO] [stdout]    |            ^^^
[INFO] [stdout] help: provide the argument
[INFO] [stdout]    |
[INFO] [stdout] 73 |     let px = Box::new(Perlin::new(/* u32 */));
[INFO] [stdout]    |                                  ~~~~~~~~~~~
[INFO] [stdout] 
[INFO] [stdout] 
[INFO] [stdout] error[E0061]: this function takes 1 argument but 0 arguments were supplied
[INFO] [stdout]   --> examples/refraction.rs:86:23
[INFO] [stdout]    |
[INFO] [stdout] 86 |     let px = Box::new(Perlin::new());
[INFO] [stdout]    |                       ^^^^^^^^^^^-- an argument of type `u32` is missing
[INFO] [stdout]    |
[INFO] [stdout] note: associated function defined here
[INFO] [stdout]   --> /opt/rustwide/cargo-home/registry/src/index.crates.io-6f17d22bba15001f/noise-0.8.2/src/noise_fns/generators/perlin.rs:17:12
[INFO] [stdout]    |
[INFO] [stdout] 17 |     pub fn new(seed: u32) -> Self {
[INFO] [stdout]    |            ^^^
[INFO] [stdout] help: provide the argument
[INFO] [stdout]    |
[INFO] [stdout] 86 |     let px = Box::new(Perlin::new(/* u32 */));
[INFO] [stdout]    |                                  ~~~~~~~~~~~
[INFO] [stdout] 
[INFO] [stdout] 
[INFO] [stdout] error[E0061]: this function takes 1 argument but 0 arguments were supplied
[INFO] [stdout]   --> examples/reflections.rs:75:23
[INFO] [stdout]    |
[INFO] [stdout] 75 |     let py = Box::new(Perlin::new());
[INFO] [stdout]    |                       ^^^^^^^^^^^-- an argument of type `u32` is missing
[INFO] [stdout]    |
[INFO] [stdout] note: associated function defined here
[INFO] [stdout]   --> /opt/rustwide/cargo-home/registry/src/index.crates.io-6f17d22bba15001f/noise-0.8.2/src/noise_fns/generators/perlin.rs:17:12
[INFO] [stdout]    |
[INFO] [stdout] 17 |     pub fn new(seed: u32) -> Self {
[INFO] [stdout]    |            ^^^
[INFO] [stdout] help: provide the argument
[INFO] [stdout]    |
[INFO] [stdout] 75 |     let py = Box::new(Perlin::new(/* u32 */));
[INFO] [stdout]    |                                  ~~~~~~~~~~~
[INFO] [stdout] 
[INFO] [stdout] 
[INFO] [stdout] error[E0061]: this function takes 1 argument but 0 arguments were supplied
[INFO] [stdout]   --> examples/reflections.rs:77:23
[INFO] [stdout]    |
[INFO] [stdout] 77 |     let pz = Box::new(Perlin::new());
[INFO] [stdout]    |                       ^^^^^^^^^^^-- an argument of type `u32` is missing
[INFO] [stdout]    |
[INFO] [stdout] note: associated function defined here
[INFO] [stdout]   --> /opt/rustwide/cargo-home/registry/src/index.crates.io-6f17d22bba15001f/noise-0.8.2/src/noise_fns/generators/perlin.rs:17:12
[INFO] [stdout]    |
[INFO] [stdout] 17 |     pub fn new(seed: u32) -> Self {
[INFO] [stdout]    |            ^^^
[INFO] [stdout] help: provide the argument
[INFO] [stdout]    |
[INFO] [stdout] 77 |     let pz = Box::new(Perlin::new(/* u32 */));
[INFO] [stdout]    |                                  ~~~~~~~~~~~
[INFO] [stdout] 
[INFO] [stdout] 
[INFO] [stderr] error: could not compile `lab-raytracing-rs` (example "metallic") due to 4 previous errors
[INFO] [stderr] warning: build failed, waiting for other jobs to finish...
[INFO] [stdout] error[E0061]: this function takes 1 argument but 0 arguments were supplied
[INFO] [stdout]   --> examples/groups.rs:81:23
[INFO] [stdout]    |
[INFO] [stdout] 81 |     let px = Box::new(Perlin::new());
[INFO] [stdout]    |                       ^^^^^^^^^^^-- an argument of type `u32` is missing
[INFO] [stdout]    |
[INFO] [stdout] note: associated function defined here
[INFO] [stdout]   --> /opt/rustwide/cargo-home/registry/src/index.crates.io-6f17d22bba15001f/noise-0.8.2/src/noise_fns/generators/perlin.rs:17:12
[INFO] [stdout]    |
[INFO] [stdout] 17 |     pub fn new(seed: u32) -> Self {
[INFO] [stdout]    |            ^^^
[INFO] [stdout] help: provide the argument
[INFO] [stdout]    |
[INFO] [stdout] 81 |     let px = Box::new(Perlin::new(/* u32 */));
[INFO] [stdout]    |                                  ~~~~~~~~~~~
[INFO] [stdout] 
[INFO] [stdout] 
[INFO] [stdout] error[E0061]: this function takes 1 argument but 0 arguments were supplied
[INFO] [stdout]   --> examples/groups.rs:83:23
[INFO] [stdout]    |
[INFO] [stdout] 83 |     let py = Box::new(Perlin::new());
[INFO] [stdout]    |                       ^^^^^^^^^^^-- an argument of type `u32` is missing
[INFO] [stdout]    |
[INFO] [stdout] note: associated function defined here
[INFO] [stdout]   --> /opt/rustwide/cargo-home/registry/src/index.crates.io-6f17d22bba15001f/noise-0.8.2/src/noise_fns/generators/perlin.rs:17:12
[INFO] [stdout]    |
[INFO] [stdout] 17 |     pub fn new(seed: u32) -> Self {
[INFO] [stdout]    |            ^^^
[INFO] [stdout] help: provide the argument
[INFO] [stdout]    |
[INFO] [stdout] 83 |     let py = Box::new(Perlin::new(/* u32 */));
[INFO] [stdout]    |                                  ~~~~~~~~~~~
[INFO] [stdout] 
[INFO] [stdout] 
[INFO] [stdout] error: aborting due to 3 previous errors
[INFO] [stdout] 
[INFO] [stdout] 
[INFO] [stdout] For more information about this error, try `rustc --explain E0061`.
[INFO] [stdout] 
[INFO] [stdout] error[E0061]: this function takes 1 argument but 0 arguments were supplied
[INFO] [stdout]   --> examples/groups.rs:85:23
[INFO] [stdout]    |
[INFO] [stdout] 85 |     let pz = Box::new(Perlin::new());
[INFO] [stdout]    |                       ^^^^^^^^^^^-- an argument of type `u32` is missing
[INFO] [stdout]    |
[INFO] [stdout] note: associated function defined here
[INFO] [stdout]   --> /opt/rustwide/cargo-home/registry/src/index.crates.io-6f17d22bba15001f/noise-0.8.2/src/noise_fns/generators/perlin.rs:17:12
[INFO] [stdout]    |
[INFO] [stdout] 17 |     pub fn new(seed: u32) -> Self {
[INFO] [stdout]    |            ^^^
[INFO] [stdout] help: provide the argument
[INFO] [stdout]    |
[INFO] [stdout] 85 |     let pz = Box::new(Perlin::new(/* u32 */));
[INFO] [stdout]    |                                  ~~~~~~~~~~~
[INFO] [stdout] 
[INFO] [stdout] 
[INFO] [stderr] error: could not compile `lab-raytracing-rs` (example "reflections") due to 4 previous errors
[INFO] [stdout] error: aborting due to 3 previous errors
[INFO] [stdout] 
[INFO] [stdout] 
[INFO] [stdout] For more information about this error, try `rustc --explain E0061`.
[INFO] [stdout] 
[INFO] [stdout] error[E0061]: this function takes 1 argument but 0 arguments were supplied
[INFO] [stdout]   --> examples/refraction.rs:88:23
[INFO] [stdout]    |
[INFO] [stdout] 88 |     let py = Box::new(Perlin::new());
[INFO] [stdout]    |                       ^^^^^^^^^^^-- an argument of type `u32` is missing
[INFO] [stdout]    |
[INFO] [stdout] note: associated function defined here
[INFO] [stdout]   --> /opt/rustwide/cargo-home/registry/src/index.crates.io-6f17d22bba15001f/noise-0.8.2/src/noise_fns/generators/perlin.rs:17:12
[INFO] [stdout]    |
[INFO] [stdout] 17 |     pub fn new(seed: u32) -> Self {
[INFO] [stdout]    |            ^^^
[INFO] [stdout] help: provide the argument
[INFO] [stdout]    |
[INFO] [stdout] 88 |     let py = Box::new(Perlin::new(/* u32 */));
[INFO] [stdout]    |                                  ~~~~~~~~~~~
[INFO] [stdout] 
[INFO] [stdout] 
[INFO] [stdout] error[E0061]: this function takes 1 argument but 0 arguments were supplied
[INFO] [stdout]   --> examples/refraction.rs:90:23
[INFO] [stdout]    |
[INFO] [stdout] 90 |     let pz = Box::new(Perlin::new());
[INFO] [stdout]    |                       ^^^^^^^^^^^-- an argument of type `u32` is missing
[INFO] [stdout]    |
[INFO] [stdout] note: associated function defined here
[INFO] [stdout]   --> /opt/rustwide/cargo-home/registry/src/index.crates.io-6f17d22bba15001f/noise-0.8.2/src/noise_fns/generators/perlin.rs:17:12
[INFO] [stdout]    |
[INFO] [stdout] 17 |     pub fn new(seed: u32) -> Self {
[INFO] [stdout]    |            ^^^
[INFO] [stdout] help: provide the argument
[INFO] [stdout]    |
[INFO] [stdout] 90 |     let pz = Box::new(Perlin::new(/* u32 */));
[INFO] [stdout]    |                                  ~~~~~~~~~~~
[INFO] [stdout] 
[INFO] [stdout] 
[INFO] [stderr] error: could not compile `lab-raytracing-rs` (example "groups") due to 4 previous errors
[INFO] [stdout] error[E0432]: unresolved import `pprof::protos`
[INFO] [stdout]   --> examples/cylinders-cones.rs:12:12
[INFO] [stdout]    |
[INFO] [stdout] 12 | use pprof::protos::Message;
[INFO] [stdout]    |            ^^^^^^ could not find `protos` in `pprof`
[INFO] [stdout] 
[INFO] [stdout] 
[INFO] [stdout] error[E0432]: unresolved import `pprof::protos`
[INFO] [stdout]   --> examples/cubes.rs:12:12
[INFO] [stdout]    |
[INFO] [stdout] 12 | use pprof::protos::Message;
[INFO] [stdout]    |            ^^^^^^ could not find `protos` in `pprof`
[INFO] [stdout] 
[INFO] [stdout] 
[INFO] [stdout] error[E0599]: no method named `pprof` found for struct `pprof::Report` in the current scope
[INFO] [stdout]    --> examples/refraction.rs:133:30
[INFO] [stdout]     |
[INFO] [stdout] 133 |         let profile = report.pprof().unwrap();
[INFO] [stdout]     |                              ^^^^^ method not found in `Report`
[INFO] [stdout] 
[INFO] [stdout] 
[INFO] [stdout] error[E0599]: no method named `pprof` found for struct `pprof::Report` in the current scope
[INFO] [stdout]   --> examples/cylinders-cones.rs:61:30
[INFO] [stdout]    |
[INFO] [stdout] 61 |         let profile = report.pprof().unwrap();
[INFO] [stdout]    |                              ^^^^^ method not found in `Report`
[INFO] [stdout] 
[INFO] [stdout] 
[INFO] [stdout] error[E0599]: no method named `pprof` found for struct `pprof::Report` in the current scope
[INFO] [stdout]   --> examples/cubes.rs:99:30
[INFO] [stdout]    |
[INFO] [stdout] 99 |         let profile = report.pprof().unwrap();
[INFO] [stdout]    |                              ^^^^^ method not found in `Report`
[INFO] [stdout] 
[INFO] [stdout] 
[INFO] [stdout] error: aborting due to 2 previous errors
[INFO] [stdout] 
[INFO] [stdout] 
[INFO] [stdout] error: aborting due to 2 previous errors
[INFO] [stdout] 
[INFO] [stdout] 
[INFO] [stdout] Some errors have detailed explanations: E0432, E0599.
[INFO] [stdout] 
[INFO] [stdout] Some errors have detailed explanations: E0432, E0599.
[INFO] [stdout] 
[INFO] [stdout] For more information about an error, try `rustc --explain E0432`.
[INFO] [stdout] 
[INFO] [stdout] For more information about an error, try `rustc --explain E0432`.
[INFO] [stdout] 
[INFO] [stdout] error: aborting due to 5 previous errors
[INFO] [stdout] 
[INFO] [stdout] 
[INFO] [stdout] Some errors have detailed explanations: E0061, E0432, E0599.
[INFO] [stdout] 
[INFO] [stdout] For more information about an error, try `rustc --explain E0061`.
[INFO] [stdout] 
[INFO] [stderr] error: could not compile `lab-raytracing-rs` (example "cylinders-cones") due to 3 previous errors
[INFO] [stderr] error: could not compile `lab-raytracing-rs` (example "refraction") due to 6 previous errors
[INFO] [stderr] error: could not compile `lab-raytracing-rs` (example "cubes") due to 3 previous errors
[INFO] running `Command { std: "docker" "inspect" "601bef47e922c4fcd3c088e0c0e0d13ab4fe10efc18cd48e9bdebcb095e4bebc", kill_on_drop: false }`
[INFO] running `Command { std: "docker" "rm" "-f" "601bef47e922c4fcd3c088e0c0e0d13ab4fe10efc18cd48e9bdebcb095e4bebc", kill_on_drop: false }`
[INFO] [stdout] 601bef47e922c4fcd3c088e0c0e0d13ab4fe10efc18cd48e9bdebcb095e4bebc
