[INFO] cloning repository https://github.com/d-mv/rust-blog-actix
[INFO] running `Command { std: "git" "-c" "credential.helper=" "-c" "credential.helper=/workspace/cargo-home/bin/git-credential-null" "clone" "--bare" "https://github.com/d-mv/rust-blog-actix" "/workspace/cache/git-repos/https%3A%2F%2Fgithub.com%2Fd-mv%2Frust-blog-actix", kill_on_drop: false }`
[INFO] [stderr] Cloning into bare repository '/workspace/cache/git-repos/https%3A%2F%2Fgithub.com%2Fd-mv%2Frust-blog-actix'...
[INFO] running `Command { std: "git" "rev-parse" "HEAD", kill_on_drop: false }`
[INFO] [stdout] 4e32b596977f9222bb5e2f3d4714165316662557
[INFO] testing d-mv/rust-blog-actix against 1.69.0 for beta-1.70-1
[INFO] running `Command { std: "git" "clone" "/workspace/cache/git-repos/https%3A%2F%2Fgithub.com%2Fd-mv%2Frust-blog-actix" "/workspace/builds/worker-1-tc1/source", kill_on_drop: false }`
[INFO] [stderr] Cloning into '/workspace/builds/worker-1-tc1/source'...
[INFO] [stderr] done.
[INFO] validating manifest of git repo https://github.com/d-mv/rust-blog-actix on toolchain 1.69.0
[INFO] running `Command { std: CARGO_HOME="/workspace/cargo-home" RUSTUP_HOME="/workspace/rustup-home" "/workspace/cargo-home/bin/cargo" "+1.69.0" "metadata" "--manifest-path" "Cargo.toml" "--no-deps", kill_on_drop: false }`
[INFO] started tweaking git repo https://github.com/d-mv/rust-blog-actix
[INFO] finished tweaking git repo https://github.com/d-mv/rust-blog-actix
[INFO] tweaked toml for git repo https://github.com/d-mv/rust-blog-actix written to /workspace/builds/worker-1-tc1/source/Cargo.toml
[INFO] crate git repo https://github.com/d-mv/rust-blog-actix already has a lockfile, it will not be regenerated
[INFO] running `Command { std: CARGO_HOME="/workspace/cargo-home" RUSTUP_HOME="/workspace/rustup-home" "/workspace/cargo-home/bin/cargo" "+1.69.0" "fetch" "--manifest-path" "Cargo.toml", kill_on_drop: false }`
[INFO] running `Command { std: "docker" "create" "-v" "/var/lib/crater-agent-workspace/builds/worker-1-tc1/target:/opt/rustwide/target:rw,Z" "-v" "/var/lib/crater-agent-workspace/builds/worker-1-tc1/source:/opt/rustwide/workdir:ro,Z" "-v" "/var/lib/crater-agent-workspace/cargo-home:/opt/rustwide/cargo-home:ro,Z" "-v" "/var/lib/crater-agent-workspace/rustup-home:/opt/rustwide/rustup-home:ro,Z" "-e" "SOURCE_DIR=/opt/rustwide/workdir" "-e" "CARGO_TARGET_DIR=/opt/rustwide/target" "-e" "CARGO_HOME=/opt/rustwide/cargo-home" "-e" "RUSTUP_HOME=/opt/rustwide/rustup-home" "-w" "/opt/rustwide/workdir" "-m" "1610612736" "--user" "0:0" "--network" "none" "ghcr.io/rust-lang/crates-build-env/linux@sha256:5ff2268d62e97bff2cde7d5815dd6ed5b47097566f13b8d0ca110b04b60e07ed" "/opt/rustwide/cargo-home/bin/cargo" "+1.69.0" "metadata" "--no-deps" "--format-version=1", kill_on_drop: false }`
[INFO] [stdout] e7b34388b524c92cb9e5df78c46782ff6228dd06baf2a77cadd8422e81e46dff
[INFO] running `Command { std: "docker" "start" "-a" "e7b34388b524c92cb9e5df78c46782ff6228dd06baf2a77cadd8422e81e46dff", kill_on_drop: false }`
[INFO] running `Command { std: "docker" "inspect" "e7b34388b524c92cb9e5df78c46782ff6228dd06baf2a77cadd8422e81e46dff", kill_on_drop: false }`
[INFO] running `Command { std: "docker" "rm" "-f" "e7b34388b524c92cb9e5df78c46782ff6228dd06baf2a77cadd8422e81e46dff", kill_on_drop: false }`
[INFO] [stdout] e7b34388b524c92cb9e5df78c46782ff6228dd06baf2a77cadd8422e81e46dff
[INFO] running `Command { std: "docker" "create" "-v" "/var/lib/crater-agent-workspace/builds/worker-1-tc1/target:/opt/rustwide/target:rw,Z" "-v" "/var/lib/crater-agent-workspace/builds/worker-1-tc1/source:/opt/rustwide/workdir:ro,Z" "-v" "/var/lib/crater-agent-workspace/cargo-home:/opt/rustwide/cargo-home:ro,Z" "-v" "/var/lib/crater-agent-workspace/rustup-home:/opt/rustwide/rustup-home:ro,Z" "-e" "SOURCE_DIR=/opt/rustwide/workdir" "-e" "CARGO_TARGET_DIR=/opt/rustwide/target" "-e" "CARGO_INCREMENTAL=0" "-e" "RUST_BACKTRACE=full" "-e" "RUSTFLAGS=--cap-lints=warn" "-e" "RUSTDOCFLAGS=--cap-lints=warn" "-e" "CARGO_HOME=/opt/rustwide/cargo-home" "-e" "RUSTUP_HOME=/opt/rustwide/rustup-home" "-w" "/opt/rustwide/workdir" "-m" "1610612736" "--user" "0:0" "--network" "none" "ghcr.io/rust-lang/crates-build-env/linux@sha256:5ff2268d62e97bff2cde7d5815dd6ed5b47097566f13b8d0ca110b04b60e07ed" "/opt/rustwide/cargo-home/bin/cargo" "+1.69.0" "build" "--frozen" "--message-format=json", kill_on_drop: false }`
[INFO] [stdout] 5ce1c9a95de0a6d3aa21db71310396d421718f5a7be7f27e5fcd81943aec8615
[INFO] running `Command { std: "docker" "start" "-a" "5ce1c9a95de0a6d3aa21db71310396d421718f5a7be7f27e5fcd81943aec8615", kill_on_drop: false }`
[INFO] [stderr]    Compiling libc v0.2.102
[INFO] [stderr]    Compiling log v0.4.14
[INFO] [stderr]    Compiling futures v0.1.31
[INFO] [stderr]    Compiling byteorder v1.4.3
[INFO] [stderr]    Compiling memchr v2.4.1
[INFO] [stderr]    Compiling semver-parser v0.7.0
[INFO] [stderr]    Compiling proc-macro2 v1.0.29
[INFO] [stderr]    Compiling unicode-xid v0.2.2
[INFO] [stderr]    Compiling cc v1.0.70
[INFO] [stderr]    Compiling maybe-uninit v2.0.0
[INFO] [stderr]    Compiling slab v0.4.4
[INFO] [stderr]    Compiling crossbeam-utils v0.7.2
[INFO] [stderr]    Compiling syn v1.0.76
[INFO] [stderr]    Compiling autocfg v0.1.7
[INFO] [stderr]    Compiling fnv v1.0.7
[INFO] [stderr]    Compiling lock_api v0.3.4
[INFO] [stderr]    Compiling rand_core v0.4.2
[INFO] [stderr]    Compiling tinyvec_macros v0.1.0
[INFO] [stderr]    Compiling tinyvec v1.4.0
[INFO] [stderr]    Compiling semver v0.9.0
[INFO] [stderr]    Compiling miniz_oxide v0.4.4
[INFO] [stderr]    Compiling matches v0.1.9
[INFO] [stderr]    Compiling regex-syntax v0.6.25
[INFO] [stderr]    Compiling rand_core v0.3.1
[INFO] [stderr]    Compiling adler v1.0.2
[INFO] [stderr]    Compiling unicode-bidi v0.3.6
[INFO] [stderr]    Compiling rustc_version v0.2.3
[INFO] [stderr]    Compiling gimli v0.25.0
[INFO] [stderr]    Compiling smallvec v0.6.14
[INFO] [stderr]    Compiling crunchy v0.2.2
[INFO] [stderr]    Compiling rustc-demangle v0.1.21
[INFO] [stderr]    Compiling rand_chacha v0.1.1
[INFO] [stderr]    Compiling rand_pcg v0.1.2
[INFO] [stderr]    Compiling parking_lot_core v0.6.2
[INFO] [stderr]    Compiling parking_lot v0.9.0
[INFO] [stderr]    Compiling aho-corasick v0.7.18
[INFO] [stderr]    Compiling quote v1.0.9
[INFO] [stderr]    Compiling object v0.26.2
[INFO] [stderr]    Compiling iovec v0.1.4
[INFO] [stderr]    Compiling net2 v0.2.37
[INFO] [stderr]    Compiling bytes v0.4.12
[INFO] [stderr]    Compiling num_cpus v1.13.0
[INFO] [stderr]    Compiling backtrace v0.3.61
[INFO] [stderr]    Compiling tokio-executor v0.1.10
[INFO] [stderr]    Compiling tokio-sync v0.1.8
[INFO] [stderr]    Compiling unicode-normalization v0.1.19
[INFO] [stderr]    Compiling mio v0.6.23
[INFO] [stderr]    Compiling tokio-timer v0.2.13
[INFO] [stderr]    Compiling tokio-io v0.1.13
[INFO] [stderr]    Compiling serde_derive v1.0.130
[INFO] [stderr]    Compiling itoa v0.4.8
[INFO] [stderr]    Compiling failure_derive v0.1.8
[INFO] [stderr]    Compiling tiny-keccak v2.0.2
[INFO] [stderr]    Compiling proc-macro-hack v0.5.19
[INFO] [stderr]    Compiling tokio-current-thread v0.1.7
[INFO] [stderr]    Compiling tokio-codec v0.1.2
[INFO] [stderr]    Compiling threadpool v1.8.1
[INFO] [stderr]    Compiling tokio-reactor v0.1.12
[INFO] [stderr]    Compiling rand v0.6.5
[INFO] [stderr]    Compiling serde v1.0.130
[INFO] [stderr]    Compiling getrandom v0.1.16
[INFO] [stderr]    Compiling quick-error v1.2.3
[INFO] [stderr]    Compiling regex v1.5.4
[INFO] [stderr]    Compiling tokio-tcp v0.1.4
[INFO] [stderr]    Compiling idna v0.1.5
[INFO] [stderr]    Compiling actix-service v0.4.2
[INFO] [stderr]    Compiling getrandom v0.2.3
[INFO] [stderr]    Compiling rand_os v0.1.3
[INFO] [stderr]    Compiling rand_xorshift v0.1.1
[INFO] [stderr]    Compiling rand_isaac v0.1.1
[INFO] [stderr]    Compiling rand_hc v0.1.0
[INFO] [stderr]    Compiling rand_jitter v0.1.4
[INFO] [stderr]    Compiling addr2line v0.16.0
[INFO] [stderr]    Compiling num-traits v0.2.14
[INFO] [stderr]    Compiling copyless v0.1.5
[INFO] [stderr]    Compiling percent-encoding v1.0.1
[INFO] [stderr]    Compiling match_cfg v0.1.0
[INFO] [stderr]    Compiling tokio-udp v0.1.6
[INFO] [stderr]    Compiling http v0.1.21
[INFO] [stderr]    Compiling brotli-sys v0.3.2
[INFO] [stderr]    Compiling url v1.7.2
[INFO] [stderr]    Compiling hostname v0.3.1
[INFO] [stderr]    Compiling miniz-sys v0.1.12
[INFO] [stderr]    Compiling socket2 v0.3.19
[INFO] [stderr]    Compiling enum-as-inner v0.2.1
[INFO] [stderr]    Compiling indexmap v1.7.0
[INFO] [stderr]    Compiling num-integer v0.1.44
[INFO] [stderr]    Compiling crc32fast v1.2.1
[INFO] [stderr]    Compiling percent-encoding v2.1.0
[INFO] [stderr]    Compiling const-random-macro v0.1.13
[INFO] [stderr]    Compiling parking_lot_core v0.8.5
[INFO] [stderr]    Compiling linked-hash-map v0.5.4
[INFO] [stderr]    Compiling ryu v1.0.5
[INFO] [stderr]    Compiling lru-cache v0.1.2
[INFO] [stderr]    Compiling form_urlencoded v1.0.1
[INFO] [stderr]    Compiling resolv-conf v0.6.3
[INFO] [stderr]    Compiling rand_core v0.5.1
[INFO] [stderr]    Compiling actix-server-config v0.1.2
[INFO] [stderr]    Compiling const-random v0.1.13
[INFO] [stderr]    Compiling actix-codec v0.1.2
[INFO] [stderr]    Compiling idna v0.2.3
[INFO] [stderr]    Compiling string v0.2.1
[INFO] [stderr]    Compiling hashbrown v0.6.3
[INFO] [stderr]    Compiling instant v0.1.10
[INFO] [stderr]    Compiling smallvec v1.6.1
[INFO] [stderr]    Compiling httparse v1.5.1
[INFO] [stderr]    Compiling either v1.6.1
[INFO] [stderr]    Compiling encoding_rs v0.8.28
[INFO] [stderr]    Compiling hashbrown v0.11.2
[INFO] [stderr]    Compiling serde_json v1.0.68
[INFO] [stderr]    Compiling actix-utils v0.4.7
[INFO] [stderr]    Compiling rand_chacha v0.2.2
[INFO] [stderr]    Compiling ahash v0.2.19
[INFO] [stderr]    Compiling url v2.2.2
[INFO] [stderr]    Compiling mio-uds v0.6.8
[INFO] [stderr]    Compiling signal-hook-registry v1.4.0
[INFO] [stderr]    Compiling time v0.1.44
[INFO] [stderr]    Compiling lock_api v0.4.5
[INFO] [stderr]    Compiling dtoa v0.4.8
[INFO] [stderr]    Compiling unicode-xid v0.0.4
[INFO] [stderr]    Compiling pkg-config v0.3.19
[INFO] [stderr]    Compiling tokio-signal v0.2.9
[INFO] [stderr]    Compiling parking_lot v0.11.2
[INFO] [stderr]    Compiling synom v0.11.3
[INFO] [stderr]    Compiling flate2 v1.0.22
[INFO] [stderr]    Compiling chrono v0.4.19
[INFO] [stderr]    Compiling h2 v0.1.26
[INFO] [stderr]    Compiling rand v0.7.3
[INFO] [stderr]    Compiling base64 v0.10.1
[INFO] [stderr]    Compiling libsqlite3-sys v0.22.2
[INFO] [stderr]    Compiling synstructure v0.12.5
[INFO] [stderr]    Compiling regex v0.2.11
[INFO] [stderr]    Compiling sha1 v0.6.0
[INFO] [stderr]    Compiling ucd-util v0.1.8
[INFO] [stderr]    Compiling quote v0.3.15
[INFO] [stderr]    Compiling mime v0.3.16
[INFO] [stderr]    Compiling bitflags v1.3.2
[INFO] [stderr]    Compiling language-tags v0.2.2
[INFO] [stderr]    Compiling syn v0.11.11
[INFO] [stderr]    Compiling regex-syntax v0.5.6
[INFO] [stderr]    Compiling scheduled-thread-pool v0.2.5
[INFO] [stderr]    Compiling aho-corasick v0.6.10
[INFO] [stderr]    Compiling thread_local v0.3.6
[INFO] [stderr]    Compiling utf8-ranges v1.0.4
[INFO] [stderr]    Compiling r2d2 v0.8.9
[INFO] [stderr]    Compiling error-chain v0.10.0
[INFO] [stderr]    Compiling humantime v1.3.0
[INFO] [stderr]    Compiling atty v0.2.14
[INFO] [stderr]    Compiling termcolor v1.1.2
[INFO] [stderr]    Compiling env_logger v0.6.2
[INFO] [stderr]    Compiling derive_more v0.15.0
[INFO] [stderr]    Compiling actix-web-codegen v0.1.3
[INFO] [stderr]    Compiling diesel_derives v1.4.1
[INFO] [stderr]    Compiling failure v0.1.8
[INFO] [stderr]    Compiling derive-error-chain v0.10.1
[INFO] [stderr]    Compiling trust-dns-proto v0.7.4
[INFO] [stderr]    Compiling brotli2 v0.3.2
[INFO] [stderr]    Compiling dotenv v0.10.1
[INFO] [stderr]    Compiling actix-threadpool v0.1.2
[INFO] [stderr]    Compiling actix-rt v0.2.6
[INFO] [stderr]    Compiling actix-server v0.6.1
[INFO] [stderr]    Compiling trust-dns-resolver v0.11.1
[INFO] [stderr]    Compiling actix-testing v0.1.0
[INFO] [stderr]    Compiling diesel v1.4.7
[INFO] [stderr]    Compiling actix-connect v0.2.5
[INFO] [stderr]    Compiling serde_urlencoded v0.6.1
[INFO] [stderr]    Compiling actix-router v0.1.5
[INFO] [stderr]    Compiling actix-http v0.2.11
[INFO] [stderr]    Compiling awc v0.2.8
[INFO] [stderr]    Compiling actix-web v1.0.9
[INFO] [stderr]    Compiling blog-actix v0.1.0 (/opt/rustwide/workdir)
[INFO] [stdout] error: expected pattern, found `.`
[INFO] [stdout]   --> src/models.rs:38:4
[INFO] [stdout]    |
[INFO] [stdout] 38 |             .map_error(AppError::from),
[INFO] [stdout]    |             ^ expected pattern
[INFO] [stdout] 
[INFO] [stdout] 
[INFO] [stdout] error[E0425]: cannot find value `configure` in module `routes::users`
[INFO] [stdout]   --> src/lib.rs:37:31
[INFO] [stdout]    |
[INFO] [stdout] 37 |                 .configure(routes::users::configure)
[INFO] [stdout]    |                                           ^^^^^^^^^ not found in `routes::users`
[INFO] [stdout] 
[INFO] [stdout] 
[INFO] [stdout] error[E0308]: mismatched types
[INFO] [stdout]   --> src/models.rs:34:30
[INFO] [stdout]    |
[INFO] [stdout] 32 |   pub fn find_user<'a>(conn: &SqliteConnection, key: UserKey<'a>) -> Result<User> {
[INFO] [stdout]    |                                                                      ------------ expected `std::result::Result<User, AppError>` because of return type
[INFO] [stdout] 33 |       match key {
[INFO] [stdout] 34 |           UserKey::Username(name) => users::table
[INFO] [stdout]    |  ____________________________________^
[INFO] [stdout] 35 | |             .filter(users::username.eq(name))
[INFO] [stdout] 36 | |             .select((users::id, users::username))
[INFO] [stdout] 37 | |             .first::<User>(conn),
[INFO] [stdout]    | |________________________________^ expected `Result<User, AppError>`, found `Result<User, Error>`
[INFO] [stdout]    |
[INFO] [stdout]    = note: expected enum `std::result::Result<_, AppError>`
[INFO] [stdout]               found enum `std::result::Result<_, diesel::result::Error>`
[INFO] [stdout] help: use `?` to coerce and return an appropriate `Err`, and wrap the resulting value in `Ok` so the expression remains of type `Result`
[INFO] [stdout]    |
[INFO] [stdout] 34 ~         UserKey::Username(name) => Ok(users::table
[INFO] [stdout] 35 |             .filter(users::username.eq(name))
[INFO] [stdout] 36 |             .select((users::id, users::username))
[INFO] [stdout] 37 ~             .first::<User>(conn)?),
[INFO] [stdout]    |
[INFO] [stdout] 
[INFO] [stdout] 
[INFO] [stdout] error[E0599]: no method named `run` found for enum `Result` in the current scope
[INFO] [stdout]    --> src/lib.rs:40:4
[INFO] [stdout]     |
[INFO] [stdout] 33  | /         HttpServer::new(move || {
[INFO] [stdout] 34  | |             App::new()
[INFO] [stdout] 35  | |                 .data(pool.clone())
[INFO] [stdout] 36  | |                 .wrap(middleware::Logger::default())
[INFO] [stdout] ...   |
[INFO] [stdout] 39  | |         .bind(("127.0.0.1", self.port))
[INFO] [stdout] 40  | |         .run()
[INFO] [stdout]     | |         -^^^ method not found in `Result<HttpServer<[closure@lib.rs:33:19], App<..., ...>, ..., ...>, ...>`
[INFO] [stdout]     | |_________|
[INFO] [stdout]     | 
[INFO] [stdout]     |
[INFO] [stdout]     = note: the full type name has been written to '/opt/rustwide/target/debug/deps/blog_actix-95463fc97e77adf7.long-type-5274879351978317382.txt'
[INFO] [stdout] note: the method `run` exists on the type `HttpServer<[closure@src/lib.rs:33:19: 33:26], App<impl actix_service::NewService<Config = (), Request = ServiceRequest, Response = ServiceResponse<middleware::logger::StreamLog<actix_web::dev::Body>>, Error = actix_web::Error, InitError = ()>, middleware::logger::StreamLog<actix_web::dev::Body>>, actix_web::app_service::AppInit<impl actix_service::NewService<Config = (), Request = ServiceRequest, Response = ServiceResponse<middleware::logger::StreamLog<actix_web::dev::Body>>, Error = actix_web::Error, InitError = ()>, middleware::logger::StreamLog<actix_web::dev::Body>>, middleware::logger::StreamLog<actix_web::dev::Body>>`
[INFO] [stdout]    --> /opt/rustwide/cargo-home/registry/src/github.com-1ecc6299db9ec823/actix-web-1.0.9/src/server.rs:560:5
[INFO] [stdout]     |
[INFO] [stdout] 560 |     pub fn run(self) -> io::Result<()> {
[INFO] [stdout]     |     ^^^^^^^^^^^^^^^^^^^^^^^^^^^^^^^^^^
[INFO] [stdout] help: use the `?` operator to extract the `HttpServer<[closure@src/lib.rs:33:19: 33:26], App<impl actix_service::NewService<Config = (), Request = ServiceRequest, Response = ServiceResponse<middleware::logger::StreamLog<actix_web::dev::Body>>, Error = actix_web::Error, InitError = ()>, middleware::logger::StreamLog<actix_web::dev::Body>>, actix_web::app_service::AppInit<impl actix_service::NewService<Config = (), Request = ServiceRequest, Response = ServiceResponse<middleware::logger::StreamLog<actix_web::dev::Body>>, Error = actix_web::Error, InitError = ()>, middleware::logger::StreamLog<actix_web::dev::Body>>, middleware::logger::StreamLog<actix_web::dev::Body>>` value, propagating a `Result::Err` value to the caller
[INFO] [stdout]     |
[INFO] [stdout] 39  |         .bind(("127.0.0.1", self.port))?
[INFO] [stdout]     |                                        +
[INFO] [stdout] 
[INFO] [stdout] 
[INFO] [stdout] error: aborting due to 4 previous errors
[INFO] [stdout] 
[INFO] [stdout] 
[INFO] [stdout] Some errors have detailed explanations: E0308, E0425, E0599.
[INFO] [stdout] 
[INFO] [stdout] For more information about an error, try `rustc --explain E0308`.
[INFO] [stdout] 
[INFO] [stderr] error: could not compile `blog-actix` due to 5 previous errors
[INFO] [stderr] warning: build failed, waiting for other jobs to finish...
[INFO] running `Command { std: "docker" "inspect" "5ce1c9a95de0a6d3aa21db71310396d421718f5a7be7f27e5fcd81943aec8615", kill_on_drop: false }`
[INFO] running `Command { std: "docker" "rm" "-f" "5ce1c9a95de0a6d3aa21db71310396d421718f5a7be7f27e5fcd81943aec8615", kill_on_drop: false }`
[INFO] [stdout] 5ce1c9a95de0a6d3aa21db71310396d421718f5a7be7f27e5fcd81943aec8615
