[INFO] cloning repository https://github.com/cwbriones/simple-server
[INFO] running `Command { std: "git" "-c" "credential.helper=" "-c" "credential.helper=/workspace/cargo-home/bin/git-credential-null" "clone" "--bare" "https://github.com/cwbriones/simple-server" "/workspace/cache/git-repos/https%3A%2F%2Fgithub.com%2Fcwbriones%2Fsimple-server", kill_on_drop: false }`
[INFO] [stderr] Cloning into bare repository '/workspace/cache/git-repos/https%3A%2F%2Fgithub.com%2Fcwbriones%2Fsimple-server'...
[INFO] running `Command { std: "git" "rev-parse" "HEAD", kill_on_drop: false }`
[INFO] [stdout] c2106e5f11a7a41bf2d72d846f086c09ba6d1563
[INFO] testing cwbriones/simple-server against 1.69.0 for beta-1.70-1
[INFO] running `Command { std: "git" "clone" "/workspace/cache/git-repos/https%3A%2F%2Fgithub.com%2Fcwbriones%2Fsimple-server" "/workspace/builds/worker-1-tc1/source", kill_on_drop: false }`
[INFO] [stderr] Cloning into '/workspace/builds/worker-1-tc1/source'...
[INFO] [stderr] done.
[INFO] validating manifest of git repo https://github.com/cwbriones/simple-server on toolchain 1.69.0
[INFO] running `Command { std: CARGO_HOME="/workspace/cargo-home" RUSTUP_HOME="/workspace/rustup-home" "/workspace/cargo-home/bin/cargo" "+1.69.0" "metadata" "--manifest-path" "Cargo.toml" "--no-deps", kill_on_drop: false }`
[INFO] started tweaking git repo https://github.com/cwbriones/simple-server
[INFO] finished tweaking git repo https://github.com/cwbriones/simple-server
[INFO] tweaked toml for git repo https://github.com/cwbriones/simple-server written to /workspace/builds/worker-1-tc1/source/Cargo.toml
[INFO] crate git repo https://github.com/cwbriones/simple-server already has a lockfile, it will not be regenerated
[INFO] running `Command { std: CARGO_HOME="/workspace/cargo-home" RUSTUP_HOME="/workspace/rustup-home" "/workspace/cargo-home/bin/cargo" "+1.69.0" "fetch" "--manifest-path" "Cargo.toml", kill_on_drop: false }`
[INFO] [stderr]  Downloading crates ...
[INFO] [stderr]   Downloaded futures-cpupool v0.1.6
[INFO] [stderr]   Downloaded cc v1.0.0
[INFO] [stderr]   Downloaded pretty_env_logger v0.1.1
[INFO] [stderr]   Downloaded mime v0.3.4
[INFO] [stderr]   Downloaded futures-fs v0.0.3
[INFO] running `Command { std: "docker" "create" "-v" "/var/lib/crater-agent-workspace/builds/worker-1-tc1/target:/opt/rustwide/target:rw,Z" "-v" "/var/lib/crater-agent-workspace/builds/worker-1-tc1/source:/opt/rustwide/workdir:ro,Z" "-v" "/var/lib/crater-agent-workspace/cargo-home:/opt/rustwide/cargo-home:ro,Z" "-v" "/var/lib/crater-agent-workspace/rustup-home:/opt/rustwide/rustup-home:ro,Z" "-e" "SOURCE_DIR=/opt/rustwide/workdir" "-e" "CARGO_TARGET_DIR=/opt/rustwide/target" "-e" "CARGO_HOME=/opt/rustwide/cargo-home" "-e" "RUSTUP_HOME=/opt/rustwide/rustup-home" "-w" "/opt/rustwide/workdir" "-m" "1610612736" "--user" "0:0" "--network" "none" "ghcr.io/rust-lang/crates-build-env/linux@sha256:5ff2268d62e97bff2cde7d5815dd6ed5b47097566f13b8d0ca110b04b60e07ed" "/opt/rustwide/cargo-home/bin/cargo" "+1.69.0" "metadata" "--no-deps" "--format-version=1", kill_on_drop: false }`
[INFO] [stdout] 00c4e12cdb2e271ada454769536832c54ef6540581b345dcbd8067dea41a5d75
[INFO] running `Command { std: "docker" "start" "-a" "00c4e12cdb2e271ada454769536832c54ef6540581b345dcbd8067dea41a5d75", kill_on_drop: false }`
[INFO] running `Command { std: "docker" "inspect" "00c4e12cdb2e271ada454769536832c54ef6540581b345dcbd8067dea41a5d75", kill_on_drop: false }`
[INFO] running `Command { std: "docker" "rm" "-f" "00c4e12cdb2e271ada454769536832c54ef6540581b345dcbd8067dea41a5d75", kill_on_drop: false }`
[INFO] [stdout] 00c4e12cdb2e271ada454769536832c54ef6540581b345dcbd8067dea41a5d75
[INFO] running `Command { std: "docker" "create" "-v" "/var/lib/crater-agent-workspace/builds/worker-1-tc1/target:/opt/rustwide/target:rw,Z" "-v" "/var/lib/crater-agent-workspace/builds/worker-1-tc1/source:/opt/rustwide/workdir:ro,Z" "-v" "/var/lib/crater-agent-workspace/cargo-home:/opt/rustwide/cargo-home:ro,Z" "-v" "/var/lib/crater-agent-workspace/rustup-home:/opt/rustwide/rustup-home:ro,Z" "-e" "SOURCE_DIR=/opt/rustwide/workdir" "-e" "CARGO_TARGET_DIR=/opt/rustwide/target" "-e" "CARGO_INCREMENTAL=0" "-e" "RUST_BACKTRACE=full" "-e" "RUSTFLAGS=--cap-lints=warn" "-e" "RUSTDOCFLAGS=--cap-lints=warn" "-e" "CARGO_HOME=/opt/rustwide/cargo-home" "-e" "RUSTUP_HOME=/opt/rustwide/rustup-home" "-w" "/opt/rustwide/workdir" "-m" "1610612736" "--user" "0:0" "--network" "none" "ghcr.io/rust-lang/crates-build-env/linux@sha256:5ff2268d62e97bff2cde7d5815dd6ed5b47097566f13b8d0ca110b04b60e07ed" "/opt/rustwide/cargo-home/bin/cargo" "+1.69.0" "build" "--frozen" "--message-format=json", kill_on_drop: false }`
[INFO] [stdout] 6decb26866debd7edca45f9c2cc426b9f7c1ef1f16ed5a0a390548809de4df4a
[INFO] running `Command { std: "docker" "start" "-a" "6decb26866debd7edca45f9c2cc426b9f7c1ef1f16ed5a0a390548809de4df4a", kill_on_drop: false }`
[INFO] [stderr]    Compiling libc v0.2.32
[INFO] [stderr]    Compiling futures v0.1.16
[INFO] [stderr]    Compiling void v1.0.2
[INFO] [stderr]    Compiling cc v1.0.0
[INFO] [stderr]    Compiling utf8-ranges v1.0.0
[INFO] [stderr]    Compiling regex-syntax v0.4.1
[INFO] [stderr]    Compiling smallvec v0.2.1
[INFO] [stderr]    Compiling take v0.1.0
[INFO] [stderr]    Compiling safemem v0.2.0
[INFO] [stderr]    Compiling unreachable v1.0.0
[INFO] [stderr]    Compiling base64 v0.6.0
[INFO] [stderr]    Compiling mime v0.3.4
[INFO] [stderr]    Compiling thread_local v0.3.4
[INFO] [stderr]    Compiling language-tags v0.2.2
[INFO] [stderr]    Compiling iovec v0.1.1
[INFO] [stderr]    Compiling net2 v0.2.31
[INFO] [stderr]    Compiling memchr v1.0.1
[INFO] [stderr]    Compiling bytes v0.4.5
[INFO] [stderr]    Compiling num_cpus v1.7.0
[INFO] [stderr]    Compiling aho-corasick v0.6.3
[INFO] [stderr]    Compiling miniz-sys v0.1.10
[INFO] [stderr]    Compiling mio v0.6.10
[INFO] [stderr]    Compiling regex v0.2.2
[INFO] [stderr]    Compiling rand v0.3.17
[INFO] [stderr]    Compiling time v0.1.38
[INFO] [stderr]    Compiling httparse v1.2.3
[INFO] [stderr]    Compiling ansi_term v0.9.0
[INFO] [stderr]    Compiling tokio-io v0.1.3
[INFO] [stderr]    Compiling tokio-service v0.1.0
[INFO] [stderr]    Compiling futures-cpupool v0.1.6
[INFO] [stderr]    Compiling relay v0.1.0
[INFO] [stderr]    Compiling tokio-core v0.1.10
[INFO] [stderr]    Compiling flate2 v0.2.20
[INFO] [stderr]    Compiling futures-fs v0.0.3
[INFO] [stderr]    Compiling env_logger v0.4.3
[INFO] [stderr]    Compiling tokio-proto v0.1.1
[INFO] [stderr]    Compiling pretty_env_logger v0.1.1
[INFO] [stderr]    Compiling hyper v0.11.6
[INFO] [stderr]    Compiling simple-server v0.1.0 (/opt/rustwide/workdir)
[INFO] [stdout] warning: use of deprecated method `std::error::Error::description`: use the Display impl or to_string()
[INFO] [stdout]   --> src/error.rs:14:38
[INFO] [stdout]    |
[INFO] [stdout] 14 |             Error::Hyper(ref e) => e.description(),
[INFO] [stdout]    |                                      ^^^^^^^^^^^
[INFO] [stdout]    |
[INFO] [stdout]    = note: `#[warn(deprecated)]` on by default
[INFO] [stdout] 
[INFO] [stdout] 
[INFO] [stdout] warning: use of deprecated method `std::error::Error::description`: use the Display impl or to_string()
[INFO] [stdout]   --> src/error.rs:15:35
[INFO] [stdout]    |
[INFO] [stdout] 15 |             Error::Io(ref e) => e.description(),
[INFO] [stdout]    |                                   ^^^^^^^^^^^
[INFO] [stdout] 
[INFO] [stdout] 
[INFO] [stdout] warning: use of deprecated method `std::error::Error::description`: use the Display impl or to_string()
[INFO] [stdout]   --> src/error.rs:24:30
[INFO] [stdout]    |
[INFO] [stdout] 24 |         write!(f, "{}", self.description())
[INFO] [stdout]    |                              ^^^^^^^^^^^
[INFO] [stdout] 
[INFO] [stdout] 
[INFO] [stdout] error[E0283]: type annotations needed for `&T`
[INFO] [stdout]   --> src/main.rs:50:17
[INFO] [stdout]    |
[INFO] [stdout] 50 |             let c = component.as_ref();
[INFO] [stdout]    |                 ^             ------ type must be known at this point
[INFO] [stdout]    |
[INFO] [stdout]    = note: multiple `impl`s satisfying `Component<'_>: AsRef<_>` found in the `std` crate:
[INFO] [stdout]            - impl<> AsRef<OsStr> for Component<'_>;
[INFO] [stdout]            - impl<> AsRef<Path> for Component<'_>;
[INFO] [stdout] help: consider giving `c` an explicit type, where the type for type parameter `T` is specified
[INFO] [stdout]    |
[INFO] [stdout] 50 |             let c: &T = component.as_ref();
[INFO] [stdout]    |                  ++++
[INFO] [stdout] 
[INFO] [stdout] 
[INFO] [stdout] error[E0283]: type annotations needed for `&T`
[INFO] [stdout]   --> src/main.rs:50:17
[INFO] [stdout]    |
[INFO] [stdout] 50 |             let c = component.as_ref();
[INFO] [stdout]    |                 ^
[INFO] [stdout] 51 |             if c == ".." {
[INFO] [stdout]    |                  -- type must be known at this point
[INFO] [stdout]    |
[INFO] [stdout]    = note: multiple `impl`s satisfying `_: PartialEq<str>` found in the following crates: `alloc`, `bytes`, `core`, `hyper`, `std`:
[INFO] [stdout]            - impl PartialEq for str;
[INFO] [stdout]            - impl PartialEq<str> for OsStr;
[INFO] [stdout]            - impl PartialEq<str> for OsString;
[INFO] [stdout]            - impl PartialEq<str> for Raw;
[INFO] [stdout]            - impl PartialEq<str> for bytes::bytes::Bytes;
[INFO] [stdout]            - impl PartialEq<str> for bytes::bytes::BytesMut;
[INFO] [stdout]            - impl<'a, 'b> PartialEq<str> for Cow<'a, str>;
[INFO] [stdout]            - impl<'a, 'b> PartialEq<str> for String;
[INFO] [stdout]    = note: required for `&_` to implement `PartialEq<&str>`
[INFO] [stdout] help: consider giving `c` an explicit type, where the type for type parameter `A` is specified
[INFO] [stdout]    |
[INFO] [stdout] 50 |             let c: &T = component.as_ref();
[INFO] [stdout]    |                  ++++
[INFO] [stdout] 
[INFO] [stdout] 
[INFO] [stdout] error[E0283]: type annotations needed for `&T`
[INFO] [stdout]   --> src/main.rs:50:17
[INFO] [stdout]    |
[INFO] [stdout] 50 |             let c = component.as_ref();
[INFO] [stdout]    |                 ^
[INFO] [stdout] ...
[INFO] [stdout] 53 |             } else if c != "." {
[INFO] [stdout]    |                         -- type must be known at this point
[INFO] [stdout]    |
[INFO] [stdout]    = note: multiple `impl`s satisfying `_: PartialEq<str>` found in the following crates: `alloc`, `bytes`, `core`, `hyper`, `std`:
[INFO] [stdout]            - impl PartialEq for str;
[INFO] [stdout]            - impl PartialEq<str> for OsStr;
[INFO] [stdout]            - impl PartialEq<str> for OsString;
[INFO] [stdout]            - impl PartialEq<str> for Raw;
[INFO] [stdout]            - impl PartialEq<str> for bytes::bytes::Bytes;
[INFO] [stdout]            - impl PartialEq<str> for bytes::bytes::BytesMut;
[INFO] [stdout]            - impl<'a, 'b> PartialEq<str> for Cow<'a, str>;
[INFO] [stdout]            - impl<'a, 'b> PartialEq<str> for String;
[INFO] [stdout]    = note: required for `&_` to implement `PartialEq<&str>`
[INFO] [stdout] help: consider giving `c` an explicit type, where the type for type parameter `A` is specified
[INFO] [stdout]    |
[INFO] [stdout] 50 |             let c: &T = component.as_ref();
[INFO] [stdout]    |                  ++++
[INFO] [stdout] 
[INFO] [stdout] 
[INFO] [stdout] error: aborting due to 3 previous errors; 3 warnings emitted
[INFO] [stdout] 
[INFO] [stdout] 
[INFO] [stdout] For more information about this error, try `rustc --explain E0283`.
[INFO] [stdout] 
[INFO] [stderr] error: could not compile `simple-server` due to 4 previous errors; 3 warnings emitted
[INFO] running `Command { std: "docker" "inspect" "6decb26866debd7edca45f9c2cc426b9f7c1ef1f16ed5a0a390548809de4df4a", kill_on_drop: false }`
[INFO] running `Command { std: "docker" "rm" "-f" "6decb26866debd7edca45f9c2cc426b9f7c1ef1f16ed5a0a390548809de4df4a", kill_on_drop: false }`
[INFO] [stdout] 6decb26866debd7edca45f9c2cc426b9f7c1ef1f16ed5a0a390548809de4df4a
