[INFO] cloning repository https://github.com/curtisalexander/win-fors
[INFO] running `Command { std: "git" "-c" "credential.helper=" "-c" "credential.helper=/workspace/cargo-home/bin/git-credential-null" "clone" "--bare" "https://github.com/curtisalexander/win-fors" "/workspace/cache/git-repos/https%3A%2F%2Fgithub.com%2Fcurtisalexander%2Fwin-fors", kill_on_drop: false }`
[INFO] [stderr] Cloning into bare repository '/workspace/cache/git-repos/https%3A%2F%2Fgithub.com%2Fcurtisalexander%2Fwin-fors'...
[INFO] running `Command { std: "git" "rev-parse" "HEAD", kill_on_drop: false }`
[INFO] [stdout] 07d5f5f98bb341dbc63174e45f8a9097cd620acc
[INFO] testing curtisalexander/win-fors against 1.69.0 for beta-1.70-1
[INFO] running `Command { std: "git" "clone" "/workspace/cache/git-repos/https%3A%2F%2Fgithub.com%2Fcurtisalexander%2Fwin-fors" "/workspace/builds/worker-3-tc1/source", kill_on_drop: false }`
[INFO] [stderr] Cloning into '/workspace/builds/worker-3-tc1/source'...
[INFO] [stderr] done.
[INFO] validating manifest of git repo https://github.com/curtisalexander/win-fors on toolchain 1.69.0
[INFO] running `Command { std: CARGO_HOME="/workspace/cargo-home" RUSTUP_HOME="/workspace/rustup-home" "/workspace/cargo-home/bin/cargo" "+1.69.0" "metadata" "--manifest-path" "Cargo.toml" "--no-deps", kill_on_drop: false }`
[INFO] started tweaking git repo https://github.com/curtisalexander/win-fors
[INFO] finished tweaking git repo https://github.com/curtisalexander/win-fors
[INFO] tweaked toml for git repo https://github.com/curtisalexander/win-fors written to /workspace/builds/worker-3-tc1/source/Cargo.toml
[INFO] crate git repo https://github.com/curtisalexander/win-fors already has a lockfile, it will not be regenerated
[INFO] running `Command { std: CARGO_HOME="/workspace/cargo-home" RUSTUP_HOME="/workspace/rustup-home" "/workspace/cargo-home/bin/cargo" "+1.69.0" "fetch" "--manifest-path" "Cargo.toml", kill_on_drop: false }`
[INFO] [stderr]  Downloading crates ...
[INFO] [stderr]   Downloaded stfu8 v0.2.5
[INFO] running `Command { std: "docker" "create" "-v" "/var/lib/crater-agent-workspace/builds/worker-3-tc1/target:/opt/rustwide/target:rw,Z" "-v" "/var/lib/crater-agent-workspace/builds/worker-3-tc1/source:/opt/rustwide/workdir:ro,Z" "-v" "/var/lib/crater-agent-workspace/cargo-home:/opt/rustwide/cargo-home:ro,Z" "-v" "/var/lib/crater-agent-workspace/rustup-home:/opt/rustwide/rustup-home:ro,Z" "-e" "SOURCE_DIR=/opt/rustwide/workdir" "-e" "CARGO_TARGET_DIR=/opt/rustwide/target" "-e" "CARGO_HOME=/opt/rustwide/cargo-home" "-e" "RUSTUP_HOME=/opt/rustwide/rustup-home" "-w" "/opt/rustwide/workdir" "-m" "1610612736" "--user" "0:0" "--network" "none" "ghcr.io/rust-lang/crates-build-env/linux@sha256:5ff2268d62e97bff2cde7d5815dd6ed5b47097566f13b8d0ca110b04b60e07ed" "/opt/rustwide/cargo-home/bin/cargo" "+1.69.0" "metadata" "--no-deps" "--format-version=1", kill_on_drop: false }`
[INFO] [stdout] 3b7066f01973694f33006eb40fda90806e391c9e83745c8925a99698b60de9f9
[INFO] running `Command { std: "docker" "start" "-a" "3b7066f01973694f33006eb40fda90806e391c9e83745c8925a99698b60de9f9", kill_on_drop: false }`
[INFO] running `Command { std: "docker" "inspect" "3b7066f01973694f33006eb40fda90806e391c9e83745c8925a99698b60de9f9", kill_on_drop: false }`
[INFO] running `Command { std: "docker" "rm" "-f" "3b7066f01973694f33006eb40fda90806e391c9e83745c8925a99698b60de9f9", kill_on_drop: false }`
[INFO] [stdout] 3b7066f01973694f33006eb40fda90806e391c9e83745c8925a99698b60de9f9
[INFO] running `Command { std: "docker" "create" "-v" "/var/lib/crater-agent-workspace/builds/worker-3-tc1/target:/opt/rustwide/target:rw,Z" "-v" "/var/lib/crater-agent-workspace/builds/worker-3-tc1/source:/opt/rustwide/workdir:ro,Z" "-v" "/var/lib/crater-agent-workspace/cargo-home:/opt/rustwide/cargo-home:ro,Z" "-v" "/var/lib/crater-agent-workspace/rustup-home:/opt/rustwide/rustup-home:ro,Z" "-e" "SOURCE_DIR=/opt/rustwide/workdir" "-e" "CARGO_TARGET_DIR=/opt/rustwide/target" "-e" "CARGO_INCREMENTAL=0" "-e" "RUST_BACKTRACE=full" "-e" "RUSTFLAGS=--cap-lints=warn" "-e" "RUSTDOCFLAGS=--cap-lints=warn" "-e" "CARGO_HOME=/opt/rustwide/cargo-home" "-e" "RUSTUP_HOME=/opt/rustwide/rustup-home" "-w" "/opt/rustwide/workdir" "-m" "1610612736" "--user" "0:0" "--network" "none" "ghcr.io/rust-lang/crates-build-env/linux@sha256:5ff2268d62e97bff2cde7d5815dd6ed5b47097566f13b8d0ca110b04b60e07ed" "/opt/rustwide/cargo-home/bin/cargo" "+1.69.0" "build" "--frozen" "--message-format=json", kill_on_drop: false }`
[INFO] [stdout] adbbef536e1124e699edfa86070e72a43e9c353e0c7572be3b2f442eb948f763
[INFO] running `Command { std: "docker" "start" "-a" "adbbef536e1124e699edfa86070e72a43e9c353e0c7572be3b2f442eb948f763", kill_on_drop: false }`
[INFO] [stderr]    Compiling win-fors v0.1.0 (/opt/rustwide/workdir)
[INFO] [stdout] error[E0433]: failed to resolve: could not find `windows` in `os`
[INFO] [stdout]  --> src/main.rs:2:35
[INFO] [stdout]   |
[INFO] [stdout] 2 |     error::Error, ffi::OsStr, os::windows::ffi::OsStrExt, path::PathBuf, process::exit,
[INFO] [stdout]   |                                   ^^^^^^^ could not find `windows` in `os`
[INFO] [stdout] 
[INFO] [stdout] 
[INFO] [stdout] error[E0432]: unresolved import `colored`
[INFO] [stdout]  --> src/main.rs:6:5
[INFO] [stdout]   |
[INFO] [stdout] 6 | use colored::Colorize;
[INFO] [stdout]   |     ^^^^^^^ use of undeclared crate or module `colored`
[INFO] [stdout] 
[INFO] [stdout] 
[INFO] [stdout] error[E0432]: unresolved import `log`
[INFO] [stdout]  --> src/main.rs:7:5
[INFO] [stdout]   |
[INFO] [stdout] 7 | use log::debug;
[INFO] [stdout]   |     ^^^ use of undeclared crate or module `log`
[INFO] [stdout] 
[INFO] [stdout] 
[INFO] [stdout] error[E0433]: failed to resolve: use of undeclared crate or module `windows`
[INFO] [stdout]  --> src/main.rs:9:5
[INFO] [stdout]   |
[INFO] [stdout] 9 | use windows::{
[INFO] [stdout]   |     ^^^^^^^ use of undeclared crate or module `windows`
[INFO] [stdout] 
[INFO] [stdout] 
[INFO] [stdout] error[E0432]: unresolved import `path_abs`
[INFO] [stdout]  --> src/main.rs:8:5
[INFO] [stdout]   |
[INFO] [stdout] 8 | use path_abs::PathAbs;
[INFO] [stdout]   |     ^^^^^^^^ use of undeclared crate or module `path_abs`
[INFO] [stdout] 
[INFO] [stdout] 
[INFO] [stdout] error: cannot determine resolution for the macro `debug`
[INFO] [stdout]   --> src/main.rs:66:5
[INFO] [stdout]    |
[INFO] [stdout] 66 |     debug!("path is {:#?}", path);
[INFO] [stdout]    |     ^^^^^
[INFO] [stdout]    |
[INFO] [stdout]    = note: import resolution is stuck, try simplifying macro imports
[INFO] [stdout] 
[INFO] [stdout] 
[INFO] [stdout] error: cannot determine resolution for the macro `debug`
[INFO] [stdout]   --> src/main.rs:67:5
[INFO] [stdout]    |
[INFO] [stdout] 67 |     debug!(
[INFO] [stdout]    |     ^^^^^
[INFO] [stdout]    |
[INFO] [stdout]    = note: import resolution is stuck, try simplifying macro imports
[INFO] [stdout] 
[INFO] [stdout] 
[INFO] [stdout] error: cannot determine resolution for the macro `debug`
[INFO] [stdout]   --> src/main.rs:92:9
[INFO] [stdout]    |
[INFO] [stdout] 92 |         debug!("Handle is {:#X?}", handle);
[INFO] [stdout]    |         ^^^^^
[INFO] [stdout]    |
[INFO] [stdout]    = note: import resolution is stuck, try simplifying macro imports
[INFO] [stdout] 
[INFO] [stdout] 
[INFO] [stdout] error: cannot determine resolution for the macro `debug`
[INFO] [stdout]    --> src/main.rs:117:9
[INFO] [stdout]     |
[INFO] [stdout] 117 |         debug!("psidowner is {:#?}", psidowner);
[INFO] [stdout]     |         ^^^^^
[INFO] [stdout]     |
[INFO] [stdout]     = note: import resolution is stuck, try simplifying macro imports
[INFO] [stdout] 
[INFO] [stdout] 
[INFO] [stdout] error: cannot determine resolution for the macro `debug`
[INFO] [stdout]    --> src/main.rs:149:9
[INFO] [stdout]     |
[INFO] [stdout] 149 |         debug!("Error code is {:#?}", last_error);
[INFO] [stdout]     |         ^^^^^
[INFO] [stdout]     |
[INFO] [stdout]     = note: import resolution is stuck, try simplifying macro imports
[INFO] [stdout] 
[INFO] [stdout] 
[INFO] [stdout] error: cannot determine resolution for the macro `debug`
[INFO] [stdout]    --> src/main.rs:150:9
[INFO] [stdout]     |
[INFO] [stdout] 150 |         debug!("name_size {:#?}", name_size);
[INFO] [stdout]     |         ^^^^^
[INFO] [stdout]     |
[INFO] [stdout]     = note: import resolution is stuck, try simplifying macro imports
[INFO] [stdout] 
[INFO] [stdout] 
[INFO] [stdout] error: cannot determine resolution for the macro `debug`
[INFO] [stdout]    --> src/main.rs:151:9
[INFO] [stdout]     |
[INFO] [stdout] 151 |         debug!("domain_size {:#?}", domain_size);
[INFO] [stdout]     |         ^^^^^
[INFO] [stdout]     |
[INFO] [stdout]     = note: import resolution is stuck, try simplifying macro imports
[INFO] [stdout] 
[INFO] [stdout] 
[INFO] [stdout] error[E0599]: no method named `encode_wide` found for reference `&OsStr` in the current scope
[INFO] [stdout]   --> src/main.rs:39:16
[INFO] [stdout]    |
[INFO] [stdout] 39 |         Self(s.encode_wide().chain(std::iter::once(0)).collect())
[INFO] [stdout]    |                ^^^^^^^^^^^ method not found in `&OsStr`
[INFO] [stdout] 
[INFO] [stdout] 
[INFO] [stdout] error[E0599]: no method named `bright_yellow` found for struct `String` in the current scope
[INFO] [stdout]    --> src/main.rs:183:43
[INFO] [stdout]     |
[INFO] [stdout] 183 |             format!("{:#?}", readme_path).bright_yellow(),
[INFO] [stdout]     |                                           ^^^^^^^^^^^^^ method not found in `String`
[INFO] [stdout] 
[INFO] [stdout] 
[INFO] [stdout] error[E0599]: no method named `bright_blue` found for struct `String` in the current scope
[INFO] [stdout]    --> src/main.rs:184:42
[INFO] [stdout]     |
[INFO] [stdout] 184 |             name_as_wstring.to_string()?.bright_blue()
[INFO] [stdout]     |                                          ^^^^^^^^^^^ method not found in `String`
[INFO] [stdout] 
[INFO] [stdout] 
[INFO] [stdout] error: aborting due to 15 previous errors
[INFO] [stdout] 
[INFO] [stdout] 
[INFO] [stdout] Some errors have detailed explanations: E0432, E0433, E0599.
[INFO] [stdout] 
[INFO] [stdout] For more information about an error, try `rustc --explain E0432`.
[INFO] [stdout] 
[INFO] [stderr] error: could not compile `win-fors` due to 16 previous errors
[INFO] running `Command { std: "docker" "inspect" "adbbef536e1124e699edfa86070e72a43e9c353e0c7572be3b2f442eb948f763", kill_on_drop: false }`
[INFO] running `Command { std: "docker" "rm" "-f" "adbbef536e1124e699edfa86070e72a43e9c353e0c7572be3b2f442eb948f763", kill_on_drop: false }`
[INFO] [stdout] adbbef536e1124e699edfa86070e72a43e9c353e0c7572be3b2f442eb948f763
