[INFO] cloning repository https://github.com/curtisalexander/durse-rs
[INFO] running `Command { std: "git" "-c" "credential.helper=" "-c" "credential.helper=/workspace/cargo-home/bin/git-credential-null" "clone" "--bare" "https://github.com/curtisalexander/durse-rs" "/workspace/cache/git-repos/https%3A%2F%2Fgithub.com%2Fcurtisalexander%2Fdurse-rs", kill_on_drop: false }`
[INFO] [stderr] Cloning into bare repository '/workspace/cache/git-repos/https%3A%2F%2Fgithub.com%2Fcurtisalexander%2Fdurse-rs'...
[INFO] running `Command { std: "git" "rev-parse" "HEAD", kill_on_drop: false }`
[INFO] [stdout] 013e2076fea12c1ad727ccb2706730adf2b2eff3
[INFO] testing curtisalexander/durse-rs against beta-2023-04-20 for beta-1.70-1
[INFO] running `Command { std: "git" "clone" "/workspace/cache/git-repos/https%3A%2F%2Fgithub.com%2Fcurtisalexander%2Fdurse-rs" "/workspace/builds/worker-3-tc2/source", kill_on_drop: false }`
[INFO] [stderr] Cloning into '/workspace/builds/worker-3-tc2/source'...
[INFO] [stderr] done.
[INFO] validating manifest of git repo https://github.com/curtisalexander/durse-rs on toolchain beta-2023-04-20
[INFO] running `Command { std: CARGO_HOME="/workspace/cargo-home" RUSTUP_HOME="/workspace/rustup-home" "/workspace/cargo-home/bin/cargo" "+beta-2023-04-20" "metadata" "--manifest-path" "Cargo.toml" "--no-deps", kill_on_drop: false }`
[INFO] started tweaking git repo https://github.com/curtisalexander/durse-rs
[INFO] finished tweaking git repo https://github.com/curtisalexander/durse-rs
[INFO] tweaked toml for git repo https://github.com/curtisalexander/durse-rs written to /workspace/builds/worker-3-tc2/source/Cargo.toml
[INFO] crate git repo https://github.com/curtisalexander/durse-rs already has a lockfile, it will not be regenerated
[INFO] running `Command { std: CARGO_HOME="/workspace/cargo-home" RUSTUP_HOME="/workspace/rustup-home" "/workspace/cargo-home/bin/cargo" "+beta-2023-04-20" "fetch" "--manifest-path" "Cargo.toml", kill_on_drop: false }`
[INFO] [stderr]  Downloading crates ...
[INFO] [stderr]   Downloaded clap v3.1.7
[INFO] [stderr]   Downloaded jwalk v0.6.0
[INFO] [stderr]   Downloaded windows v0.34.0
[INFO] running `Command { std: "docker" "create" "-v" "/var/lib/crater-agent-workspace/builds/worker-3-tc2/target:/opt/rustwide/target:rw,Z" "-v" "/var/lib/crater-agent-workspace/builds/worker-3-tc2/source:/opt/rustwide/workdir:ro,Z" "-v" "/var/lib/crater-agent-workspace/cargo-home:/opt/rustwide/cargo-home:ro,Z" "-v" "/var/lib/crater-agent-workspace/rustup-home:/opt/rustwide/rustup-home:ro,Z" "-e" "SOURCE_DIR=/opt/rustwide/workdir" "-e" "CARGO_TARGET_DIR=/opt/rustwide/target" "-e" "CARGO_HOME=/opt/rustwide/cargo-home" "-e" "RUSTUP_HOME=/opt/rustwide/rustup-home" "-w" "/opt/rustwide/workdir" "-m" "1610612736" "--user" "0:0" "--network" "none" "ghcr.io/rust-lang/crates-build-env/linux@sha256:5ff2268d62e97bff2cde7d5815dd6ed5b47097566f13b8d0ca110b04b60e07ed" "/opt/rustwide/cargo-home/bin/cargo" "+beta-2023-04-20" "metadata" "--no-deps" "--format-version=1", kill_on_drop: false }`
[INFO] [stdout] 701c9d70da098f42fbc9df84fa833b1dfa8c27c16a1f3441ea4a7fec9fe195df
[INFO] running `Command { std: "docker" "start" "-a" "701c9d70da098f42fbc9df84fa833b1dfa8c27c16a1f3441ea4a7fec9fe195df", kill_on_drop: false }`
[INFO] running `Command { std: "docker" "inspect" "701c9d70da098f42fbc9df84fa833b1dfa8c27c16a1f3441ea4a7fec9fe195df", kill_on_drop: false }`
[INFO] running `Command { std: "docker" "rm" "-f" "701c9d70da098f42fbc9df84fa833b1dfa8c27c16a1f3441ea4a7fec9fe195df", kill_on_drop: false }`
[INFO] [stdout] 701c9d70da098f42fbc9df84fa833b1dfa8c27c16a1f3441ea4a7fec9fe195df
[INFO] running `Command { std: "docker" "create" "-v" "/var/lib/crater-agent-workspace/builds/worker-3-tc2/target:/opt/rustwide/target:rw,Z" "-v" "/var/lib/crater-agent-workspace/builds/worker-3-tc2/source:/opt/rustwide/workdir:ro,Z" "-v" "/var/lib/crater-agent-workspace/cargo-home:/opt/rustwide/cargo-home:ro,Z" "-v" "/var/lib/crater-agent-workspace/rustup-home:/opt/rustwide/rustup-home:ro,Z" "-e" "SOURCE_DIR=/opt/rustwide/workdir" "-e" "CARGO_TARGET_DIR=/opt/rustwide/target" "-e" "CARGO_INCREMENTAL=0" "-e" "RUST_BACKTRACE=full" "-e" "RUSTFLAGS=--cap-lints=warn" "-e" "RUSTDOCFLAGS=--cap-lints=warn" "-e" "CARGO_HOME=/opt/rustwide/cargo-home" "-e" "RUSTUP_HOME=/opt/rustwide/rustup-home" "-w" "/opt/rustwide/workdir" "-m" "1610612736" "--user" "0:0" "--network" "none" "ghcr.io/rust-lang/crates-build-env/linux@sha256:5ff2268d62e97bff2cde7d5815dd6ed5b47097566f13b8d0ca110b04b60e07ed" "/opt/rustwide/cargo-home/bin/cargo" "+beta-2023-04-20" "build" "--frozen" "--message-format=json", kill_on_drop: false }`
[INFO] [stdout] d1111711b776385958c6b6f1430cb3eb88fcfdbff9105a412ce9e015577a5a50
[INFO] running `Command { std: "docker" "start" "-a" "d1111711b776385958c6b6f1430cb3eb88fcfdbff9105a412ce9e015577a5a50", kill_on_drop: false }`
[INFO] [stderr]    Compiling autocfg v1.0.0
[INFO] [stderr]    Compiling proc-macro2 v1.0.36
[INFO] [stderr]    Compiling unicode-xid v0.2.1
[INFO] [stderr]    Compiling syn v1.0.90
[INFO] [stderr]    Compiling libc v0.2.71
[INFO] [stderr]    Compiling crossbeam-utils v0.8.8
[INFO] [stderr]    Compiling cfg-if v1.0.0
[INFO] [stderr]    Compiling version_check v0.9.2
[INFO] [stderr]    Compiling memchr v2.4.1
[INFO] [stderr]    Compiling serde_derive v1.0.114
[INFO] [stderr]    Compiling scopeguard v1.1.0
[INFO] [stderr]    Compiling memoffset v0.6.5
[INFO] [stderr]    Compiling crossbeam-epoch v0.9.8
[INFO] [stderr]    Compiling serde v1.0.114
[INFO] [stderr]    Compiling proc-macro-error-attr v1.0.3
[INFO] [stderr]    Compiling byteorder v1.3.4
[INFO] [stderr]    Compiling rayon-core v1.9.1
[INFO] [stderr]    Compiling quote v1.0.17
[INFO] [stderr]    Compiling crossbeam-channel v0.5.4
[INFO] [stderr]    Compiling num-traits v0.2.12
[INFO] [stderr]    Compiling crossbeam-deque v0.8.1
[INFO] [stderr]    Compiling proc-macro-error v1.0.3
[INFO] [stderr]    Compiling ryu v1.0.5
[INFO] [stderr]    Compiling crossbeam-queue v0.3.5
[INFO] [stderr]    Compiling num_cpus v1.13.0
[INFO] [stderr]    Compiling rayon v1.5.1
[INFO] [stderr]    Compiling indexmap v1.8.1
[INFO] [stderr]    Compiling num-integer v0.1.43
[INFO] [stderr]    Compiling regex-automata v0.1.9
[INFO] [stderr]    Compiling itoa v0.4.6
[INFO] [stderr]    Compiling heck v0.4.0
[INFO] [stderr]    Compiling serde_json v1.0.56
[INFO] [stderr]    Compiling either v1.5.3
[INFO] [stderr]    Compiling hashbrown v0.11.2
[INFO] [stderr]    Compiling crossbeam v0.8.1
[INFO] [stderr]    Compiling time v0.1.43
[INFO] [stderr]    Compiling atty v0.2.14
[INFO] [stderr]    Compiling os_str_bytes v6.0.0
[INFO] [stderr]    Compiling csv-core v0.1.10
[INFO] [stderr]    Compiling textwrap v0.15.0
[INFO] [stderr]    Compiling termcolor v1.1.3
[INFO] [stderr]    Compiling strsim v0.10.0
[INFO] [stderr]    Compiling path-clean v0.1.0
[INFO] [stderr]    Compiling syn-mid v0.5.0
[INFO] [stderr]    Compiling jwalk v0.6.0
[INFO] [stderr]    Compiling clap_derive v3.1.7
[INFO] [stderr]    Compiling clap v3.1.7
[INFO] [stderr]    Compiling bstr v0.2.13
[INFO] [stderr]    Compiling chrono v0.4.13
[INFO] [stderr]    Compiling csv v1.1.3
[INFO] [stderr]    Compiling durse v0.3.0 (/opt/rustwide/workdir)
[INFO] [stdout] error[E0433]: failed to resolve: could not find `windows` in `os`
[INFO] [stdout]  --> src/lib.rs:7:14
[INFO] [stdout]   |
[INFO] [stdout] 7 | use std::os::windows::prelude::OsStrExt;
[INFO] [stdout]   |              ^^^^^^^ could not find `windows` in `os`
[INFO] [stdout] 
[INFO] [stdout] 
[INFO] [stdout] error[E0433]: failed to resolve: use of undeclared crate or module `windows`
[INFO] [stdout]   --> src/lib.rs:17:5
[INFO] [stdout]    |
[INFO] [stdout] 17 | use windows::{
[INFO] [stdout]    |     ^^^^^^^ use of undeclared crate or module `windows`
[INFO] [stdout] 
[INFO] [stdout] 
[INFO] [stdout] error[E0599]: no method named `encode_wide` found for reference `&OsStr` in the current scope
[INFO] [stdout]    --> src/lib.rs:156:16
[INFO] [stdout]     |
[INFO] [stdout] 156 |         Self(s.encode_wide().chain(std::iter::once(0)).collect())
[INFO] [stdout]     |                ^^^^^^^^^^^ method not found in `&OsStr`
[INFO] [stdout] 
[INFO] [stdout] 
[INFO] [stdout] error[E0425]: cannot find function `get_file_owner` in this scope
[INFO] [stdout]    --> src/lib.rs:389:9
[INFO] [stdout]     |
[INFO] [stdout] 389 |         get_file_owner(&path)?
[INFO] [stdout]     |         ^^^^^^^^^^^^^^ not found in this scope
[INFO] [stdout] 
[INFO] [stdout] 
[INFO] [stdout] error: aborting due to 4 previous errors
[INFO] [stdout] 
[INFO] [stdout] 
[INFO] [stdout] Some errors have detailed explanations: E0425, E0433, E0599.
[INFO] [stdout] 
[INFO] [stdout] For more information about an error, try `rustc --explain E0425`.
[INFO] [stdout] 
[INFO] [stderr] error: could not compile `durse` (lib) due to 5 previous errors
[INFO] running `Command { std: "docker" "inspect" "d1111711b776385958c6b6f1430cb3eb88fcfdbff9105a412ce9e015577a5a50", kill_on_drop: false }`
[INFO] running `Command { std: "docker" "rm" "-f" "d1111711b776385958c6b6f1430cb3eb88fcfdbff9105a412ce9e015577a5a50", kill_on_drop: false }`
[INFO] [stdout] d1111711b776385958c6b6f1430cb3eb88fcfdbff9105a412ce9e015577a5a50
