[INFO] cloning repository https://github.com/cryptonote-rust/cryptonight
[INFO] running `Command { std: "git" "-c" "credential.helper=" "-c" "credential.helper=/workspace/cargo-home/bin/git-credential-null" "clone" "--bare" "https://github.com/cryptonote-rust/cryptonight" "/workspace/cache/git-repos/https%3A%2F%2Fgithub.com%2Fcryptonote-rust%2Fcryptonight", kill_on_drop: false }`
[INFO] [stderr] Cloning into bare repository '/workspace/cache/git-repos/https%3A%2F%2Fgithub.com%2Fcryptonote-rust%2Fcryptonight'...
[INFO] running `Command { std: "git" "rev-parse" "HEAD", kill_on_drop: false }`
[INFO] [stdout] b9873021a813b6a4e72861a1c58530d600dca1dd
[INFO] testing cryptonote-rust/cryptonight against beta-2023-04-20 for beta-1.70-1
[INFO] running `Command { std: "git" "clone" "/workspace/cache/git-repos/https%3A%2F%2Fgithub.com%2Fcryptonote-rust%2Fcryptonight" "/workspace/builds/worker-4-tc2/source", kill_on_drop: false }`
[INFO] [stderr] Cloning into '/workspace/builds/worker-4-tc2/source'...
[INFO] [stderr] done.
[INFO] validating manifest of git repo https://github.com/cryptonote-rust/cryptonight on toolchain beta-2023-04-20
[INFO] running `Command { std: CARGO_HOME="/workspace/cargo-home" RUSTUP_HOME="/workspace/rustup-home" "/workspace/cargo-home/bin/cargo" "+beta-2023-04-20" "metadata" "--manifest-path" "Cargo.toml" "--no-deps", kill_on_drop: false }`
[INFO] started tweaking git repo https://github.com/cryptonote-rust/cryptonight
[INFO] finished tweaking git repo https://github.com/cryptonote-rust/cryptonight
[INFO] tweaked toml for git repo https://github.com/cryptonote-rust/cryptonight written to /workspace/builds/worker-4-tc2/source/Cargo.toml
[INFO] crate git repo https://github.com/cryptonote-rust/cryptonight already has a lockfile, it will not be regenerated
[INFO] running `Command { std: CARGO_HOME="/workspace/cargo-home" RUSTUP_HOME="/workspace/rustup-home" "/workspace/cargo-home/bin/cargo" "+beta-2023-04-20" "fetch" "--manifest-path" "Cargo.toml", kill_on_drop: false }`
[INFO] [stderr]     Updating crates.io index
[INFO] [stderr]  Downloading crates ...
[INFO] [stderr]   Downloaded tiny-keccak v1.4.2
[INFO] [stderr]   Downloaded skein-ffi v0.5.0
[INFO] [stderr]   Downloaded jh-ffi v0.5.0
[INFO] [stderr]   Downloaded blake v2.0.0
[INFO] [stderr]   Downloaded groestl v0.8.0
[INFO] running `Command { std: "docker" "create" "-v" "/var/lib/crater-agent-workspace/builds/worker-4-tc2/target:/opt/rustwide/target:rw,Z" "-v" "/var/lib/crater-agent-workspace/builds/worker-4-tc2/source:/opt/rustwide/workdir:ro,Z" "-v" "/var/lib/crater-agent-workspace/cargo-home:/opt/rustwide/cargo-home:ro,Z" "-v" "/var/lib/crater-agent-workspace/rustup-home:/opt/rustwide/rustup-home:ro,Z" "-e" "SOURCE_DIR=/opt/rustwide/workdir" "-e" "CARGO_TARGET_DIR=/opt/rustwide/target" "-e" "CARGO_HOME=/opt/rustwide/cargo-home" "-e" "RUSTUP_HOME=/opt/rustwide/rustup-home" "-w" "/opt/rustwide/workdir" "-m" "1610612736" "--user" "0:0" "--network" "none" "ghcr.io/rust-lang/crates-build-env/linux@sha256:5ff2268d62e97bff2cde7d5815dd6ed5b47097566f13b8d0ca110b04b60e07ed" "/opt/rustwide/cargo-home/bin/cargo" "+beta-2023-04-20" "metadata" "--no-deps" "--format-version=1", kill_on_drop: false }`
[INFO] [stdout] d95dee5b3c46541e8334fd0214938f89db4c153facb489948ccaf8a464fcbb9e
[INFO] running `Command { std: "docker" "start" "-a" "d95dee5b3c46541e8334fd0214938f89db4c153facb489948ccaf8a464fcbb9e", kill_on_drop: false }`
[INFO] running `Command { std: "docker" "inspect" "d95dee5b3c46541e8334fd0214938f89db4c153facb489948ccaf8a464fcbb9e", kill_on_drop: false }`
[INFO] running `Command { std: "docker" "rm" "-f" "d95dee5b3c46541e8334fd0214938f89db4c153facb489948ccaf8a464fcbb9e", kill_on_drop: false }`
[INFO] [stdout] d95dee5b3c46541e8334fd0214938f89db4c153facb489948ccaf8a464fcbb9e
[INFO] running `Command { std: "docker" "create" "-v" "/var/lib/crater-agent-workspace/builds/worker-4-tc2/target:/opt/rustwide/target:rw,Z" "-v" "/var/lib/crater-agent-workspace/builds/worker-4-tc2/source:/opt/rustwide/workdir:ro,Z" "-v" "/var/lib/crater-agent-workspace/cargo-home:/opt/rustwide/cargo-home:ro,Z" "-v" "/var/lib/crater-agent-workspace/rustup-home:/opt/rustwide/rustup-home:ro,Z" "-e" "SOURCE_DIR=/opt/rustwide/workdir" "-e" "CARGO_TARGET_DIR=/opt/rustwide/target" "-e" "CARGO_INCREMENTAL=0" "-e" "RUST_BACKTRACE=full" "-e" "RUSTFLAGS=--cap-lints=warn" "-e" "RUSTDOCFLAGS=--cap-lints=warn" "-e" "CARGO_HOME=/opt/rustwide/cargo-home" "-e" "RUSTUP_HOME=/opt/rustwide/rustup-home" "-w" "/opt/rustwide/workdir" "-m" "1610612736" "--user" "0:0" "--network" "none" "ghcr.io/rust-lang/crates-build-env/linux@sha256:5ff2268d62e97bff2cde7d5815dd6ed5b47097566f13b8d0ca110b04b60e07ed" "/opt/rustwide/cargo-home/bin/cargo" "+beta-2023-04-20" "build" "--frozen" "--message-format=json", kill_on_drop: false }`
[INFO] [stdout] 5d2a533af0c4058dffa6f1a82043051a5944747c61695bdc73663e9a7aff3ef5
[INFO] running `Command { std: "docker" "start" "-a" "5d2a533af0c4058dffa6f1a82043051a5944747c61695bdc73663e9a7aff3ef5", kill_on_drop: false }`
[INFO] [stderr]    Compiling typenum v1.10.0
[INFO] [stderr]    Compiling cc v1.0.26
[INFO] [stderr]    Compiling gcc v0.3.55
[INFO] [stderr]    Compiling byte-tools v0.3.0
[INFO] [stderr]    Compiling crunchy v0.1.6
[INFO] [stderr]    Compiling byteorder v1.2.7
[INFO] [stderr]    Compiling opaque-debug v0.2.1
[INFO] [stderr]    Compiling cfg-if v0.1.7
[INFO] [stderr]    Compiling libc v0.2.43
[INFO] [stderr]    Compiling block-padding v0.1.2
[INFO] [stderr]    Compiling log v0.4.6
[INFO] [stderr]    Compiling tiny-keccak v1.4.2
[INFO] [stderr]    Compiling blake v2.0.0
[INFO] [stderr]    Compiling skein-ffi v0.5.0
[INFO] [stderr]    Compiling jh-ffi v0.5.0
[INFO] [stderr]    Compiling generic-array v0.12.0
[INFO] [stdout] error[E0554]: `#![feature]` may not be used on the beta release channel
[INFO] [stdout]  --> /opt/rustwide/cargo-home/registry/src/index.crates.io-6f17d22bba15001f/jh-ffi-0.5.0/src/lib.rs:1:1
[INFO] [stdout]   |
[INFO] [stdout] 1 | #![feature(rustc_private)]
[INFO] [stdout]   | ^^^^^^^^^^^^^^^^^^^^^^^^^^
[INFO] [stdout] 
[INFO] [stdout] 
[INFO] [stdout] error[E0554]: `#![feature]` may not be used on the beta release channel
[INFO] [stdout]  --> /opt/rustwide/cargo-home/registry/src/index.crates.io-6f17d22bba15001f/jh-ffi-0.5.0/src/lib.rs:2:1
[INFO] [stdout]   |
[INFO] [stdout] 2 | #![feature(libc)]
[INFO] [stdout]   | ^^^^^^^^^^^^^^^^^
[INFO] [stdout] 
[INFO] [stdout] 
[INFO] [stdout] error[E0554]: `#![feature]` may not be used on the beta release channel
[INFO] [stdout]  --> /opt/rustwide/cargo-home/registry/src/index.crates.io-6f17d22bba15001f/jh-ffi-0.5.0/src/lib.rs:2:12
[INFO] [stdout]   |
[INFO] [stdout] 2 | #![feature(libc)]
[INFO] [stdout]   |            ^^^^
[INFO] [stdout] 
[INFO] [stdout] 
[INFO] [stdout] error: aborting due to 3 previous errors
[INFO] [stdout] 
[INFO] [stdout] 
[INFO] [stdout] For more information about this error, try `rustc --explain E0554`.
[INFO] [stdout] 
[INFO] [stderr] error: could not compile `jh-ffi` (lib) due to 4 previous errors
[INFO] [stderr] warning: build failed, waiting for other jobs to finish...
[INFO] [stdout] error[E0554]: `#![feature]` may not be used on the beta release channel
[INFO] [stdout]  --> /opt/rustwide/cargo-home/registry/src/index.crates.io-6f17d22bba15001f/skein-ffi-0.5.0/src/lib.rs:1:1
[INFO] [stdout]   |
[INFO] [stdout] 1 | #![feature(rustc_private)]
[INFO] [stdout]   | ^^^^^^^^^^^^^^^^^^^^^^^^^^
[INFO] [stdout] 
[INFO] [stdout] 
[INFO] [stdout] error[E0554]: `#![feature]` may not be used on the beta release channel
[INFO] [stdout]  --> /opt/rustwide/cargo-home/registry/src/index.crates.io-6f17d22bba15001f/skein-ffi-0.5.0/src/lib.rs:2:1
[INFO] [stdout]   |
[INFO] [stdout] 2 | #![feature(libc)]
[INFO] [stdout]   | ^^^^^^^^^^^^^^^^^
[INFO] [stdout] 
[INFO] [stdout] 
[INFO] [stdout] error[E0554]: `#![feature]` may not be used on the beta release channel
[INFO] [stdout]  --> /opt/rustwide/cargo-home/registry/src/index.crates.io-6f17d22bba15001f/skein-ffi-0.5.0/src/lib.rs:2:12
[INFO] [stdout]   |
[INFO] [stdout] 2 | #![feature(libc)]
[INFO] [stdout]   |            ^^^^
[INFO] [stdout] 
[INFO] [stdout] 
[INFO] [stdout] error: aborting due to 3 previous errors
[INFO] [stdout] 
[INFO] [stdout] 
[INFO] [stdout] For more information about this error, try `rustc --explain E0554`.
[INFO] [stdout] 
[INFO] [stderr] error: could not compile `skein-ffi` (lib) due to 4 previous errors
[INFO] running `Command { std: "docker" "inspect" "5d2a533af0c4058dffa6f1a82043051a5944747c61695bdc73663e9a7aff3ef5", kill_on_drop: false }`
[INFO] running `Command { std: "docker" "rm" "-f" "5d2a533af0c4058dffa6f1a82043051a5944747c61695bdc73663e9a7aff3ef5", kill_on_drop: false }`
[INFO] [stdout] 5d2a533af0c4058dffa6f1a82043051a5944747c61695bdc73663e9a7aff3ef5
