[INFO] cloning repository https://github.com/cryptobanana/redis-build-bug
[INFO] running `Command { std: "git" "-c" "credential.helper=" "-c" "credential.helper=/workspace/cargo-home/bin/git-credential-null" "clone" "--bare" "https://github.com/cryptobanana/redis-build-bug" "/workspace/cache/git-repos/https%3A%2F%2Fgithub.com%2Fcryptobanana%2Fredis-build-bug", kill_on_drop: false }`
[INFO] [stderr] Cloning into bare repository '/workspace/cache/git-repos/https%3A%2F%2Fgithub.com%2Fcryptobanana%2Fredis-build-bug'...
[INFO] running `Command { std: "git" "rev-parse" "HEAD", kill_on_drop: false }`
[INFO] [stdout] 16ae6a9423da2f36a722cacae53d239bf33fe0d1
[INFO] testing cryptobanana/redis-build-bug against beta-2023-04-20 for beta-1.70-1
[INFO] running `Command { std: "git" "clone" "/workspace/cache/git-repos/https%3A%2F%2Fgithub.com%2Fcryptobanana%2Fredis-build-bug" "/workspace/builds/worker-4-tc2/source", kill_on_drop: false }`
[INFO] [stderr] Cloning into '/workspace/builds/worker-4-tc2/source'...
[INFO] [stderr] done.
[INFO] validating manifest of git repo https://github.com/cryptobanana/redis-build-bug on toolchain beta-2023-04-20
[INFO] running `Command { std: CARGO_HOME="/workspace/cargo-home" RUSTUP_HOME="/workspace/rustup-home" "/workspace/cargo-home/bin/cargo" "+beta-2023-04-20" "metadata" "--manifest-path" "Cargo.toml" "--no-deps", kill_on_drop: false }`
[INFO] started tweaking git repo https://github.com/cryptobanana/redis-build-bug
[INFO] finished tweaking git repo https://github.com/cryptobanana/redis-build-bug
[INFO] tweaked toml for git repo https://github.com/cryptobanana/redis-build-bug written to /workspace/builds/worker-4-tc2/source/Cargo.toml
[INFO] crate git repo https://github.com/cryptobanana/redis-build-bug already has a lockfile, it will not be regenerated
[INFO] running `Command { std: CARGO_HOME="/workspace/cargo-home" RUSTUP_HOME="/workspace/rustup-home" "/workspace/cargo-home/bin/cargo" "+beta-2023-04-20" "fetch" "--manifest-path" "Cargo.toml", kill_on_drop: false }`
[INFO] [stderr]  Downloading crates ...
[INFO] [stderr]   Downloaded redis v0.21.1
[INFO] running `Command { std: "docker" "create" "-v" "/var/lib/crater-agent-workspace/builds/worker-4-tc2/target:/opt/rustwide/target:rw,Z" "-v" "/var/lib/crater-agent-workspace/builds/worker-4-tc2/source:/opt/rustwide/workdir:ro,Z" "-v" "/var/lib/crater-agent-workspace/cargo-home:/opt/rustwide/cargo-home:ro,Z" "-v" "/var/lib/crater-agent-workspace/rustup-home:/opt/rustwide/rustup-home:ro,Z" "-e" "SOURCE_DIR=/opt/rustwide/workdir" "-e" "CARGO_TARGET_DIR=/opt/rustwide/target" "-e" "CARGO_HOME=/opt/rustwide/cargo-home" "-e" "RUSTUP_HOME=/opt/rustwide/rustup-home" "-w" "/opt/rustwide/workdir" "-m" "1610612736" "--user" "0:0" "--network" "none" "ghcr.io/rust-lang/crates-build-env/linux@sha256:5ff2268d62e97bff2cde7d5815dd6ed5b47097566f13b8d0ca110b04b60e07ed" "/opt/rustwide/cargo-home/bin/cargo" "+beta-2023-04-20" "metadata" "--no-deps" "--format-version=1", kill_on_drop: false }`
[INFO] [stdout] 8378e7a47014cc1a14e36c05a13b3f2e9f01bd8b94d8b17a25cce84e910f1d25
[INFO] running `Command { std: "docker" "start" "-a" "8378e7a47014cc1a14e36c05a13b3f2e9f01bd8b94d8b17a25cce84e910f1d25", kill_on_drop: false }`
[INFO] running `Command { std: "docker" "inspect" "8378e7a47014cc1a14e36c05a13b3f2e9f01bd8b94d8b17a25cce84e910f1d25", kill_on_drop: false }`
[INFO] running `Command { std: "docker" "rm" "-f" "8378e7a47014cc1a14e36c05a13b3f2e9f01bd8b94d8b17a25cce84e910f1d25", kill_on_drop: false }`
[INFO] [stdout] 8378e7a47014cc1a14e36c05a13b3f2e9f01bd8b94d8b17a25cce84e910f1d25
[INFO] running `Command { std: "docker" "create" "-v" "/var/lib/crater-agent-workspace/builds/worker-4-tc2/target:/opt/rustwide/target:rw,Z" "-v" "/var/lib/crater-agent-workspace/builds/worker-4-tc2/source:/opt/rustwide/workdir:ro,Z" "-v" "/var/lib/crater-agent-workspace/cargo-home:/opt/rustwide/cargo-home:ro,Z" "-v" "/var/lib/crater-agent-workspace/rustup-home:/opt/rustwide/rustup-home:ro,Z" "-e" "SOURCE_DIR=/opt/rustwide/workdir" "-e" "CARGO_TARGET_DIR=/opt/rustwide/target" "-e" "CARGO_INCREMENTAL=0" "-e" "RUST_BACKTRACE=full" "-e" "RUSTFLAGS=--cap-lints=warn" "-e" "RUSTDOCFLAGS=--cap-lints=warn" "-e" "CARGO_HOME=/opt/rustwide/cargo-home" "-e" "RUSTUP_HOME=/opt/rustwide/rustup-home" "-w" "/opt/rustwide/workdir" "-m" "1610612736" "--user" "0:0" "--network" "none" "ghcr.io/rust-lang/crates-build-env/linux@sha256:5ff2268d62e97bff2cde7d5815dd6ed5b47097566f13b8d0ca110b04b60e07ed" "/opt/rustwide/cargo-home/bin/cargo" "+beta-2023-04-20" "build" "--frozen" "--message-format=json", kill_on_drop: false }`
[INFO] [stdout] 1ea27699e1e645083536be4b8817ca661011f845793c54be0bd001131949b0eb
[INFO] running `Command { std: "docker" "start" "-a" "1ea27699e1e645083536be4b8817ca661011f845793c54be0bd001131949b0eb", kill_on_drop: false }`
[INFO] [stderr]    Compiling log v0.4.14
[INFO] [stderr]    Compiling futures-core v0.3.16
[INFO] [stderr]    Compiling proc-macro2 v1.0.28
[INFO] [stderr]    Compiling tokio v1.10.1
[INFO] [stderr]    Compiling syn v1.0.75
[INFO] [stderr]    Compiling futures-sink v0.3.16
[INFO] [stderr]    Compiling futures-task v0.3.16
[INFO] [stderr]    Compiling futures-util v0.3.16
[INFO] [stderr]    Compiling sha1 v0.6.0
[INFO] [stderr]    Compiling dtoa v0.4.8
[INFO] [stderr]    Compiling mio v0.7.13
[INFO] [stderr]    Compiling quote v1.0.9
[INFO] [stderr]    Compiling tokio-util v0.6.7
[INFO] [stderr]    Compiling combine v4.6.1
[INFO] [stderr]    Compiling async-trait v0.1.51
[INFO] [stderr]    Compiling redis v0.21.1
[INFO] [stdout] error[E0412]: cannot find type `BoxFuture` in module `futures_util::future`
[INFO] [stdout]    --> /opt/rustwide/cargo-home/registry/src/index.crates.io-6f17d22bba15001f/redis-0.21.1/src/types.rs:530:53
[INFO] [stdout]     |
[INFO] [stdout] 530 | pub type RedisFuture<'a, T> = futures_util::future::BoxFuture<'a, RedisResult<T>>;
[INFO] [stdout]     |                                                     ^^^^^^^^^ help: a trait with a similar name exists: `Future`
[INFO] [stdout]    --> /rustc/1b7dd2252b99671ce5d1cb9664c5f8636329436d/library/core/src/future/future.rs:37:1
[INFO] [stdout]     |
[INFO] [stdout]     = note: similarly named trait `Future` defined here
[INFO] [stdout] 
[INFO] [stdout] 
[INFO] [stdout] error[E0599]: no method named `boxed` found for `async` block `[async block@/opt/rustwide/cargo-home/registry/src/index.crates.io-6f17d22bba15001f/redis-0.21.1/src/aio.rs:534:10: 542:10]` in the current scope
[INFO] [stdout]    --> /opt/rustwide/cargo-home/registry/src/index.crates.io-6f17d22bba15001f/redis-0.21.1/src/aio.rs:543:10
[INFO] [stdout]     |
[INFO] [stdout] 534 | /         (async move {
[INFO] [stdout] 535 | |             if self.pubsub {
[INFO] [stdout] 536 | |                 self.exit_pubsub().await?;
[INFO] [stdout] 537 | |             }
[INFO] [stdout] ...   |
[INFO] [stdout] 542 | |         })
[INFO] [stdout] 543 | |         .boxed()
[INFO] [stdout]     | |         -^^^^^ method not found in `[async block@/opt/rustwide/cargo-home/registry/src/index.crates.io-6f17d22bba15001f/redis-0.21.1/src/aio.rs:534:10: 542:10]`
[INFO] [stdout]     | |_________|
[INFO] [stdout]     | 
[INFO] [stdout]     |
[INFO] [stdout]     = help: items from traits can only be used if the trait is implemented and in scope
[INFO] [stdout] note: `RedisRuntime` defines an item `boxed`, perhaps you need to implement it
[INFO] [stdout]    --> /opt/rustwide/cargo-home/registry/src/index.crates.io-6f17d22bba15001f/redis-0.21.1/src/aio.rs:55:1
[INFO] [stdout]     |
[INFO] [stdout] 55  | pub(crate) trait RedisRuntime: AsyncStream + Send + Sync + Sized + 'static {
[INFO] [stdout]     | ^^^^^^^^^^^^^^^^^^^^^^^^^^^^^^^^^^^^^^^^^^^^^^^^^^^^^^^^^^^^^^^^^^^^^^^^^^
[INFO] [stdout] 
[INFO] [stdout] 
[INFO] [stdout] error[E0599]: no method named `boxed` found for `async` block `[async block@/opt/rustwide/cargo-home/registry/src/index.crates.io-6f17d22bba15001f/redis-0.21.1/src/aio.rs:552:10: 592:10]` in the current scope
[INFO] [stdout]    --> /opt/rustwide/cargo-home/registry/src/index.crates.io-6f17d22bba15001f/redis-0.21.1/src/aio.rs:593:10
[INFO] [stdout]     |
[INFO] [stdout] 552 | /         (async move {
[INFO] [stdout] 553 | |             if self.pubsub {
[INFO] [stdout] 554 | |                 self.exit_pubsub().await?;
[INFO] [stdout] 555 | |             }
[INFO] [stdout] ...   |
[INFO] [stdout] 592 | |         })
[INFO] [stdout] 593 | |         .boxed()
[INFO] [stdout]     | |         -^^^^^ method not found in `[async block@/opt/rustwide/cargo-home/registry/src/index.crates.io-6f17d22bba15001f/redis-0.21.1/src/aio.rs:552:10: 592:10]`
[INFO] [stdout]     | |_________|
[INFO] [stdout]     | 
[INFO] [stdout]     |
[INFO] [stdout]     = help: items from traits can only be used if the trait is implemented and in scope
[INFO] [stdout] note: `RedisRuntime` defines an item `boxed`, perhaps you need to implement it
[INFO] [stdout]    --> /opt/rustwide/cargo-home/registry/src/index.crates.io-6f17d22bba15001f/redis-0.21.1/src/aio.rs:55:1
[INFO] [stdout]     |
[INFO] [stdout] 55  | pub(crate) trait RedisRuntime: AsyncStream + Send + Sync + Sized + 'static {
[INFO] [stdout]     | ^^^^^^^^^^^^^^^^^^^^^^^^^^^^^^^^^^^^^^^^^^^^^^^^^^^^^^^^^^^^^^^^^^^^^^^^^^
[INFO] [stdout] 
[INFO] [stdout] 
[INFO] [stdout] error[E0599]: no method named `boxed` found for `async` block `[async block@/opt/rustwide/cargo-home/registry/src/index.crates.io-6f17d22bba15001f/redis-0.21.1/src/aio.rs:899:10: 910:10]` in the current scope
[INFO] [stdout]    --> /opt/rustwide/cargo-home/registry/src/index.crates.io-6f17d22bba15001f/redis-0.21.1/src/aio.rs:911:10
[INFO] [stdout]     |
[INFO] [stdout] 899 | /         (async move {
[INFO] [stdout] 900 | |             let value = self
[INFO] [stdout] 901 | |                 .pipeline
[INFO] [stdout] 902 | |                 .send(cmd.get_packed_command())
[INFO] [stdout] ...   |
[INFO] [stdout] 910 | |         })
[INFO] [stdout] 911 | |         .boxed()
[INFO] [stdout]     | |         -^^^^^ method not found in `[async block@/opt/rustwide/cargo-home/registry/src/index.crates.io-6f17d22bba15001f/redis-0.21.1/src/aio.rs:899:10: 910:10]`
[INFO] [stdout]     | |_________|
[INFO] [stdout]     | 
[INFO] [stdout]     |
[INFO] [stdout]     = help: items from traits can only be used if the trait is implemented and in scope
[INFO] [stdout] note: `RedisRuntime` defines an item `boxed`, perhaps you need to implement it
[INFO] [stdout]    --> /opt/rustwide/cargo-home/registry/src/index.crates.io-6f17d22bba15001f/redis-0.21.1/src/aio.rs:55:1
[INFO] [stdout]     |
[INFO] [stdout] 55  | pub(crate) trait RedisRuntime: AsyncStream + Send + Sync + Sized + 'static {
[INFO] [stdout]     | ^^^^^^^^^^^^^^^^^^^^^^^^^^^^^^^^^^^^^^^^^^^^^^^^^^^^^^^^^^^^^^^^^^^^^^^^^^
[INFO] [stdout] 
[INFO] [stdout] 
[INFO] [stdout] error[E0599]: no method named `boxed` found for `async` block `[async block@/opt/rustwide/cargo-home/registry/src/index.crates.io-6f17d22bba15001f/redis-0.21.1/src/aio.rs:920:10: 933:10]` in the current scope
[INFO] [stdout]    --> /opt/rustwide/cargo-home/registry/src/index.crates.io-6f17d22bba15001f/redis-0.21.1/src/aio.rs:934:10
[INFO] [stdout]     |
[INFO] [stdout] 920 | /         (async move {
[INFO] [stdout] 921 | |             let mut value = self
[INFO] [stdout] 922 | |                 .pipeline
[INFO] [stdout] 923 | |                 .send_recv_multiple(cmd.get_packed_pipeline(), offset + count)
[INFO] [stdout] ...   |
[INFO] [stdout] 933 | |         })
[INFO] [stdout] 934 | |         .boxed()
[INFO] [stdout]     | |         -^^^^^ method not found in `[async block@/opt/rustwide/cargo-home/registry/src/index.crates.io-6f17d22bba15001f/redis-0.21.1/src/aio.rs:920:10: 933:10]`
[INFO] [stdout]     | |_________|
[INFO] [stdout]     | 
[INFO] [stdout]     |
[INFO] [stdout]     = help: items from traits can only be used if the trait is implemented and in scope
[INFO] [stdout] note: `RedisRuntime` defines an item `boxed`, perhaps you need to implement it
[INFO] [stdout]    --> /opt/rustwide/cargo-home/registry/src/index.crates.io-6f17d22bba15001f/redis-0.21.1/src/aio.rs:55:1
[INFO] [stdout]     |
[INFO] [stdout] 55  | pub(crate) trait RedisRuntime: AsyncStream + Send + Sync + Sized + 'static {
[INFO] [stdout]     | ^^^^^^^^^^^^^^^^^^^^^^^^^^^^^^^^^^^^^^^^^^^^^^^^^^^^^^^^^^^^^^^^^^^^^^^^^^
[INFO] [stdout] 
[INFO] [stdout] 
[INFO] [stdout] error: aborting due to 5 previous errors
[INFO] [stdout] 
[INFO] [stdout] 
[INFO] [stdout] Some errors have detailed explanations: E0412, E0599.
[INFO] [stdout] 
[INFO] [stdout] For more information about an error, try `rustc --explain E0412`.
[INFO] [stdout] 
[INFO] [stderr] error: could not compile `redis` (lib) due to 6 previous errors; 98 warnings emitted
[INFO] running `Command { std: "docker" "inspect" "1ea27699e1e645083536be4b8817ca661011f845793c54be0bd001131949b0eb", kill_on_drop: false }`
[INFO] running `Command { std: "docker" "rm" "-f" "1ea27699e1e645083536be4b8817ca661011f845793c54be0bd001131949b0eb", kill_on_drop: false }`
[INFO] [stdout] 1ea27699e1e645083536be4b8817ca661011f845793c54be0bd001131949b0eb
