[INFO] cloning repository https://github.com/crumblingstatue/eframe-js-comm-bridge
[INFO] running `Command { std: "git" "-c" "credential.helper=" "-c" "credential.helper=/workspace/cargo-home/bin/git-credential-null" "clone" "--bare" "https://github.com/crumblingstatue/eframe-js-comm-bridge" "/workspace/cache/git-repos/https%3A%2F%2Fgithub.com%2Fcrumblingstatue%2Feframe-js-comm-bridge", kill_on_drop: false }`
[INFO] [stderr] Cloning into bare repository '/workspace/cache/git-repos/https%3A%2F%2Fgithub.com%2Fcrumblingstatue%2Feframe-js-comm-bridge'...
[INFO] running `Command { std: "git" "rev-parse" "HEAD", kill_on_drop: false }`
[INFO] [stdout] bb50fc59a1a1ec81ccc6cdd45b67c2cc888a0581
[INFO] testing crumblingstatue/eframe-js-comm-bridge against beta-2023-04-20 for beta-1.70-1
[INFO] running `Command { std: "git" "clone" "/workspace/cache/git-repos/https%3A%2F%2Fgithub.com%2Fcrumblingstatue%2Feframe-js-comm-bridge" "/workspace/builds/worker-5-tc2/source", kill_on_drop: false }`
[INFO] [stderr] Cloning into '/workspace/builds/worker-5-tc2/source'...
[INFO] [stderr] done.
[INFO] validating manifest of git repo https://github.com/crumblingstatue/eframe-js-comm-bridge on toolchain beta-2023-04-20
[INFO] running `Command { std: CARGO_HOME="/workspace/cargo-home" RUSTUP_HOME="/workspace/rustup-home" "/workspace/cargo-home/bin/cargo" "+beta-2023-04-20" "metadata" "--manifest-path" "Cargo.toml" "--no-deps", kill_on_drop: false }`
[INFO] started tweaking git repo https://github.com/crumblingstatue/eframe-js-comm-bridge
[INFO] finished tweaking git repo https://github.com/crumblingstatue/eframe-js-comm-bridge
[INFO] tweaked toml for git repo https://github.com/crumblingstatue/eframe-js-comm-bridge written to /workspace/builds/worker-5-tc2/source/Cargo.toml
[INFO] crate git repo https://github.com/crumblingstatue/eframe-js-comm-bridge already has a lockfile, it will not be regenerated
[INFO] running `Command { std: CARGO_HOME="/workspace/cargo-home" RUSTUP_HOME="/workspace/rustup-home" "/workspace/cargo-home/bin/cargo" "+beta-2023-04-20" "fetch" "--manifest-path" "Cargo.toml", kill_on_drop: false }`
[INFO] [stderr]     Blocking waiting for file lock on package cache
[INFO] [stderr]  Downloading crates ...
[INFO] [stderr]   Downloaded egui_glow v0.18.0
[INFO] [stderr]   Downloaded egui v0.18.0
[INFO] [stderr]   Downloaded epaint v0.18.0
[INFO] running `Command { std: "docker" "create" "-v" "/var/lib/crater-agent-workspace/builds/worker-5-tc2/target:/opt/rustwide/target:rw,Z" "-v" "/var/lib/crater-agent-workspace/builds/worker-5-tc2/source:/opt/rustwide/workdir:ro,Z" "-v" "/var/lib/crater-agent-workspace/cargo-home:/opt/rustwide/cargo-home:ro,Z" "-v" "/var/lib/crater-agent-workspace/rustup-home:/opt/rustwide/rustup-home:ro,Z" "-e" "SOURCE_DIR=/opt/rustwide/workdir" "-e" "CARGO_TARGET_DIR=/opt/rustwide/target" "-e" "CARGO_HOME=/opt/rustwide/cargo-home" "-e" "RUSTUP_HOME=/opt/rustwide/rustup-home" "-w" "/opt/rustwide/workdir" "-m" "1610612736" "--user" "0:0" "--network" "none" "ghcr.io/rust-lang/crates-build-env/linux@sha256:5ff2268d62e97bff2cde7d5815dd6ed5b47097566f13b8d0ca110b04b60e07ed" "/opt/rustwide/cargo-home/bin/cargo" "+beta-2023-04-20" "metadata" "--no-deps" "--format-version=1", kill_on_drop: false }`
[INFO] [stdout] 11a304fa7d2c0b48d676a6f971f3ff1930415a2f30bfde640c1fa6c1dcd7c9df
[INFO] running `Command { std: "docker" "start" "-a" "11a304fa7d2c0b48d676a6f971f3ff1930415a2f30bfde640c1fa6c1dcd7c9df", kill_on_drop: false }`
[INFO] running `Command { std: "docker" "inspect" "11a304fa7d2c0b48d676a6f971f3ff1930415a2f30bfde640c1fa6c1dcd7c9df", kill_on_drop: false }`
[INFO] running `Command { std: "docker" "rm" "-f" "11a304fa7d2c0b48d676a6f971f3ff1930415a2f30bfde640c1fa6c1dcd7c9df", kill_on_drop: false }`
[INFO] [stdout] 11a304fa7d2c0b48d676a6f971f3ff1930415a2f30bfde640c1fa6c1dcd7c9df
[INFO] running `Command { std: "docker" "create" "-v" "/var/lib/crater-agent-workspace/builds/worker-5-tc2/target:/opt/rustwide/target:rw,Z" "-v" "/var/lib/crater-agent-workspace/builds/worker-5-tc2/source:/opt/rustwide/workdir:ro,Z" "-v" "/var/lib/crater-agent-workspace/cargo-home:/opt/rustwide/cargo-home:ro,Z" "-v" "/var/lib/crater-agent-workspace/rustup-home:/opt/rustwide/rustup-home:ro,Z" "-e" "SOURCE_DIR=/opt/rustwide/workdir" "-e" "CARGO_TARGET_DIR=/opt/rustwide/target" "-e" "CARGO_INCREMENTAL=0" "-e" "RUST_BACKTRACE=full" "-e" "RUSTFLAGS=--cap-lints=warn" "-e" "RUSTDOCFLAGS=--cap-lints=warn" "-e" "CARGO_HOME=/opt/rustwide/cargo-home" "-e" "RUSTUP_HOME=/opt/rustwide/rustup-home" "-w" "/opt/rustwide/workdir" "-m" "1610612736" "--user" "0:0" "--network" "none" "ghcr.io/rust-lang/crates-build-env/linux@sha256:5ff2268d62e97bff2cde7d5815dd6ed5b47097566f13b8d0ca110b04b60e07ed" "/opt/rustwide/cargo-home/bin/cargo" "+beta-2023-04-20" "build" "--frozen" "--message-format=json", kill_on_drop: false }`
[INFO] [stdout] a7a36293da8ff3cbc8bb5aabdd7909c51831e7e0ef654c6b423bcb603a3cb022
[INFO] running `Command { std: "docker" "start" "-a" "a7a36293da8ff3cbc8bb5aabdd7909c51831e7e0ef654c6b423bcb603a3cb022", kill_on_drop: false }`
[INFO] [stderr]    Compiling cfg-if v1.0.0
[INFO] [stderr]    Compiling libc v0.2.125
[INFO] [stderr]    Compiling proc-macro2 v1.0.37
[INFO] [stderr]    Compiling unicode-xid v0.2.2
[INFO] [stderr]    Compiling autocfg v1.1.0
[INFO] [stderr]    Compiling lazy_static v1.4.0
[INFO] [stderr]    Compiling xml-rs v0.8.4
[INFO] [stderr]    Compiling syn v1.0.92
[INFO] [stderr]    Compiling smallvec v1.8.0
[INFO] [stderr]    Compiling pkg-config v0.3.25
[INFO] [stderr]    Compiling once_cell v1.10.0
[INFO] [stderr]    Compiling bitflags v1.3.2
[INFO] [stderr]    Compiling log v0.4.16
[INFO] [stderr]    Compiling khronos_api v3.1.0
[INFO] [stderr]    Compiling serde_derive v1.0.136
[INFO] [stderr]    Compiling libloading v0.7.3
[INFO] [stderr]    Compiling scopeguard v1.1.0
[INFO] [stderr]    Compiling serde v1.0.136
[INFO] [stderr]    Compiling memchr v2.5.0
[INFO] [stderr]    Compiling downcast-rs v1.2.0
[INFO] [stderr]    Compiling parking_lot_core v0.9.3
[INFO] [stderr]    Compiling dlib v0.5.0
[INFO] [stderr]    Compiling scoped-tls v1.0.0
[INFO] [stderr]    Compiling minimal-lexical v0.2.1
[INFO] [stderr]    Compiling version_check v0.9.4
[INFO] [stderr]    Compiling tracing-core v0.1.26
[INFO] [stderr]    Compiling ttf-parser v0.15.0
[INFO] [stderr]    Compiling percent-encoding v2.1.0
[INFO] [stderr]    Compiling memoffset v0.6.5
[INFO] [stderr]    Compiling lock_api v0.4.7
[INFO] [stderr]    Compiling tinyvec_macros v0.1.0
[INFO] [stderr]    Compiling wayland-sys v0.29.4
[INFO] [stderr]    Compiling x11-dl v2.19.1
[INFO] [stderr]    Compiling parking_lot_core v0.8.5
[INFO] [stderr]    Compiling tinyvec v1.6.0
[INFO] [stderr]    Compiling gl_generator v0.14.0
[INFO] [stderr]    Compiling smithay-client-toolkit v0.15.4
[INFO] [stderr]    Compiling instant v0.1.12
[INFO] [stderr]    Compiling ahash v0.7.6
[INFO] [stderr]    Compiling quote v1.0.18
[INFO] [stderr]    Compiling matches v0.1.9
[INFO] [stderr]    Compiling nom v7.1.1
[INFO] [stderr]    Compiling ab_glyph_rasterizer v0.1.5
[INFO] [stderr]    Compiling nohash-hasher v0.2.0
[INFO] [stderr]    Compiling pin-project-lite v0.2.9
[INFO] [stderr]    Compiling wayland-scanner v0.29.4
[INFO] [stderr]    Compiling unicode-bidi v0.3.8
[INFO] [stderr]    Compiling winit v0.26.1
[INFO] [stderr]    Compiling base64 v0.13.0
[INFO] [stderr]    Compiling cty v0.2.2
[INFO] [stderr]    Compiling form_urlencoded v1.0.1
[INFO] [stderr]    Compiling unicode-normalization v0.1.19
[INFO] [stderr]    Compiling raw-window-handle v0.4.3
[INFO] [stderr]    Compiling glow v0.11.2
[INFO] [stderr]    Compiling tracing-log v0.1.3
[INFO] [stderr]    Compiling thread_local v1.1.4
[INFO] [stderr]    Compiling sharded-slab v0.1.4
[INFO] [stderr]    Compiling ansi_term v0.12.1
[INFO] [stderr]    Compiling glutin_glx_sys v0.1.7
[INFO] [stderr]    Compiling glutin_egl_sys v0.1.5
[INFO] [stderr]    Compiling nix v0.22.3
[INFO] [stderr]    Compiling getrandom v0.2.6
[INFO] [stderr]    Compiling memmap2 v0.3.1
[INFO] [stderr]    Compiling parking_lot v0.12.0
[INFO] [stderr]    Compiling parking_lot v0.11.2
[INFO] [stderr]    Compiling idna v0.2.3
[INFO] [stderr]    Compiling gethostname v0.2.3
[INFO] [stderr]    Compiling mio v0.8.2
[INFO] [stderr]    Compiling owned_ttf_parser v0.15.0
[INFO] [stderr]    Compiling shared_library v0.1.9
[INFO] [stderr]    Compiling wayland-client v0.29.4
[INFO] [stderr]    Compiling wayland-protocols v0.29.4
[INFO] [stderr]    Compiling xcursor v0.3.4
[INFO] [stderr]    Compiling ab_glyph v0.2.15
[INFO] [stderr]    Compiling url v2.2.2
[INFO] [stderr]    Compiling osmesa-sys v0.1.2
[INFO] [stderr]    Compiling dirs-sys-next v0.1.2
[INFO] [stderr]    Compiling tracing-subscriber v0.3.11
[INFO] [stderr]    Compiling directories-next v2.0.0
[INFO] [stderr]    Compiling webbrowser v0.7.1
[INFO] [stderr]    Compiling wayland-commons v0.29.4
[INFO] [stderr]    Compiling calloop v0.9.3
[INFO] [stderr]    Compiling x11rb v0.9.0
[INFO] [stderr]    Compiling bytemuck_derive v1.1.0
[INFO] [stderr]    Compiling tracing-attributes v0.1.21
[INFO] [stderr]    Compiling thiserror-impl v1.0.30
[INFO] [stderr]    Compiling wayland-cursor v0.29.4
[INFO] [stderr]    Compiling wayland-egl v0.29.4
[INFO] [stderr]    Compiling bytemuck v1.9.1
[INFO] [stderr]    Compiling thiserror v1.0.30
[INFO] [stderr]    Compiling tracing v0.1.34
[INFO] [stderr]    Compiling arboard v2.1.0
[INFO] [stderr]    Compiling emath v0.18.0
[INFO] [stderr]    Compiling ron v0.7.0
[INFO] [stderr]    Compiling epaint v0.18.0
[INFO] [stderr]    Compiling egui v0.18.0
[INFO] [stderr]    Compiling egui_glow v0.18.0
[INFO] [stderr]    Compiling egui-winit v0.18.0
[INFO] [stderr]    Compiling glutin v0.28.0
[INFO] [stderr]    Compiling eframe v0.18.0
[INFO] [stderr]    Compiling eframe_template v0.1.0 (/opt/rustwide/workdir)
[INFO] [stdout] error: cannot find attribute `wasm_bindgen` in this scope
[INFO] [stdout]   --> src/lib.rs:40:3
[INFO] [stdout]    |
[INFO] [stdout] 40 | #[wasm_bindgen]
[INFO] [stdout]    |   ^^^^^^^^^^^^
[INFO] [stdout] 
[INFO] [stdout] 
[INFO] [stdout] error: cannot find attribute `wasm_bindgen` in this scope
[INFO] [stdout]   --> src/lib.rs:70:3
[INFO] [stdout]    |
[INFO] [stdout] 70 | #[wasm_bindgen]
[INFO] [stdout]    |   ^^^^^^^^^^^^
[INFO] [stdout] 
[INFO] [stdout] 
[INFO] [stdout] error[E0412]: cannot find type `JsValue` in this scope
[INFO] [stdout]   --> src/lib.rs:72:27
[INFO] [stdout]    |
[INFO] [stdout] 72 |     pub fn pull(&self) -> JsValue {
[INFO] [stdout]    |                           ^^^^^^^ not found in this scope
[INFO] [stdout] 
[INFO] [stdout] 
[INFO] [stdout] error[E0412]: cannot find type `JsValue` in this scope
[INFO] [stdout]   --> src/lib.rs:78:33
[INFO] [stdout]    |
[INFO] [stdout] 78 |     pub fn push(&self, content: JsValue) {
[INFO] [stdout]    |                                 ^^^^^^^ not found in this scope
[INFO] [stdout] 
[INFO] [stdout] 
[INFO] [stdout] error[E0433]: failed to resolve: use of undeclared type `JsValue`
[INFO] [stdout]   --> src/lib.rs:74:26
[INFO] [stdout]    |
[INFO] [stdout] 74 |             Some(val) => JsValue::from_str(&val),
[INFO] [stdout]    |                          ^^^^^^^ use of undeclared type `JsValue`
[INFO] [stdout] 
[INFO] [stdout] 
[INFO] [stdout] error[E0433]: failed to resolve: use of undeclared type `JsValue`
[INFO] [stdout]   --> src/lib.rs:75:21
[INFO] [stdout]    |
[INFO] [stdout] 75 |             None => JsValue::null(),
[INFO] [stdout]    |                     ^^^^^^^ use of undeclared type `JsValue`
[INFO] [stdout] 
[INFO] [stdout] 
[INFO] [stdout] error: aborting due to 6 previous errors
[INFO] [stdout] 
[INFO] [stdout] 
[INFO] [stdout] Some errors have detailed explanations: E0412, E0433.
[INFO] [stdout] 
[INFO] [stdout] For more information about an error, try `rustc --explain E0412`.
[INFO] [stdout] 
[INFO] [stderr] error: could not compile `eframe_template` (lib) due to 7 previous errors
[INFO] running `Command { std: "docker" "inspect" "a7a36293da8ff3cbc8bb5aabdd7909c51831e7e0ef654c6b423bcb603a3cb022", kill_on_drop: false }`
[INFO] running `Command { std: "docker" "rm" "-f" "a7a36293da8ff3cbc8bb5aabdd7909c51831e7e0ef654c6b423bcb603a3cb022", kill_on_drop: false }`
[INFO] [stdout] a7a36293da8ff3cbc8bb5aabdd7909c51831e7e0ef654c6b423bcb603a3cb022
