[INFO] cloning repository https://github.com/crockeo/pyproxide
[INFO] running `Command { std: "git" "-c" "credential.helper=" "-c" "credential.helper=/workspace/cargo-home/bin/git-credential-null" "clone" "--bare" "https://github.com/crockeo/pyproxide" "/workspace/cache/git-repos/https%3A%2F%2Fgithub.com%2Fcrockeo%2Fpyproxide", kill_on_drop: false }`
[INFO] [stderr] Cloning into bare repository '/workspace/cache/git-repos/https%3A%2F%2Fgithub.com%2Fcrockeo%2Fpyproxide'...
[INFO] running `Command { std: "git" "rev-parse" "HEAD", kill_on_drop: false }`
[INFO] [stdout] 4355045e06fd8a6d963f9683173ac2f7d36b894a
[INFO] testing crockeo/pyproxide against 1.69.0 for beta-1.70-1
[INFO] running `Command { std: "git" "clone" "/workspace/cache/git-repos/https%3A%2F%2Fgithub.com%2Fcrockeo%2Fpyproxide" "/workspace/builds/worker-0-tc1/source", kill_on_drop: false }`
[INFO] [stderr] Cloning into '/workspace/builds/worker-0-tc1/source'...
[INFO] [stderr] done.
[INFO] validating manifest of git repo https://github.com/crockeo/pyproxide on toolchain 1.69.0
[INFO] running `Command { std: CARGO_HOME="/workspace/cargo-home" RUSTUP_HOME="/workspace/rustup-home" "/workspace/cargo-home/bin/cargo" "+1.69.0" "metadata" "--manifest-path" "Cargo.toml" "--no-deps", kill_on_drop: false }`
[INFO] started tweaking git repo https://github.com/crockeo/pyproxide
[INFO] finished tweaking git repo https://github.com/crockeo/pyproxide
[INFO] tweaked toml for git repo https://github.com/crockeo/pyproxide written to /workspace/builds/worker-0-tc1/source/Cargo.toml
[INFO] crate git repo https://github.com/crockeo/pyproxide already has a lockfile, it will not be regenerated
[INFO] running `Command { std: CARGO_HOME="/workspace/cargo-home" RUSTUP_HOME="/workspace/rustup-home" "/workspace/cargo-home/bin/cargo" "+1.69.0" "fetch" "--manifest-path" "Cargo.toml", kill_on_drop: false }`
[INFO] [stderr]  Downloading crates ...
[INFO] [stderr]   Downloaded string_cache v0.8.3
[INFO] [stderr]   Downloaded pretty_assertions v1.2.0
[INFO] running `Command { std: "docker" "create" "-v" "/var/lib/crater-agent-workspace/builds/worker-0-tc1/target:/opt/rustwide/target:rw,Z" "-v" "/var/lib/crater-agent-workspace/builds/worker-0-tc1/source:/opt/rustwide/workdir:ro,Z" "-v" "/var/lib/crater-agent-workspace/cargo-home:/opt/rustwide/cargo-home:ro,Z" "-v" "/var/lib/crater-agent-workspace/rustup-home:/opt/rustwide/rustup-home:ro,Z" "-e" "SOURCE_DIR=/opt/rustwide/workdir" "-e" "CARGO_TARGET_DIR=/opt/rustwide/target" "-e" "CARGO_HOME=/opt/rustwide/cargo-home" "-e" "RUSTUP_HOME=/opt/rustwide/rustup-home" "-w" "/opt/rustwide/workdir" "-m" "1610612736" "--user" "0:0" "--network" "none" "ghcr.io/rust-lang/crates-build-env/linux@sha256:5ff2268d62e97bff2cde7d5815dd6ed5b47097566f13b8d0ca110b04b60e07ed" "/opt/rustwide/cargo-home/bin/cargo" "+1.69.0" "metadata" "--no-deps" "--format-version=1", kill_on_drop: false }`
[INFO] [stdout] efef22248ff047a4ba6ad645b4537d97a92b5ed92c9bbbcb7c3d4ce0fe598faf
[INFO] running `Command { std: "docker" "start" "-a" "efef22248ff047a4ba6ad645b4537d97a92b5ed92c9bbbcb7c3d4ce0fe598faf", kill_on_drop: false }`
[INFO] running `Command { std: "docker" "inspect" "efef22248ff047a4ba6ad645b4537d97a92b5ed92c9bbbcb7c3d4ce0fe598faf", kill_on_drop: false }`
[INFO] running `Command { std: "docker" "rm" "-f" "efef22248ff047a4ba6ad645b4537d97a92b5ed92c9bbbcb7c3d4ce0fe598faf", kill_on_drop: false }`
[INFO] [stdout] efef22248ff047a4ba6ad645b4537d97a92b5ed92c9bbbcb7c3d4ce0fe598faf
[INFO] running `Command { std: "docker" "create" "-v" "/var/lib/crater-agent-workspace/builds/worker-0-tc1/target:/opt/rustwide/target:rw,Z" "-v" "/var/lib/crater-agent-workspace/builds/worker-0-tc1/source:/opt/rustwide/workdir:ro,Z" "-v" "/var/lib/crater-agent-workspace/cargo-home:/opt/rustwide/cargo-home:ro,Z" "-v" "/var/lib/crater-agent-workspace/rustup-home:/opt/rustwide/rustup-home:ro,Z" "-e" "SOURCE_DIR=/opt/rustwide/workdir" "-e" "CARGO_TARGET_DIR=/opt/rustwide/target" "-e" "CARGO_INCREMENTAL=0" "-e" "RUST_BACKTRACE=full" "-e" "RUSTFLAGS=--cap-lints=warn" "-e" "RUSTDOCFLAGS=--cap-lints=warn" "-e" "CARGO_HOME=/opt/rustwide/cargo-home" "-e" "RUSTUP_HOME=/opt/rustwide/rustup-home" "-w" "/opt/rustwide/workdir" "-m" "1610612736" "--user" "0:0" "--network" "none" "ghcr.io/rust-lang/crates-build-env/linux@sha256:5ff2268d62e97bff2cde7d5815dd6ed5b47097566f13b8d0ca110b04b60e07ed" "/opt/rustwide/cargo-home/bin/cargo" "+1.69.0" "build" "--frozen" "--message-format=json", kill_on_drop: false }`
[INFO] [stdout] 3ed537044db58a02ec17b04ccc7b6f1e564c385945b1062c17800ea17c67cc5d
[INFO] running `Command { std: "docker" "start" "-a" "3ed537044db58a02ec17b04ccc7b6f1e564c385945b1062c17800ea17c67cc5d", kill_on_drop: false }`
[INFO] [stderr]    Compiling proc-macro2 v1.0.36
[INFO] [stderr]    Compiling unicode-xid v0.2.2
[INFO] [stderr]    Compiling syn v1.0.89
[INFO] [stderr]    Compiling libc v0.2.120
[INFO] [stderr]    Compiling ppv-lite86 v0.2.16
[INFO] [stderr]    Compiling log v0.4.14
[INFO] [stderr]    Compiling getrandom v0.1.16
[INFO] [stderr]    Compiling smallvec v1.8.0
[INFO] [stderr]    Compiling siphasher v0.3.10
[INFO] [stderr]    Compiling memchr v2.4.1
[INFO] [stderr]    Compiling lock_api v0.4.6
[INFO] [stderr]    Compiling bytes v1.1.0
[INFO] [stderr]    Compiling phf_shared v0.8.0
[INFO] [stderr]    Compiling typenum v1.15.0
[INFO] [stderr]    Compiling generic-array v0.14.5
[INFO] [stderr]    Compiling itoa v1.0.1
[INFO] [stderr]    Compiling parking_lot_core v0.9.1
[INFO] [stderr]    Compiling pin-project-lite v0.2.8
[INFO] [stderr]    Compiling quote v1.0.16
[INFO] [stderr]    Compiling once_cell v1.10.0
[INFO] [stderr]    Compiling futures-core v0.3.21
[INFO] [stderr]    Compiling rand_core v0.5.1
[INFO] [stderr]    Compiling fnv v1.0.7
[INFO] [stderr]    Compiling matches v0.1.9
[INFO] [stderr]    Compiling serde_derive v1.0.136
[INFO] [stderr]    Compiling http v0.2.6
[INFO] [stderr]    Compiling parking_lot v0.12.0
[INFO] [stderr]    Compiling rand_chacha v0.2.2
[INFO] [stderr]    Compiling rand_pcg v0.2.1
[INFO] [stderr]    Compiling socket2 v0.4.4
[INFO] [stderr]    Compiling rand v0.7.3
[INFO] [stderr]    Compiling num_cpus v1.13.1
[INFO] [stderr]    Compiling signal-hook-registry v1.4.0
[INFO] [stderr]    Compiling mio v0.8.2
[INFO] [stderr]    Compiling proc-macro-hack v0.5.19
[INFO] [stderr]    Compiling serde v1.0.136
[INFO] [stderr]    Compiling phf_generator v0.8.0
[INFO] [stderr]    Compiling pkg-config v0.3.24
[INFO] [stderr]    Compiling cc v1.0.73
[INFO] [stderr]    Compiling phf_codegen v0.8.0
[INFO] [stderr]    Compiling futures-task v0.3.21
[INFO] [stderr]    Compiling futures-sink v0.3.21
[INFO] [stderr]    Compiling httparse v1.6.0
[INFO] [stderr]    Compiling getrandom v0.2.5
[INFO] [stderr]    Compiling unicase v2.6.0
[INFO] [stderr]    Compiling tinyvec_macros v0.1.0
[INFO] [stderr]    Compiling futures-util v0.3.21
[INFO] [stderr]    Compiling utf-8 v0.7.6
[INFO] [stderr]    Compiling parking_lot_core v0.8.5
[INFO] [stderr]    Compiling tinyvec v1.5.1
[INFO] [stderr]    Compiling rand_core v0.6.3
[INFO] [stderr]    Compiling indexmap v1.8.0
[INFO] [stderr]    Compiling instant v0.1.12
[INFO] [stderr]    Compiling byteorder v1.4.3
[INFO] [stderr]    Compiling openssl-sys v0.9.72
[INFO] [stderr]    Compiling cpufeatures v0.2.1
[INFO] [stderr]    Compiling percent-encoding v2.1.0
[INFO] [stderr]    Compiling slab v0.4.5
[INFO] [stderr]    Compiling new_debug_unreachable v1.0.4
[INFO] [stderr]    Compiling pin-utils v0.1.0
[INFO] [stderr]    Compiling form_urlencoded v1.0.1
[INFO] [stderr]    Compiling rand_chacha v0.3.1
[INFO] [stderr]    Compiling unicode-normalization v0.1.19
[INFO] [stderr]    Compiling string_cache_codegen v0.5.1
[INFO] [stderr]    Compiling tracing-core v0.1.23
[INFO] [stderr]    Compiling foreign-types-shared v0.1.1
[INFO] [stderr]    Compiling unicode-bidi v0.3.7
[INFO] [stderr]    Compiling futures-channel v0.3.21
[INFO] [stderr]    Compiling hashbrown v0.11.2
[INFO] [stderr]    Compiling openssl v0.10.38
[INFO] [stderr]    Compiling mac v0.1.1
[INFO] [stderr]    Compiling precomputed-hash v0.1.1
[INFO] [stderr]    Compiling futf v0.1.5
[INFO] [stderr]    Compiling idna v0.2.3
[INFO] [stderr]    Compiling tracing v0.1.32
[INFO] [stderr]    Compiling markup5ever v0.10.1
[INFO] [stderr]    Compiling foreign-types v0.3.2
[INFO] [stderr]    Compiling mime_guess v2.0.4
[INFO] [stderr]    Compiling rand v0.8.5
[INFO] [stderr]    Compiling parking_lot v0.11.2
[INFO] [stderr]    Compiling crypto-common v0.1.3
[INFO] [stderr]    Compiling block-buffer v0.10.2
[INFO] [stderr]    Compiling block-buffer v0.9.0
[INFO] [stderr]    Compiling digest v0.9.0
[INFO] [stderr]    Compiling phf_shared v0.10.0
[INFO] [stderr]    Compiling try-lock v0.2.3
[INFO] [stderr]    Compiling httpdate v1.0.2
[INFO] [stderr]    Compiling opaque-debug v0.3.0
[INFO] [stderr]    Compiling base64 v0.13.0
[INFO] [stderr]    Compiling mime v0.3.16
[INFO] [stderr]    Compiling native-tls v0.2.8
[INFO] [stderr]    Compiling dtoa v0.4.8
[INFO] [stderr]    Compiling sha-1 v0.9.8
[INFO] [stderr]    Compiling dtoa-short v0.3.3
[INFO] [stderr]    Compiling want v0.3.0
[INFO] [stderr]    Compiling digest v0.10.3
[INFO] [stderr]    Compiling url v2.2.2
[INFO] [stderr]    Compiling tendril v0.4.2
[INFO] [stderr]    Compiling http-body v0.4.4
[INFO] [stderr]    Compiling selectors v0.22.0
[INFO] [stderr]    Compiling fastrand v1.7.0
[INFO] [stderr]    Compiling stable_deref_trait v1.2.0
[INFO] [stderr]    Compiling safemem v0.3.3
[INFO] [stderr]    Compiling convert_case v0.4.0
[INFO] [stderr]    Compiling serde_json v1.0.79
[INFO] [stderr]    Compiling openssl-probe v0.1.5
[INFO] [stderr]    Compiling tower-service v0.3.1
[INFO] [stderr]    Compiling itoa v0.4.8
[INFO] [stderr]    Compiling ryu v1.0.9
[INFO] [stderr]    Compiling remove_dir_all v0.5.3
[INFO] [stderr]    Compiling nodrop v0.1.14
[INFO] [stderr]    Compiling tempfile v3.3.0
[INFO] [stderr]    Compiling buf_redux v0.8.4
[INFO] [stderr]    Compiling servo_arc v0.1.1
[INFO] [stderr]    Compiling sha-1 v0.10.0
[INFO] [stderr]    Compiling tokio-macros v1.7.0
[INFO] [stderr]    Compiling phf_macros v0.8.0
[INFO] [stderr]    Compiling thiserror-impl v1.0.30
[INFO] [stderr]    Compiling cssparser v0.27.2
[INFO] [stderr]    Compiling html5ever v0.25.1
[INFO] [stderr]    Compiling pin-project-internal v1.0.10
[INFO] [stderr]    Compiling tokio v1.17.0
[INFO] [stderr]    Compiling phf v0.8.0
[INFO] [stderr]    Compiling cssparser-macros v0.6.0
[INFO] [stderr]    Compiling thiserror v1.0.30
[INFO] [stderr]    Compiling pin-project v1.0.10
[INFO] [stderr]    Compiling tungstenite v0.14.0
[INFO] [stderr]    Compiling derive_more v0.99.17
[INFO] [stderr]    Compiling fxhash v0.2.1
[INFO] [stderr]    Compiling headers-core v0.2.0
[INFO] [stderr]    Compiling twoway v0.1.8
[INFO] [stderr]    Compiling quick-error v1.2.3
[INFO] [stderr]    Compiling thin-slice v0.1.1
[INFO] [stderr]    Compiling multipart v0.18.0
[INFO] [stderr]    Compiling headers v0.3.7
[INFO] [stderr]    Compiling aho-corasick v0.7.18
[INFO] [stderr]    Compiling diff v0.1.12
[INFO] [stderr]    Compiling regex-syntax v0.6.25
[INFO] [stderr]    Compiling scoped-tls v1.0.0
[INFO] [stderr]    Compiling ansi_term v0.12.1
[INFO] [stderr]    Compiling pretty_assertions v1.2.0
[INFO] [stderr]    Compiling tokio-util v0.6.9
[INFO] [stderr]    Compiling tokio-native-tls v0.3.0
[INFO] [stderr]    Compiling tokio-tungstenite v0.15.0
[INFO] [stderr]    Compiling tokio-stream v0.1.8
[INFO] [stderr]    Compiling h2 v0.3.12
[INFO] [stderr]    Compiling regex v1.5.5
[INFO] [stderr]    Compiling string_cache v0.8.3
[INFO] [stderr]    Compiling serde_urlencoded v0.7.1
[INFO] [stderr]    Compiling kuchiki v0.8.1
[INFO] [stderr]    Compiling hyper v0.14.17
[INFO] [stderr]    Compiling hyper-tls v0.5.0
[INFO] [stderr]    Compiling warp v0.3.2
[INFO] [stderr]    Compiling pyproxide v0.1.0 (/opt/rustwide/workdir)
[INFO] [stdout] error[E0277]: `(dyn StdError + 'static)` cannot be sent between threads safely
[INFO] [stdout]    --> src/main.rs:231:15
[INFO] [stdout]     |
[INFO] [stdout] 231 |         .then(handle_package_index);
[INFO] [stdout]     |          ---- ^^^^^^^^^^^^^^^^^^^^ `(dyn StdError + 'static)` cannot be sent between threads safely
[INFO] [stdout]     |          |
[INFO] [stdout]     |          required by a bound introduced by this call
[INFO] [stdout]     |
[INFO] [stdout]     = help: the trait `Send` is not implemented for `(dyn StdError + 'static)`
[INFO] [stdout]     = note: required for `Unique<(dyn StdError + 'static)>` to implement `Send`
[INFO] [stdout]     = note: required because it appears within the type `Box<dyn Error>`
[INFO] [stdout]     = note: required because it appears within the type `Result<PackageConfig, Box<dyn Error>>`
[INFO] [stdout]     = note: required because it appears within the type `MaybeDone<impl Future<Output = Result<PackageConfig, Box<dyn Error>>>>`
[INFO] [stdout]     = note: required because it appears within the type `(MaybeDone<impl Future<Output = Response<String>>>, MaybeDone<impl Future<Output = Result<PackageConfig, Box<dyn Error>>>>)`
[INFO] [stdout]     = note: required because it captures the following types: `ResumeTy`, `String`, `Method`, `HeaderMap`, `Bytes`, `(MaybeDone<impl Future<Output = Response<String>>>, MaybeDone<impl Future<Output = Result<PackageConfig, Box<dyn Error>>>>)`, `[closure@join.rs:74:17]`, `PollFn<[closure@join.rs:74:17]>`, `()`
[INFO] [stdout] note: required because it's used within this `async fn` body
[INFO] [stdout]    --> src/main.rs:112:23
[INFO] [stdout]     |
[INFO] [stdout] 112 |   ) -> Response<String> {
[INFO] [stdout]     |  _______________________^
[INFO] [stdout] 113 | |     info!("{} /simple/{}/", method, package);
[INFO] [stdout] 114 | |
[INFO] [stdout] 115 | |     let uri = format!("https://pypi.org/simple/{package}/");
[INFO] [stdout] ...   |
[INFO] [stdout] 192 | |     res
[INFO] [stdout] 193 | | }
[INFO] [stdout]     | |_^
[INFO] [stdout] note: required by a bound in `then`
[INFO] [stdout]    --> /opt/rustwide/cargo-home/registry/src/github.com-1ecc6299db9ec823/warp-0.3.2/src/filter/mod.rs:221:29
[INFO] [stdout]     |
[INFO] [stdout] 221 |         F::Output: Future + Send,
[INFO] [stdout]     |                             ^^^^ required by this bound in `Filter::then`
[INFO] [stdout] 
[INFO] [stdout] 
[INFO] [stdout] error[E0277]: `(dyn StdError + 'static)` cannot be sent between threads safely
[INFO] [stdout]    --> src/main.rs:233:29
[INFO] [stdout]     |
[INFO] [stdout] 233 |     let router = root_index.or(package_index);
[INFO] [stdout]     |                             ^^ `(dyn StdError + 'static)` cannot be sent between threads safely
[INFO] [stdout]     |
[INFO] [stdout]     = help: the trait `Send` is not implemented for `(dyn StdError + 'static)`
[INFO] [stdout]     = help: the trait `warp::filter::FilterBase` is implemented for `warp::filter::then::Then<T, F>`
[INFO] [stdout]     = note: required for `Unique<(dyn StdError + 'static)>` to implement `Send`
[INFO] [stdout]     = note: required because it appears within the type `Box<dyn Error>`
[INFO] [stdout]     = note: required because it appears within the type `Result<PackageConfig, Box<dyn Error>>`
[INFO] [stdout]     = note: required because it appears within the type `MaybeDone<impl Future<Output = Result<PackageConfig, Box<dyn Error>>>>`
[INFO] [stdout]     = note: required because it appears within the type `(MaybeDone<impl Future<Output = Response<String>>>, MaybeDone<impl Future<Output = Result<PackageConfig, Box<dyn Error>>>>)`
[INFO] [stdout]     = note: required because it captures the following types: `ResumeTy`, `String`, `Method`, `HeaderMap`, `Bytes`, `(MaybeDone<impl Future<Output = Response<String>>>, MaybeDone<impl Future<Output = Result<PackageConfig, Box<dyn Error>>>>)`, `[closure@join.rs:74:17]`, `PollFn<[closure@join.rs:74:17]>`, `()`
[INFO] [stdout] note: required because it's used within this `async fn` body
[INFO] [stdout]    --> src/main.rs:112:23
[INFO] [stdout]     |
[INFO] [stdout] 112 |   ) -> Response<String> {
[INFO] [stdout]     |  _______________________^
[INFO] [stdout] 113 | |     info!("{} /simple/{}/", method, package);
[INFO] [stdout] 114 | |
[INFO] [stdout] 115 | |     let uri = format!("https://pypi.org/simple/{package}/");
[INFO] [stdout] ...   |
[INFO] [stdout] 192 | |     res
[INFO] [stdout] 193 | | }
[INFO] [stdout]     | |_^
[INFO] [stdout]     = note: required for `Then<And<And<And<And<And<..., ...>, ...>, ...>, ...>, ...>, ...>` to implement `warp::filter::FilterBase`
[INFO] [stdout]     = note: the full type name has been written to '/opt/rustwide/target/debug/deps/pyproxide-0c6c5753576d1378.long-type-8835728864856034556.txt'
[INFO] [stdout] 
[INFO] [stdout] 
[INFO] [stdout] error[E0599]: the method `run` exists for struct `Server<Or<Then<And<And<And<And<..., ...>, ...>, ...>, ...>, ...>, ...>>`, but its trait bounds were not satisfied
[INFO] [stdout]    --> src/main.rs:235:25
[INFO] [stdout]     |
[INFO] [stdout] 235 |     warp::serve(router).run(([127, 0, 0, 1], 8080)).await;
[INFO] [stdout]     |                         ^^^ method cannot be called due to unsatisfied trait bounds
[INFO] [stdout]     |
[INFO] [stdout]    ::: /opt/rustwide/cargo-home/registry/src/github.com-1ecc6299db9ec823/warp-0.3.2/src/filter/then.rs:11:1
[INFO] [stdout]     |
[INFO] [stdout] 11  | pub struct Then<T, F> {
[INFO] [stdout]     | ---------------------
[INFO] [stdout]     | |
[INFO] [stdout]     | doesn't satisfy `_: FilterBase`
[INFO] [stdout]     | doesn't satisfy `_: Filter`
[INFO] [stdout]     |
[INFO] [stdout]    ::: /opt/rustwide/cargo-home/registry/src/github.com-1ecc6299db9ec823/warp-0.3.2/src/filter/or.rs:16:1
[INFO] [stdout]     |
[INFO] [stdout] 16  | pub struct Or<T, U> {
[INFO] [stdout]     | -------------------
[INFO] [stdout]     | |
[INFO] [stdout]     | doesn't satisfy `_: FilterBase`
[INFO] [stdout]     | doesn't satisfy `_: Filter`
[INFO] [stdout] ...
[INFO] [stdout] 43  | pub struct EitherFuture<T: Filter, U: Filter> {
[INFO] [stdout]     | ---------------------------------------------
[INFO] [stdout]     | |
[INFO] [stdout]     | doesn't satisfy `<_ as Future>::Output = Result<_, _>`
[INFO] [stdout]     | doesn't satisfy `_: Future`
[INFO] [stdout]     |
[INFO] [stdout]     = note: the full type name has been written to '/opt/rustwide/target/debug/deps/pyproxide-0c6c5753576d1378.long-type-1608557259810901589.txt'
[INFO] [stdout]     = note: the following trait bounds were not satisfied:
[INFO] [stdout]             `warp::filter::or::Or<warp::filter::then::Then<warp::filter::and::And<warp::filter::and::And<warp::filter::and::And<warp::filter::and::And<impl warp::Filter + warp::filter::FilterBase<Extract = (), Error = Infallible> + Copy, Exact<warp::path::internal::Opaque<main::{closure#0}::__StaticPath>>>, impl warp::Filter + warp::filter::FilterBase<Extract = (), Error = Rejection> + Copy>, warp::filter::and::And<warp::filter::and::And<impl warp::Filter + warp::filter::FilterBase<Extract = (Method,), Error = Infallible> + Copy, impl warp::Filter + warp::filter::FilterBase<Extract = (HeaderMap,), Error = Infallible> + Copy>, impl warp::Filter + warp::filter::FilterBase<Extract = (hyper::body::Bytes,), Error = Rejection> + Copy>>, impl warp::Filter + warp::filter::FilterBase<Extract = (), Error = Rejection> + Copy>, fn(Method, HeaderMap, hyper::body::Bytes) -> impl Future<Output = Response<std::string::String>> {handle_root_index}>, warp::filter::then::Then<warp::filter::and::And<warp::filter::and::And<warp::filter::and::And<warp::filter::and::And<warp::filter::and::And<impl warp::Filter + warp::filter::FilterBase<Extract = (), Error = Infallible> + Copy, Exact<warp::path::internal::Opaque<main::{closure#0}::__StaticPath>>>, impl warp::Filter + warp::filter::FilterBase<Extract = (std::string::String,), Error = Rejection> + Copy>, impl warp::Filter + warp::filter::FilterBase<Extract = (), Error = Rejection> + Copy>, impl warp::Filter + warp::filter::FilterBase<Extract = (), Error = Rejection> + Copy>, warp::filter::and::And<warp::filter::and::And<impl warp::Filter + warp::filter::FilterBase<Extract = (Method,), Error = Infallible> + Copy, impl warp::Filter + warp::filter::FilterBase<Extract = (HeaderMap,), Error = Infallible> + Copy>, impl warp::Filter + warp::filter::FilterBase<Extract = (hyper::body::Bytes,), Error = Rejection> + Copy>>, fn(std::string::String, Method, HeaderMap, hyper::body::Bytes) -> impl Future<Output = Response<std::string::String>> {handle_package_index}>>: warp::Filter`
[INFO] [stdout]             `warp::filter::or::Or<warp::filter::then::Then<warp::filter::and::And<warp::filter::and::And<warp::filter::and::And<warp::filter::and::And<impl warp::Filter + warp::filter::FilterBase<Extract = (), Error = Infallible> + Copy, Exact<warp::path::internal::Opaque<main::{closure#0}::__StaticPath>>>, impl warp::Filter + warp::filter::FilterBase<Extract = (), Error = Rejection> + Copy>, warp::filter::and::And<warp::filter::and::And<impl warp::Filter + warp::filter::FilterBase<Extract = (Method,), Error = Infallible> + Copy, impl warp::Filter + warp::filter::FilterBase<Extract = (HeaderMap,), Error = Infallible> + Copy>, impl warp::Filter + warp::filter::FilterBase<Extract = (hyper::body::Bytes,), Error = Rejection> + Copy>>, impl warp::Filter + warp::filter::FilterBase<Extract = (), Error = Rejection> + Copy>, fn(Method, HeaderMap, hyper::body::Bytes) -> impl Future<Output = Response<std::string::String>> {handle_root_index}>, warp::filter::then::Then<warp::filter::and::And<warp::filter::and::And<warp::filter::and::And<warp::filter::and::And<warp::filter::and::And<impl warp::Filter + warp::filter::FilterBase<Extract = (), Error = Infallible> + Copy, Exact<warp::path::internal::Opaque<main::{closure#0}::__StaticPath>>>, impl warp::Filter + warp::filter::FilterBase<Extract = (std::string::String,), Error = Rejection> + Copy>, impl warp::Filter + warp::filter::FilterBase<Extract = (), Error = Rejection> + Copy>, impl warp::Filter + warp::filter::FilterBase<Extract = (), Error = Rejection> + Copy>, warp::filter::and::And<warp::filter::and::And<impl warp::Filter + warp::filter::FilterBase<Extract = (Method,), Error = Infallible> + Copy, impl warp::Filter + warp::filter::FilterBase<Extract = (HeaderMap,), Error = Infallible> + Copy>, impl warp::Filter + warp::filter::FilterBase<Extract = (hyper::body::Bytes,), Error = Rejection> + Copy>>, fn(std::string::String, Method, HeaderMap, hyper::body::Bytes) -> impl Future<Output = Response<std::string::String>> {handle_package_index}>>: warp::filter::FilterBase`
[INFO] [stdout]             which is required by `warp::filter::or::Or<warp::filter::then::Then<warp::filter::and::And<warp::filter::and::And<warp::filter::and::And<warp::filter::and::And<impl warp::Filter + warp::filter::FilterBase<Extract = (), Error = Infallible> + Copy, Exact<warp::path::internal::Opaque<main::{closure#0}::__StaticPath>>>, impl warp::Filter + warp::filter::FilterBase<Extract = (), Error = Rejection> + Copy>, warp::filter::and::And<warp::filter::and::And<impl warp::Filter + warp::filter::FilterBase<Extract = (Method,), Error = Infallible> + Copy, impl warp::Filter + warp::filter::FilterBase<Extract = (HeaderMap,), Error = Infallible> + Copy>, impl warp::Filter + warp::filter::FilterBase<Extract = (hyper::body::Bytes,), Error = Rejection> + Copy>>, impl warp::Filter + warp::filter::FilterBase<Extract = (), Error = Rejection> + Copy>, fn(Method, HeaderMap, hyper::body::Bytes) -> impl Future<Output = Response<std::string::String>> {handle_root_index}>, warp::filter::then::Then<warp::filter::and::And<warp::filter::and::And<warp::filter::and::And<warp::filter::and::And<warp::filter::and::And<impl warp::Filter + warp::filter::FilterBase<Extract = (), Error = Infallible> + Copy, Exact<warp::path::internal::Opaque<main::{closure#0}::__StaticPath>>>, impl warp::Filter + warp::filter::FilterBase<Extract = (std::string::String,), Error = Rejection> + Copy>, impl warp::Filter + warp::filter::FilterBase<Extract = (), Error = Rejection> + Copy>, impl warp::Filter + warp::filter::FilterBase<Extract = (), Error = Rejection> + Copy>, warp::filter::and::And<warp::filter::and::And<impl warp::Filter + warp::filter::FilterBase<Extract = (Method,), Error = Infallible> + Copy, impl warp::Filter + warp::filter::FilterBase<Extract = (HeaderMap,), Error = Infallible> + Copy>, impl warp::Filter + warp::filter::FilterBase<Extract = (hyper::body::Bytes,), Error = Rejection> + Copy>>, fn(std::string::String, Method, HeaderMap, hyper::body::Bytes) -> impl Future<Output = Response<std::string::String>> {handle_package_index}>>: warp::Filter`
[INFO] [stdout]             `warp::filter::then::Then<warp::filter::and::And<warp::filter::and::And<warp::filter::and::And<warp::filter::and::And<warp::filter::and::And<impl warp::Filter + warp::filter::FilterBase<Extract = (), Error = Infallible> + Copy, Exact<warp::path::internal::Opaque<main::{closure#0}::__StaticPath>>>, impl warp::Filter + warp::filter::FilterBase<Extract = (std::string::String,), Error = Rejection> + Copy>, impl warp::Filter + warp::filter::FilterBase<Extract = (), Error = Rejection> + Copy>, impl warp::Filter + warp::filter::FilterBase<Extract = (), Error = Rejection> + Copy>, warp::filter::and::And<warp::filter::and::And<impl warp::Filter + warp::filter::FilterBase<Extract = (Method,), Error = Infallible> + Copy, impl warp::Filter + warp::filter::FilterBase<Extract = (HeaderMap,), Error = Infallible> + Copy>, impl warp::Filter + warp::filter::FilterBase<Extract = (hyper::body::Bytes,), Error = Rejection> + Copy>>, fn(std::string::String, Method, HeaderMap, hyper::body::Bytes) -> impl Future<Output = Response<std::string::String>> {handle_package_index}>: warp::Filter`
[INFO] [stdout]             `warp::filter::then::Then<warp::filter::and::And<warp::filter::and::And<warp::filter::and::And<warp::filter::and::And<warp::filter::and::And<impl warp::Filter + warp::filter::FilterBase<Extract = (), Error = Infallible> + Copy, Exact<warp::path::internal::Opaque<main::{closure#0}::__StaticPath>>>, impl warp::Filter + warp::filter::FilterBase<Extract = (std::string::String,), Error = Rejection> + Copy>, impl warp::Filter + warp::filter::FilterBase<Extract = (), Error = Rejection> + Copy>, impl warp::Filter + warp::filter::FilterBase<Extract = (), Error = Rejection> + Copy>, warp::filter::and::And<warp::filter::and::And<impl warp::Filter + warp::filter::FilterBase<Extract = (Method,), Error = Infallible> + Copy, impl warp::Filter + warp::filter::FilterBase<Extract = (HeaderMap,), Error = Infallible> + Copy>, impl warp::Filter + warp::filter::FilterBase<Extract = (hyper::body::Bytes,), Error = Rejection> + Copy>>, fn(std::string::String, Method, HeaderMap, hyper::body::Bytes) -> impl Future<Output = Response<std::string::String>> {handle_package_index}>: warp::filter::FilterBase`
[INFO] [stdout]             which is required by `warp::filter::then::Then<warp::filter::and::And<warp::filter::and::And<warp::filter::and::And<warp::filter::and::And<warp::filter::and::And<impl warp::Filter + warp::filter::FilterBase<Extract = (), Error = Infallible> + Copy, Exact<warp::path::internal::Opaque<main::{closure#0}::__StaticPath>>>, impl warp::Filter + warp::filter::FilterBase<Extract = (std::string::String,), Error = Rejection> + Copy>, impl warp::Filter + warp::filter::FilterBase<Extract = (), Error = Rejection> + Copy>, impl warp::Filter + warp::filter::FilterBase<Extract = (), Error = Rejection> + Copy>, warp::filter::and::And<warp::filter::and::And<impl warp::Filter + warp::filter::FilterBase<Extract = (Method,), Error = Infallible> + Copy, impl warp::Filter + warp::filter::FilterBase<Extract = (HeaderMap,), Error = Infallible> + Copy>, impl warp::Filter + warp::filter::FilterBase<Extract = (hyper::body::Bytes,), Error = Rejection> + Copy>>, fn(std::string::String, Method, HeaderMap, hyper::body::Bytes) -> impl Future<Output = Response<std::string::String>> {handle_package_index}>: warp::Filter`
[INFO] [stdout]             `impl Future<Output = Response<std::string::String>>: Send`
[INFO] [stdout]             `<warp::filter::or::EitherFuture<warp::filter::then::Then<warp::filter::and::And<warp::filter::and::And<warp::filter::and::And<warp::filter::and::And<impl warp::Filter + warp::filter::FilterBase<Extract = (), Error = Infallible> + Copy, Exact<warp::path::internal::Opaque<main::{closure#0}::__StaticPath>>>, impl warp::Filter + warp::filter::FilterBase<Extract = (), Error = Rejection> + Copy>, warp::filter::and::And<warp::filter::and::And<impl warp::Filter + warp::filter::FilterBase<Extract = (Method,), Error = Infallible> + Copy, impl warp::Filter + warp::filter::FilterBase<Extract = (HeaderMap,), Error = Infallible> + Copy>, impl warp::Filter + warp::filter::FilterBase<Extract = (hyper::body::Bytes,), Error = Rejection> + Copy>>, impl warp::Filter + warp::filter::FilterBase<Extract = (), Error = Rejection> + Copy>, fn(Method, HeaderMap, hyper::body::Bytes) -> impl Future<Output = Response<std::string::String>> {handle_root_index}>, warp::filter::then::Then<warp::filter::and::And<warp::filter::and::And<warp::filter::and::And<warp::filter::and::And<warp::filter::and::And<impl warp::Filter + warp::filter::FilterBase<Extract = (), Error = Infallible> + Copy, Exact<warp::path::internal::Opaque<main::{closure#0}::__StaticPath>>>, impl warp::Filter + warp::filter::FilterBase<Extract = (std::string::String,), Error = Rejection> + Copy>, impl warp::Filter + warp::filter::FilterBase<Extract = (), Error = Rejection> + Copy>, impl warp::Filter + warp::filter::FilterBase<Extract = (), Error = Rejection> + Copy>, warp::filter::and::And<warp::filter::and::And<impl warp::Filter + warp::filter::FilterBase<Extract = (Method,), Error = Infallible> + Copy, impl warp::Filter + warp::filter::FilterBase<Extract = (HeaderMap,), Error = Infallible> + Copy>, impl warp::Filter + warp::filter::FilterBase<Extract = (hyper::body::Bytes,), Error = Rejection> + Copy>>, fn(std::string::String, Method, HeaderMap, hyper::body::Bytes) -> impl Future<Output = Response<std::string::String>> {handle_package_index}>> as Future>::Output = Result<_, _>`
[INFO] [stdout]             `warp::filter::or::EitherFuture<warp::filter::then::Then<warp::filter::and::And<warp::filter::and::And<warp::filter::and::And<warp::filter::and::And<impl warp::Filter + warp::filter::FilterBase<Extract = (), Error = Infallible> + Copy, Exact<warp::path::internal::Opaque<main::{closure#0}::__StaticPath>>>, impl warp::Filter + warp::filter::FilterBase<Extract = (), Error = Rejection> + Copy>, warp::filter::and::And<warp::filter::and::And<impl warp::Filter + warp::filter::FilterBase<Extract = (Method,), Error = Infallible> + Copy, impl warp::Filter + warp::filter::FilterBase<Extract = (HeaderMap,), Error = Infallible> + Copy>, impl warp::Filter + warp::filter::FilterBase<Extract = (hyper::body::Bytes,), Error = Rejection> + Copy>>, impl warp::Filter + warp::filter::FilterBase<Extract = (), Error = Rejection> + Copy>, fn(Method, HeaderMap, hyper::body::Bytes) -> impl Future<Output = Response<std::string::String>> {handle_root_index}>, warp::filter::then::Then<warp::filter::and::And<warp::filter::and::And<warp::filter::and::And<warp::filter::and::And<warp::filter::and::And<impl warp::Filter + warp::filter::FilterBase<Extract = (), Error = Infallible> + Copy, Exact<warp::path::internal::Opaque<main::{closure#0}::__StaticPath>>>, impl warp::Filter + warp::filter::FilterBase<Extract = (std::string::String,), Error = Rejection> + Copy>, impl warp::Filter + warp::filter::FilterBase<Extract = (), Error = Rejection> + Copy>, impl warp::Filter + warp::filter::FilterBase<Extract = (), Error = Rejection> + Copy>, warp::filter::and::And<warp::filter::and::And<impl warp::Filter + warp::filter::FilterBase<Extract = (Method,), Error = Infallible> + Copy, impl warp::Filter + warp::filter::FilterBase<Extract = (HeaderMap,), Error = Infallible> + Copy>, impl warp::Filter + warp::filter::FilterBase<Extract = (hyper::body::Bytes,), Error = Rejection> + Copy>>, fn(std::string::String, Method, HeaderMap, hyper::body::Bytes) -> impl Future<Output = Response<std::string::String>> {handle_package_index}>>: Future`
[INFO] [stdout] 
[INFO] [stdout] 
[INFO] [stdout] error: aborting due to 3 previous errors
[INFO] [stdout] 
[INFO] [stdout] 
[INFO] [stdout] Some errors have detailed explanations: E0277, E0599.
[INFO] [stdout] 
[INFO] [stdout] For more information about an error, try `rustc --explain E0277`.
[INFO] [stdout] 
[INFO] [stderr] error: could not compile `pyproxide` due to 4 previous errors
[INFO] running `Command { std: "docker" "inspect" "3ed537044db58a02ec17b04ccc7b6f1e564c385945b1062c17800ea17c67cc5d", kill_on_drop: false }`
[INFO] running `Command { std: "docker" "rm" "-f" "3ed537044db58a02ec17b04ccc7b6f1e564c385945b1062c17800ea17c67cc5d", kill_on_drop: false }`
[INFO] [stdout] 3ed537044db58a02ec17b04ccc7b6f1e564c385945b1062c17800ea17c67cc5d
