[INFO] cloning repository https://github.com/cpg1111/conspect
[INFO] running `Command { std: "git" "-c" "credential.helper=" "-c" "credential.helper=/workspace/cargo-home/bin/git-credential-null" "clone" "--bare" "https://github.com/cpg1111/conspect" "/workspace/cache/git-repos/https%3A%2F%2Fgithub.com%2Fcpg1111%2Fconspect", kill_on_drop: false }`
[INFO] [stderr] Cloning into bare repository '/workspace/cache/git-repos/https%3A%2F%2Fgithub.com%2Fcpg1111%2Fconspect'...
[INFO] running `Command { std: "git" "rev-parse" "HEAD", kill_on_drop: false }`
[INFO] [stdout] 0d08a443728c0d3ea555c1637df036a47be64ce0
[INFO] testing cpg1111/conspect against 1.69.0 for beta-1.70-1
[INFO] running `Command { std: "git" "clone" "/workspace/cache/git-repos/https%3A%2F%2Fgithub.com%2Fcpg1111%2Fconspect" "/workspace/builds/worker-1-tc1/source", kill_on_drop: false }`
[INFO] [stderr] Cloning into '/workspace/builds/worker-1-tc1/source'...
[INFO] [stderr] done.
[INFO] validating manifest of git repo https://github.com/cpg1111/conspect on toolchain 1.69.0
[INFO] running `Command { std: CARGO_HOME="/workspace/cargo-home" RUSTUP_HOME="/workspace/rustup-home" "/workspace/cargo-home/bin/cargo" "+1.69.0" "metadata" "--manifest-path" "Cargo.toml" "--no-deps", kill_on_drop: false }`
[INFO] started tweaking git repo https://github.com/cpg1111/conspect
[INFO] finished tweaking git repo https://github.com/cpg1111/conspect
[INFO] tweaked toml for git repo https://github.com/cpg1111/conspect written to /workspace/builds/worker-1-tc1/source/Cargo.toml
[INFO] crate git repo https://github.com/cpg1111/conspect already has a lockfile, it will not be regenerated
[INFO] running `Command { std: CARGO_HOME="/workspace/cargo-home" RUSTUP_HOME="/workspace/rustup-home" "/workspace/cargo-home/bin/cargo" "+1.69.0" "fetch" "--manifest-path" "Cargo.toml", kill_on_drop: false }`
[INFO] running `Command { std: "docker" "create" "-v" "/var/lib/crater-agent-workspace/builds/worker-1-tc1/target:/opt/rustwide/target:rw,Z" "-v" "/var/lib/crater-agent-workspace/builds/worker-1-tc1/source:/opt/rustwide/workdir:ro,Z" "-v" "/var/lib/crater-agent-workspace/cargo-home:/opt/rustwide/cargo-home:ro,Z" "-v" "/var/lib/crater-agent-workspace/rustup-home:/opt/rustwide/rustup-home:ro,Z" "-e" "SOURCE_DIR=/opt/rustwide/workdir" "-e" "CARGO_TARGET_DIR=/opt/rustwide/target" "-e" "CARGO_HOME=/opt/rustwide/cargo-home" "-e" "RUSTUP_HOME=/opt/rustwide/rustup-home" "-w" "/opt/rustwide/workdir" "-m" "1610612736" "--user" "0:0" "--network" "none" "ghcr.io/rust-lang/crates-build-env/linux@sha256:5ff2268d62e97bff2cde7d5815dd6ed5b47097566f13b8d0ca110b04b60e07ed" "/opt/rustwide/cargo-home/bin/cargo" "+1.69.0" "metadata" "--no-deps" "--format-version=1", kill_on_drop: false }`
[INFO] [stdout] 2d5dd7c74e9067477a6c10b861da8b878af33cca6bf1af83d8a4998d19fd5d10
[INFO] running `Command { std: "docker" "start" "-a" "2d5dd7c74e9067477a6c10b861da8b878af33cca6bf1af83d8a4998d19fd5d10", kill_on_drop: false }`
[INFO] running `Command { std: "docker" "inspect" "2d5dd7c74e9067477a6c10b861da8b878af33cca6bf1af83d8a4998d19fd5d10", kill_on_drop: false }`
[INFO] running `Command { std: "docker" "rm" "-f" "2d5dd7c74e9067477a6c10b861da8b878af33cca6bf1af83d8a4998d19fd5d10", kill_on_drop: false }`
[INFO] [stdout] 2d5dd7c74e9067477a6c10b861da8b878af33cca6bf1af83d8a4998d19fd5d10
[INFO] running `Command { std: "docker" "create" "-v" "/var/lib/crater-agent-workspace/builds/worker-1-tc1/target:/opt/rustwide/target:rw,Z" "-v" "/var/lib/crater-agent-workspace/builds/worker-1-tc1/source:/opt/rustwide/workdir:ro,Z" "-v" "/var/lib/crater-agent-workspace/cargo-home:/opt/rustwide/cargo-home:ro,Z" "-v" "/var/lib/crater-agent-workspace/rustup-home:/opt/rustwide/rustup-home:ro,Z" "-e" "SOURCE_DIR=/opt/rustwide/workdir" "-e" "CARGO_TARGET_DIR=/opt/rustwide/target" "-e" "CARGO_INCREMENTAL=0" "-e" "RUST_BACKTRACE=full" "-e" "RUSTFLAGS=--cap-lints=warn" "-e" "RUSTDOCFLAGS=--cap-lints=warn" "-e" "CARGO_HOME=/opt/rustwide/cargo-home" "-e" "RUSTUP_HOME=/opt/rustwide/rustup-home" "-w" "/opt/rustwide/workdir" "-m" "1610612736" "--user" "0:0" "--network" "none" "ghcr.io/rust-lang/crates-build-env/linux@sha256:5ff2268d62e97bff2cde7d5815dd6ed5b47097566f13b8d0ca110b04b60e07ed" "/opt/rustwide/cargo-home/bin/cargo" "+1.69.0" "build" "--frozen" "--message-format=json", kill_on_drop: false }`
[INFO] [stdout] f3e4a8f1a57be4bdb89bd577666350cb5f7c1030317db82fb2d40c32f60307c2
[INFO] running `Command { std: "docker" "start" "-a" "f3e4a8f1a57be4bdb89bd577666350cb5f7c1030317db82fb2d40c32f60307c2", kill_on_drop: false }`
[INFO] [stderr]    Compiling winapi-build v0.1.1
[INFO] [stderr]    Compiling libc v0.2.16
[INFO] [stderr]    Compiling winapi v0.2.8
[INFO] [stderr]    Compiling regex-syntax v0.3.5
[INFO] [stderr]    Compiling utf8-ranges v0.1.3
[INFO] [stderr]    Compiling kernel32-sys v0.2.2
[INFO] [stderr]    Compiling memchr v0.1.11
[INFO] [stderr]    Compiling aho-corasick v0.5.3
[INFO] [stderr]    Compiling thread-id v2.0.0
[INFO] [stderr]    Compiling thread_local v0.2.7
[INFO] [stderr]    Compiling regex v0.1.77
[INFO] [stderr]    Compiling conspect v0.0.1 (/opt/rustwide/workdir)
[INFO] [stdout] warning: unused import: `std::fs`
[INFO] [stdout]  --> src/container/mod.rs:1:5
[INFO] [stdout]   |
[INFO] [stdout] 1 | use std::fs;
[INFO] [stdout]   |     ^^^^^^^
[INFO] [stdout]   |
[INFO] [stdout]   = note: `#[warn(unused_imports)]` on by default
[INFO] [stdout] 
[INFO] [stdout] 
[INFO] [stdout] warning: unused import: `std::io`
[INFO] [stdout]  --> src/container/mod.rs:2:5
[INFO] [stdout]   |
[INFO] [stdout] 2 | use std::io;
[INFO] [stdout]   |     ^^^^^^^
[INFO] [stdout] 
[INFO] [stdout] 
[INFO] [stdout] warning: unused import: `std::fs::File`
[INFO] [stdout]  --> src/container/cgroup_reader.rs:2:5
[INFO] [stdout]   |
[INFO] [stdout] 2 | use std::fs::File;
[INFO] [stdout]   |     ^^^^^^^^^^^^^
[INFO] [stdout] 
[INFO] [stdout] 
[INFO] [stdout] warning: trait `CGroup_Reader` should have an upper camel case name
[INFO] [stdout]   --> src/container/cgroup_reader.rs:33:7
[INFO] [stdout]    |
[INFO] [stdout] 33 | trait CGroup_Reader {
[INFO] [stdout]    |       ^^^^^^^^^^^^^ help: convert the identifier to upper camel case: `CgroupReader`
[INFO] [stdout]    |
[INFO] [stdout]    = note: `#[warn(non_camel_case_types)]` on by default
[INFO] [stdout] 
[INFO] [stdout] 
[INFO] [stdout] warning: the item `fs` is imported redundantly
[INFO] [stdout]   --> src/container/cgroup_reader.rs:38:9
[INFO] [stdout]    |
[INFO] [stdout] 1  | use std::fs;
[INFO] [stdout]    |     ------- the item `fs` is already imported here
[INFO] [stdout] ...
[INFO] [stdout] 38 |     use std::fs;
[INFO] [stdout]    |         ^^^^^^^
[INFO] [stdout] 
[INFO] [stdout] 
[INFO] [stdout] warning: unused import: `std::fs`
[INFO] [stdout]   --> src/container/cgroup_reader.rs:38:9
[INFO] [stdout]    |
[INFO] [stdout] 38 |     use std::fs;
[INFO] [stdout]    |         ^^^^^^^
[INFO] [stdout] 
[INFO] [stdout] 
[INFO] [stdout] warning: the item `File` is imported redundantly
[INFO] [stdout]   --> src/container/cgroup_reader.rs:39:9
[INFO] [stdout]    |
[INFO] [stdout] 2  | use std::fs::File;
[INFO] [stdout]    |     ------------- the item `File` is already imported here
[INFO] [stdout] ...
[INFO] [stdout] 39 |     use std::fs::File;
[INFO] [stdout]    |         ^^^^^^^^^^^^^
[INFO] [stdout] 
[INFO] [stdout] 
[INFO] [stdout] warning: type `CPU_Reader` should have an upper camel case name
[INFO] [stdout]   --> src/container/cgroup_reader.rs:79:8
[INFO] [stdout]    |
[INFO] [stdout] 79 | struct CPU_Reader {
[INFO] [stdout]    |        ^^^^^^^^^^ help: convert the identifier to upper camel case: `CpuReader`
[INFO] [stdout] 
[INFO] [stdout] 
[INFO] [stdout] warning: type `Mem_Reader` should have an upper camel case name
[INFO] [stdout]   --> src/container/cgroup_reader.rs:90:8
[INFO] [stdout]    |
[INFO] [stdout] 90 | struct Mem_Reader {
[INFO] [stdout]    |        ^^^^^^^^^^ help: convert the identifier to upper camel case: `MemReader`
[INFO] [stdout] 
[INFO] [stdout] 
[INFO] [stdout] warning: type `BLKIO_Reader` should have an upper camel case name
[INFO] [stdout]    --> src/container/cgroup_reader.rs:101:8
[INFO] [stdout]     |
[INFO] [stdout] 101 | struct BLKIO_Reader {
[INFO] [stdout]     |        ^^^^^^^^^^^^ help: convert the identifier to upper camel case: `BlkioReader`
[INFO] [stdout] 
[INFO] [stdout] 
[INFO] [stdout] warning: type `Net_Reader` should have an upper camel case name
[INFO] [stdout]    --> src/container/cgroup_reader.rs:112:8
[INFO] [stdout]     |
[INFO] [stdout] 112 | struct Net_Reader {
[INFO] [stdout]     |        ^^^^^^^^^^ help: convert the identifier to upper camel case: `NetReader`
[INFO] [stdout] 
[INFO] [stdout] 
[INFO] [stdout] warning: type `CGroup_Stat` should have an upper camel case name
[INFO] [stdout]    --> src/container/cgroup_reader.rs:130:10
[INFO] [stdout]     |
[INFO] [stdout] 130 | pub type CGroup_Stat = (String, String);
[INFO] [stdout]     |          ^^^^^^^^^^^ help: convert the identifier to upper camel case: `CgroupStat`
[INFO] [stdout] 
[INFO] [stdout] 
[INFO] [stdout] warning: unused import: `std::fs::File`
[INFO] [stdout]  --> src/container/ns_reader.rs:2:5
[INFO] [stdout]   |
[INFO] [stdout] 2 | use std::fs::File;
[INFO] [stdout]   |     ^^^^^^^^^^^^^
[INFO] [stdout] 
[INFO] [stdout] 
[INFO] [stdout] warning: type `NS_Group` should have an upper camel case name
[INFO] [stdout]  --> src/container/ns_reader.rs:5:10
[INFO] [stdout]   |
[INFO] [stdout] 5 | pub type NS_Group = (Vec<String>, Vec<Process>);
[INFO] [stdout]   |          ^^^^^^^^ help: convert the identifier to upper camel case: `NsGroup`
[INFO] [stdout] 
[INFO] [stdout] 
[INFO] [stdout] warning: trait `NS_Reader` should have an upper camel case name
[INFO] [stdout]  --> src/container/ns_reader.rs:7:7
[INFO] [stdout]   |
[INFO] [stdout] 7 | trait NS_Reader {
[INFO] [stdout]   |       ^^^^^^^^^ help: convert the identifier to upper camel case: `NsReader`
[INFO] [stdout] 
[INFO] [stdout] 
[INFO] [stdout] warning: type `User_NS_Reader` should have an upper camel case name
[INFO] [stdout]   --> src/container/ns_reader.rs:31:8
[INFO] [stdout]    |
[INFO] [stdout] 31 | struct User_NS_Reader {
[INFO] [stdout]    |        ^^^^^^^^^^^^^^ help: convert the identifier to upper camel case: `UserNsReader`
[INFO] [stdout] 
[INFO] [stdout] 
[INFO] [stdout] warning: type `IPC_NS_Reader` should have an upper camel case name
[INFO] [stdout]   --> src/container/ns_reader.rs:41:8
[INFO] [stdout]    |
[INFO] [stdout] 41 | struct IPC_NS_Reader {
[INFO] [stdout]    |        ^^^^^^^^^^^^^ help: convert the identifier to upper camel case: `IpcNsReader`
[INFO] [stdout] 
[INFO] [stdout] 
[INFO] [stdout] warning: type `MNT_NS_Reader` should have an upper camel case name
[INFO] [stdout]   --> src/container/ns_reader.rs:51:8
[INFO] [stdout]    |
[INFO] [stdout] 51 | struct MNT_NS_Reader {
[INFO] [stdout]    |        ^^^^^^^^^^^^^ help: convert the identifier to upper camel case: `MntNsReader`
[INFO] [stdout] 
[INFO] [stdout] 
[INFO] [stdout] warning: type `Net_NS_Reader` should have an upper camel case name
[INFO] [stdout]   --> src/container/ns_reader.rs:61:8
[INFO] [stdout]    |
[INFO] [stdout] 61 | struct Net_NS_Reader {
[INFO] [stdout]    |        ^^^^^^^^^^^^^ help: convert the identifier to upper camel case: `NetNsReader`
[INFO] [stdout] 
[INFO] [stdout] 
[INFO] [stdout] warning: type `PID_NS_Reader` should have an upper camel case name
[INFO] [stdout]   --> src/container/ns_reader.rs:71:8
[INFO] [stdout]    |
[INFO] [stdout] 71 | struct PID_NS_Reader {
[INFO] [stdout]    |        ^^^^^^^^^^^^^ help: convert the identifier to upper camel case: `PidNsReader`
[INFO] [stdout] 
[INFO] [stdout] 
[INFO] [stdout] warning: type `UTS_NS_Reader` should have an upper camel case name
[INFO] [stdout]   --> src/container/ns_reader.rs:81:8
[INFO] [stdout]    |
[INFO] [stdout] 81 | struct UTS_NS_Reader {
[INFO] [stdout]    |        ^^^^^^^^^^^^^ help: convert the identifier to upper camel case: `UtsNsReader`
[INFO] [stdout] 
[INFO] [stdout] 
[INFO] [stdout] warning: use of deprecated macro `try`: use the `?` operator instead
[INFO] [stdout]   --> src/manager/mod.rs:23:26
[INFO] [stdout]    |
[INFO] [stdout] 23 |             for entry in try!(fs::read_dir(proc_dir)) {
[INFO] [stdout]    |                          ^^^
[INFO] [stdout]    |
[INFO] [stdout]    = note: `#[warn(deprecated)]` on by default
[INFO] [stdout] 
[INFO] [stdout] 
[INFO] [stdout] warning: use of deprecated macro `try`: use the `?` operator instead
[INFO] [stdout]   --> src/manager/mod.rs:24:29
[INFO] [stdout]    |
[INFO] [stdout] 24 |                 let entry = try!(entry);
[INFO] [stdout]    |                             ^^^
[INFO] [stdout] 
[INFO] [stdout] 
[INFO] [stdout] warning: trait objects without an explicit `dyn` are deprecated
[INFO] [stdout]   --> src/container/cgroup_reader.rs:37:34
[INFO] [stdout]    |
[INFO] [stdout] 37 | fn which_cgroup(pid: u32) -> Box<Fn(String) -> String> {
[INFO] [stdout]    |                                  ^^^^^^^^^^^^^^^^^^^^
[INFO] [stdout]    |
[INFO] [stdout]    = warning: this is accepted in the current edition (Rust 2015) but is a hard error in Rust 2021!
[INFO] [stdout]    = note: for more information, see <https://doc.rust-lang.org/nightly/edition-guide/rust-2021/warnings-promoted-to-error.html>
[INFO] [stdout]    = note: `#[warn(bare_trait_objects)]` on by default
[INFO] [stdout] help: use `dyn`
[INFO] [stdout]    |
[INFO] [stdout] 37 | fn which_cgroup(pid: u32) -> Box<dyn Fn(String) -> String> {
[INFO] [stdout]    |                                  +++
[INFO] [stdout] 
[INFO] [stdout] 
[INFO] [stdout] warning: trait objects without an explicit `dyn` are deprecated
[INFO] [stdout]   --> src/manager/mod.rs:20:29
[INFO] [stdout]    |
[INFO] [stdout] 20 |     fn walk_proc(&self, cb: Fn(&DirEntry)) {
[INFO] [stdout]    |                             ^^^^^^^^^^^^^
[INFO] [stdout]    |
[INFO] [stdout]    = warning: this is accepted in the current edition (Rust 2015) but is a hard error in Rust 2021!
[INFO] [stdout]    = note: for more information, see <https://doc.rust-lang.org/nightly/edition-guide/rust-2021/warnings-promoted-to-error.html>
[INFO] [stdout] help: use `dyn`
[INFO] [stdout]    |
[INFO] [stdout] 20 |     fn walk_proc(&self, cb: dyn Fn(&DirEntry)) {
[INFO] [stdout]    |                             +++
[INFO] [stdout] 
[INFO] [stdout] 
[INFO] [stdout] error[E0277]: the trait bound `usize: Neg` is not satisfied
[INFO] [stdout]   --> src/container/cgroup_reader.rs:47:23
[INFO] [stdout]    |
[INFO] [stdout] 47 |         let mut end = -1;
[INFO] [stdout]    |                       ^^ the trait `Neg` is not implemented for `usize`
[INFO] [stdout]    |
[INFO] [stdout]    = help: the following other types implement trait `Neg`:
[INFO] [stdout]              &f32
[INFO] [stdout]              &f64
[INFO] [stdout]              &i128
[INFO] [stdout]              &i16
[INFO] [stdout]              &i32
[INFO] [stdout]              &i64
[INFO] [stdout]              &i8
[INFO] [stdout]              &isize
[INFO] [stdout]            and 8 others
[INFO] [stdout] 
[INFO] [stdout] 
[INFO] [stdout] error[E0277]: the trait bound `usize: Neg` is not satisfied
[INFO] [stdout]   --> src/container/cgroup_reader.rs:46:25
[INFO] [stdout]    |
[INFO] [stdout] 46 |         let mut begin = -1;
[INFO] [stdout]    |                         ^^ the trait `Neg` is not implemented for `usize`
[INFO] [stdout]    |
[INFO] [stdout]    = help: the following other types implement trait `Neg`:
[INFO] [stdout]              &f32
[INFO] [stdout]              &f64
[INFO] [stdout]              &i128
[INFO] [stdout]              &i16
[INFO] [stdout]              &i32
[INFO] [stdout]              &i64
[INFO] [stdout]              &i8
[INFO] [stdout]              &isize
[INFO] [stdout]            and 8 others
[INFO] [stdout] 
[INFO] [stdout] 
[INFO] [stdout] error[E0308]: mismatched types
[INFO] [stdout]   --> src/container/cgroup_reader.rs:85:35
[INFO] [stdout]    |
[INFO] [stdout] 85 |     fn read(&self, stat: &str) -> String {
[INFO] [stdout]    |        ----                       ^^^^^^ expected `String`, found `()`
[INFO] [stdout]    |        |
[INFO] [stdout]    |        implicitly returns `()` as its body has no tail or `return` expression
[INFO] [stdout] 86 |         read_cgroup(String::from("cpu,cpuacct"), self.name, stat);
[INFO] [stdout]    |                                                                  - help: remove this semicolon to return this value
[INFO] [stdout] 
[INFO] [stdout] 
[INFO] [stdout] error[E0308]: mismatched types
[INFO] [stdout]   --> src/container/ns_reader.rs:11:35
[INFO] [stdout]    |
[INFO] [stdout] 11 | fn parse_ns_f(content: String) -> u32 {
[INFO] [stdout]    |    ----------                     ^^^ expected `u32`, found `()`
[INFO] [stdout]    |    |
[INFO] [stdout]    |    implicitly returns `()` as its body has no tail or `return` expression
[INFO] [stdout] ...
[INFO] [stdout] 22 |     ns.parse::<u32>().unwrap();
[INFO] [stdout]    |                               - help: remove this semicolon to return this value
[INFO] [stdout] 
[INFO] [stdout] 
[INFO] [stdout] error[E0277]: the size for values of type `(dyn for<'a> Fn(&'a DirEntry) + 'static)` cannot be known at compilation time
[INFO] [stdout]   --> src/manager/mod.rs:20:25
[INFO] [stdout]    |
[INFO] [stdout] 20 |     fn walk_proc(&self, cb: Fn(&DirEntry)) {
[INFO] [stdout]    |                         ^^ doesn't have a size known at compile-time
[INFO] [stdout]    |
[INFO] [stdout]    = help: the trait `Sized` is not implemented for `(dyn for<'a> Fn(&'a DirEntry) + 'static)`
[INFO] [stdout] help: you can use `impl Trait` as the argument type
[INFO] [stdout]    |
[INFO] [stdout] 20 |     fn walk_proc(&self, cb: impl Fn(&DirEntry)) {
[INFO] [stdout]    |                             ++++
[INFO] [stdout] help: function arguments must have a statically known size, borrowed types always have a known size
[INFO] [stdout]    |
[INFO] [stdout] 20 |     fn walk_proc(&self, cb: &Fn(&DirEntry)) {
[INFO] [stdout]    |                             +
[INFO] [stdout] 
[INFO] [stdout] 
[INFO] [stdout] error[E0308]: mismatched types
[INFO] [stdout]   --> src/manager/mod.rs:23:26
[INFO] [stdout]    |
[INFO] [stdout] 20 |     fn walk_proc(&self, cb: Fn(&DirEntry)) {
[INFO] [stdout]    |                                            - expected `()` because of default return type
[INFO] [stdout] ...
[INFO] [stdout] 23 |             for entry in try!(fs::read_dir(proc_dir)) {
[INFO] [stdout]    |                          ^^^^^^^^^^^^^^^^^^^^^^^^^^^^ expected `()`, found `Result<_, _>`
[INFO] [stdout]    |
[INFO] [stdout]    = note: expected unit type `()`
[INFO] [stdout]                    found enum `Result<_, _>`
[INFO] [stdout]    = note: this error originates in the macro `try` (in Nightly builds, run with -Z macro-backtrace for more info)
[INFO] [stdout] 
[INFO] [stdout] 
[INFO] [stdout] error[E0609]: no field `cpu` on type `ns_reader::Reader`
[INFO] [stdout]   --> src/manager/mod.rs:32:20
[INFO] [stdout]    |
[INFO] [stdout] 32 |             reader.cpu.read(),
[INFO] [stdout]    |                    ^^^ unknown field
[INFO] [stdout] 
[INFO] [stdout] 
[INFO] [stdout] error[E0616]: field `ipc` of struct `ns_reader::Reader` is private
[INFO] [stdout]   --> src/manager/mod.rs:33:20
[INFO] [stdout]    |
[INFO] [stdout] 33 |             reader.ipc.read(),
[INFO] [stdout]    |                    ^^^ private field
[INFO] [stdout] 
[INFO] [stdout] 
[INFO] [stdout] error[E0616]: field `mnt` of struct `ns_reader::Reader` is private
[INFO] [stdout]   --> src/manager/mod.rs:34:20
[INFO] [stdout]    |
[INFO] [stdout] 34 |             reader.mnt.read(),
[INFO] [stdout]    |                    ^^^ private field
[INFO] [stdout] 
[INFO] [stdout] 
[INFO] [stdout] error[E0616]: field `net` of struct `ns_reader::Reader` is private
[INFO] [stdout]   --> src/manager/mod.rs:35:20
[INFO] [stdout]    |
[INFO] [stdout] 35 |             reader.net.read(),
[INFO] [stdout]    |                    ^^^ private field
[INFO] [stdout] 
[INFO] [stdout] 
[INFO] [stdout] error[E0616]: field `pid` of struct `ns_reader::Reader` is private
[INFO] [stdout]   --> src/manager/mod.rs:36:20
[INFO] [stdout]    |
[INFO] [stdout] 36 |             reader.pid.read(),
[INFO] [stdout]    |                    ^^^ private field
[INFO] [stdout] 
[INFO] [stdout] 
[INFO] [stdout] error[E0616]: field `uts` of struct `ns_reader::Reader` is private
[INFO] [stdout]   --> src/manager/mod.rs:37:20
[INFO] [stdout]    |
[INFO] [stdout] 37 |             reader.uts.read(),
[INFO] [stdout]    |                    ^^^ private field
[INFO] [stdout] 
[INFO] [stdout] 
[INFO] [stdout] error[E0599]: no method named `capcity` found for struct `Vec<(Vec<String>, Vec<Process>)>` in the current scope
[INFO] [stdout]   --> src/manager/mod.rs:39:19
[INFO] [stdout]    |
[INFO] [stdout] 39 |         if groups.capcity() == 0 {
[INFO] [stdout]    |                   ^^^^^^^ help: there is a method with a similar name: `capacity`
[INFO] [stdout] 
[INFO] [stdout] 
[INFO] [stdout] error[E0061]: this method takes 1 argument but 2 arguments were supplied
[INFO] [stdout]   --> src/manager/mod.rs:40:20
[INFO] [stdout]    |
[INFO] [stdout] 40 |             groups.push(new_group, vec![process]);
[INFO] [stdout]    |                    ^^^^            ------------- unexpected argument of type `Vec<&Process>`
[INFO] [stdout]    |
[INFO] [stdout] note: expected `(Vec<String>, Vec<Process>)`, found `Vec<_, _>`
[INFO] [stdout]   --> src/manager/mod.rs:40:25
[INFO] [stdout]    |
[INFO] [stdout] 40 |             groups.push(new_group, vec![process]);
[INFO] [stdout]    |                         ^^^^^^^^^
[INFO] [stdout]    = note: expected tuple `(Vec<String>, Vec<Process>)`
[INFO] [stdout]              found struct `Vec<_, _>`
[INFO] [stdout] note: method defined here
[INFO] [stdout]   --> /rustc/84c898d65adf2f39a5a98507f1fe0ce10a2b8dbc/library/alloc/src/vec/mod.rs:1836:12
[INFO] [stdout] help: remove the extra argument
[INFO] [stdout]    |
[INFO] [stdout] 40 -             groups.push(new_group, vec![process]);
[INFO] [stdout] 40 +             groups.push(/* (Vec<String>, Vec<Process>) */);
[INFO] [stdout]    |
[INFO] [stdout] 
[INFO] [stdout] 
[INFO] [stdout] error[E0308]: mismatched types
[INFO] [stdout]   --> src/manager/mod.rs:44:17
[INFO] [stdout]    |
[INFO] [stdout] 44 |             let (namespaces, procs) = group;
[INFO] [stdout]    |                 ^^^^^^^^^^^^^^^^^^^   ----- this expression has type `Vec<String>`
[INFO] [stdout]    |                 |
[INFO] [stdout]    |                 expected `Vec<String>`, found `(_, _)`
[INFO] [stdout]    |
[INFO] [stdout]    = note: expected struct `Vec<String>`
[INFO] [stdout]                found tuple `(_, _)`
[INFO] [stdout] 
[INFO] [stdout] 
[INFO] [stdout] error[E0277]: the type `[(Vec<String>, Vec<Process>)]` cannot be indexed by `Vec<Process>`
[INFO] [stdout]   --> src/manager/mod.rs:53:24
[INFO] [stdout]    |
[INFO] [stdout] 53 |                 groups[idx] = (namespaces, procs);
[INFO] [stdout]    |                        ^^^ slice indices are of type `usize` or ranges of `usize`
[INFO] [stdout]    |
[INFO] [stdout]    = help: the trait `SliceIndex<[(Vec<String>, Vec<Process>)]>` is not implemented for `Vec<Process>`
[INFO] [stdout]    = note: required for `Vec<(Vec<String>, Vec<Process>)>` to implement `Index<Vec<Process>>`
[INFO] [stdout] 
[INFO] [stdout] 
[INFO] [stdout] error[E0599]: no method named `strip_prefix` found for reference `&DirEntry` in the current scope
[INFO] [stdout]   --> src/manager/mod.rs:63:30
[INFO] [stdout]    |
[INFO] [stdout] 63 |             let path = entry.strip_prefix("/proc/");
[INFO] [stdout]    |                              ^^^^^^^^^^^^ method not found in `&DirEntry`
[INFO] [stdout] 
[INFO] [stdout] 
[INFO] [stdout] error[E0599]: no function or associated item named `new` found for struct `Process` in the current scope
[INFO] [stdout]   --> src/manager/mod.rs:65:35
[INFO] [stdout]    |
[INFO] [stdout] 65 |             let p_proc = Process::new(String::new(path_str));
[INFO] [stdout]    |                                   ^^^ function or associated item not found in `Process`
[INFO] [stdout]    |
[INFO] [stdout]   ::: src/container/process.rs:1:1
[INFO] [stdout]    |
[INFO] [stdout] 1  | pub struct Process {
[INFO] [stdout]    | ------------------ function or associated item `new` not found for this struct
[INFO] [stdout]    |
[INFO] [stdout]    = help: items from traits can only be used if the trait is implemented and in scope
[INFO] [stdout]    = note: the following trait defines an item `new`, perhaps you need to implement it:
[INFO] [stdout]            candidate #1: `aho_corasick::Transitions`
[INFO] [stdout] 
[INFO] [stdout] 
[INFO] [stdout] error[E0061]: this function takes 0 arguments but 1 argument was supplied
[INFO] [stdout]   --> src/manager/mod.rs:65:39
[INFO] [stdout]    |
[INFO] [stdout] 65 |             let p_proc = Process::new(String::new(path_str));
[INFO] [stdout]    |                                       ^^^^^^^^^^^ --------
[INFO] [stdout]    |                                                   |
[INFO] [stdout]    |                                                   unexpected argument
[INFO] [stdout]    |                                                   help: remove the extra argument
[INFO] [stdout]    |
[INFO] [stdout] note: associated function defined here
[INFO] [stdout]   --> /rustc/84c898d65adf2f39a5a98507f1fe0ce10a2b8dbc/library/alloc/src/string.rs:453:18
[INFO] [stdout] 
[INFO] [stdout] 
[INFO] [stdout] error[E0308]: mismatched types
[INFO] [stdout]   --> src/manager/mod.rs:62:24
[INFO] [stdout]    |
[INFO] [stdout] 62 |           self.walk_proc(|entry|{
[INFO] [stdout]    |  ______________---------_^
[INFO] [stdout]    | |              |
[INFO] [stdout]    | |              arguments to this method are incorrect
[INFO] [stdout] 63 | |             let path = entry.strip_prefix("/proc/");
[INFO] [stdout] 64 | |             let path_str = path.to_str();
[INFO] [stdout] 65 | |             let p_proc = Process::new(String::new(path_str));
[INFO] [stdout] 66 | |             let ns = ns_reader::new(p_proc.pid);
[INFO] [stdout] 67 | |             procs = self.match_ns(&p_proc, ns, procs);
[INFO] [stdout] 68 | |         });
[INFO] [stdout]    | |_________^ expected `dyn Fn`, found closure
[INFO] [stdout]    |
[INFO] [stdout]    = note: expected trait object `(dyn for<'a> Fn(&'a DirEntry) + 'static)`
[INFO] [stdout]                    found closure `[closure@src/manager/mod.rs:62:24: 62:31]`
[INFO] [stdout] note: method defined here
[INFO] [stdout]   --> src/manager/mod.rs:20:8
[INFO] [stdout]    |
[INFO] [stdout] 20 |     fn walk_proc(&self, cb: Fn(&DirEntry)) {
[INFO] [stdout]    |        ^^^^^^^^^        -----------------
[INFO] [stdout] 
[INFO] [stdout] 
[INFO] [stdout] error[E0308]: mismatched types
[INFO] [stdout]   --> src/manager/mod.rs:60:37
[INFO] [stdout]    |
[INFO] [stdout] 60 |     fn get_process_groups(&self) -> Vec<NS_Group> {
[INFO] [stdout]    |        ------------------           ^^^^^^^^^^^^^ expected `Vec<(Vec<String>, Vec<Process>)>`, found `()`
[INFO] [stdout]    |        |
[INFO] [stdout]    |        implicitly returns `()` as its body has no tail or `return` expression
[INFO] [stdout] ...
[INFO] [stdout] 69 |         procs;
[INFO] [stdout]    |              - help: remove this semicolon to return this value
[INFO] [stdout]    |
[INFO] [stdout]    = note: expected struct `Vec<(Vec<String>, Vec<Process>)>`
[INFO] [stdout]            found unit type `()`
[INFO] [stdout] 
[INFO] [stdout] 
[INFO] [stdout] error[E0624]: method `update` is private
[INFO] [stdout]   --> src/manager/mod.rs:82:27
[INFO] [stdout]    |
[INFO] [stdout] 82 |                 container.update()
[INFO] [stdout]    |                           ^^^^^^ private method
[INFO] [stdout]    |
[INFO] [stdout]   ::: src/container/mod.rs:24:5
[INFO] [stdout]    |
[INFO] [stdout] 24 |     fn update(&self) {
[INFO] [stdout]    |     ---------------- private method defined here
[INFO] [stdout] 
[INFO] [stdout] 
[INFO] [stdout] error[E0061]: this function takes 1 argument but 0 arguments were supplied
[INFO] [stdout]    --> src/manager/mod.rs:92:24
[INFO] [stdout]     |
[INFO] [stdout] 92  |         ext_ns_reader: ns_reader::new(),
[INFO] [stdout]     |                        ^^^^^^^^^^^^^^-- an argument of type `u32` is missing
[INFO] [stdout]     |
[INFO] [stdout] note: function defined here
[INFO] [stdout]    --> src/container/ns_reader.rs:100:8
[INFO] [stdout]     |
[INFO] [stdout] 100 | pub fn new(pid: u32) -> Reader {
[INFO] [stdout]     |        ^^^ --------
[INFO] [stdout] help: provide the argument
[INFO] [stdout]     |
[INFO] [stdout] 92  |         ext_ns_reader: ns_reader::new(/* u32 */),
[INFO] [stdout]     |                                      ~~~~~~~~~~~
[INFO] [stdout] 
[INFO] [stdout] 
[INFO] [stdout] error[E0624]: method `get_containers` is private
[INFO] [stdout]   --> src/main.rs:9:10
[INFO] [stdout]    |
[INFO] [stdout] 9  |     mang.get_containers();
[INFO] [stdout]    |          ^^^^^^^^^^^^^^ private method
[INFO] [stdout]    |
[INFO] [stdout]   ::: src/manager/mod.rs:72:5
[INFO] [stdout]    |
[INFO] [stdout] 72 |     fn get_containers(&self) {
[INFO] [stdout]    |     ------------------------ private method defined here
[INFO] [stdout] 
[INFO] [stdout] 
[INFO] [stdout] error[E0624]: method `update` is private
[INFO] [stdout]   --> src/main.rs:10:10
[INFO] [stdout]    |
[INFO] [stdout] 10 |     mang.update();
[INFO] [stdout]    |          ^^^^^^ private method
[INFO] [stdout]    |
[INFO] [stdout]   ::: src/manager/mod.rs:79:5
[INFO] [stdout]    |
[INFO] [stdout] 79 |     fn update(&self) {
[INFO] [stdout]    |     ---------------- private method defined here
[INFO] [stdout] 
[INFO] [stdout] 
[INFO] [stdout] error: aborting due to 25 previous errors; 25 warnings emitted
[INFO] [stdout] 
[INFO] [stdout] 
[INFO] [stdout] Some errors have detailed explanations: E0061, E0277, E0308, E0599, E0609, E0616, E0624.
[INFO] [stdout] 
[INFO] [stdout] For more information about an error, try `rustc --explain E0061`.
[INFO] [stdout] 
[INFO] [stderr] error: could not compile `conspect` due to 26 previous errors; 25 warnings emitted
[INFO] running `Command { std: "docker" "inspect" "f3e4a8f1a57be4bdb89bd577666350cb5f7c1030317db82fb2d40c32f60307c2", kill_on_drop: false }`
[INFO] running `Command { std: "docker" "rm" "-f" "f3e4a8f1a57be4bdb89bd577666350cb5f7c1030317db82fb2d40c32f60307c2", kill_on_drop: false }`
[INFO] [stdout] f3e4a8f1a57be4bdb89bd577666350cb5f7c1030317db82fb2d40c32f60307c2
