[INFO] cloning repository https://github.com/cowang4/lightracer
[INFO] running `Command { std: "git" "-c" "credential.helper=" "-c" "credential.helper=/workspace/cargo-home/bin/git-credential-null" "clone" "--bare" "https://github.com/cowang4/lightracer" "/workspace/cache/git-repos/https%3A%2F%2Fgithub.com%2Fcowang4%2Flightracer", kill_on_drop: false }`
[INFO] [stderr] Cloning into bare repository '/workspace/cache/git-repos/https%3A%2F%2Fgithub.com%2Fcowang4%2Flightracer'...
[INFO] running `Command { std: "git" "rev-parse" "HEAD", kill_on_drop: false }`
[INFO] [stdout] 7acdc60baac2371f9fcbc2e954a896b0cf39cb8a
[INFO] testing cowang4/lightracer against beta-2023-04-20 for beta-1.70-1
[INFO] running `Command { std: "git" "clone" "/workspace/cache/git-repos/https%3A%2F%2Fgithub.com%2Fcowang4%2Flightracer" "/workspace/builds/worker-4-tc2/source", kill_on_drop: false }`
[INFO] [stderr] Cloning into '/workspace/builds/worker-4-tc2/source'...
[INFO] [stderr] done.
[INFO] validating manifest of git repo https://github.com/cowang4/lightracer on toolchain beta-2023-04-20
[INFO] running `Command { std: CARGO_HOME="/workspace/cargo-home" RUSTUP_HOME="/workspace/rustup-home" "/workspace/cargo-home/bin/cargo" "+beta-2023-04-20" "metadata" "--manifest-path" "Cargo.toml" "--no-deps", kill_on_drop: false }`
[INFO] started tweaking git repo https://github.com/cowang4/lightracer
[INFO] finished tweaking git repo https://github.com/cowang4/lightracer
[INFO] tweaked toml for git repo https://github.com/cowang4/lightracer written to /workspace/builds/worker-4-tc2/source/Cargo.toml
[INFO] crate git repo https://github.com/cowang4/lightracer already has a lockfile, it will not be regenerated
[INFO] running `Command { std: CARGO_HOME="/workspace/cargo-home" RUSTUP_HOME="/workspace/rustup-home" "/workspace/cargo-home/bin/cargo" "+beta-2023-04-20" "fetch" "--manifest-path" "Cargo.toml", kill_on_drop: false }`
[INFO] [stderr]  Downloading crates ...
[INFO] [stderr]   Downloaded miniz_oxide v0.6.4
[INFO] running `Command { std: "docker" "create" "-v" "/var/lib/crater-agent-workspace/builds/worker-4-tc2/target:/opt/rustwide/target:rw,Z" "-v" "/var/lib/crater-agent-workspace/builds/worker-4-tc2/source:/opt/rustwide/workdir:ro,Z" "-v" "/var/lib/crater-agent-workspace/cargo-home:/opt/rustwide/cargo-home:ro,Z" "-v" "/var/lib/crater-agent-workspace/rustup-home:/opt/rustwide/rustup-home:ro,Z" "-e" "SOURCE_DIR=/opt/rustwide/workdir" "-e" "CARGO_TARGET_DIR=/opt/rustwide/target" "-e" "CARGO_HOME=/opt/rustwide/cargo-home" "-e" "RUSTUP_HOME=/opt/rustwide/rustup-home" "-w" "/opt/rustwide/workdir" "-m" "1610612736" "--user" "0:0" "--network" "none" "ghcr.io/rust-lang/crates-build-env/linux@sha256:5ff2268d62e97bff2cde7d5815dd6ed5b47097566f13b8d0ca110b04b60e07ed" "/opt/rustwide/cargo-home/bin/cargo" "+beta-2023-04-20" "metadata" "--no-deps" "--format-version=1", kill_on_drop: false }`
[INFO] [stdout] d83dc0821d21a313e2cbe83d3731957e6d3b06aa7b5a8d05fbda3e85c940fb5b
[INFO] running `Command { std: "docker" "start" "-a" "d83dc0821d21a313e2cbe83d3731957e6d3b06aa7b5a8d05fbda3e85c940fb5b", kill_on_drop: false }`
[INFO] running `Command { std: "docker" "inspect" "d83dc0821d21a313e2cbe83d3731957e6d3b06aa7b5a8d05fbda3e85c940fb5b", kill_on_drop: false }`
[INFO] running `Command { std: "docker" "rm" "-f" "d83dc0821d21a313e2cbe83d3731957e6d3b06aa7b5a8d05fbda3e85c940fb5b", kill_on_drop: false }`
[INFO] [stdout] d83dc0821d21a313e2cbe83d3731957e6d3b06aa7b5a8d05fbda3e85c940fb5b
[INFO] running `Command { std: "docker" "create" "-v" "/var/lib/crater-agent-workspace/builds/worker-4-tc2/target:/opt/rustwide/target:rw,Z" "-v" "/var/lib/crater-agent-workspace/builds/worker-4-tc2/source:/opt/rustwide/workdir:ro,Z" "-v" "/var/lib/crater-agent-workspace/cargo-home:/opt/rustwide/cargo-home:ro,Z" "-v" "/var/lib/crater-agent-workspace/rustup-home:/opt/rustwide/rustup-home:ro,Z" "-e" "SOURCE_DIR=/opt/rustwide/workdir" "-e" "CARGO_TARGET_DIR=/opt/rustwide/target" "-e" "CARGO_INCREMENTAL=0" "-e" "RUST_BACKTRACE=full" "-e" "RUSTFLAGS=--cap-lints=warn" "-e" "RUSTDOCFLAGS=--cap-lints=warn" "-e" "CARGO_HOME=/opt/rustwide/cargo-home" "-e" "RUSTUP_HOME=/opt/rustwide/rustup-home" "-w" "/opt/rustwide/workdir" "-m" "1610612736" "--user" "0:0" "--network" "none" "ghcr.io/rust-lang/crates-build-env/linux@sha256:5ff2268d62e97bff2cde7d5815dd6ed5b47097566f13b8d0ca110b04b60e07ed" "/opt/rustwide/cargo-home/bin/cargo" "+beta-2023-04-20" "build" "--frozen" "--message-format=json", kill_on_drop: false }`
[INFO] [stdout] f231f7981805ba7247d5d863713e1b845bfebec236bebda403dfc10e395c614b
[INFO] running `Command { std: "docker" "start" "-a" "f231f7981805ba7247d5d863713e1b845bfebec236bebda403dfc10e395c614b", kill_on_drop: false }`
[INFO] [stderr]    Compiling proc-macro2 v1.0.50
[INFO] [stderr]    Compiling crossbeam-utils v0.8.14
[INFO] [stderr]    Compiling memoffset v0.7.1
[INFO] [stderr]    Compiling syn v1.0.107
[INFO] [stderr]    Compiling crossbeam-epoch v0.9.13
[INFO] [stderr]    Compiling lock_api v0.4.9
[INFO] [stderr]    Compiling rayon-core v1.10.2
[INFO] [stderr]    Compiling crc32fast v1.3.2
[INFO] [stderr]    Compiling futures-core v0.3.26
[INFO] [stderr]    Compiling libc v0.2.139
[INFO] [stderr]    Compiling miniz_oxide v0.6.4
[INFO] [stderr]    Compiling either v1.8.1
[INFO] [stderr]    Compiling num-rational v0.4.1
[INFO] [stderr]    Compiling futures-sink v0.3.26
[INFO] [stderr]    Compiling weezl v0.1.7
[INFO] [stderr]    Compiling bit_field v0.10.1
[INFO] [stderr]    Compiling color_quant v1.1.0
[INFO] [stderr]    Compiling serde v1.0.152
[INFO] [stderr]    Compiling lebe v0.5.2
[INFO] [stderr]    Compiling half v2.2.1
[INFO] [stderr]    Compiling gif v0.11.4
[INFO] [stderr]    Compiling byteorder v1.4.3
[INFO] [stderr]    Compiling once_cell v1.17.0
[INFO] [stderr]    Compiling scoped_threadpool v0.1.9
[INFO] [stderr]    Compiling bytemuck v1.13.0
[INFO] [stderr]    Compiling flate2 v1.0.25
[INFO] [stderr]    Compiling spin v0.9.4
[INFO] [stderr]    Compiling num_cpus v1.15.0
[INFO] [stderr]    Compiling crossbeam-channel v0.5.6
[INFO] [stderr]    Compiling getrandom v0.2.8
[INFO] [stderr]    Compiling nanorand v0.7.0
[INFO] [stderr]    Compiling quote v1.0.23
[INFO] [stderr]    Compiling threadpool v1.8.1
[INFO] [stderr]    Compiling crossbeam-deque v0.8.2
[INFO] [stderr]    Compiling png v0.17.7
[INFO] [stderr]    Compiling rayon v1.6.1
[INFO] [stderr]    Compiling jpeg-decoder v0.3.0
[INFO] [stderr]    Compiling tiff v0.8.1
[INFO] [stderr]    Compiling pin-project-internal v1.0.12
[INFO] [stderr]    Compiling enum_dispatch v0.3.11
[INFO] [stderr]    Compiling serde_derive v1.0.152
[INFO] [stderr]    Compiling pin-project v1.0.12
[INFO] [stderr]    Compiling flume v0.10.14
[INFO] [stderr]    Compiling exr v1.5.2
[INFO] [stderr]    Compiling image v0.24.5
[INFO] [stderr]    Compiling lightracer v0.1.0 (/opt/rustwide/workdir)
[INFO] [stdout] warning: unnecessary parentheses around block return value
[INFO] [stdout]   --> src/vector.rs:26:9
[INFO] [stdout]    |
[INFO] [stdout] 26 |         (self.x * self.x + self.y * self.y + self.z * self.z)
[INFO] [stdout]    |         ^                                                   ^
[INFO] [stdout]    |
[INFO] [stdout]    = note: `#[warn(unused_parens)]` on by default
[INFO] [stdout] help: remove these parentheses
[INFO] [stdout]    |
[INFO] [stdout] 26 -         (self.x * self.x + self.y * self.y + self.z * self.z)
[INFO] [stdout] 26 +         self.x * self.x + self.y * self.y + self.z * self.z
[INFO] [stdout]    |
[INFO] [stdout] 
[INFO] [stdout] 
[INFO] [stdout] warning: use of deprecated associated function `image::Pixel::from_channels`: Use the constructor of the pixel, for example `Rgba([r,g,b,a])` or `Pixel::from_slice`
[INFO] [stdout]    --> src/color.rs:107:15
[INFO] [stdout]     |
[INFO] [stdout] 107 |         Rgba::from_channels((gamma_encode(self.red) * 255.0) as u8,
[INFO] [stdout]     |               ^^^^^^^^^^^^^
[INFO] [stdout]     |
[INFO] [stdout]     = note: `#[warn(deprecated)]` on by default
[INFO] [stdout] 
[INFO] [stdout] 
[INFO] [stdout] error[E0609]: no field `data` on type `Rgba<u8>`
[INFO] [stdout]    --> src/color.rs:117:37
[INFO] [stdout]     |
[INFO] [stdout] 117 |             red: gamma_decode((rgba.data[0] as f32) / 255.0),
[INFO] [stdout]     |                                     ^^^^ unknown field
[INFO] [stdout]     |
[INFO] [stdout]     = note: available fields are: `0`
[INFO] [stdout] 
[INFO] [stdout] 
[INFO] [stdout] error[E0609]: no field `data` on type `Rgba<u8>`
[INFO] [stdout]    --> src/color.rs:118:39
[INFO] [stdout]     |
[INFO] [stdout] 118 |             green: gamma_decode((rgba.data[1] as f32) / 255.0),
[INFO] [stdout]     |                                       ^^^^ unknown field
[INFO] [stdout]     |
[INFO] [stdout]     = note: available fields are: `0`
[INFO] [stdout] 
[INFO] [stdout] 
[INFO] [stdout] error[E0609]: no field `data` on type `Rgba<u8>`
[INFO] [stdout]    --> src/color.rs:119:38
[INFO] [stdout]     |
[INFO] [stdout] 119 |             blue: gamma_decode((rgba.data[2] as f32) / 255.0),
[INFO] [stdout]     |                                      ^^^^ unknown field
[INFO] [stdout]     |
[INFO] [stdout]     = note: available fields are: `0`
[INFO] [stdout] 
[INFO] [stdout] 
[INFO] [stdout] error: aborting due to 3 previous errors; 2 warnings emitted
[INFO] [stdout] 
[INFO] [stdout] 
[INFO] [stdout] For more information about this error, try `rustc --explain E0609`.
[INFO] [stdout] 
[INFO] [stderr] error: could not compile `lightracer` (bin "lightracer") due to 4 previous errors; 2 warnings emitted
[INFO] running `Command { std: "docker" "inspect" "f231f7981805ba7247d5d863713e1b845bfebec236bebda403dfc10e395c614b", kill_on_drop: false }`
[INFO] running `Command { std: "docker" "rm" "-f" "f231f7981805ba7247d5d863713e1b845bfebec236bebda403dfc10e395c614b", kill_on_drop: false }`
[INFO] [stdout] f231f7981805ba7247d5d863713e1b845bfebec236bebda403dfc10e395c614b
