[INFO] cloning repository https://github.com/cowang4/S4h
[INFO] running `Command { std: "git" "-c" "credential.helper=" "-c" "credential.helper=/workspace/cargo-home/bin/git-credential-null" "clone" "--bare" "https://github.com/cowang4/S4h" "/workspace/cache/git-repos/https%3A%2F%2Fgithub.com%2Fcowang4%2FS4h", kill_on_drop: false }`
[INFO] [stderr] Cloning into bare repository '/workspace/cache/git-repos/https%3A%2F%2Fgithub.com%2Fcowang4%2FS4h'...
[INFO] running `Command { std: "git" "rev-parse" "HEAD", kill_on_drop: false }`
[INFO] [stdout] a8dfd1e1cdf24a51cf00f0869b2cac761f290ef9
[INFO] testing cowang4/S4h against 1.69.0 for beta-1.70-1
[INFO] running `Command { std: "git" "clone" "/workspace/cache/git-repos/https%3A%2F%2Fgithub.com%2Fcowang4%2FS4h" "/workspace/builds/worker-2-tc1/source", kill_on_drop: false }`
[INFO] [stderr] Cloning into '/workspace/builds/worker-2-tc1/source'...
[INFO] [stderr] done.
[INFO] validating manifest of git repo https://github.com/cowang4/S4h on toolchain 1.69.0
[INFO] running `Command { std: CARGO_HOME="/workspace/cargo-home" RUSTUP_HOME="/workspace/rustup-home" "/workspace/cargo-home/bin/cargo" "+1.69.0" "metadata" "--manifest-path" "Cargo.toml" "--no-deps", kill_on_drop: false }`
[INFO] started tweaking git repo https://github.com/cowang4/S4h
[INFO] finished tweaking git repo https://github.com/cowang4/S4h
[INFO] tweaked toml for git repo https://github.com/cowang4/S4h written to /workspace/builds/worker-2-tc1/source/Cargo.toml
[INFO] crate git repo https://github.com/cowang4/S4h already has a lockfile, it will not be regenerated
[INFO] running `Command { std: CARGO_HOME="/workspace/cargo-home" RUSTUP_HOME="/workspace/rustup-home" "/workspace/cargo-home/bin/cargo" "+1.69.0" "fetch" "--manifest-path" "Cargo.toml", kill_on_drop: false }`
[INFO] [stderr]     Blocking waiting for file lock on package cache
[INFO] [stderr]  Downloading crates ...
[INFO] [stderr]   Downloaded zstd-safe v6.0.3+zstd.1.5.2
[INFO] [stderr]   Downloaded actix-http v3.3.0
[INFO] [stderr]   Downloaded chashmap v2.2.2
[INFO] [stderr]   Downloaded zstd-sys v2.0.6+zstd.1.5.2
[INFO] running `Command { std: "docker" "create" "-v" "/var/lib/crater-agent-workspace/builds/worker-2-tc1/target:/opt/rustwide/target:rw,Z" "-v" "/var/lib/crater-agent-workspace/builds/worker-2-tc1/source:/opt/rustwide/workdir:ro,Z" "-v" "/var/lib/crater-agent-workspace/cargo-home:/opt/rustwide/cargo-home:ro,Z" "-v" "/var/lib/crater-agent-workspace/rustup-home:/opt/rustwide/rustup-home:ro,Z" "-e" "SOURCE_DIR=/opt/rustwide/workdir" "-e" "CARGO_TARGET_DIR=/opt/rustwide/target" "-e" "CARGO_HOME=/opt/rustwide/cargo-home" "-e" "RUSTUP_HOME=/opt/rustwide/rustup-home" "-w" "/opt/rustwide/workdir" "-m" "1610612736" "--user" "0:0" "--network" "none" "ghcr.io/rust-lang/crates-build-env/linux@sha256:5ff2268d62e97bff2cde7d5815dd6ed5b47097566f13b8d0ca110b04b60e07ed" "/opt/rustwide/cargo-home/bin/cargo" "+1.69.0" "metadata" "--no-deps" "--format-version=1", kill_on_drop: false }`
[INFO] [stdout] b44c4fb4685e1e99d00c45975cf35094c79b9a5143d27f5ce32341cb5f5131f4
[INFO] running `Command { std: "docker" "start" "-a" "b44c4fb4685e1e99d00c45975cf35094c79b9a5143d27f5ce32341cb5f5131f4", kill_on_drop: false }`
[INFO] running `Command { std: "docker" "inspect" "b44c4fb4685e1e99d00c45975cf35094c79b9a5143d27f5ce32341cb5f5131f4", kill_on_drop: false }`
[INFO] running `Command { std: "docker" "rm" "-f" "b44c4fb4685e1e99d00c45975cf35094c79b9a5143d27f5ce32341cb5f5131f4", kill_on_drop: false }`
[INFO] [stdout] b44c4fb4685e1e99d00c45975cf35094c79b9a5143d27f5ce32341cb5f5131f4
[INFO] running `Command { std: "docker" "create" "-v" "/var/lib/crater-agent-workspace/builds/worker-2-tc1/target:/opt/rustwide/target:rw,Z" "-v" "/var/lib/crater-agent-workspace/builds/worker-2-tc1/source:/opt/rustwide/workdir:ro,Z" "-v" "/var/lib/crater-agent-workspace/cargo-home:/opt/rustwide/cargo-home:ro,Z" "-v" "/var/lib/crater-agent-workspace/rustup-home:/opt/rustwide/rustup-home:ro,Z" "-e" "SOURCE_DIR=/opt/rustwide/workdir" "-e" "CARGO_TARGET_DIR=/opt/rustwide/target" "-e" "CARGO_INCREMENTAL=0" "-e" "RUST_BACKTRACE=full" "-e" "RUSTFLAGS=--cap-lints=warn" "-e" "RUSTDOCFLAGS=--cap-lints=warn" "-e" "CARGO_HOME=/opt/rustwide/cargo-home" "-e" "RUSTUP_HOME=/opt/rustwide/rustup-home" "-w" "/opt/rustwide/workdir" "-m" "1610612736" "--user" "0:0" "--network" "none" "ghcr.io/rust-lang/crates-build-env/linux@sha256:5ff2268d62e97bff2cde7d5815dd6ed5b47097566f13b8d0ca110b04b60e07ed" "/opt/rustwide/cargo-home/bin/cargo" "+1.69.0" "build" "--frozen" "--message-format=json", kill_on_drop: false }`
[INFO] [stdout] 3777cb48b93fad58e968730086b188b4f707b52ceae6e4415f35063ce691c3eb
[INFO] running `Command { std: "docker" "start" "-a" "3777cb48b93fad58e968730086b188b4f707b52ceae6e4415f35063ce691c3eb", kill_on_drop: false }`
[INFO] [stderr]    Compiling libc v0.2.139
[INFO] [stderr]    Compiling cfg-if v1.0.0
[INFO] [stderr]    Compiling autocfg v1.1.0
[INFO] [stderr]    Compiling proc-macro2 v1.0.52
[INFO] [stderr]    Compiling memchr v2.5.0
[INFO] [stderr]    Compiling unicode-ident v1.0.6
[INFO] [stderr]    Compiling quote v1.0.26
[INFO] [stderr]    Compiling serde v1.0.160
[INFO] [stderr]    Compiling pin-project-lite v0.2.9
[INFO] [stderr]    Compiling log v0.4.17
[INFO] [stderr]    Compiling futures-core v0.3.27
[INFO] [stderr]    Compiling syn v1.0.107
[INFO] [stderr]    Compiling version_check v0.9.4
[INFO] [stderr]    Compiling futures-sink v0.3.27
[INFO] [stderr]    Compiling once_cell v1.17.0
[INFO] [stderr]    Compiling parking_lot_core v0.9.7
[INFO] [stderr]    Compiling itoa v1.0.5
[INFO] [stderr]    Compiling futures-channel v0.3.27
[INFO] [stderr]    Compiling futures-task v0.3.27
[INFO] [stderr]    Compiling smallvec v1.10.0
[INFO] [stderr]    Compiling scopeguard v1.1.0
[INFO] [stderr]    Compiling tracing-core v0.1.30
[INFO] [stderr]    Compiling futures-util v0.3.27
[INFO] [stderr]    Compiling futures-io v0.3.27
[INFO] [stderr]    Compiling pin-utils v0.1.0
[INFO] [stderr]    Compiling fnv v1.0.7
[INFO] [stderr]    Compiling typenum v1.16.0
[INFO] [stderr]    Compiling generic-array v0.14.6
[INFO] [stderr]    Compiling pkg-config v0.3.26
[INFO] [stderr]    Compiling lock_api v0.4.9
[INFO] [stderr]    Compiling slab v0.4.7
[INFO] [stderr]    Compiling tokio v1.25.0
[INFO] [stderr]    Compiling indexmap v1.9.2
[INFO] [stderr]    Compiling bitflags v1.3.2
[INFO] [stderr]    Compiling percent-encoding v2.2.0
[INFO] [stderr]    Compiling httparse v1.8.0
[INFO] [stderr]    Compiling maybe-uninit v2.0.0
[INFO] [stderr]    Compiling tracing v0.1.37
[INFO] [stderr]    Compiling tinyvec_macros v0.1.1
[INFO] [stderr]    Compiling hashbrown v0.12.3
[INFO] [stderr]    Compiling paste v1.0.11
[INFO] [stderr]    Compiling tinyvec v1.6.0
[INFO] [stderr]    Compiling aho-corasick v0.7.20
[INFO] [stderr]    Compiling local-waker v0.1.3
[INFO] [stderr]    Compiling zstd-safe v6.0.3+zstd.1.5.2
[INFO] [stderr]    Compiling crc32fast v1.3.2
[INFO] [stderr]    Compiling alloc-no-stdlib v2.0.4
[INFO] [stderr]    Compiling regex-syntax v0.6.28
[INFO] [stderr]    Compiling io-lifetimes v1.0.5
[INFO] [stderr]    Compiling alloc-stdlib v0.2.2
[INFO] [stderr]    Compiling form_urlencoded v1.1.0
[INFO] [stderr]    Compiling ahash v0.7.6
[INFO] [stderr]    Compiling ppv-lite86 v0.2.17
[INFO] [stderr]    Compiling crossbeam-utils v0.8.14
[INFO] [stderr]    Compiling time-core v0.1.0
[INFO] [stderr]    Compiling unicode-bidi v0.3.10
[INFO] [stderr]    Compiling ryu v1.0.12
[INFO] [stderr]    Compiling rustix v0.36.8
[INFO] [stderr]    Compiling httpdate v1.0.2
[INFO] [stderr]    Compiling adler v1.0.2
[INFO] [stderr]    Compiling time-macros v0.2.6
[INFO] [stderr]    Compiling actix-service v2.0.2
[INFO] [stderr]    Compiling mio v0.8.5
[INFO] [stderr]    Compiling signal-hook-registry v1.4.0
[INFO] [stderr]    Compiling socket2 v0.4.7
[INFO] [stderr]    Compiling jobserver v0.1.25
[INFO] [stderr]    Compiling getrandom v0.2.8
[INFO] [stderr]    Compiling unicode-normalization v0.1.22
[INFO] [stderr]    Compiling parking_lot v0.12.1
[INFO] [stderr]    Compiling cc v1.0.79
[INFO] [stderr]    Compiling rand_core v0.6.4
[INFO] [stderr]    Compiling rand v0.4.6
[INFO] [stderr]    Compiling rand_chacha v0.3.1
[INFO] [stderr]    Compiling miniz_oxide v0.6.2
[INFO] [stderr]    Compiling brotli-decompressor v2.3.4
[INFO] [stderr]    Compiling smallvec v0.6.14
[INFO] [stderr]    Compiling actix-utils v3.0.1
[INFO] [stderr]    Compiling cookie v0.16.2
[INFO] [stderr]    Compiling encoding_rs v0.8.32
[INFO] [stderr]    Compiling crypto-common v0.1.6
[INFO] [stderr]    Compiling block-buffer v0.10.3
[INFO] [stderr]    Compiling idna v0.3.0
[INFO] [stderr]    Compiling try-lock v0.2.4
[INFO] [stderr]    Compiling stable_deref_trait v1.2.0
[INFO] [stderr]    Compiling serde_json v1.0.91
[INFO] [stderr]    Compiling linux-raw-sys v0.1.4
[INFO] [stderr]    Compiling digest v0.10.6
[INFO] [stderr]    Compiling base64 v0.21.0
[INFO] [stderr]    Compiling convert_case v0.4.0
[INFO] [stderr]    Compiling cpufeatures v0.2.5
[INFO] [stderr]    Compiling mime v0.3.16
[INFO] [stderr]    Compiling sha1 v0.10.5
[INFO] [stderr]    Compiling regex v1.7.1
[INFO] [stderr]    Compiling url v2.3.1
[INFO] [stderr]    Compiling flate2 v1.0.25
[INFO] [stderr]    Compiling bytes v1.4.0
[INFO] [stderr]    Compiling serde_urlencoded v0.7.1
[INFO] [stderr]    Compiling time v0.3.17
[INFO] [stderr]    Compiling brotli v3.3.4
[INFO] [stderr]    Compiling owning_ref v0.3.3
[INFO] [stderr]    Compiling parking_lot_core v0.2.14
[INFO] [stderr]    Compiling zstd-sys v2.0.6+zstd.1.5.2
[INFO] [stderr]    Compiling want v0.3.0
[INFO] [stderr]    Compiling rand v0.8.5
[INFO] [stderr]    Compiling http v0.2.8
[INFO] [stderr]    Compiling bytestring v1.2.0
[INFO] [stderr]    Compiling num_cpus v1.15.0
[INFO] [stderr]    Compiling language-tags v0.3.2
[INFO] [stderr]    Compiling serde_derive v1.0.160
[INFO] [stderr]    Compiling tower-service v0.3.2
[INFO] [stderr]    Compiling crossbeam-channel v0.5.6
[INFO] [stderr]    Compiling parking_lot v0.4.8
[INFO] [stderr]    Compiling syn v2.0.3
[INFO] [stderr]    Compiling constant_time_eq v0.2.4
[INFO] [stderr]    Compiling is-terminal v0.4.3
[INFO] [stderr]    Compiling ipnet v2.7.1
[INFO] [stderr]    Compiling arrayvec v0.7.2
[INFO] [stderr]    Compiling http-body v0.4.5
[INFO] [stderr]    Compiling actix-router v0.5.1
[INFO] [stderr]    Compiling humantime v2.1.0
[INFO] [stderr]    Compiling arrayref v0.3.6
[INFO] [stderr]    Compiling termcolor v1.2.0
[INFO] [stderr]    Compiling blake2b_simd v1.0.1
[INFO] [stderr]    Compiling chashmap v2.2.2
[INFO] [stderr]    Compiling env_logger v0.10.0
[INFO] [stderr]    Compiling dotenv v0.15.0
[INFO] [stderr]    Compiling hex v0.4.3
[INFO] [stderr]    Compiling lazy_static v1.4.0
[INFO] [stderr]    Compiling futures-macro v0.3.27
[INFO] [stderr]    Compiling derive_more v0.99.17
[INFO] [stderr]    Compiling actix_derive v0.6.0
[INFO] [stderr]    Compiling actix-macros v0.2.3
[INFO] [stderr]    Compiling actix-web-codegen v4.2.0
[INFO] [stderr]    Compiling tokio-util v0.7.4
[INFO] [stderr]    Compiling actix-rt v2.8.0
[INFO] [stderr]    Compiling actix-codec v0.5.0
[INFO] [stderr]    Compiling zstd v0.12.3+zstd.1.5.2
[INFO] [stderr]    Compiling h2 v0.3.17
[INFO] [stderr]    Compiling local-channel v0.1.3
[INFO] [stderr]    Compiling actix-server v2.2.0
[INFO] [stderr]    Compiling futures-executor v0.3.27
[INFO] [stderr]    Compiling actix v0.13.0
[INFO] [stderr]    Compiling futures v0.3.27
[INFO] [stderr]    Compiling hyper v0.14.24
[INFO] [stderr]    Compiling actix-http v3.3.0
[INFO] [stderr]    Compiling actix-web v4.3.1
[INFO] [stderr]    Compiling reqwest v0.11.16
[INFO] [stderr]    Compiling s4h v0.2.0 (/opt/rustwide/workdir)
[INFO] [stdout] error[E0432]: unresolved import `actix_web::Json`
[INFO] [stdout]  --> src/server.rs:6:41
[INFO] [stdout]   |
[INFO] [stdout] 6 | use actix_web::{App, http, HttpRequest, Json};
[INFO] [stdout]   |                                         ^^^^ no `Json` in the root
[INFO] [stdout]   |
[INFO] [stdout]   = help: consider importing one of these items instead:
[INFO] [stdout]           actix_web::web::Json
[INFO] [stdout]           crate::actix_web::web::Json
[INFO] [stdout] 
[INFO] [stdout] 
[INFO] [stdout] error[E0425]: cannot find function `new` in `actix_web::server`
[INFO] [stdout]    --> src/main.rs:127:46
[INFO] [stdout]     |
[INFO] [stdout] 127 |         let http_server = actix_web::server::new(move || {
[INFO] [stdout]     |                                              ^^^ not found in `actix_web::server`
[INFO] [stdout] 
[INFO] [stdout] 
[INFO] [stdout] error[E0603]: module `server` is private
[INFO] [stdout]    --> src/main.rs:127:38
[INFO] [stdout]     |
[INFO] [stdout] 127 |         let http_server = actix_web::server::new(move || {
[INFO] [stdout]     |                                      ^^^^^^ private module
[INFO] [stdout]     |
[INFO] [stdout] note: the module `server` is defined here
[INFO] [stdout]    --> /opt/rustwide/cargo-home/registry/src/github.com-1ecc6299db9ec823/actix-web-4.3.1/src/lib.rs:99:1
[INFO] [stdout]     |
[INFO] [stdout] 99  | mod server;
[INFO] [stdout]     | ^^^^^^^^^^
[INFO] [stdout] 
[INFO] [stdout] 
[INFO] [stdout] error[E0107]: struct takes 0 generic arguments but 1 generic argument was supplied
[INFO] [stdout]   --> src/server.rs:36:27
[INFO] [stdout]    |
[INFO] [stdout] 36 | pub fn ping((req, args): (HttpRequest<S4hState>, Json<PingArgs>)) -> Json<MessageReturned> {
[INFO] [stdout]    |                           ^^^^^^^^^^^---------- help: remove these generics
[INFO] [stdout]    |                           |
[INFO] [stdout]    |                           expected 0 generic arguments
[INFO] [stdout]    |
[INFO] [stdout] note: struct defined here, with 0 generic parameters
[INFO] [stdout]   --> /opt/rustwide/cargo-home/registry/src/github.com-1ecc6299db9ec823/actix-web-4.3.1/src/request.rs:31:12
[INFO] [stdout]    |
[INFO] [stdout] 31 | pub struct HttpRequest {
[INFO] [stdout]    |            ^^^^^^^^^^^
[INFO] [stdout] 
[INFO] [stdout] 
[INFO] [stdout] error[E0107]: struct takes 0 generic arguments but 1 generic argument was supplied
[INFO] [stdout]   --> src/server.rs:62:28
[INFO] [stdout]    |
[INFO] [stdout] 62 | pub fn store((req, args): (HttpRequest<S4hState>, Json<StoreArgs>)) -> Json<MessageReturned> {
[INFO] [stdout]    |                            ^^^^^^^^^^^---------- help: remove these generics
[INFO] [stdout]    |                            |
[INFO] [stdout]    |                            expected 0 generic arguments
[INFO] [stdout]    |
[INFO] [stdout] note: struct defined here, with 0 generic parameters
[INFO] [stdout]   --> /opt/rustwide/cargo-home/registry/src/github.com-1ecc6299db9ec823/actix-web-4.3.1/src/request.rs:31:12
[INFO] [stdout]    |
[INFO] [stdout] 31 | pub struct HttpRequest {
[INFO] [stdout]    |            ^^^^^^^^^^^
[INFO] [stdout] 
[INFO] [stdout] 
[INFO] [stdout] error[E0107]: struct takes 0 generic arguments but 1 generic argument was supplied
[INFO] [stdout]    --> src/server.rs:109:32
[INFO] [stdout]     |
[INFO] [stdout] 109 | pub fn find_node((req, args): (HttpRequest<S4hState>, Json<FindNodeArgs>)) -> Json<MessageReturned> {
[INFO] [stdout]     |                                ^^^^^^^^^^^---------- help: remove these generics
[INFO] [stdout]     |                                |
[INFO] [stdout]     |                                expected 0 generic arguments
[INFO] [stdout]     |
[INFO] [stdout] note: struct defined here, with 0 generic parameters
[INFO] [stdout]    --> /opt/rustwide/cargo-home/registry/src/github.com-1ecc6299db9ec823/actix-web-4.3.1/src/request.rs:31:12
[INFO] [stdout]     |
[INFO] [stdout] 31  | pub struct HttpRequest {
[INFO] [stdout]     |            ^^^^^^^^^^^
[INFO] [stdout] 
[INFO] [stdout] 
[INFO] [stdout] error[E0107]: struct takes 0 generic arguments but 1 generic argument was supplied
[INFO] [stdout]    --> src/server.rs:139:29
[INFO] [stdout]     |
[INFO] [stdout] 139 | fn find_value((req, args): (HttpRequest<S4hState>, Json<FindValueArgs>)) -> Json<MessageReturned> {
[INFO] [stdout]     |                             ^^^^^^^^^^^---------- help: remove these generics
[INFO] [stdout]     |                             |
[INFO] [stdout]     |                             expected 0 generic arguments
[INFO] [stdout]     |
[INFO] [stdout] note: struct defined here, with 0 generic parameters
[INFO] [stdout]    --> /opt/rustwide/cargo-home/registry/src/github.com-1ecc6299db9ec823/actix-web-4.3.1/src/request.rs:31:12
[INFO] [stdout]     |
[INFO] [stdout] 31  | pub struct HttpRequest {
[INFO] [stdout]     |            ^^^^^^^^^^^
[INFO] [stdout] 
[INFO] [stdout] 
[INFO] [stdout] error[E0107]: struct takes 0 generic arguments but 1 generic argument was supplied
[INFO] [stdout]    --> src/server.rs:180:39
[INFO] [stdout]     |
[INFO] [stdout] 180 | pub fn query_complaints((req, args): (HttpRequest<S4hState>, Json<QueryComplaintsArgs>)) -> Json<MessageReturned> {
[INFO] [stdout]     |                                       ^^^^^^^^^^^---------- help: remove these generics
[INFO] [stdout]     |                                       |
[INFO] [stdout]     |                                       expected 0 generic arguments
[INFO] [stdout]     |
[INFO] [stdout] note: struct defined here, with 0 generic parameters
[INFO] [stdout]    --> /opt/rustwide/cargo-home/registry/src/github.com-1ecc6299db9ec823/actix-web-4.3.1/src/request.rs:31:12
[INFO] [stdout]     |
[INFO] [stdout] 31  | pub struct HttpRequest {
[INFO] [stdout]     |            ^^^^^^^^^^^
[INFO] [stdout] 
[INFO] [stdout] 
[INFO] [stdout] error[E0107]: struct takes 0 generic arguments but 1 generic argument was supplied
[INFO] [stdout]    --> src/server.rs:213:46
[INFO] [stdout]     |
[INFO] [stdout] 213 | pub fn store_complaint_against((req, args): (HttpRequest<S4hState>, Json<StoreComplaintAgainstArgs>)) -> Json<MessageReturned> {
[INFO] [stdout]     |                                              ^^^^^^^^^^^---------- help: remove these generics
[INFO] [stdout]     |                                              |
[INFO] [stdout]     |                                              expected 0 generic arguments
[INFO] [stdout]     |
[INFO] [stdout] note: struct defined here, with 0 generic parameters
[INFO] [stdout]    --> /opt/rustwide/cargo-home/registry/src/github.com-1ecc6299db9ec823/actix-web-4.3.1/src/request.rs:31:12
[INFO] [stdout]     |
[INFO] [stdout] 31  | pub struct HttpRequest {
[INFO] [stdout]     |            ^^^^^^^^^^^
[INFO] [stdout] 
[INFO] [stdout] 
[INFO] [stdout] error[E0107]: struct takes 0 generic arguments but 1 generic argument was supplied
[INFO] [stdout]    --> src/server.rs:267:41
[INFO] [stdout]     |
[INFO] [stdout] 267 | pub fn store_complaint_by((req, args): (HttpRequest<S4hState>, Json<StoreComplaintByArgs>)) -> Json<MessageReturned> {
[INFO] [stdout]     |                                         ^^^^^^^^^^^---------- help: remove these generics
[INFO] [stdout]     |                                         |
[INFO] [stdout]     |                                         expected 0 generic arguments
[INFO] [stdout]     |
[INFO] [stdout] note: struct defined here, with 0 generic parameters
[INFO] [stdout]    --> /opt/rustwide/cargo-home/registry/src/github.com-1ecc6299db9ec823/actix-web-4.3.1/src/request.rs:31:12
[INFO] [stdout]     |
[INFO] [stdout] 31  | pub struct HttpRequest {
[INFO] [stdout]     |            ^^^^^^^^^^^
[INFO] [stdout] 
[INFO] [stdout] 
[INFO] [stdout] error: aborting due to 10 previous errors
[INFO] [stdout] 
[INFO] [stdout] 
[INFO] [stdout] Some errors have detailed explanations: E0107, E0425, E0432, E0603.
[INFO] [stdout] 
[INFO] [stdout] For more information about an error, try `rustc --explain E0107`.
[INFO] [stdout] 
[INFO] [stderr] error: could not compile `s4h` due to 11 previous errors
[INFO] running `Command { std: "docker" "inspect" "3777cb48b93fad58e968730086b188b4f707b52ceae6e4415f35063ce691c3eb", kill_on_drop: false }`
[INFO] running `Command { std: "docker" "rm" "-f" "3777cb48b93fad58e968730086b188b4f707b52ceae6e4415f35063ce691c3eb", kill_on_drop: false }`
[INFO] [stdout] 3777cb48b93fad58e968730086b188b4f707b52ceae6e4415f35063ce691c3eb
