[INFO] cloning repository https://github.com/covercash2/germ
[INFO] running `Command { std: "git" "-c" "credential.helper=" "-c" "credential.helper=/workspace/cargo-home/bin/git-credential-null" "clone" "--bare" "https://github.com/covercash2/germ" "/workspace/cache/git-repos/https%3A%2F%2Fgithub.com%2Fcovercash2%2Fgerm", kill_on_drop: false }`
[INFO] [stderr] Cloning into bare repository '/workspace/cache/git-repos/https%3A%2F%2Fgithub.com%2Fcovercash2%2Fgerm'...
[INFO] running `Command { std: "git" "rev-parse" "HEAD", kill_on_drop: false }`
[INFO] [stdout] 3a27e564d41bddaf9f16bd75456e1f1693443c0f
[INFO] testing covercash2/germ against beta-2023-04-20 for beta-1.70-1
[INFO] running `Command { std: "git" "clone" "/workspace/cache/git-repos/https%3A%2F%2Fgithub.com%2Fcovercash2%2Fgerm" "/workspace/builds/worker-2-tc2/source", kill_on_drop: false }`
[INFO] [stderr] Cloning into '/workspace/builds/worker-2-tc2/source'...
[INFO] [stderr] done.
[INFO] validating manifest of git repo https://github.com/covercash2/germ on toolchain beta-2023-04-20
[INFO] running `Command { std: CARGO_HOME="/workspace/cargo-home" RUSTUP_HOME="/workspace/rustup-home" "/workspace/cargo-home/bin/cargo" "+beta-2023-04-20" "metadata" "--manifest-path" "Cargo.toml" "--no-deps", kill_on_drop: false }`
[INFO] started tweaking git repo https://github.com/covercash2/germ
[INFO] finished tweaking git repo https://github.com/covercash2/germ
[INFO] tweaked toml for git repo https://github.com/covercash2/germ written to /workspace/builds/worker-2-tc2/source/Cargo.toml
[INFO] crate git repo https://github.com/covercash2/germ already has a lockfile, it will not be regenerated
[INFO] running `Command { std: CARGO_HOME="/workspace/cargo-home" RUSTUP_HOME="/workspace/rustup-home" "/workspace/cargo-home/bin/cargo" "+beta-2023-04-20" "fetch" "--manifest-path" "Cargo.toml", kill_on_drop: false }`
[INFO] [stderr]     Updating crates.io index
[INFO] [stderr]  Downloading crates ...
[INFO] [stderr]   Downloaded wayland-protocols v0.20.10
[INFO] [stderr]   Downloaded cgl v0.2.2
[INFO] [stderr]   Downloaded conrod_derive v0.1.2
[INFO] [stderr]   Downloaded cc v1.0.17
[INFO] [stderr]   Downloaded glutin v0.16.0
[INFO] [stderr]   Downloaded shared_library v0.1.8
[INFO] [stderr]   Downloaded core-foundation v0.6.0
[INFO] [stderr]   Downloaded stable_deref_trait v1.1.0
[INFO] [stderr]   Downloaded tempfile v3.0.2
[INFO] [stderr]   Downloaded wayland-commons v0.20.10
[INFO] [stderr]   Downloaded gleam v0.5.1
[INFO] [stderr]   Downloaded core-text v10.0.0
[INFO] [stderr]   Downloaded wayland-sys v0.20.10
[INFO] [stderr]   Downloaded font-loader v0.7.0
[INFO] [stderr]   Downloaded core-graphics v0.14.0
[INFO] [stderr]   Downloaded rustc-demangle v0.1.8
[INFO] [stderr]   Downloaded bytes v0.4.8
[INFO] [stderr]   Downloaded syn v0.14.2
[INFO] [stderr]   Downloaded smithay-client-toolkit v0.2.2
[INFO] [stderr]   Downloaded expat-sys v2.1.5
[INFO] [stderr]   Downloaded winit v0.15.0
[INFO] [stderr]   Downloaded serde v1.0.66
[INFO] [stderr]   Downloaded glium v0.21.0
[INFO] [stderr]   Downloaded backtrace v0.3.8
[INFO] [stderr]   Downloaded log v0.4.2
[INFO] [stderr]   Downloaded serde_derive v1.0.66
[INFO] [stderr]   Downloaded wayland-scanner v0.20.10
[INFO] [stderr]   Downloaded volatile v0.2.4
[INFO] [stderr]   Downloaded wayland-client v0.20.10
[INFO] [stderr]   Downloaded approx v0.2.0
[INFO] [stderr]   Downloaded rusttype v0.6.1
[INFO] [stderr]   Downloaded cocoa v0.15.0
[INFO] [stderr]   Downloaded servo-fontconfig-sys v4.0.4
[INFO] [stderr]   Downloaded smallvec v0.6.3
[INFO] [stderr]   Downloaded core-foundation-sys v0.6.0
[INFO] [stderr]   Downloaded conrod v0.60.0
[INFO] [stderr]   Downloaded servo-freetype-sys v4.0.3
[INFO] running `Command { std: "docker" "create" "-v" "/var/lib/crater-agent-workspace/builds/worker-2-tc2/target:/opt/rustwide/target:rw,Z" "-v" "/var/lib/crater-agent-workspace/builds/worker-2-tc2/source:/opt/rustwide/workdir:ro,Z" "-v" "/var/lib/crater-agent-workspace/cargo-home:/opt/rustwide/cargo-home:ro,Z" "-v" "/var/lib/crater-agent-workspace/rustup-home:/opt/rustwide/rustup-home:ro,Z" "-e" "SOURCE_DIR=/opt/rustwide/workdir" "-e" "CARGO_TARGET_DIR=/opt/rustwide/target" "-e" "CARGO_HOME=/opt/rustwide/cargo-home" "-e" "RUSTUP_HOME=/opt/rustwide/rustup-home" "-w" "/opt/rustwide/workdir" "-m" "1610612736" "--user" "0:0" "--network" "none" "ghcr.io/rust-lang/crates-build-env/linux@sha256:5ff2268d62e97bff2cde7d5815dd6ed5b47097566f13b8d0ca110b04b60e07ed" "/opt/rustwide/cargo-home/bin/cargo" "+beta-2023-04-20" "metadata" "--no-deps" "--format-version=1", kill_on_drop: false }`
[INFO] [stdout] 705e0c643c23238b37476bb2d5f6a0f16e4507385f0d9172ecd36b05293eaafd
[INFO] running `Command { std: "docker" "start" "-a" "705e0c643c23238b37476bb2d5f6a0f16e4507385f0d9172ecd36b05293eaafd", kill_on_drop: false }`
[INFO] running `Command { std: "docker" "inspect" "705e0c643c23238b37476bb2d5f6a0f16e4507385f0d9172ecd36b05293eaafd", kill_on_drop: false }`
[INFO] running `Command { std: "docker" "rm" "-f" "705e0c643c23238b37476bb2d5f6a0f16e4507385f0d9172ecd36b05293eaafd", kill_on_drop: false }`
[INFO] [stdout] 705e0c643c23238b37476bb2d5f6a0f16e4507385f0d9172ecd36b05293eaafd
[INFO] running `Command { std: "docker" "create" "-v" "/var/lib/crater-agent-workspace/builds/worker-2-tc2/target:/opt/rustwide/target:rw,Z" "-v" "/var/lib/crater-agent-workspace/builds/worker-2-tc2/source:/opt/rustwide/workdir:ro,Z" "-v" "/var/lib/crater-agent-workspace/cargo-home:/opt/rustwide/cargo-home:ro,Z" "-v" "/var/lib/crater-agent-workspace/rustup-home:/opt/rustwide/rustup-home:ro,Z" "-e" "SOURCE_DIR=/opt/rustwide/workdir" "-e" "CARGO_TARGET_DIR=/opt/rustwide/target" "-e" "CARGO_INCREMENTAL=0" "-e" "RUST_BACKTRACE=full" "-e" "RUSTFLAGS=--cap-lints=warn" "-e" "RUSTDOCFLAGS=--cap-lints=warn" "-e" "CARGO_HOME=/opt/rustwide/cargo-home" "-e" "RUSTUP_HOME=/opt/rustwide/rustup-home" "-w" "/opt/rustwide/workdir" "-m" "1610612736" "--user" "0:0" "--network" "none" "ghcr.io/rust-lang/crates-build-env/linux@sha256:5ff2268d62e97bff2cde7d5815dd6ed5b47097566f13b8d0ca110b04b60e07ed" "/opt/rustwide/cargo-home/bin/cargo" "+beta-2023-04-20" "build" "--frozen" "--message-format=json", kill_on_drop: false }`
[INFO] [stdout] ccfbb843c9ca62909ce4982783ab44bee5bf8cab8bf87264b510310ec84d4d5d
[INFO] running `Command { std: "docker" "start" "-a" "ccfbb843c9ca62909ce4982783ab44bee5bf8cab8bf87264b510310ec84d4d5d", kill_on_drop: false }`
[INFO] [stderr]     Blocking waiting for file lock on package cache
[INFO] [stderr]    Compiling pkg-config v0.3.11
[INFO] [stderr]    Compiling libc v0.2.42
[INFO] [stderr]    Compiling bitflags v1.0.3
[INFO] [stderr]    Compiling cc v1.0.17
[INFO] [stderr]    Compiling lazy_static v1.0.1
[INFO] [stderr]    Compiling cfg-if v0.1.3
[INFO] [stderr]    Compiling void v1.0.2
[INFO] [stderr]    Compiling num-traits v0.2.4
[INFO] [stderr]    Compiling khronos_api v2.2.0
[INFO] [stderr]    Compiling unicode-xid v0.1.0
[INFO] [stderr]    Compiling byteorder v1.2.3
[INFO] [stderr]    Compiling remove_dir_all v0.5.1
[INFO] [stderr]    Compiling token_store v0.1.2
[INFO] [stderr]    Compiling num-integer v0.1.38
[INFO] [stderr]    Compiling percent-encoding v1.0.1
[INFO] [stderr]    Compiling downcast-rs v1.0.3
[INFO] [stderr]    Compiling log v0.4.2
[INFO] [stderr]    Compiling xml-rs v0.7.0
[INFO] [stderr]    Compiling unreachable v1.0.0
[INFO] [stderr]    Compiling proc-macro2 v0.4.6
[INFO] [stderr]    Compiling rustc-serialize v0.3.24
[INFO] [stderr]    Compiling gio v0.5.1
[INFO] [stderr]    Compiling serde v1.0.66
[INFO] [stderr]    Compiling smallvec v0.6.3
[INFO] [stderr]    Compiling nix v0.10.0
[INFO] [stderr]    Compiling proc-macro2 v0.3.8
[INFO] [stderr]    Compiling unreachable v0.1.1
[INFO] [stderr]    Compiling fragile v0.3.0
[INFO] [stderr]    Compiling gdk-pixbuf v0.5.0
[INFO] [stderr]    Compiling cmake v0.1.31
[INFO] [stderr]    Compiling rand v0.4.2
[INFO] [stderr]    Compiling memmap v0.6.2
[INFO] [stderr]    Compiling shared_library v0.1.8
[INFO] [stderr]    Compiling iovec v0.1.2
[INFO] [stderr]    Compiling wayland-scanner v0.12.5
[INFO] [stderr]    Compiling gl_generator v0.9.0
[INFO] [stderr]    Compiling wayland-scanner v0.20.10
[INFO] [stderr]    Compiling glib-sys v0.7.0
[INFO] [stderr]    Compiling gobject-sys v0.7.0
[INFO] [stderr]    Compiling gio-sys v0.7.0
[INFO] [stderr]    Compiling gdk-pixbuf-sys v0.7.0
[INFO] [stderr]    Compiling cairo-sys-rs v0.7.0
[INFO] [stderr]    Compiling pango-sys v0.7.0
[INFO] [stderr]    Compiling x11-dl v2.18.1
[INFO] [stderr]    Compiling libloading v0.5.0
[INFO] [stderr]    Compiling gdk-sys v0.7.0
[INFO] [stderr]    Compiling expat-sys v2.1.5
[INFO] [stderr]    Compiling tempfile v3.0.2
[INFO] [stderr]    Compiling servo-freetype-sys v4.0.3
[INFO] [stderr]    Compiling atk-sys v0.7.0
[INFO] [stderr]    Compiling backtrace-sys v0.1.23
[INFO] [stderr]    Compiling wayland-client v0.12.5
[INFO] [stderr]    Compiling wayland-protocols v0.12.5
[INFO] [stderr]    Compiling wayland-client v0.20.10
[INFO] [stderr]    Compiling wayland-protocols v0.20.10
[INFO] [stderr]    Compiling num-traits v0.1.43
[INFO] [stderr]    Compiling servo-fontconfig-sys v4.0.4
[INFO] [stderr]    Compiling gtk-sys v0.7.0
[INFO] [stderr]    Compiling bytes v0.4.8
[INFO] [stderr]    Compiling osmesa-sys v0.1.2
[INFO] [stderr]    Compiling glutin v0.14.0
[INFO] [stderr]    Compiling glib v0.6.0
[INFO] [stderr]    Compiling dlib v0.4.1
[INFO] [stderr]    Compiling wayland-sys v0.12.5
[INFO] [stderr]    Compiling wayland-sys v0.20.10
[INFO] [stderr]    Compiling quote v0.6.3
[INFO] [stderr]    Compiling cairo-rs v0.5.0
[INFO] [stderr]    Compiling wayland-commons v0.20.10
[INFO] [stderr]    Compiling num-iter v0.1.37
[INFO] [stderr]    Compiling nodrop v0.1.12
[INFO] [stderr]    Compiling stable_deref_trait v1.1.0
[INFO] [stderr]    Compiling arrayvec v0.4.7
[INFO] [stderr]    Compiling owning_ref v0.3.3
[INFO] [stderr]    Compiling syn v0.14.2
[INFO] [stderr]    Compiling num-bigint v0.1.44
[INFO] [stderr]    Compiling ordered-float v0.5.0
[INFO] [stderr]    Compiling glium v0.21.0
[INFO] [stderr]    Compiling parking_lot_core v0.2.14
[INFO] [stderr]    Compiling quote v0.5.2
[INFO] [stderr]    Compiling stb_truetype v0.2.2
[INFO] [stderr]    Compiling gdk v0.9.0
[INFO] [stderr]    Compiling rustc-demangle v0.1.8
[INFO] [stderr]    Compiling piston-float v0.3.0
[INFO] [stderr]    Compiling wayland-kbd v0.13.1
[INFO] [stderr]    Compiling fnv v1.0.6
[INFO] [stderr]    Compiling fixedbitset v0.1.9
[INFO] [stderr]    Compiling num-rational v0.1.42
[INFO] [stderr]    Compiling piston-viewport v0.3.0
[INFO] [stderr]    Compiling petgraph v0.4.12
[INFO] [stderr]    Compiling parking_lot v0.5.5
[INFO] [stderr]    Compiling backtrace v0.3.8
[INFO] [stderr]    Compiling syn v0.13.11
[INFO] [stderr]    Compiling wayland-window v0.13.3
[INFO] [stderr]    Compiling pango v0.5.0
[INFO] [stderr]    Compiling num-complex v0.1.43
[INFO] [stderr]    Compiling winit v0.12.0
[INFO] [stderr]    Compiling smithay-client-toolkit v0.2.2
[INFO] [stderr]    Compiling glutin v0.16.0
[INFO] [stderr]    Compiling gtk v0.5.0
[INFO] [stderr]    Compiling approx v0.1.1
[INFO] [stderr]    Compiling linked-hash-map v0.5.1
[INFO] [stderr]    Compiling serde_derive v1.0.66
[INFO] [stderr]    Compiling num v0.1.42
[INFO] [stderr]    Compiling daggy v0.5.0
[INFO] [stderr]    Compiling rusttype v0.5.2
[INFO] [stderr]    Compiling winit v0.15.0
[INFO] [stderr]    Compiling servo-fontconfig v0.4.0
[INFO] [stderr]    Compiling approx v0.2.0
[INFO] [stderr]    Compiling font-loader v0.7.0
[INFO] [stderr]    Compiling rusttype v0.6.1
[INFO] [stderr]    Compiling toml v0.4.6
[INFO] [stderr]    Compiling time v0.1.40
[INFO] [stderr]    Compiling find_folder v0.3.0
[INFO] [stderr]    Compiling xdg v2.1.0
[INFO] [stderr]    Compiling volatile v0.2.4
[INFO] [stderr]    Compiling futures v0.1.25
[INFO] [stderr]    Compiling conrod_derive v0.1.2
[INFO] [stderr]    Compiling pistoncore-input v0.21.0
[INFO] [stderr]    Compiling conrod v0.60.0
[INFO] [stderr]    Compiling germ v0.1.0 (/opt/rustwide/workdir)
[INFO] [stdout] error[E0412]: cannot find type `NoneError` in module `std::option`
[INFO] [stdout]   --> src/shell/mod.rs:10:34
[INFO] [stdout]    |
[INFO] [stdout] 10 | type ShellError = ::std::option::NoneError;
[INFO] [stdout]    |                                  ^^^^^^^^^ not found in `std::option`
[INFO] [stdout] 
[INFO] [stdout] 
[INFO] [stdout] warning: unused import: `Event`
[INFO] [stdout]  --> src/app/mod.rs:2:10
[INFO] [stdout]   |
[INFO] [stdout] 2 | use ui::{Event, Ui};
[INFO] [stdout]   |          ^^^^^
[INFO] [stdout]   |
[INFO] [stdout]   = note: `#[warn(unused_imports)]` on by default
[INFO] [stdout] 
[INFO] [stdout] 
[INFO] [stdout] warning: unused import: `std::time::Instant`
[INFO] [stdout]  --> src/app/mod.rs:4:5
[INFO] [stdout]   |
[INFO] [stdout] 4 | use std::time::Instant;
[INFO] [stdout]   |     ^^^^^^^^^^^^^^^^^^
[INFO] [stdout] 
[INFO] [stdout] 
[INFO] [stdout] warning: unused label
[INFO] [stdout]    --> src/ui/backend/conrod/mod.rs:236:9
[INFO] [stdout]     |
[INFO] [stdout] 236 |         'main: loop {
[INFO] [stdout]     |         ^^^^^
[INFO] [stdout]     |
[INFO] [stdout]     = note: `#[warn(unused_labels)]` on by default
[INFO] [stdout] 
[INFO] [stdout] 
[INFO] [stdout] warning: unused import: `std::io`
[INFO] [stdout]  --> src/ui/backend/gtk/mod.rs:2:5
[INFO] [stdout]   |
[INFO] [stdout] 2 | use std::io;
[INFO] [stdout]   |     ^^^^^^^
[INFO] [stdout] 
[INFO] [stdout] 
[INFO] [stdout] warning: unused import: `std::io::Write`
[INFO] [stdout]  --> src/ui/backend/gtk/mod.rs:3:5
[INFO] [stdout]   |
[INFO] [stdout] 3 | use std::io::Write;
[INFO] [stdout]   |     ^^^^^^^^^^^^^^
[INFO] [stdout] 
[INFO] [stdout] 
[INFO] [stdout] warning: unused import: `std::rc::Rc`
[INFO] [stdout]  --> src/ui/backend/gtk/mod.rs:4:5
[INFO] [stdout]   |
[INFO] [stdout] 4 | use std::rc::Rc;
[INFO] [stdout]   |     ^^^^^^^^^^^
[INFO] [stdout] 
[INFO] [stdout] 
[INFO] [stdout] warning: unused import: `std::sync::mpsc::Receiver`
[INFO] [stdout]  --> src/ui/backend/gtk/mod.rs:5:5
[INFO] [stdout]   |
[INFO] [stdout] 5 | use std::sync::mpsc::Receiver;
[INFO] [stdout]   |     ^^^^^^^^^^^^^^^^^^^^^^^^^
[INFO] [stdout] 
[INFO] [stdout] 
[INFO] [stdout] warning: unused import: `futures`
[INFO] [stdout]  --> src/ui/backend/gtk/mod.rs:7:5
[INFO] [stdout]   |
[INFO] [stdout] 7 | use futures;
[INFO] [stdout]   |     ^^^^^^^
[INFO] [stdout] 
[INFO] [stdout] 
[INFO] [stdout] warning: unused macro definition: `clone`
[INFO] [stdout]   --> src/ui/backend/gtk/mod.rs:23:14
[INFO] [stdout]    |
[INFO] [stdout] 23 | macro_rules! clone {
[INFO] [stdout]    |              ^^^^^
[INFO] [stdout]    |
[INFO] [stdout]    = note: `#[warn(unused_macros)]` on by default
[INFO] [stdout] 
[INFO] [stdout] 
[INFO] [stdout] error[E0554]: `#![feature]` may not be used on the beta release channel
[INFO] [stdout]  --> src/main.rs:1:12
[INFO] [stdout]   |
[INFO] [stdout] 1 | #![feature(const_str_as_bytes)]
[INFO] [stdout]   |            ^^^^^^^^^^^^^^^^^^
[INFO] [stdout] 
[INFO] [stdout] 
[INFO] [stdout] error[E0554]: `#![feature]` may not be used on the beta release channel
[INFO] [stdout]  --> src/main.rs:2:12
[INFO] [stdout]   |
[INFO] [stdout] 2 | #![feature(test)]
[INFO] [stdout]   |            ^^^^
[INFO] [stdout] 
[INFO] [stdout] 
[INFO] [stdout] error[E0554]: `#![feature]` may not be used on the beta release channel
[INFO] [stdout]  --> src/main.rs:3:12
[INFO] [stdout]   |
[INFO] [stdout] 3 | #![feature(try_trait)]
[INFO] [stdout]   |            ^^^^^^^^^
[INFO] [stdout] 
[INFO] [stdout] 
[INFO] [stdout] error[E0635]: unknown feature `const_str_as_bytes`
[INFO] [stdout]  --> src/main.rs:1:12
[INFO] [stdout]   |
[INFO] [stdout] 1 | #![feature(const_str_as_bytes)]
[INFO] [stdout]   |            ^^^^^^^^^^^^^^^^^^
[INFO] [stdout] 
[INFO] [stdout] 
[INFO] [stdout] error[E0635]: unknown feature `try_trait`
[INFO] [stdout]  --> src/main.rs:3:12
[INFO] [stdout]   |
[INFO] [stdout] 3 | #![feature(try_trait)]
[INFO] [stdout]   |            ^^^^^^^^^
[INFO] [stdout] 
[INFO] [stdout] 
[INFO] [stdout] error: aborting due to 6 previous errors; 9 warnings emitted
[INFO] [stdout] 
[INFO] [stdout] 
[INFO] [stdout] Some errors have detailed explanations: E0412, E0554, E0635.
[INFO] [stdout] 
[INFO] [stdout] For more information about an error, try `rustc --explain E0412`.
[INFO] [stdout] 
[INFO] [stderr] error: could not compile `germ` (bin "germ") due to 7 previous errors; 9 warnings emitted
[INFO] running `Command { std: "docker" "inspect" "ccfbb843c9ca62909ce4982783ab44bee5bf8cab8bf87264b510310ec84d4d5d", kill_on_drop: false }`
[INFO] running `Command { std: "docker" "rm" "-f" "ccfbb843c9ca62909ce4982783ab44bee5bf8cab8bf87264b510310ec84d4d5d", kill_on_drop: false }`
[INFO] [stdout] ccfbb843c9ca62909ce4982783ab44bee5bf8cab8bf87264b510310ec84d4d5d
