[INFO] cloning repository https://github.com/coszio/postulacion-fintual
[INFO] running `Command { std: "git" "-c" "credential.helper=" "-c" "credential.helper=/workspace/cargo-home/bin/git-credential-null" "clone" "--bare" "https://github.com/coszio/postulacion-fintual" "/workspace/cache/git-repos/https%3A%2F%2Fgithub.com%2Fcoszio%2Fpostulacion-fintual", kill_on_drop: false }`
[INFO] [stderr] Cloning into bare repository '/workspace/cache/git-repos/https%3A%2F%2Fgithub.com%2Fcoszio%2Fpostulacion-fintual'...
[INFO] running `Command { std: "git" "rev-parse" "HEAD", kill_on_drop: false }`
[INFO] [stdout] 0f1533730bc9201ab741318d60e9a52b4f1f25aa
[INFO] testing coszio/postulacion-fintual against beta-2023-04-20 for beta-1.70-1
[INFO] running `Command { std: "git" "clone" "/workspace/cache/git-repos/https%3A%2F%2Fgithub.com%2Fcoszio%2Fpostulacion-fintual" "/workspace/builds/worker-4-tc2/source", kill_on_drop: false }`
[INFO] [stderr] Cloning into '/workspace/builds/worker-4-tc2/source'...
[INFO] [stderr] done.
[INFO] validating manifest of git repo https://github.com/coszio/postulacion-fintual on toolchain beta-2023-04-20
[INFO] running `Command { std: CARGO_HOME="/workspace/cargo-home" RUSTUP_HOME="/workspace/rustup-home" "/workspace/cargo-home/bin/cargo" "+beta-2023-04-20" "metadata" "--manifest-path" "Cargo.toml" "--no-deps", kill_on_drop: false }`
[INFO] started tweaking git repo https://github.com/coszio/postulacion-fintual
[INFO] finished tweaking git repo https://github.com/coszio/postulacion-fintual
[INFO] tweaked toml for git repo https://github.com/coszio/postulacion-fintual written to /workspace/builds/worker-4-tc2/source/Cargo.toml
[INFO] crate git repo https://github.com/coszio/postulacion-fintual already has a lockfile, it will not be regenerated
[INFO] running `Command { std: CARGO_HOME="/workspace/cargo-home" RUSTUP_HOME="/workspace/rustup-home" "/workspace/cargo-home/bin/cargo" "+beta-2023-04-20" "fetch" "--manifest-path" "Cargo.toml", kill_on_drop: false }`
[INFO] running `Command { std: "docker" "create" "-v" "/var/lib/crater-agent-workspace/builds/worker-4-tc2/target:/opt/rustwide/target:rw,Z" "-v" "/var/lib/crater-agent-workspace/builds/worker-4-tc2/source:/opt/rustwide/workdir:ro,Z" "-v" "/var/lib/crater-agent-workspace/cargo-home:/opt/rustwide/cargo-home:ro,Z" "-v" "/var/lib/crater-agent-workspace/rustup-home:/opt/rustwide/rustup-home:ro,Z" "-e" "SOURCE_DIR=/opt/rustwide/workdir" "-e" "CARGO_TARGET_DIR=/opt/rustwide/target" "-e" "CARGO_HOME=/opt/rustwide/cargo-home" "-e" "RUSTUP_HOME=/opt/rustwide/rustup-home" "-w" "/opt/rustwide/workdir" "-m" "1610612736" "--user" "0:0" "--network" "none" "ghcr.io/rust-lang/crates-build-env/linux@sha256:5ff2268d62e97bff2cde7d5815dd6ed5b47097566f13b8d0ca110b04b60e07ed" "/opt/rustwide/cargo-home/bin/cargo" "+beta-2023-04-20" "metadata" "--no-deps" "--format-version=1", kill_on_drop: false }`
[INFO] [stdout] f6afc267b1c68585548c4b6d945eeb951832ec698bf1edeb7a0f1403ab29effe
[INFO] running `Command { std: "docker" "start" "-a" "f6afc267b1c68585548c4b6d945eeb951832ec698bf1edeb7a0f1403ab29effe", kill_on_drop: false }`
[INFO] running `Command { std: "docker" "inspect" "f6afc267b1c68585548c4b6d945eeb951832ec698bf1edeb7a0f1403ab29effe", kill_on_drop: false }`
[INFO] running `Command { std: "docker" "rm" "-f" "f6afc267b1c68585548c4b6d945eeb951832ec698bf1edeb7a0f1403ab29effe", kill_on_drop: false }`
[INFO] [stdout] f6afc267b1c68585548c4b6d945eeb951832ec698bf1edeb7a0f1403ab29effe
[INFO] running `Command { std: "docker" "create" "-v" "/var/lib/crater-agent-workspace/builds/worker-4-tc2/target:/opt/rustwide/target:rw,Z" "-v" "/var/lib/crater-agent-workspace/builds/worker-4-tc2/source:/opt/rustwide/workdir:ro,Z" "-v" "/var/lib/crater-agent-workspace/cargo-home:/opt/rustwide/cargo-home:ro,Z" "-v" "/var/lib/crater-agent-workspace/rustup-home:/opt/rustwide/rustup-home:ro,Z" "-e" "SOURCE_DIR=/opt/rustwide/workdir" "-e" "CARGO_TARGET_DIR=/opt/rustwide/target" "-e" "CARGO_INCREMENTAL=0" "-e" "RUST_BACKTRACE=full" "-e" "RUSTFLAGS=--cap-lints=warn" "-e" "RUSTDOCFLAGS=--cap-lints=warn" "-e" "CARGO_HOME=/opt/rustwide/cargo-home" "-e" "RUSTUP_HOME=/opt/rustwide/rustup-home" "-w" "/opt/rustwide/workdir" "-m" "1610612736" "--user" "0:0" "--network" "none" "ghcr.io/rust-lang/crates-build-env/linux@sha256:5ff2268d62e97bff2cde7d5815dd6ed5b47097566f13b8d0ca110b04b60e07ed" "/opt/rustwide/cargo-home/bin/cargo" "+beta-2023-04-20" "build" "--frozen" "--message-format=json", kill_on_drop: false }`
[INFO] [stdout] 2f3b922c39b5ee86f3e4eccf0d43a18d1badbea0c3306969d8a2928ddff4b10d
[INFO] running `Command { std: "docker" "start" "-a" "2f3b922c39b5ee86f3e4eccf0d43a18d1badbea0c3306969d8a2928ddff4b10d", kill_on_drop: false }`
[INFO] [stderr]    Compiling proc-macro2 v1.0.36
[INFO] [stderr]    Compiling unicode-xid v0.2.2
[INFO] [stderr]    Compiling libc v0.2.121
[INFO] [stderr]    Compiling syn v1.0.90
[INFO] [stderr]    Compiling autocfg v1.1.0
[INFO] [stderr]    Compiling cfg-if v1.0.0
[INFO] [stderr]    Compiling log v0.4.16
[INFO] [stderr]    Compiling memchr v2.4.1
[INFO] [stderr]    Compiling once_cell v1.10.0
[INFO] [stderr]    Compiling pkg-config v0.3.25
[INFO] [stderr]    Compiling cc v1.0.73
[INFO] [stderr]    Compiling serde_derive v1.0.136
[INFO] [stderr]    Compiling pin-project-lite v0.2.8
[INFO] [stderr]    Compiling bytes v1.1.0
[INFO] [stderr]    Compiling serde v1.0.136
[INFO] [stderr]    Compiling futures-core v0.3.21
[INFO] [stderr]    Compiling itoa v1.0.1
[INFO] [stderr]    Compiling lazy_static v1.4.0
[INFO] [stderr]    Compiling bitflags v1.3.2
[INFO] [stderr]    Compiling version_check v0.9.4
[INFO] [stderr]    Compiling futures-task v0.3.21
[INFO] [stderr]    Compiling tracing-core v0.1.24
[INFO] [stderr]    Compiling fnv v1.0.7
[INFO] [stderr] error: failed to write `/opt/rustwide/target/debug/.fingerprint/fnv-bb690c336855f248/invoked.timestamp`
[INFO] [stderr] 
[INFO] [stderr] Caused by:
[INFO] [stderr]   No space left on device (os error 28)
[INFO] [stderr] warning: build failed, waiting for other jobs to finish...
[INFO] [stderr] LLVM ERROR: IO failure on output stream: No space left on device
[INFO] [stderr] error: could not compile `autocfg` (lib)
[INFO] [stdout] error: linking with `cc` failed: exit status: 1
[INFO] [stdout]   |
[INFO] [stdout]   = note: LC_ALL="C" PATH="/opt/rustwide/rustup-home/toolchains/beta-2023-04-20-x86_64-unknown-linux-gnu/lib/rustlib/x86_64-unknown-linux-gnu/bin:/opt/rustwide/cargo-home/bin:/usr/local/sbin:/usr/local/bin:/usr/sbin:/usr/bin:/sbin:/bin" VSLANG="1033" "cc" "-m64" "/tmp/rustcaQWiZM/symbols.o" "/opt/rustwide/target/debug/build/log-67ca675c29db00de/build_script_build-67ca675c29db00de.build_script_build.59c1280c-cgu.0.rcgu.o" "/opt/rustwide/target/debug/build/log-67ca675c29db00de/build_script_build-67ca675c29db00de.build_script_build.59c1280c-cgu.1.rcgu.o" "/opt/rustwide/target/debug/build/log-67ca675c29db00de/build_script_build-67ca675c29db00de.build_script_build.59c1280c-cgu.10.rcgu.o" "/opt/rustwide/target/debug/build/log-67ca675c29db00de/build_script_build-67ca675c29db00de.build_script_build.59c1280c-cgu.11.rcgu.o" "/opt/rustwide/target/debug/build/log-67ca675c29db00de/build_script_build-67ca675c29db00de.build_script_build.59c1280c-cgu.12.rcgu.o" "/opt/rustwide/target/debug/build/log-67ca675c29db00de/build_script_build-67ca675c29db00de.build_script_build.59c1280c-cgu.13.rcgu.o" "/opt/rustwide/target/debug/build/log-67ca675c29db00de/build_script_build-67ca675c29db00de.build_script_build.59c1280c-cgu.14.rcgu.o" "/opt/rustwide/target/debug/build/log-67ca675c29db00de/build_script_build-67ca675c29db00de.build_script_build.59c1280c-cgu.15.rcgu.o" "/opt/rustwide/target/debug/build/log-67ca675c29db00de/build_script_build-67ca675c29db00de.build_script_build.59c1280c-cgu.2.rcgu.o" "/opt/rustwide/target/debug/build/log-67ca675c29db00de/build_script_build-67ca675c29db00de.build_script_build.59c1280c-cgu.3.rcgu.o" "/opt/rustwide/target/debug/build/log-67ca675c29db00de/build_script_build-67ca675c29db00de.build_script_build.59c1280c-cgu.4.rcgu.o" "/opt/rustwide/target/debug/build/log-67ca675c29db00de/build_script_build-67ca675c29db00de.build_script_build.59c1280c-cgu.5.rcgu.o" "/opt/rustwide/target/debug/build/log-67ca675c29db00de/build_script_build-67ca675c29db00de.build_script_build.59c1280c-cgu.6.rcgu.o" "/opt/rustwide/target/debug/build/log-67ca675c29db00de/build_script_build-67ca675c29db00de.build_script_build.59c1280c-cgu.7.rcgu.o" "/opt/rustwide/target/debug/build/log-67ca675c29db00de/build_script_build-67ca675c29db00de.build_script_build.59c1280c-cgu.8.rcgu.o" "/opt/rustwide/target/debug/build/log-67ca675c29db00de/build_script_build-67ca675c29db00de.build_script_build.59c1280c-cgu.9.rcgu.o" "/opt/rustwide/target/debug/build/log-67ca675c29db00de/build_script_build-67ca675c29db00de.11b6pru7tjmlm9w0.rcgu.o" "-Wl,--as-needed" "-L" "/opt/rustwide/target/debug/deps" "-L" "/opt/rustwide/rustup-home/toolchains/beta-2023-04-20-x86_64-unknown-linux-gnu/lib/rustlib/x86_64-unknown-linux-gnu/lib" "-Wl,-Bstatic" "/opt/rustwide/rustup-home/toolchains/beta-2023-04-20-x86_64-unknown-linux-gnu/lib/rustlib/x86_64-unknown-linux-gnu/lib/libstd-0e29cc23c5e02021.rlib" "/opt/rustwide/rustup-home/toolchains/beta-2023-04-20-x86_64-unknown-linux-gnu/lib/rustlib/x86_64-unknown-linux-gnu/lib/libpanic_unwind-d903621768a861d9.rlib" "/opt/rustwide/rustup-home/toolchains/beta-2023-04-20-x86_64-unknown-linux-gnu/lib/rustlib/x86_64-unknown-linux-gnu/lib/libobject-6d0225e655f31c13.rlib" "/opt/rustwide/rustup-home/toolchains/beta-2023-04-20-x86_64-unknown-linux-gnu/lib/rustlib/x86_64-unknown-linux-gnu/lib/libmemchr-9dbaf4eac7eaa079.rlib" "/opt/rustwide/rustup-home/toolchains/beta-2023-04-20-x86_64-unknown-linux-gnu/lib/rustlib/x86_64-unknown-linux-gnu/lib/libaddr2line-27f05b3d42a66dd0.rlib" "/opt/rustwide/rustup-home/toolchains/beta-2023-04-20-x86_64-unknown-linux-gnu/lib/rustlib/x86_64-unknown-linux-gnu/lib/libgimli-4d73f1030321c9a2.rlib" "/opt/rustwide/rustup-home/toolchains/beta-2023-04-20-x86_64-unknown-linux-gnu/lib/rustlib/x86_64-unknown-linux-gnu/lib/librustc_demangle-2846c9e58abd0acb.rlib" "/opt/rustwide/rustup-home/toolchains/beta-2023-04-20-x86_64-unknown-linux-gnu/lib/rustlib/x86_64-unknown-linux-gnu/lib/libstd_detect-a53d0f50415947be.rlib" "/opt/rustwide/rustup-home/toolchains/beta-2023-04-20-x86_64-unknown-linux-gnu/lib/rustlib/x86_64-unknown-linux-gnu/lib/libhashbrown-d48e4b6abc25b9dc.rlib" "/opt/rustwide/rustup-home/toolchains/beta-2023-04-20-x86_64-unknown-linux-gnu/lib/rustlib/x86_64-unknown-linux-gnu/lib/libminiz_oxide-2991859439ef1207.rlib" "/opt/rustwide/rustup-home/toolchains/beta-2023-04-20-x86_64-unknown-linux-gnu/lib/rustlib/x86_64-unknown-linux-gnu/lib/libadler-8a687517e4221bae.rlib" "/opt/rustwide/rustup-home/toolchains/beta-2023-04-20-x86_64-unknown-linux-gnu/lib/rustlib/x86_64-unknown-linux-gnu/lib/librustc_std_workspace_alloc-e07b554f6a67f5b3.rlib" "/opt/rustwide/rustup-home/toolchains/beta-2023-04-20-x86_64-unknown-linux-gnu/lib/rustlib/x86_64-unknown-linux-gnu/lib/libunwind-b68238b7c3c619dd.rlib" "/opt/rustwide/rustup-home/toolchains/beta-2023-04-20-x86_64-unknown-linux-gnu/lib/rustlib/x86_64-unknown-linux-gnu/lib/libcfg_if-d5e213e896c017e4.rlib" "/opt/rustwide/rustup-home/toolchains/beta-2023-04-20-x86_64-unknown-linux-gnu/lib/rustlib/x86_64-unknown-linux-gnu/lib/liblibc-0211a3b2e61d8689.rlib" "/opt/rustwide/rustup-home/toolchains/beta-2023-04-20-x86_64-unknown-linux-gnu/lib/rustlib/x86_64-unknown-linux-gnu/lib/liballoc-b371f055239ba51f.rlib" "/opt/rustwide/rustup-home/toolchains/beta-2023-04-20-x86_64-unknown-linux-gnu/lib/rustlib/x86_64-unknown-linux-gnu/lib/librustc_std_workspace_core-e60518d2760eb01e.rlib" "/opt/rustwide/rustup-home/toolchains/beta-2023-04-20-x86_64-unknown-linux-gnu/lib/rustlib/x86_64-unknown-linux-gnu/lib/libcore-1ad943f92a4b1081.rlib" "/opt/rustwide/rustup-home/toolchains/beta-2023-04-20-x86_64-unknown-linux-gnu/lib/rustlib/x86_64-unknown-linux-gnu/lib/libcompiler_builtins-f0d6e4d0fc1e80b4.rlib" "-Wl,-Bdynamic" "-lgcc_s" "-lutil" "-lrt" "-lpthread" "-lm" "-ldl" "-lc" "-Wl,--eh-frame-hdr" "-Wl,-z,noexecstack" "-L" "/opt/rustwide/rustup-home/toolchains/beta-2023-04-20-x86_64-unknown-linux-gnu/lib/rustlib/x86_64-unknown-linux-gnu/lib" "-o" "/opt/rustwide/target/debug/build/log-67ca675c29db00de/build_script_build-67ca675c29db00de" "-Wl,--gc-sections" "-pie" "-Wl,-z,relro,-z,now" "-nodefaultlibs"
[INFO] [stdout]   = note: /usr/bin/ld: final link failed: No space left on device
[INFO] [stdout]           collect2: error: ld returned 1 exit status
[INFO] [stdout]           
[INFO] [stdout] 
[INFO] [stdout] 
[INFO] [stdout] error: aborting due to previous error
[INFO] [stdout] 
[INFO] [stdout] 
[INFO] [stderr] error: could not compile `log` (build script) due to 2 previous errors
[INFO] [stdout] error: couldn't create a temp dir: No space left on device (os error 28) at path "/opt/rustwide/target/debug/build/futures-task-25a9812f3ea34987/rmeta9V8nAb"
[INFO] [stdout] 
[INFO] [stdout] 
[INFO] [stdout] error: aborting due to previous error
[INFO] [stdout] 
[INFO] [stdout] 
[INFO] [stderr] error: could not compile `futures-task` (build script) due to 2 previous errors
[INFO] [stdout] error: linking with `cc` failed: exit status: 1
[INFO] [stdout]   |
[INFO] [stdout]   = note: LC_ALL="C" PATH="/opt/rustwide/rustup-home/toolchains/beta-2023-04-20-x86_64-unknown-linux-gnu/lib/rustlib/x86_64-unknown-linux-gnu/bin:/opt/rustwide/cargo-home/bin:/usr/local/sbin:/usr/local/bin:/usr/sbin:/usr/bin:/sbin:/bin" VSLANG="1033" "cc" "-m64" "/tmp/rustcb8laBM/symbols.o" "/opt/rustwide/target/debug/build/futures-core-fe365e9c43d06857/build_script_build-fe365e9c43d06857.build_script_build.175a028f-cgu.0.rcgu.o" "/opt/rustwide/target/debug/build/futures-core-fe365e9c43d06857/build_script_build-fe365e9c43d06857.build_script_build.175a028f-cgu.1.rcgu.o" "/opt/rustwide/target/debug/build/futures-core-fe365e9c43d06857/build_script_build-fe365e9c43d06857.build_script_build.175a028f-cgu.10.rcgu.o" "/opt/rustwide/target/debug/build/futures-core-fe365e9c43d06857/build_script_build-fe365e9c43d06857.build_script_build.175a028f-cgu.11.rcgu.o" "/opt/rustwide/target/debug/build/futures-core-fe365e9c43d06857/build_script_build-fe365e9c43d06857.build_script_build.175a028f-cgu.12.rcgu.o" "/opt/rustwide/target/debug/build/futures-core-fe365e9c43d06857/build_script_build-fe365e9c43d06857.build_script_build.175a028f-cgu.13.rcgu.o" "/opt/rustwide/target/debug/build/futures-core-fe365e9c43d06857/build_script_build-fe365e9c43d06857.build_script_build.175a028f-cgu.14.rcgu.o" "/opt/rustwide/target/debug/build/futures-core-fe365e9c43d06857/build_script_build-fe365e9c43d06857.build_script_build.175a028f-cgu.15.rcgu.o" "/opt/rustwide/target/debug/build/futures-core-fe365e9c43d06857/build_script_build-fe365e9c43d06857.build_script_build.175a028f-cgu.2.rcgu.o" "/opt/rustwide/target/debug/build/futures-core-fe365e9c43d06857/build_script_build-fe365e9c43d06857.build_script_build.175a028f-cgu.3.rcgu.o" "/opt/rustwide/target/debug/build/futures-core-fe365e9c43d06857/build_script_build-fe365e9c43d06857.build_script_build.175a028f-cgu.4.rcgu.o" "/opt/rustwide/target/debug/build/futures-core-fe365e9c43d06857/build_script_build-fe365e9c43d06857.build_script_build.175a028f-cgu.5.rcgu.o" "/opt/rustwide/target/debug/build/futures-core-fe365e9c43d06857/build_script_build-fe365e9c43d06857.build_script_build.175a028f-cgu.6.rcgu.o" "/opt/rustwide/target/debug/build/futures-core-fe365e9c43d06857/build_script_build-fe365e9c43d06857.build_script_build.175a028f-cgu.7.rcgu.o" "/opt/rustwide/target/debug/build/futures-core-fe365e9c43d06857/build_script_build-fe365e9c43d06857.build_script_build.175a028f-cgu.8.rcgu.o" "/opt/rustwide/target/debug/build/futures-core-fe365e9c43d06857/build_script_build-fe365e9c43d06857.build_script_build.175a028f-cgu.9.rcgu.o" "/opt/rustwide/target/debug/build/futures-core-fe365e9c43d06857/build_script_build-fe365e9c43d06857.3h9s17sb45hysv7x.rcgu.o" "-Wl,--as-needed" "-L" "/opt/rustwide/target/debug/deps" "-L" "/opt/rustwide/rustup-home/toolchains/beta-2023-04-20-x86_64-unknown-linux-gnu/lib/rustlib/x86_64-unknown-linux-gnu/lib" "-Wl,-Bstatic" "/opt/rustwide/rustup-home/toolchains/beta-2023-04-20-x86_64-unknown-linux-gnu/lib/rustlib/x86_64-unknown-linux-gnu/lib/libstd-0e29cc23c5e02021.rlib" "/opt/rustwide/rustup-home/toolchains/beta-2023-04-20-x86_64-unknown-linux-gnu/lib/rustlib/x86_64-unknown-linux-gnu/lib/libpanic_unwind-d903621768a861d9.rlib" "/opt/rustwide/rustup-home/toolchains/beta-2023-04-20-x86_64-unknown-linux-gnu/lib/rustlib/x86_64-unknown-linux-gnu/lib/libobject-6d0225e655f31c13.rlib" "/opt/rustwide/rustup-home/toolchains/beta-2023-04-20-x86_64-unknown-linux-gnu/lib/rustlib/x86_64-unknown-linux-gnu/lib/libmemchr-9dbaf4eac7eaa079.rlib" "/opt/rustwide/rustup-home/toolchains/beta-2023-04-20-x86_64-unknown-linux-gnu/lib/rustlib/x86_64-unknown-linux-gnu/lib/libaddr2line-27f05b3d42a66dd0.rlib" "/opt/rustwide/rustup-home/toolchains/beta-2023-04-20-x86_64-unknown-linux-gnu/lib/rustlib/x86_64-unknown-linux-gnu/lib/libgimli-4d73f1030321c9a2.rlib" "/opt/rustwide/rustup-home/toolchains/beta-2023-04-20-x86_64-unknown-linux-gnu/lib/rustlib/x86_64-unknown-linux-gnu/lib/librustc_demangle-2846c9e58abd0acb.rlib" "/opt/rustwide/rustup-home/toolchains/beta-2023-04-20-x86_64-unknown-linux-gnu/lib/rustlib/x86_64-unknown-linux-gnu/lib/libstd_detect-a53d0f50415947be.rlib" "/opt/rustwide/rustup-home/toolchains/beta-2023-04-20-x86_64-unknown-linux-gnu/lib/rustlib/x86_64-unknown-linux-gnu/lib/libhashbrown-d48e4b6abc25b9dc.rlib" "/opt/rustwide/rustup-home/toolchains/beta-2023-04-20-x86_64-unknown-linux-gnu/lib/rustlib/x86_64-unknown-linux-gnu/lib/libminiz_oxide-2991859439ef1207.rlib" "/opt/rustwide/rustup-home/toolchains/beta-2023-04-20-x86_64-unknown-linux-gnu/lib/rustlib/x86_64-unknown-linux-gnu/lib/libadler-8a687517e4221bae.rlib" "/opt/rustwide/rustup-home/toolchains/beta-2023-04-20-x86_64-unknown-linux-gnu/lib/rustlib/x86_64-unknown-linux-gnu/lib/librustc_std_workspace_alloc-e07b554f6a67f5b3.rlib" "/opt/rustwide/rustup-home/toolchains/beta-2023-04-20-x86_64-unknown-linux-gnu/lib/rustlib/x86_64-unknown-linux-gnu/lib/libunwind-b68238b7c3c619dd.rlib" "/opt/rustwide/rustup-home/toolchains/beta-2023-04-20-x86_64-unknown-linux-gnu/lib/rustlib/x86_64-unknown-linux-gnu/lib/libcfg_if-d5e213e896c017e4.rlib" "/opt/rustwide/rustup-home/toolchains/beta-2023-04-20-x86_64-unknown-linux-gnu/lib/rustlib/x86_64-unknown-linux-gnu/lib/liblibc-0211a3b2e61d8689.rlib" "/opt/rustwide/rustup-home/toolchains/beta-2023-04-20-x86_64-unknown-linux-gnu/lib/rustlib/x86_64-unknown-linux-gnu/lib/liballoc-b371f055239ba51f.rlib" "/opt/rustwide/rustup-home/toolchains/beta-2023-04-20-x86_64-unknown-linux-gnu/lib/rustlib/x86_64-unknown-linux-gnu/lib/librustc_std_workspace_core-e60518d2760eb01e.rlib" "/opt/rustwide/rustup-home/toolchains/beta-2023-04-20-x86_64-unknown-linux-gnu/lib/rustlib/x86_64-unknown-linux-gnu/lib/libcore-1ad943f92a4b1081.rlib" "/opt/rustwide/rustup-home/toolchains/beta-2023-04-20-x86_64-unknown-linux-gnu/lib/rustlib/x86_64-unknown-linux-gnu/lib/libcompiler_builtins-f0d6e4d0fc1e80b4.rlib" "-Wl,-Bdynamic" "-lgcc_s" "-lutil" "-lrt" "-lpthread" "-lm" "-ldl" "-lc" "-Wl,--eh-frame-hdr" "-Wl,-z,noexecstack" "-L" "/opt/rustwide/rustup-home/toolchains/beta-2023-04-20-x86_64-unknown-linux-gnu/lib/rustlib/x86_64-unknown-linux-gnu/lib" "-o" "/opt/rustwide/target/debug/build/futures-core-fe365e9c43d06857/build_script_build-fe365e9c43d06857" "-Wl,--gc-sections" "-pie" "-Wl,-z,relro,-z,now" "-nodefaultlibs"
[INFO] [stdout]   = note: /usr/bin/ld: final link failed: No space left on device
[INFO] [stdout]           collect2: error: ld returned 1 exit status
[INFO] [stdout]           
[INFO] [stdout] 
[INFO] [stdout] 
[INFO] [stdout] error: linking with `cc` failed: exit status: 1
[INFO] [stdout]   |
[INFO] [stdout]   = note: LC_ALL="C" PATH="/opt/rustwide/rustup-home/toolchains/beta-2023-04-20-x86_64-unknown-linux-gnu/lib/rustlib/x86_64-unknown-linux-gnu/bin:/opt/rustwide/cargo-home/bin:/usr/local/sbin:/usr/local/bin:/usr/sbin:/usr/bin:/sbin:/bin" VSLANG="1033" "cc" "-m64" "/tmp/rustcyR4XyQ/symbols.o" "/opt/rustwide/target/debug/build/serde_derive-190a0245c5f794aa/build_script_build-190a0245c5f794aa.build_script_build.15a9d913-cgu.0.rcgu.o" "/opt/rustwide/target/debug/build/serde_derive-190a0245c5f794aa/build_script_build-190a0245c5f794aa.build_script_build.15a9d913-cgu.1.rcgu.o" "/opt/rustwide/target/debug/build/serde_derive-190a0245c5f794aa/build_script_build-190a0245c5f794aa.build_script_build.15a9d913-cgu.10.rcgu.o" "/opt/rustwide/target/debug/build/serde_derive-190a0245c5f794aa/build_script_build-190a0245c5f794aa.build_script_build.15a9d913-cgu.11.rcgu.o" "/opt/rustwide/target/debug/build/serde_derive-190a0245c5f794aa/build_script_build-190a0245c5f794aa.build_script_build.15a9d913-cgu.12.rcgu.o" "/opt/rustwide/target/debug/build/serde_derive-190a0245c5f794aa/build_script_build-190a0245c5f794aa.build_script_build.15a9d913-cgu.13.rcgu.o" "/opt/rustwide/target/debug/build/serde_derive-190a0245c5f794aa/build_script_build-190a0245c5f794aa.build_script_build.15a9d913-cgu.14.rcgu.o" "/opt/rustwide/target/debug/build/serde_derive-190a0245c5f794aa/build_script_build-190a0245c5f794aa.build_script_build.15a9d913-cgu.15.rcgu.o" "/opt/rustwide/target/debug/build/serde_derive-190a0245c5f794aa/build_script_build-190a0245c5f794aa.build_script_build.15a9d913-cgu.2.rcgu.o" "/opt/rustwide/target/debug/build/serde_derive-190a0245c5f794aa/build_script_build-190a0245c5f794aa.build_script_build.15a9d913-cgu.3.rcgu.o" "/opt/rustwide/target/debug/build/serde_derive-190a0245c5f794aa/build_script_build-190a0245c5f794aa.build_script_build.15a9d913-cgu.4.rcgu.o" "/opt/rustwide/target/debug/build/serde_derive-190a0245c5f794aa/build_script_build-190a0245c5f794aa.build_script_build.15a9d913-cgu.5.rcgu.o" "/opt/rustwide/target/debug/build/serde_derive-190a0245c5f794aa/build_script_build-190a0245c5f794aa.build_script_build.15a9d913-cgu.6.rcgu.o" "/opt/rustwide/target/debug/build/serde_derive-190a0245c5f794aa/build_script_build-190a0245c5f794aa.build_script_build.15a9d913-cgu.7.rcgu.o" "/opt/rustwide/target/debug/build/serde_derive-190a0245c5f794aa/build_script_build-190a0245c5f794aa.build_script_build.15a9d913-cgu.8.rcgu.o" "/opt/rustwide/target/debug/build/serde_derive-190a0245c5f794aa/build_script_build-190a0245c5f794aa.build_script_build.15a9d913-cgu.9.rcgu.o" "/opt/rustwide/target/debug/build/serde_derive-190a0245c5f794aa/build_script_build-190a0245c5f794aa.2jzp70aicqnc55wg.rcgu.o" "-Wl,--as-needed" "-L" "/opt/rustwide/target/debug/deps" "-L" "/opt/rustwide/rustup-home/toolchains/beta-2023-04-20-x86_64-unknown-linux-gnu/lib/rustlib/x86_64-unknown-linux-gnu/lib" "-Wl,-Bstatic" "/opt/rustwide/rustup-home/toolchains/beta-2023-04-20-x86_64-unknown-linux-gnu/lib/rustlib/x86_64-unknown-linux-gnu/lib/libstd-0e29cc23c5e02021.rlib" "/opt/rustwide/rustup-home/toolchains/beta-2023-04-20-x86_64-unknown-linux-gnu/lib/rustlib/x86_64-unknown-linux-gnu/lib/libpanic_unwind-d903621768a861d9.rlib" "/opt/rustwide/rustup-home/toolchains/beta-2023-04-20-x86_64-unknown-linux-gnu/lib/rustlib/x86_64-unknown-linux-gnu/lib/libobject-6d0225e655f31c13.rlib" "/opt/rustwide/rustup-home/toolchains/beta-2023-04-20-x86_64-unknown-linux-gnu/lib/rustlib/x86_64-unknown-linux-gnu/lib/libmemchr-9dbaf4eac7eaa079.rlib" "/opt/rustwide/rustup-home/toolchains/beta-2023-04-20-x86_64-unknown-linux-gnu/lib/rustlib/x86_64-unknown-linux-gnu/lib/libaddr2line-27f05b3d42a66dd0.rlib" "/opt/rustwide/rustup-home/toolchains/beta-2023-04-20-x86_64-unknown-linux-gnu/lib/rustlib/x86_64-unknown-linux-gnu/lib/libgimli-4d73f1030321c9a2.rlib" "/opt/rustwide/rustup-home/toolchains/beta-2023-04-20-x86_64-unknown-linux-gnu/lib/rustlib/x86_64-unknown-linux-gnu/lib/librustc_demangle-2846c9e58abd0acb.rlib" "/opt/rustwide/rustup-home/toolchains/beta-2023-04-20-x86_64-unknown-linux-gnu/lib/rustlib/x86_64-unknown-linux-gnu/lib/libstd_detect-a53d0f50415947be.rlib" "/opt/rustwide/rustup-home/toolchains/beta-2023-04-20-x86_64-unknown-linux-gnu/lib/rustlib/x86_64-unknown-linux-gnu/lib/libhashbrown-d48e4b6abc25b9dc.rlib" "/opt/rustwide/rustup-home/toolchains/beta-2023-04-20-x86_64-unknown-linux-gnu/lib/rustlib/x86_64-unknown-linux-gnu/lib/libminiz_oxide-2991859439ef1207.rlib" "/opt/rustwide/rustup-home/toolchains/beta-2023-04-20-x86_64-unknown-linux-gnu/lib/rustlib/x86_64-unknown-linux-gnu/lib/libadler-8a687517e4221bae.rlib" "/opt/rustwide/rustup-home/toolchains/beta-2023-04-20-x86_64-unknown-linux-gnu/lib/rustlib/x86_64-unknown-linux-gnu/lib/librustc_std_workspace_alloc-e07b554f6a67f5b3.rlib" "/opt/rustwide/rustup-home/toolchains/beta-2023-04-20-x86_64-unknown-linux-gnu/lib/rustlib/x86_64-unknown-linux-gnu/lib/libunwind-b68238b7c3c619dd.rlib" "/opt/rustwide/rustup-home/toolchains/beta-2023-04-20-x86_64-unknown-linux-gnu/lib/rustlib/x86_64-unknown-linux-gnu/lib/libcfg_if-d5e213e896c017e4.rlib" "/opt/rustwide/rustup-home/toolchains/beta-2023-04-20-x86_64-unknown-linux-gnu/lib/rustlib/x86_64-unknown-linux-gnu/lib/liblibc-0211a3b2e61d8689.rlib" "/opt/rustwide/rustup-home/toolchains/beta-2023-04-20-x86_64-unknown-linux-gnu/lib/rustlib/x86_64-unknown-linux-gnu/lib/liballoc-b371f055239ba51f.rlib" "/opt/rustwide/rustup-home/toolchains/beta-2023-04-20-x86_64-unknown-linux-gnu/lib/rustlib/x86_64-unknown-linux-gnu/lib/librustc_std_workspace_core-e60518d2760eb01e.rlib" "/opt/rustwide/rustup-home/toolchains/beta-2023-04-20-x86_64-unknown-linux-gnu/lib/rustlib/x86_64-unknown-linux-gnu/lib/libcore-1ad943f92a4b1081.rlib" "/opt/rustwide/rustup-home/toolchains/beta-2023-04-20-x86_64-unknown-linux-gnu/lib/rustlib/x86_64-unknown-linux-gnu/lib/libcompiler_builtins-f0d6e4d0fc1e80b4.rlib" "-Wl,-Bdynamic" "-lgcc_s" "-lutil" "-lrt" "-lpthread" "-lm" "-ldl" "-lc" "-Wl,--eh-frame-hdr" "-Wl,-z,noexecstack" "-L" "/opt/rustwide/rustup-home/toolchains/beta-2023-04-20-x86_64-unknown-linux-gnu/lib/rustlib/x86_64-unknown-linux-gnu/lib" "-o" "/opt/rustwide/target/debug/build/serde_derive-190a0245c5f794aa/build_script_build-190a0245c5f794aa" "-Wl,--gc-sections" "-pie" "-Wl,-z,relro,-z,now" "-nodefaultlibs"
[INFO] [stdout]   = note: /usr/bin/ld: final link failed: No space left on device
[INFO] [stdout]           collect2: error: ld returned 1 exit status
[INFO] [stdout]           
[INFO] [stdout] 
[INFO] [stdout] 
[INFO] [stdout] error: aborting due to previous error
[INFO] [stdout] 
[INFO] [stdout] 
[INFO] [stdout] error: aborting due to previous error
[INFO] [stdout] 
[INFO] [stdout] 
[INFO] [stderr] error: could not compile `futures-core` (build script) due to 2 previous errors
[INFO] [stderr] error: could not compile `serde_derive` (build script) due to 2 previous errors
[INFO] [stderr] LLVM ERROR: IO failure on output stream: No space left on device
[INFO] [stdout] error: linking with `cc` failed: exit status: 1
[INFO] [stdout]   |
[INFO] [stdout]   = note: LC_ALL="C" PATH="/opt/rustwide/rustup-home/toolchains/beta-2023-04-20-x86_64-unknown-linux-gnu/lib/rustlib/x86_64-unknown-linux-gnu/bin:/opt/rustwide/cargo-home/bin:/usr/local/sbin:/usr/local/bin:/usr/sbin:/usr/bin:/sbin:/bin" VSLANG="1033" "cc" "-m64" "/tmp/rustcxv4npr/symbols.o" "/opt/rustwide/target/debug/build/memchr-0113f20d4a0ee565/build_script_build-0113f20d4a0ee565.build_script_build.40896929-cgu.0.rcgu.o" "/opt/rustwide/target/debug/build/memchr-0113f20d4a0ee565/build_script_build-0113f20d4a0ee565.build_script_build.40896929-cgu.1.rcgu.o" "/opt/rustwide/target/debug/build/memchr-0113f20d4a0ee565/build_script_build-0113f20d4a0ee565.build_script_build.40896929-cgu.10.rcgu.o" "/opt/rustwide/target/debug/build/memchr-0113f20d4a0ee565/build_script_build-0113f20d4a0ee565.build_script_build.40896929-cgu.11.rcgu.o" "/opt/rustwide/target/debug/build/memchr-0113f20d4a0ee565/build_script_build-0113f20d4a0ee565.build_script_build.40896929-cgu.12.rcgu.o" "/opt/rustwide/target/debug/build/memchr-0113f20d4a0ee565/build_script_build-0113f20d4a0ee565.build_script_build.40896929-cgu.13.rcgu.o" "/opt/rustwide/target/debug/build/memchr-0113f20d4a0ee565/build_script_build-0113f20d4a0ee565.build_script_build.40896929-cgu.14.rcgu.o" "/opt/rustwide/target/debug/build/memchr-0113f20d4a0ee565/build_script_build-0113f20d4a0ee565.build_script_build.40896929-cgu.15.rcgu.o" "/opt/rustwide/target/debug/build/memchr-0113f20d4a0ee565/build_script_build-0113f20d4a0ee565.build_script_build.40896929-cgu.2.rcgu.o" "/opt/rustwide/target/debug/build/memchr-0113f20d4a0ee565/build_script_build-0113f20d4a0ee565.build_script_build.40896929-cgu.3.rcgu.o" "/opt/rustwide/target/debug/build/memchr-0113f20d4a0ee565/build_script_build-0113f20d4a0ee565.build_script_build.40896929-cgu.4.rcgu.o" "/opt/rustwide/target/debug/build/memchr-0113f20d4a0ee565/build_script_build-0113f20d4a0ee565.build_script_build.40896929-cgu.5.rcgu.o" "/opt/rustwide/target/debug/build/memchr-0113f20d4a0ee565/build_script_build-0113f20d4a0ee565.build_script_build.40896929-cgu.6.rcgu.o" "/opt/rustwide/target/debug/build/memchr-0113f20d4a0ee565/build_script_build-0113f20d4a0ee565.build_script_build.40896929-cgu.7.rcgu.o" "/opt/rustwide/target/debug/build/memchr-0113f20d4a0ee565/build_script_build-0113f20d4a0ee565.build_script_build.40896929-cgu.8.rcgu.o" "/opt/rustwide/target/debug/build/memchr-0113f20d4a0ee565/build_script_build-0113f20d4a0ee565.build_script_build.40896929-cgu.9.rcgu.o" "/opt/rustwide/target/debug/build/memchr-0113f20d4a0ee565/build_script_build-0113f20d4a0ee565.2qeah7yjtrsiehgv.rcgu.o" "-Wl,--as-needed" "-L" "/opt/rustwide/target/debug/deps" "-L" "/opt/rustwide/rustup-home/toolchains/beta-2023-04-20-x86_64-unknown-linux-gnu/lib/rustlib/x86_64-unknown-linux-gnu/lib" "-Wl,-Bstatic" "/opt/rustwide/rustup-home/toolchains/beta-2023-04-20-x86_64-unknown-linux-gnu/lib/rustlib/x86_64-unknown-linux-gnu/lib/libstd-0e29cc23c5e02021.rlib" "/opt/rustwide/rustup-home/toolchains/beta-2023-04-20-x86_64-unknown-linux-gnu/lib/rustlib/x86_64-unknown-linux-gnu/lib/libpanic_unwind-d903621768a861d9.rlib" "/opt/rustwide/rustup-home/toolchains/beta-2023-04-20-x86_64-unknown-linux-gnu/lib/rustlib/x86_64-unknown-linux-gnu/lib/libobject-6d0225e655f31c13.rlib" "/opt/rustwide/rustup-home/toolchains/beta-2023-04-20-x86_64-unknown-linux-gnu/lib/rustlib/x86_64-unknown-linux-gnu/lib/libmemchr-9dbaf4eac7eaa079.rlib" "/opt/rustwide/rustup-home/toolchains/beta-2023-04-20-x86_64-unknown-linux-gnu/lib/rustlib/x86_64-unknown-linux-gnu/lib/libaddr2line-27f05b3d42a66dd0.rlib" "/opt/rustwide/rustup-home/toolchains/beta-2023-04-20-x86_64-unknown-linux-gnu/lib/rustlib/x86_64-unknown-linux-gnu/lib/libgimli-4d73f1030321c9a2.rlib" "/opt/rustwide/rustup-home/toolchains/beta-2023-04-20-x86_64-unknown-linux-gnu/lib/rustlib/x86_64-unknown-linux-gnu/lib/librustc_demangle-2846c9e58abd0acb.rlib" "/opt/rustwide/rustup-home/toolchains/beta-2023-04-20-x86_64-unknown-linux-gnu/lib/rustlib/x86_64-unknown-linux-gnu/lib/libstd_detect-a53d0f50415947be.rlib" "/opt/rustwide/rustup-home/toolchains/beta-2023-04-20-x86_64-unknown-linux-gnu/lib/rustlib/x86_64-unknown-linux-gnu/lib/libhashbrown-d48e4b6abc25b9dc.rlib" "/opt/rustwide/rustup-home/toolchains/beta-2023-04-20-x86_64-unknown-linux-gnu/lib/rustlib/x86_64-unknown-linux-gnu/lib/libminiz_oxide-2991859439ef1207.rlib" "/opt/rustwide/rustup-home/toolchains/beta-2023-04-20-x86_64-unknown-linux-gnu/lib/rustlib/x86_64-unknown-linux-gnu/lib/libadler-8a687517e4221bae.rlib" "/opt/rustwide/rustup-home/toolchains/beta-2023-04-20-x86_64-unknown-linux-gnu/lib/rustlib/x86_64-unknown-linux-gnu/lib/librustc_std_workspace_alloc-e07b554f6a67f5b3.rlib" "/opt/rustwide/rustup-home/toolchains/beta-2023-04-20-x86_64-unknown-linux-gnu/lib/rustlib/x86_64-unknown-linux-gnu/lib/libunwind-b68238b7c3c619dd.rlib" "/opt/rustwide/rustup-home/toolchains/beta-2023-04-20-x86_64-unknown-linux-gnu/lib/rustlib/x86_64-unknown-linux-gnu/lib/libcfg_if-d5e213e896c017e4.rlib" "/opt/rustwide/rustup-home/toolchains/beta-2023-04-20-x86_64-unknown-linux-gnu/lib/rustlib/x86_64-unknown-linux-gnu/lib/liblibc-0211a3b2e61d8689.rlib" "/opt/rustwide/rustup-home/toolchains/beta-2023-04-20-x86_64-unknown-linux-gnu/lib/rustlib/x86_64-unknown-linux-gnu/lib/liballoc-b371f055239ba51f.rlib" "/opt/rustwide/rustup-home/toolchains/beta-2023-04-20-x86_64-unknown-linux-gnu/lib/rustlib/x86_64-unknown-linux-gnu/lib/librustc_std_workspace_core-e60518d2760eb01e.rlib" "/opt/rustwide/rustup-home/toolchains/beta-2023-04-20-x86_64-unknown-linux-gnu/lib/rustlib/x86_64-unknown-linux-gnu/lib/libcore-1ad943f92a4b1081.rlib" "/opt/rustwide/rustup-home/toolchains/beta-2023-04-20-x86_64-unknown-linux-gnu/lib/rustlib/x86_64-unknown-linux-gnu/lib/libcompiler_builtins-f0d6e4d0fc1e80b4.rlib" "-Wl,-Bdynamic" "-lgcc_s" "-lutil" "-lrt" "-lpthread" "-lm" "-ldl" "-lc" "-Wl,--eh-frame-hdr" "-Wl,-z,noexecstack" "-L" "/opt/rustwide/rustup-home/toolchains/beta-2023-04-20-x86_64-unknown-linux-gnu/lib/rustlib/x86_64-unknown-linux-gnu/lib" "-o" "/opt/rustwide/target/debug/build/memchr-0113f20d4a0ee565/build_script_build-0113f20d4a0ee565" "-Wl,--gc-sections" "-pie" "-Wl,-z,relro,-z,now" "-nodefaultlibs"
[INFO] [stdout]   = note: /usr/bin/ld: final link failed: No space left on device
[INFO] [stdout]           collect2: error: ld returned 1 exit status
[INFO] [stdout]           
[INFO] [stdout] 
[INFO] [stdout] 
[INFO] [stdout] error: aborting due to previous error
[INFO] [stdout] 
[INFO] [stdout] 
[INFO] [stderr] error: could not compile `pkg-config` (lib)
[INFO] [stderr] error: could not compile `memchr` (build script) due to 2 previous errors
[INFO] [stdout] error: linking with `cc` failed: exit status: 1
[INFO] [stdout]   |
[INFO] [stdout]   = note: LC_ALL="C" PATH="/opt/rustwide/rustup-home/toolchains/beta-2023-04-20-x86_64-unknown-linux-gnu/lib/rustlib/x86_64-unknown-linux-gnu/bin:/opt/rustwide/cargo-home/bin:/usr/local/sbin:/usr/local/bin:/usr/sbin:/usr/bin:/sbin:/bin" VSLANG="1033" "cc" "-m64" "/tmp/rustc6zNnyz/symbols.o" "/opt/rustwide/target/debug/build/libc-397432efde19b548/build_script_build-397432efde19b548.build_script_build.8966799a-cgu.0.rcgu.o" "/opt/rustwide/target/debug/build/libc-397432efde19b548/build_script_build-397432efde19b548.build_script_build.8966799a-cgu.1.rcgu.o" "/opt/rustwide/target/debug/build/libc-397432efde19b548/build_script_build-397432efde19b548.build_script_build.8966799a-cgu.10.rcgu.o" "/opt/rustwide/target/debug/build/libc-397432efde19b548/build_script_build-397432efde19b548.build_script_build.8966799a-cgu.11.rcgu.o" "/opt/rustwide/target/debug/build/libc-397432efde19b548/build_script_build-397432efde19b548.build_script_build.8966799a-cgu.12.rcgu.o" "/opt/rustwide/target/debug/build/libc-397432efde19b548/build_script_build-397432efde19b548.build_script_build.8966799a-cgu.13.rcgu.o" "/opt/rustwide/target/debug/build/libc-397432efde19b548/build_script_build-397432efde19b548.build_script_build.8966799a-cgu.14.rcgu.o" "/opt/rustwide/target/debug/build/libc-397432efde19b548/build_script_build-397432efde19b548.build_script_build.8966799a-cgu.15.rcgu.o" "/opt/rustwide/target/debug/build/libc-397432efde19b548/build_script_build-397432efde19b548.build_script_build.8966799a-cgu.2.rcgu.o" "/opt/rustwide/target/debug/build/libc-397432efde19b548/build_script_build-397432efde19b548.build_script_build.8966799a-cgu.3.rcgu.o" "/opt/rustwide/target/debug/build/libc-397432efde19b548/build_script_build-397432efde19b548.build_script_build.8966799a-cgu.4.rcgu.o" "/opt/rustwide/target/debug/build/libc-397432efde19b548/build_script_build-397432efde19b548.build_script_build.8966799a-cgu.5.rcgu.o" "/opt/rustwide/target/debug/build/libc-397432efde19b548/build_script_build-397432efde19b548.build_script_build.8966799a-cgu.6.rcgu.o" "/opt/rustwide/target/debug/build/libc-397432efde19b548/build_script_build-397432efde19b548.build_script_build.8966799a-cgu.7.rcgu.o" "/opt/rustwide/target/debug/build/libc-397432efde19b548/build_script_build-397432efde19b548.build_script_build.8966799a-cgu.8.rcgu.o" "/opt/rustwide/target/debug/build/libc-397432efde19b548/build_script_build-397432efde19b548.build_script_build.8966799a-cgu.9.rcgu.o" "/opt/rustwide/target/debug/build/libc-397432efde19b548/build_script_build-397432efde19b548.1cgimmqh0ya8ksha.rcgu.o" "-Wl,--as-needed" "-L" "/opt/rustwide/target/debug/deps" "-L" "/opt/rustwide/rustup-home/toolchains/beta-2023-04-20-x86_64-unknown-linux-gnu/lib/rustlib/x86_64-unknown-linux-gnu/lib" "-Wl,-Bstatic" "/opt/rustwide/rustup-home/toolchains/beta-2023-04-20-x86_64-unknown-linux-gnu/lib/rustlib/x86_64-unknown-linux-gnu/lib/libstd-0e29cc23c5e02021.rlib" "/opt/rustwide/rustup-home/toolchains/beta-2023-04-20-x86_64-unknown-linux-gnu/lib/rustlib/x86_64-unknown-linux-gnu/lib/libpanic_unwind-d903621768a861d9.rlib" "/opt/rustwide/rustup-home/toolchains/beta-2023-04-20-x86_64-unknown-linux-gnu/lib/rustlib/x86_64-unknown-linux-gnu/lib/libobject-6d0225e655f31c13.rlib" "/opt/rustwide/rustup-home/toolchains/beta-2023-04-20-x86_64-unknown-linux-gnu/lib/rustlib/x86_64-unknown-linux-gnu/lib/libmemchr-9dbaf4eac7eaa079.rlib" "/opt/rustwide/rustup-home/toolchains/beta-2023-04-20-x86_64-unknown-linux-gnu/lib/rustlib/x86_64-unknown-linux-gnu/lib/libaddr2line-27f05b3d42a66dd0.rlib" "/opt/rustwide/rustup-home/toolchains/beta-2023-04-20-x86_64-unknown-linux-gnu/lib/rustlib/x86_64-unknown-linux-gnu/lib/libgimli-4d73f1030321c9a2.rlib" "/opt/rustwide/rustup-home/toolchains/beta-2023-04-20-x86_64-unknown-linux-gnu/lib/rustlib/x86_64-unknown-linux-gnu/lib/librustc_demangle-2846c9e58abd0acb.rlib" "/opt/rustwide/rustup-home/toolchains/beta-2023-04-20-x86_64-unknown-linux-gnu/lib/rustlib/x86_64-unknown-linux-gnu/lib/libstd_detect-a53d0f50415947be.rlib" "/opt/rustwide/rustup-home/toolchains/beta-2023-04-20-x86_64-unknown-linux-gnu/lib/rustlib/x86_64-unknown-linux-gnu/lib/libhashbrown-d48e4b6abc25b9dc.rlib" "/opt/rustwide/rustup-home/toolchains/beta-2023-04-20-x86_64-unknown-linux-gnu/lib/rustlib/x86_64-unknown-linux-gnu/lib/libminiz_oxide-2991859439ef1207.rlib" "/opt/rustwide/rustup-home/toolchains/beta-2023-04-20-x86_64-unknown-linux-gnu/lib/rustlib/x86_64-unknown-linux-gnu/lib/libadler-8a687517e4221bae.rlib" "/opt/rustwide/rustup-home/toolchains/beta-2023-04-20-x86_64-unknown-linux-gnu/lib/rustlib/x86_64-unknown-linux-gnu/lib/librustc_std_workspace_alloc-e07b554f6a67f5b3.rlib" "/opt/rustwide/rustup-home/toolchains/beta-2023-04-20-x86_64-unknown-linux-gnu/lib/rustlib/x86_64-unknown-linux-gnu/lib/libunwind-b68238b7c3c619dd.rlib" "/opt/rustwide/rustup-home/toolchains/beta-2023-04-20-x86_64-unknown-linux-gnu/lib/rustlib/x86_64-unknown-linux-gnu/lib/libcfg_if-d5e213e896c017e4.rlib" "/opt/rustwide/rustup-home/toolchains/beta-2023-04-20-x86_64-unknown-linux-gnu/lib/rustlib/x86_64-unknown-linux-gnu/lib/liblibc-0211a3b2e61d8689.rlib" "/opt/rustwide/rustup-home/toolchains/beta-2023-04-20-x86_64-unknown-linux-gnu/lib/rustlib/x86_64-unknown-linux-gnu/lib/liballoc-b371f055239ba51f.rlib" "/opt/rustwide/rustup-home/toolchains/beta-2023-04-20-x86_64-unknown-linux-gnu/lib/rustlib/x86_64-unknown-linux-gnu/lib/librustc_std_workspace_core-e60518d2760eb01e.rlib" "/opt/rustwide/rustup-home/toolchains/beta-2023-04-20-x86_64-unknown-linux-gnu/lib/rustlib/x86_64-unknown-linux-gnu/lib/libcore-1ad943f92a4b1081.rlib" "/opt/rustwide/rustup-home/toolchains/beta-2023-04-20-x86_64-unknown-linux-gnu/lib/rustlib/x86_64-unknown-linux-gnu/lib/libcompiler_builtins-f0d6e4d0fc1e80b4.rlib" "-Wl,-Bdynamic" "-lgcc_s" "-lutil" "-lrt" "-lpthread" "-lm" "-ldl" "-lc" "-Wl,--eh-frame-hdr" "-Wl,-z,noexecstack" "-L" "/opt/rustwide/rustup-home/toolchains/beta-2023-04-20-x86_64-unknown-linux-gnu/lib/rustlib/x86_64-unknown-linux-gnu/lib" "-o" "/opt/rustwide/target/debug/build/libc-397432efde19b548/build_script_build-397432efde19b548" "-Wl,--gc-sections" "-pie" "-Wl,-z,relro,-z,now" "-nodefaultlibs"
[INFO] [stdout]   = note: /usr/bin/ld: final link failed: No space left on device
[INFO] [stdout]           collect2: error: ld returned 1 exit status
[INFO] [stdout]           
[INFO] [stdout] 
[INFO] [stdout] 
[INFO] [stdout] error: aborting due to previous error
[INFO] [stdout] 
[INFO] [stdout] 
[INFO] [stderr] error: could not compile `libc` (build script) due to 2 previous errors
[INFO] [stdout] error: linking with `cc` failed: exit status: 1
[INFO] [stdout]   |
[INFO] [stdout]   = note: LC_ALL="C" PATH="/opt/rustwide/rustup-home/toolchains/beta-2023-04-20-x86_64-unknown-linux-gnu/lib/rustlib/x86_64-unknown-linux-gnu/bin:/opt/rustwide/cargo-home/bin:/usr/local/sbin:/usr/local/bin:/usr/sbin:/usr/bin:/sbin:/bin" VSLANG="1033" "cc" "-m64" "/tmp/rustcX5hcPj/symbols.o" "/opt/rustwide/target/debug/build/serde-0104f8480dfeb76b/build_script_build-0104f8480dfeb76b.build_script_build.c25e3ee2-cgu.0.rcgu.o" "/opt/rustwide/target/debug/build/serde-0104f8480dfeb76b/build_script_build-0104f8480dfeb76b.build_script_build.c25e3ee2-cgu.1.rcgu.o" "/opt/rustwide/target/debug/build/serde-0104f8480dfeb76b/build_script_build-0104f8480dfeb76b.build_script_build.c25e3ee2-cgu.10.rcgu.o" "/opt/rustwide/target/debug/build/serde-0104f8480dfeb76b/build_script_build-0104f8480dfeb76b.build_script_build.c25e3ee2-cgu.11.rcgu.o" "/opt/rustwide/target/debug/build/serde-0104f8480dfeb76b/build_script_build-0104f8480dfeb76b.build_script_build.c25e3ee2-cgu.12.rcgu.o" "/opt/rustwide/target/debug/build/serde-0104f8480dfeb76b/build_script_build-0104f8480dfeb76b.build_script_build.c25e3ee2-cgu.13.rcgu.o" "/opt/rustwide/target/debug/build/serde-0104f8480dfeb76b/build_script_build-0104f8480dfeb76b.build_script_build.c25e3ee2-cgu.14.rcgu.o" "/opt/rustwide/target/debug/build/serde-0104f8480dfeb76b/build_script_build-0104f8480dfeb76b.build_script_build.c25e3ee2-cgu.15.rcgu.o" "/opt/rustwide/target/debug/build/serde-0104f8480dfeb76b/build_script_build-0104f8480dfeb76b.build_script_build.c25e3ee2-cgu.2.rcgu.o" "/opt/rustwide/target/debug/build/serde-0104f8480dfeb76b/build_script_build-0104f8480dfeb76b.build_script_build.c25e3ee2-cgu.3.rcgu.o" "/opt/rustwide/target/debug/build/serde-0104f8480dfeb76b/build_script_build-0104f8480dfeb76b.build_script_build.c25e3ee2-cgu.4.rcgu.o" "/opt/rustwide/target/debug/build/serde-0104f8480dfeb76b/build_script_build-0104f8480dfeb76b.build_script_build.c25e3ee2-cgu.5.rcgu.o" "/opt/rustwide/target/debug/build/serde-0104f8480dfeb76b/build_script_build-0104f8480dfeb76b.build_script_build.c25e3ee2-cgu.6.rcgu.o" "/opt/rustwide/target/debug/build/serde-0104f8480dfeb76b/build_script_build-0104f8480dfeb76b.build_script_build.c25e3ee2-cgu.7.rcgu.o" "/opt/rustwide/target/debug/build/serde-0104f8480dfeb76b/build_script_build-0104f8480dfeb76b.build_script_build.c25e3ee2-cgu.8.rcgu.o" "/opt/rustwide/target/debug/build/serde-0104f8480dfeb76b/build_script_build-0104f8480dfeb76b.build_script_build.c25e3ee2-cgu.9.rcgu.o" "/opt/rustwide/target/debug/build/serde-0104f8480dfeb76b/build_script_build-0104f8480dfeb76b.4tkny8snyhjagk9e.rcgu.o" "-Wl,--as-needed" "-L" "/opt/rustwide/target/debug/deps" "-L" "/opt/rustwide/rustup-home/toolchains/beta-2023-04-20-x86_64-unknown-linux-gnu/lib/rustlib/x86_64-unknown-linux-gnu/lib" "-Wl,-Bstatic" "/opt/rustwide/rustup-home/toolchains/beta-2023-04-20-x86_64-unknown-linux-gnu/lib/rustlib/x86_64-unknown-linux-gnu/lib/libstd-0e29cc23c5e02021.rlib" "/opt/rustwide/rustup-home/toolchains/beta-2023-04-20-x86_64-unknown-linux-gnu/lib/rustlib/x86_64-unknown-linux-gnu/lib/libpanic_unwind-d903621768a861d9.rlib" "/opt/rustwide/rustup-home/toolchains/beta-2023-04-20-x86_64-unknown-linux-gnu/lib/rustlib/x86_64-unknown-linux-gnu/lib/libobject-6d0225e655f31c13.rlib" "/opt/rustwide/rustup-home/toolchains/beta-2023-04-20-x86_64-unknown-linux-gnu/lib/rustlib/x86_64-unknown-linux-gnu/lib/libmemchr-9dbaf4eac7eaa079.rlib" "/opt/rustwide/rustup-home/toolchains/beta-2023-04-20-x86_64-unknown-linux-gnu/lib/rustlib/x86_64-unknown-linux-gnu/lib/libaddr2line-27f05b3d42a66dd0.rlib" "/opt/rustwide/rustup-home/toolchains/beta-2023-04-20-x86_64-unknown-linux-gnu/lib/rustlib/x86_64-unknown-linux-gnu/lib/libgimli-4d73f1030321c9a2.rlib" "/opt/rustwide/rustup-home/toolchains/beta-2023-04-20-x86_64-unknown-linux-gnu/lib/rustlib/x86_64-unknown-linux-gnu/lib/librustc_demangle-2846c9e58abd0acb.rlib" "/opt/rustwide/rustup-home/toolchains/beta-2023-04-20-x86_64-unknown-linux-gnu/lib/rustlib/x86_64-unknown-linux-gnu/lib/libstd_detect-a53d0f50415947be.rlib" "/opt/rustwide/rustup-home/toolchains/beta-2023-04-20-x86_64-unknown-linux-gnu/lib/rustlib/x86_64-unknown-linux-gnu/lib/libhashbrown-d48e4b6abc25b9dc.rlib" "/opt/rustwide/rustup-home/toolchains/beta-2023-04-20-x86_64-unknown-linux-gnu/lib/rustlib/x86_64-unknown-linux-gnu/lib/libminiz_oxide-2991859439ef1207.rlib" "/opt/rustwide/rustup-home/toolchains/beta-2023-04-20-x86_64-unknown-linux-gnu/lib/rustlib/x86_64-unknown-linux-gnu/lib/libadler-8a687517e4221bae.rlib" "/opt/rustwide/rustup-home/toolchains/beta-2023-04-20-x86_64-unknown-linux-gnu/lib/rustlib/x86_64-unknown-linux-gnu/lib/librustc_std_workspace_alloc-e07b554f6a67f5b3.rlib" "/opt/rustwide/rustup-home/toolchains/beta-2023-04-20-x86_64-unknown-linux-gnu/lib/rustlib/x86_64-unknown-linux-gnu/lib/libunwind-b68238b7c3c619dd.rlib" "/opt/rustwide/rustup-home/toolchains/beta-2023-04-20-x86_64-unknown-linux-gnu/lib/rustlib/x86_64-unknown-linux-gnu/lib/libcfg_if-d5e213e896c017e4.rlib" "/opt/rustwide/rustup-home/toolchains/beta-2023-04-20-x86_64-unknown-linux-gnu/lib/rustlib/x86_64-unknown-linux-gnu/lib/liblibc-0211a3b2e61d8689.rlib" "/opt/rustwide/rustup-home/toolchains/beta-2023-04-20-x86_64-unknown-linux-gnu/lib/rustlib/x86_64-unknown-linux-gnu/lib/liballoc-b371f055239ba51f.rlib" "/opt/rustwide/rustup-home/toolchains/beta-2023-04-20-x86_64-unknown-linux-gnu/lib/rustlib/x86_64-unknown-linux-gnu/lib/librustc_std_workspace_core-e60518d2760eb01e.rlib" "/opt/rustwide/rustup-home/toolchains/beta-2023-04-20-x86_64-unknown-linux-gnu/lib/rustlib/x86_64-unknown-linux-gnu/lib/libcore-1ad943f92a4b1081.rlib" "/opt/rustwide/rustup-home/toolchains/beta-2023-04-20-x86_64-unknown-linux-gnu/lib/rustlib/x86_64-unknown-linux-gnu/lib/libcompiler_builtins-f0d6e4d0fc1e80b4.rlib" "-Wl,-Bdynamic" "-lgcc_s" "-lutil" "-lrt" "-lpthread" "-lm" "-ldl" "-lc" "-Wl,--eh-frame-hdr" "-Wl,-z,noexecstack" "-L" "/opt/rustwide/rustup-home/toolchains/beta-2023-04-20-x86_64-unknown-linux-gnu/lib/rustlib/x86_64-unknown-linux-gnu/lib" "-o" "/opt/rustwide/target/debug/build/serde-0104f8480dfeb76b/build_script_build-0104f8480dfeb76b" "-Wl,--gc-sections" "-pie" "-Wl,-z,relro,-z,now" "-nodefaultlibs"
[INFO] [stdout]   = note: /usr/bin/ld: final link failed: No space left on device
[INFO] [stdout]           collect2: error: ld returned 1 exit status
[INFO] [stdout]           
[INFO] [stdout] 
[INFO] [stdout] 
[INFO] [stdout] error: aborting due to previous error
[INFO] [stdout] 
[INFO] [stdout] 
[INFO] [stderr] error: could not compile `serde` (build script) due to 2 previous errors
[INFO] [stdout] error: linking with `cc` failed: exit status: 1
[INFO] [stdout]   |
[INFO] [stdout]   = note: LC_ALL="C" PATH="/opt/rustwide/rustup-home/toolchains/beta-2023-04-20-x86_64-unknown-linux-gnu/lib/rustlib/x86_64-unknown-linux-gnu/bin:/opt/rustwide/cargo-home/bin:/usr/local/sbin:/usr/local/bin:/usr/sbin:/usr/bin:/sbin:/bin" VSLANG="1033" "cc" "-m64" "/tmp/rustc0xWkYe/symbols.o" "/opt/rustwide/target/debug/build/syn-8dd19e8d122998e0/build_script_build-8dd19e8d122998e0.build_script_build.8ee12e24-cgu.0.rcgu.o" "/opt/rustwide/target/debug/build/syn-8dd19e8d122998e0/build_script_build-8dd19e8d122998e0.build_script_build.8ee12e24-cgu.1.rcgu.o" "/opt/rustwide/target/debug/build/syn-8dd19e8d122998e0/build_script_build-8dd19e8d122998e0.build_script_build.8ee12e24-cgu.10.rcgu.o" "/opt/rustwide/target/debug/build/syn-8dd19e8d122998e0/build_script_build-8dd19e8d122998e0.build_script_build.8ee12e24-cgu.11.rcgu.o" "/opt/rustwide/target/debug/build/syn-8dd19e8d122998e0/build_script_build-8dd19e8d122998e0.build_script_build.8ee12e24-cgu.12.rcgu.o" "/opt/rustwide/target/debug/build/syn-8dd19e8d122998e0/build_script_build-8dd19e8d122998e0.build_script_build.8ee12e24-cgu.13.rcgu.o" "/opt/rustwide/target/debug/build/syn-8dd19e8d122998e0/build_script_build-8dd19e8d122998e0.build_script_build.8ee12e24-cgu.14.rcgu.o" "/opt/rustwide/target/debug/build/syn-8dd19e8d122998e0/build_script_build-8dd19e8d122998e0.build_script_build.8ee12e24-cgu.15.rcgu.o" "/opt/rustwide/target/debug/build/syn-8dd19e8d122998e0/build_script_build-8dd19e8d122998e0.build_script_build.8ee12e24-cgu.2.rcgu.o" "/opt/rustwide/target/debug/build/syn-8dd19e8d122998e0/build_script_build-8dd19e8d122998e0.build_script_build.8ee12e24-cgu.3.rcgu.o" "/opt/rustwide/target/debug/build/syn-8dd19e8d122998e0/build_script_build-8dd19e8d122998e0.build_script_build.8ee12e24-cgu.4.rcgu.o" "/opt/rustwide/target/debug/build/syn-8dd19e8d122998e0/build_script_build-8dd19e8d122998e0.build_script_build.8ee12e24-cgu.5.rcgu.o" "/opt/rustwide/target/debug/build/syn-8dd19e8d122998e0/build_script_build-8dd19e8d122998e0.build_script_build.8ee12e24-cgu.6.rcgu.o" "/opt/rustwide/target/debug/build/syn-8dd19e8d122998e0/build_script_build-8dd19e8d122998e0.build_script_build.8ee12e24-cgu.7.rcgu.o" "/opt/rustwide/target/debug/build/syn-8dd19e8d122998e0/build_script_build-8dd19e8d122998e0.build_script_build.8ee12e24-cgu.8.rcgu.o" "/opt/rustwide/target/debug/build/syn-8dd19e8d122998e0/build_script_build-8dd19e8d122998e0.build_script_build.8ee12e24-cgu.9.rcgu.o" "/opt/rustwide/target/debug/build/syn-8dd19e8d122998e0/build_script_build-8dd19e8d122998e0.rmpdycbwkxliah3.rcgu.o" "-Wl,--as-needed" "-L" "/opt/rustwide/target/debug/deps" "-L" "/opt/rustwide/rustup-home/toolchains/beta-2023-04-20-x86_64-unknown-linux-gnu/lib/rustlib/x86_64-unknown-linux-gnu/lib" "-Wl,-Bstatic" "/opt/rustwide/rustup-home/toolchains/beta-2023-04-20-x86_64-unknown-linux-gnu/lib/rustlib/x86_64-unknown-linux-gnu/lib/libstd-0e29cc23c5e02021.rlib" "/opt/rustwide/rustup-home/toolchains/beta-2023-04-20-x86_64-unknown-linux-gnu/lib/rustlib/x86_64-unknown-linux-gnu/lib/libpanic_unwind-d903621768a861d9.rlib" "/opt/rustwide/rustup-home/toolchains/beta-2023-04-20-x86_64-unknown-linux-gnu/lib/rustlib/x86_64-unknown-linux-gnu/lib/libobject-6d0225e655f31c13.rlib" "/opt/rustwide/rustup-home/toolchains/beta-2023-04-20-x86_64-unknown-linux-gnu/lib/rustlib/x86_64-unknown-linux-gnu/lib/libmemchr-9dbaf4eac7eaa079.rlib" "/opt/rustwide/rustup-home/toolchains/beta-2023-04-20-x86_64-unknown-linux-gnu/lib/rustlib/x86_64-unknown-linux-gnu/lib/libaddr2line-27f05b3d42a66dd0.rlib" "/opt/rustwide/rustup-home/toolchains/beta-2023-04-20-x86_64-unknown-linux-gnu/lib/rustlib/x86_64-unknown-linux-gnu/lib/libgimli-4d73f1030321c9a2.rlib" "/opt/rustwide/rustup-home/toolchains/beta-2023-04-20-x86_64-unknown-linux-gnu/lib/rustlib/x86_64-unknown-linux-gnu/lib/librustc_demangle-2846c9e58abd0acb.rlib" "/opt/rustwide/rustup-home/toolchains/beta-2023-04-20-x86_64-unknown-linux-gnu/lib/rustlib/x86_64-unknown-linux-gnu/lib/libstd_detect-a53d0f50415947be.rlib" "/opt/rustwide/rustup-home/toolchains/beta-2023-04-20-x86_64-unknown-linux-gnu/lib/rustlib/x86_64-unknown-linux-gnu/lib/libhashbrown-d48e4b6abc25b9dc.rlib" "/opt/rustwide/rustup-home/toolchains/beta-2023-04-20-x86_64-unknown-linux-gnu/lib/rustlib/x86_64-unknown-linux-gnu/lib/libminiz_oxide-2991859439ef1207.rlib" "/opt/rustwide/rustup-home/toolchains/beta-2023-04-20-x86_64-unknown-linux-gnu/lib/rustlib/x86_64-unknown-linux-gnu/lib/libadler-8a687517e4221bae.rlib" "/opt/rustwide/rustup-home/toolchains/beta-2023-04-20-x86_64-unknown-linux-gnu/lib/rustlib/x86_64-unknown-linux-gnu/lib/librustc_std_workspace_alloc-e07b554f6a67f5b3.rlib" "/opt/rustwide/rustup-home/toolchains/beta-2023-04-20-x86_64-unknown-linux-gnu/lib/rustlib/x86_64-unknown-linux-gnu/lib/libunwind-b68238b7c3c619dd.rlib" "/opt/rustwide/rustup-home/toolchains/beta-2023-04-20-x86_64-unknown-linux-gnu/lib/rustlib/x86_64-unknown-linux-gnu/lib/libcfg_if-d5e213e896c017e4.rlib" "/opt/rustwide/rustup-home/toolchains/beta-2023-04-20-x86_64-unknown-linux-gnu/lib/rustlib/x86_64-unknown-linux-gnu/lib/liblibc-0211a3b2e61d8689.rlib" "/opt/rustwide/rustup-home/toolchains/beta-2023-04-20-x86_64-unknown-linux-gnu/lib/rustlib/x86_64-unknown-linux-gnu/lib/liballoc-b371f055239ba51f.rlib" "/opt/rustwide/rustup-home/toolchains/beta-2023-04-20-x86_64-unknown-linux-gnu/lib/rustlib/x86_64-unknown-linux-gnu/lib/librustc_std_workspace_core-e60518d2760eb01e.rlib" "/opt/rustwide/rustup-home/toolchains/beta-2023-04-20-x86_64-unknown-linux-gnu/lib/rustlib/x86_64-unknown-linux-gnu/lib/libcore-1ad943f92a4b1081.rlib" "/opt/rustwide/rustup-home/toolchains/beta-2023-04-20-x86_64-unknown-linux-gnu/lib/rustlib/x86_64-unknown-linux-gnu/lib/libcompiler_builtins-f0d6e4d0fc1e80b4.rlib" "-Wl,-Bdynamic" "-lgcc_s" "-lutil" "-lrt" "-lpthread" "-lm" "-ldl" "-lc" "-Wl,--eh-frame-hdr" "-Wl,-z,noexecstack" "-L" "/opt/rustwide/rustup-home/toolchains/beta-2023-04-20-x86_64-unknown-linux-gnu/lib/rustlib/x86_64-unknown-linux-gnu/lib" "-o" "/opt/rustwide/target/debug/build/syn-8dd19e8d122998e0/build_script_build-8dd19e8d122998e0" "-Wl,--gc-sections" "-pie" "-Wl,-z,relro,-z,now" "-nodefaultlibs"
[INFO] [stdout]   = note: /usr/bin/ld: final link failed: No space left on device
[INFO] [stdout]           collect2: error: ld returned 1 exit status
[INFO] [stdout]           
[INFO] [stdout] 
[INFO] [stdout] 
[INFO] [stdout] error: aborting due to previous error
[INFO] [stdout] 
[INFO] [stdout] 
[INFO] [stderr] error: could not compile `syn` (build script) due to 2 previous errors
[INFO] [stdout] error: linking with `cc` failed: exit status: 1
[INFO] [stdout]   |
[INFO] [stdout]   = note: LC_ALL="C" PATH="/opt/rustwide/rustup-home/toolchains/beta-2023-04-20-x86_64-unknown-linux-gnu/lib/rustlib/x86_64-unknown-linux-gnu/bin:/opt/rustwide/cargo-home/bin:/usr/local/sbin:/usr/local/bin:/usr/sbin:/usr/bin:/sbin:/bin" VSLANG="1033" "cc" "-m64" "/tmp/rustclQKf8K/symbols.o" "/opt/rustwide/target/debug/build/proc-macro2-dc1d9d2ab463e3e6/build_script_build-dc1d9d2ab463e3e6.build_script_build.6b4ac260-cgu.0.rcgu.o" "/opt/rustwide/target/debug/build/proc-macro2-dc1d9d2ab463e3e6/build_script_build-dc1d9d2ab463e3e6.build_script_build.6b4ac260-cgu.1.rcgu.o" "/opt/rustwide/target/debug/build/proc-macro2-dc1d9d2ab463e3e6/build_script_build-dc1d9d2ab463e3e6.build_script_build.6b4ac260-cgu.10.rcgu.o" "/opt/rustwide/target/debug/build/proc-macro2-dc1d9d2ab463e3e6/build_script_build-dc1d9d2ab463e3e6.build_script_build.6b4ac260-cgu.11.rcgu.o" "/opt/rustwide/target/debug/build/proc-macro2-dc1d9d2ab463e3e6/build_script_build-dc1d9d2ab463e3e6.build_script_build.6b4ac260-cgu.12.rcgu.o" "/opt/rustwide/target/debug/build/proc-macro2-dc1d9d2ab463e3e6/build_script_build-dc1d9d2ab463e3e6.build_script_build.6b4ac260-cgu.13.rcgu.o" "/opt/rustwide/target/debug/build/proc-macro2-dc1d9d2ab463e3e6/build_script_build-dc1d9d2ab463e3e6.build_script_build.6b4ac260-cgu.14.rcgu.o" "/opt/rustwide/target/debug/build/proc-macro2-dc1d9d2ab463e3e6/build_script_build-dc1d9d2ab463e3e6.build_script_build.6b4ac260-cgu.15.rcgu.o" "/opt/rustwide/target/debug/build/proc-macro2-dc1d9d2ab463e3e6/build_script_build-dc1d9d2ab463e3e6.build_script_build.6b4ac260-cgu.2.rcgu.o" "/opt/rustwide/target/debug/build/proc-macro2-dc1d9d2ab463e3e6/build_script_build-dc1d9d2ab463e3e6.build_script_build.6b4ac260-cgu.3.rcgu.o" "/opt/rustwide/target/debug/build/proc-macro2-dc1d9d2ab463e3e6/build_script_build-dc1d9d2ab463e3e6.build_script_build.6b4ac260-cgu.4.rcgu.o" "/opt/rustwide/target/debug/build/proc-macro2-dc1d9d2ab463e3e6/build_script_build-dc1d9d2ab463e3e6.build_script_build.6b4ac260-cgu.5.rcgu.o" "/opt/rustwide/target/debug/build/proc-macro2-dc1d9d2ab463e3e6/build_script_build-dc1d9d2ab463e3e6.build_script_build.6b4ac260-cgu.6.rcgu.o" "/opt/rustwide/target/debug/build/proc-macro2-dc1d9d2ab463e3e6/build_script_build-dc1d9d2ab463e3e6.build_script_build.6b4ac260-cgu.7.rcgu.o" "/opt/rustwide/target/debug/build/proc-macro2-dc1d9d2ab463e3e6/build_script_build-dc1d9d2ab463e3e6.build_script_build.6b4ac260-cgu.8.rcgu.o" "/opt/rustwide/target/debug/build/proc-macro2-dc1d9d2ab463e3e6/build_script_build-dc1d9d2ab463e3e6.build_script_build.6b4ac260-cgu.9.rcgu.o" "/opt/rustwide/target/debug/build/proc-macro2-dc1d9d2ab463e3e6/build_script_build-dc1d9d2ab463e3e6.56qsui4clc6z9vfz.rcgu.o" "-Wl,--as-needed" "-L" "/opt/rustwide/target/debug/deps" "-L" "/opt/rustwide/rustup-home/toolchains/beta-2023-04-20-x86_64-unknown-linux-gnu/lib/rustlib/x86_64-unknown-linux-gnu/lib" "-Wl,-Bstatic" "/opt/rustwide/rustup-home/toolchains/beta-2023-04-20-x86_64-unknown-linux-gnu/lib/rustlib/x86_64-unknown-linux-gnu/lib/libstd-0e29cc23c5e02021.rlib" "/opt/rustwide/rustup-home/toolchains/beta-2023-04-20-x86_64-unknown-linux-gnu/lib/rustlib/x86_64-unknown-linux-gnu/lib/libpanic_unwind-d903621768a861d9.rlib" "/opt/rustwide/rustup-home/toolchains/beta-2023-04-20-x86_64-unknown-linux-gnu/lib/rustlib/x86_64-unknown-linux-gnu/lib/libobject-6d0225e655f31c13.rlib" "/opt/rustwide/rustup-home/toolchains/beta-2023-04-20-x86_64-unknown-linux-gnu/lib/rustlib/x86_64-unknown-linux-gnu/lib/libmemchr-9dbaf4eac7eaa079.rlib" "/opt/rustwide/rustup-home/toolchains/beta-2023-04-20-x86_64-unknown-linux-gnu/lib/rustlib/x86_64-unknown-linux-gnu/lib/libaddr2line-27f05b3d42a66dd0.rlib" "/opt/rustwide/rustup-home/toolchains/beta-2023-04-20-x86_64-unknown-linux-gnu/lib/rustlib/x86_64-unknown-linux-gnu/lib/libgimli-4d73f1030321c9a2.rlib" "/opt/rustwide/rustup-home/toolchains/beta-2023-04-20-x86_64-unknown-linux-gnu/lib/rustlib/x86_64-unknown-linux-gnu/lib/librustc_demangle-2846c9e58abd0acb.rlib" "/opt/rustwide/rustup-home/toolchains/beta-2023-04-20-x86_64-unknown-linux-gnu/lib/rustlib/x86_64-unknown-linux-gnu/lib/libstd_detect-a53d0f50415947be.rlib" "/opt/rustwide/rustup-home/toolchains/beta-2023-04-20-x86_64-unknown-linux-gnu/lib/rustlib/x86_64-unknown-linux-gnu/lib/libhashbrown-d48e4b6abc25b9dc.rlib" "/opt/rustwide/rustup-home/toolchains/beta-2023-04-20-x86_64-unknown-linux-gnu/lib/rustlib/x86_64-unknown-linux-gnu/lib/libminiz_oxide-2991859439ef1207.rlib" "/opt/rustwide/rustup-home/toolchains/beta-2023-04-20-x86_64-unknown-linux-gnu/lib/rustlib/x86_64-unknown-linux-gnu/lib/libadler-8a687517e4221bae.rlib" "/opt/rustwide/rustup-home/toolchains/beta-2023-04-20-x86_64-unknown-linux-gnu/lib/rustlib/x86_64-unknown-linux-gnu/lib/librustc_std_workspace_alloc-e07b554f6a67f5b3.rlib" "/opt/rustwide/rustup-home/toolchains/beta-2023-04-20-x86_64-unknown-linux-gnu/lib/rustlib/x86_64-unknown-linux-gnu/lib/libunwind-b68238b7c3c619dd.rlib" "/opt/rustwide/rustup-home/toolchains/beta-2023-04-20-x86_64-unknown-linux-gnu/lib/rustlib/x86_64-unknown-linux-gnu/lib/libcfg_if-d5e213e896c017e4.rlib" "/opt/rustwide/rustup-home/toolchains/beta-2023-04-20-x86_64-unknown-linux-gnu/lib/rustlib/x86_64-unknown-linux-gnu/lib/liblibc-0211a3b2e61d8689.rlib" "/opt/rustwide/rustup-home/toolchains/beta-2023-04-20-x86_64-unknown-linux-gnu/lib/rustlib/x86_64-unknown-linux-gnu/lib/liballoc-b371f055239ba51f.rlib" "/opt/rustwide/rustup-home/toolchains/beta-2023-04-20-x86_64-unknown-linux-gnu/lib/rustlib/x86_64-unknown-linux-gnu/lib/librustc_std_workspace_core-e60518d2760eb01e.rlib" "/opt/rustwide/rustup-home/toolchains/beta-2023-04-20-x86_64-unknown-linux-gnu/lib/rustlib/x86_64-unknown-linux-gnu/lib/libcore-1ad943f92a4b1081.rlib" "/opt/rustwide/rustup-home/toolchains/beta-2023-04-20-x86_64-unknown-linux-gnu/lib/rustlib/x86_64-unknown-linux-gnu/lib/libcompiler_builtins-f0d6e4d0fc1e80b4.rlib" "-Wl,-Bdynamic" "-lgcc_s" "-lutil" "-lrt" "-lpthread" "-lm" "-ldl" "-lc" "-Wl,--eh-frame-hdr" "-Wl,-z,noexecstack" "-L" "/opt/rustwide/rustup-home/toolchains/beta-2023-04-20-x86_64-unknown-linux-gnu/lib/rustlib/x86_64-unknown-linux-gnu/lib" "-o" "/opt/rustwide/target/debug/build/proc-macro2-dc1d9d2ab463e3e6/build_script_build-dc1d9d2ab463e3e6" "-Wl,--gc-sections" "-pie" "-Wl,-z,relro,-z,now" "-nodefaultlibs"
[INFO] [stdout]   = note: /usr/bin/ld: final link failed: No space left on device
[INFO] [stdout]           collect2: error: ld returned 1 exit status
[INFO] [stdout]           
[INFO] [stdout] 
[INFO] [stdout] 
[INFO] [stdout] error: aborting due to previous error
[INFO] [stdout] 
[INFO] [stdout] 
[INFO] [stderr] error: could not compile `proc-macro2` (build script) due to 2 previous errors
[INFO] [stderr] thread 'rustc' panicked at 'assertion failed: pos.get() <= self.position()', compiler/rustc_metadata/src/rmeta/encoder.rs:433:9
[INFO] [stderr] LLVM ERROR: IO failure on output stream: No space left on device
[INFO] [stderr] error: could not compile `version_check` (lib)
[INFO] [stdout] error: couldn't create a temp dir: No space left on device (os error 28) at path "/opt/rustwide/target/debug/deps/rmetaeQ8hwX"
[INFO] [stdout] 
[INFO] [stdout] 
[INFO] [stderr] error: could not compile `cc` (lib) due to previous error
[INFO] [stderr] error: could not compile `bytes` (lib)
[INFO] [stderr] thread 'rustc' panicked at 'assertion failed: pos.get() <= self.position()', compiler/rustc_metadata/src/rmeta/encoder.rs:433:9
[INFO] [stderr] error: could not compile `tracing-core` (lib)
[INFO] running `Command { std: "docker" "inspect" "2f3b922c39b5ee86f3e4eccf0d43a18d1badbea0c3306969d8a2928ddff4b10d", kill_on_drop: false }`
[INFO] running `Command { std: "docker" "rm" "-f" "2f3b922c39b5ee86f3e4eccf0d43a18d1badbea0c3306969d8a2928ddff4b10d", kill_on_drop: false }`
[INFO] [stdout] 2f3b922c39b5ee86f3e4eccf0d43a18d1badbea0c3306969d8a2928ddff4b10d
