[INFO] cloning repository https://github.com/corno93/mycalculatordapp
[INFO] running `Command { std: "git" "-c" "credential.helper=" "-c" "credential.helper=/workspace/cargo-home/bin/git-credential-null" "clone" "--bare" "https://github.com/corno93/mycalculatordapp" "/workspace/cache/git-repos/https%3A%2F%2Fgithub.com%2Fcorno93%2Fmycalculatordapp", kill_on_drop: false }`
[INFO] [stderr] Cloning into bare repository '/workspace/cache/git-repos/https%3A%2F%2Fgithub.com%2Fcorno93%2Fmycalculatordapp'...
[INFO] running `Command { std: "git" "rev-parse" "HEAD", kill_on_drop: false }`
[INFO] [stdout] c8be194a8c2c1bb42eff63f0196e03694a333dc2
[INFO] testing corno93/mycalculatordapp against 1.69.0 for beta-1.70-1
[INFO] running `Command { std: "git" "clone" "/workspace/cache/git-repos/https%3A%2F%2Fgithub.com%2Fcorno93%2Fmycalculatordapp" "/workspace/builds/worker-7-tc1/source", kill_on_drop: false }`
[INFO] [stderr] Cloning into '/workspace/builds/worker-7-tc1/source'...
[INFO] [stderr] done.
[INFO] validating manifest of git repo https://github.com/corno93/mycalculatordapp on toolchain 1.69.0
[INFO] running `Command { std: CARGO_HOME="/workspace/cargo-home" RUSTUP_HOME="/workspace/rustup-home" "/workspace/cargo-home/bin/cargo" "+1.69.0" "metadata" "--manifest-path" "Cargo.toml" "--no-deps", kill_on_drop: false }`
[INFO] started tweaking git repo https://github.com/corno93/mycalculatordapp
[INFO] finished tweaking git repo https://github.com/corno93/mycalculatordapp
[INFO] tweaked toml for git repo https://github.com/corno93/mycalculatordapp written to /workspace/builds/worker-7-tc1/source/Cargo.toml
[INFO] crate git repo https://github.com/corno93/mycalculatordapp already has a lockfile, it will not be regenerated
[INFO] running `Command { std: CARGO_HOME="/workspace/cargo-home" RUSTUP_HOME="/workspace/rustup-home" "/workspace/cargo-home/bin/cargo" "+1.69.0" "fetch" "--manifest-path" "Cargo.toml", kill_on_drop: false }`
[INFO] [stderr]  Downloading crates ...
[INFO] [stderr]   Downloaded block-buffer v0.10.1
[INFO] [stderr]   Downloaded zeroize v1.5.2
[INFO] running `Command { std: "docker" "create" "-v" "/var/lib/crater-agent-workspace/builds/worker-7-tc1/target:/opt/rustwide/target:rw,Z" "-v" "/var/lib/crater-agent-workspace/builds/worker-7-tc1/source:/opt/rustwide/workdir:ro,Z" "-v" "/var/lib/crater-agent-workspace/cargo-home:/opt/rustwide/cargo-home:ro,Z" "-v" "/var/lib/crater-agent-workspace/rustup-home:/opt/rustwide/rustup-home:ro,Z" "-e" "SOURCE_DIR=/opt/rustwide/workdir" "-e" "CARGO_TARGET_DIR=/opt/rustwide/target" "-e" "CARGO_HOME=/opt/rustwide/cargo-home" "-e" "RUSTUP_HOME=/opt/rustwide/rustup-home" "-w" "/opt/rustwide/workdir" "-m" "1610612736" "--user" "0:0" "--network" "none" "ghcr.io/rust-lang/crates-build-env/linux@sha256:5ff2268d62e97bff2cde7d5815dd6ed5b47097566f13b8d0ca110b04b60e07ed" "/opt/rustwide/cargo-home/bin/cargo" "+1.69.0" "metadata" "--no-deps" "--format-version=1", kill_on_drop: false }`
[INFO] [stdout] 12db72f61b914d17840aea88b92af2ecf4b0ae0994d9b87a15c27bec574495ec
[INFO] running `Command { std: "docker" "start" "-a" "12db72f61b914d17840aea88b92af2ecf4b0ae0994d9b87a15c27bec574495ec", kill_on_drop: false }`
[INFO] running `Command { std: "docker" "inspect" "12db72f61b914d17840aea88b92af2ecf4b0ae0994d9b87a15c27bec574495ec", kill_on_drop: false }`
[INFO] running `Command { std: "docker" "rm" "-f" "12db72f61b914d17840aea88b92af2ecf4b0ae0994d9b87a15c27bec574495ec", kill_on_drop: false }`
[INFO] [stdout] 12db72f61b914d17840aea88b92af2ecf4b0ae0994d9b87a15c27bec574495ec
[INFO] running `Command { std: "docker" "create" "-v" "/var/lib/crater-agent-workspace/builds/worker-7-tc1/target:/opt/rustwide/target:rw,Z" "-v" "/var/lib/crater-agent-workspace/builds/worker-7-tc1/source:/opt/rustwide/workdir:ro,Z" "-v" "/var/lib/crater-agent-workspace/cargo-home:/opt/rustwide/cargo-home:ro,Z" "-v" "/var/lib/crater-agent-workspace/rustup-home:/opt/rustwide/rustup-home:ro,Z" "-e" "SOURCE_DIR=/opt/rustwide/workdir" "-e" "CARGO_TARGET_DIR=/opt/rustwide/target" "-e" "CARGO_INCREMENTAL=0" "-e" "RUST_BACKTRACE=full" "-e" "RUSTFLAGS=--cap-lints=warn" "-e" "RUSTDOCFLAGS=--cap-lints=warn" "-e" "CARGO_HOME=/opt/rustwide/cargo-home" "-e" "RUSTUP_HOME=/opt/rustwide/rustup-home" "-w" "/opt/rustwide/workdir" "-m" "1610612736" "--user" "0:0" "--network" "none" "ghcr.io/rust-lang/crates-build-env/linux@sha256:5ff2268d62e97bff2cde7d5815dd6ed5b47097566f13b8d0ca110b04b60e07ed" "/opt/rustwide/cargo-home/bin/cargo" "+1.69.0" "build" "--frozen" "--message-format=json", kill_on_drop: false }`
[INFO] [stdout] f79915d227023ae569e3d9126881744852e75b3d235d16480228ceb442ae6c1c
[INFO] running `Command { std: "docker" "start" "-a" "f79915d227023ae569e3d9126881744852e75b3d235d16480228ceb442ae6c1c", kill_on_drop: false }`
[INFO] [stderr]     Blocking waiting for file lock on package cache
[INFO] [stderr]    Compiling proc-macro2 v1.0.36
[INFO] [stderr]    Compiling unicode-xid v0.2.2
[INFO] [stderr]    Compiling syn v1.0.86
[INFO] [stderr]    Compiling serde_derive v1.0.136
[INFO] [stderr]    Compiling serde v1.0.136
[INFO] [stderr]    Compiling version_check v0.9.4
[INFO] [stderr]    Compiling typenum v1.15.0
[INFO] [stderr]    Compiling cfg-if v1.0.0
[INFO] [stderr]    Compiling libc v0.2.117
[INFO] [stderr]    Compiling block-padding v0.2.1
[INFO] [stderr]    Compiling opaque-debug v0.3.0
[INFO] [stderr]    Compiling cpufeatures v0.2.1
[INFO] [stderr]    Compiling subtle v2.4.1
[INFO] [stderr]    Compiling anyhow v1.0.53
[INFO] [stderr]    Compiling serde_json v1.0.78
[INFO] [stderr]    Compiling semver v1.0.5
[INFO] [stderr]    Compiling itoa v1.0.1
[INFO] [stderr]    Compiling unicode-segmentation v1.8.0
[INFO] [stderr]    Compiling yansi v0.5.0
[INFO] [stderr]    Compiling ryu v1.0.9
[INFO] [stderr]    Compiling log v0.4.14
[INFO] [stderr]    Compiling bs58 v0.3.1
[INFO] [stderr]    Compiling memchr v2.4.1
[INFO] [stderr] LLVM ERROR: IO failure on output stream: No space left on device
[INFO] [stderr] error: could not compile `ryu`
[INFO] [stderr] warning: build failed, waiting for other jobs to finish...
[INFO] [stdout] error: linking with `cc` failed: exit status: 1
[INFO] [stdout]   |
[INFO] [stdout]   = note: LC_ALL="C" PATH="/opt/rustwide/rustup-home/toolchains/1.69.0-x86_64-unknown-linux-gnu/lib/rustlib/x86_64-unknown-linux-gnu/bin:/opt/rustwide/cargo-home/bin:/usr/local/sbin:/usr/local/bin:/usr/sbin:/usr/bin:/sbin:/bin" VSLANG="1033" "cc" "-m64" "/tmp/rustcdbGO0s/symbols.o" "/opt/rustwide/target/debug/build/serde_derive-50903eeed7b2f1ed/build_script_build-50903eeed7b2f1ed.build_script_build.ea0912ae-cgu.0.rcgu.o" "/opt/rustwide/target/debug/build/serde_derive-50903eeed7b2f1ed/build_script_build-50903eeed7b2f1ed.build_script_build.ea0912ae-cgu.1.rcgu.o" "/opt/rustwide/target/debug/build/serde_derive-50903eeed7b2f1ed/build_script_build-50903eeed7b2f1ed.build_script_build.ea0912ae-cgu.10.rcgu.o" "/opt/rustwide/target/debug/build/serde_derive-50903eeed7b2f1ed/build_script_build-50903eeed7b2f1ed.build_script_build.ea0912ae-cgu.11.rcgu.o" "/opt/rustwide/target/debug/build/serde_derive-50903eeed7b2f1ed/build_script_build-50903eeed7b2f1ed.build_script_build.ea0912ae-cgu.12.rcgu.o" "/opt/rustwide/target/debug/build/serde_derive-50903eeed7b2f1ed/build_script_build-50903eeed7b2f1ed.build_script_build.ea0912ae-cgu.13.rcgu.o" "/opt/rustwide/target/debug/build/serde_derive-50903eeed7b2f1ed/build_script_build-50903eeed7b2f1ed.build_script_build.ea0912ae-cgu.14.rcgu.o" "/opt/rustwide/target/debug/build/serde_derive-50903eeed7b2f1ed/build_script_build-50903eeed7b2f1ed.build_script_build.ea0912ae-cgu.15.rcgu.o" "/opt/rustwide/target/debug/build/serde_derive-50903eeed7b2f1ed/build_script_build-50903eeed7b2f1ed.build_script_build.ea0912ae-cgu.2.rcgu.o" "/opt/rustwide/target/debug/build/serde_derive-50903eeed7b2f1ed/build_script_build-50903eeed7b2f1ed.build_script_build.ea0912ae-cgu.3.rcgu.o" "/opt/rustwide/target/debug/build/serde_derive-50903eeed7b2f1ed/build_script_build-50903eeed7b2f1ed.build_script_build.ea0912ae-cgu.4.rcgu.o" "/opt/rustwide/target/debug/build/serde_derive-50903eeed7b2f1ed/build_script_build-50903eeed7b2f1ed.build_script_build.ea0912ae-cgu.5.rcgu.o" "/opt/rustwide/target/debug/build/serde_derive-50903eeed7b2f1ed/build_script_build-50903eeed7b2f1ed.build_script_build.ea0912ae-cgu.6.rcgu.o" "/opt/rustwide/target/debug/build/serde_derive-50903eeed7b2f1ed/build_script_build-50903eeed7b2f1ed.build_script_build.ea0912ae-cgu.7.rcgu.o" "/opt/rustwide/target/debug/build/serde_derive-50903eeed7b2f1ed/build_script_build-50903eeed7b2f1ed.build_script_build.ea0912ae-cgu.8.rcgu.o" "/opt/rustwide/target/debug/build/serde_derive-50903eeed7b2f1ed/build_script_build-50903eeed7b2f1ed.build_script_build.ea0912ae-cgu.9.rcgu.o" "/opt/rustwide/target/debug/build/serde_derive-50903eeed7b2f1ed/build_script_build-50903eeed7b2f1ed.1o3vpyaiq1cl5vml.rcgu.o" "-Wl,--as-needed" "-L" "/opt/rustwide/target/debug/deps" "-L" "/opt/rustwide/rustup-home/toolchains/1.69.0-x86_64-unknown-linux-gnu/lib/rustlib/x86_64-unknown-linux-gnu/lib" "-Wl,-Bstatic" "/opt/rustwide/rustup-home/toolchains/1.69.0-x86_64-unknown-linux-gnu/lib/rustlib/x86_64-unknown-linux-gnu/lib/libstd-89bc084783fdc439.rlib" "/opt/rustwide/rustup-home/toolchains/1.69.0-x86_64-unknown-linux-gnu/lib/rustlib/x86_64-unknown-linux-gnu/lib/libpanic_unwind-8bee4b287d4367c1.rlib" "/opt/rustwide/rustup-home/toolchains/1.69.0-x86_64-unknown-linux-gnu/lib/rustlib/x86_64-unknown-linux-gnu/lib/libobject-d61707aed80694c0.rlib" "/opt/rustwide/rustup-home/toolchains/1.69.0-x86_64-unknown-linux-gnu/lib/rustlib/x86_64-unknown-linux-gnu/lib/libmemchr-d85366256f22345b.rlib" "/opt/rustwide/rustup-home/toolchains/1.69.0-x86_64-unknown-linux-gnu/lib/rustlib/x86_64-unknown-linux-gnu/lib/libaddr2line-96069b86b8a8cae9.rlib" "/opt/rustwide/rustup-home/toolchains/1.69.0-x86_64-unknown-linux-gnu/lib/rustlib/x86_64-unknown-linux-gnu/lib/libgimli-d19d53abf68dfa6c.rlib" "/opt/rustwide/rustup-home/toolchains/1.69.0-x86_64-unknown-linux-gnu/lib/rustlib/x86_64-unknown-linux-gnu/lib/librustc_demangle-787cbccd19d64ac6.rlib" "/opt/rustwide/rustup-home/toolchains/1.69.0-x86_64-unknown-linux-gnu/lib/rustlib/x86_64-unknown-linux-gnu/lib/libstd_detect-b3837a36b830e0d0.rlib" "/opt/rustwide/rustup-home/toolchains/1.69.0-x86_64-unknown-linux-gnu/lib/rustlib/x86_64-unknown-linux-gnu/lib/libhashbrown-e3deb0e7e3f04966.rlib" "/opt/rustwide/rustup-home/toolchains/1.69.0-x86_64-unknown-linux-gnu/lib/rustlib/x86_64-unknown-linux-gnu/lib/libminiz_oxide-dabbb79c9815def4.rlib" "/opt/rustwide/rustup-home/toolchains/1.69.0-x86_64-unknown-linux-gnu/lib/rustlib/x86_64-unknown-linux-gnu/lib/libadler-305b01f34c9409f2.rlib" "/opt/rustwide/rustup-home/toolchains/1.69.0-x86_64-unknown-linux-gnu/lib/rustlib/x86_64-unknown-linux-gnu/lib/librustc_std_workspace_alloc-f833521df6074e73.rlib" "/opt/rustwide/rustup-home/toolchains/1.69.0-x86_64-unknown-linux-gnu/lib/rustlib/x86_64-unknown-linux-gnu/lib/libunwind-9ac333113350d171.rlib" "/opt/rustwide/rustup-home/toolchains/1.69.0-x86_64-unknown-linux-gnu/lib/rustlib/x86_64-unknown-linux-gnu/lib/libcfg_if-1c126114322d0eee.rlib" "/opt/rustwide/rustup-home/toolchains/1.69.0-x86_64-unknown-linux-gnu/lib/rustlib/x86_64-unknown-linux-gnu/lib/liblibc-bad9164fdeeecf92.rlib" "/opt/rustwide/rustup-home/toolchains/1.69.0-x86_64-unknown-linux-gnu/lib/rustlib/x86_64-unknown-linux-gnu/lib/liballoc-f9374b1e480fa681.rlib" "/opt/rustwide/rustup-home/toolchains/1.69.0-x86_64-unknown-linux-gnu/lib/rustlib/x86_64-unknown-linux-gnu/lib/librustc_std_workspace_core-207f06e41d9603af.rlib" "/opt/rustwide/rustup-home/toolchains/1.69.0-x86_64-unknown-linux-gnu/lib/rustlib/x86_64-unknown-linux-gnu/lib/libcore-7e2768e66e984e85.rlib" "/opt/rustwide/rustup-home/toolchains/1.69.0-x86_64-unknown-linux-gnu/lib/rustlib/x86_64-unknown-linux-gnu/lib/libcompiler_builtins-957b4aff41f8cd46.rlib" "-Wl,-Bdynamic" "-lgcc_s" "-lutil" "-lrt" "-lpthread" "-lm" "-ldl" "-lc" "-Wl,--eh-frame-hdr" "-Wl,-z,noexecstack" "-L" "/opt/rustwide/rustup-home/toolchains/1.69.0-x86_64-unknown-linux-gnu/lib/rustlib/x86_64-unknown-linux-gnu/lib" "-o" "/opt/rustwide/target/debug/build/serde_derive-50903eeed7b2f1ed/build_script_build-50903eeed7b2f1ed" "-Wl,--gc-sections" "-pie" "-Wl,-z,relro,-z,now" "-nodefaultlibs"
[INFO] [stdout]   = note: /usr/bin/ld: final link failed: No space left on device
[INFO] [stdout]           collect2: error: ld returned 1 exit status
[INFO] [stdout]           
[INFO] [stdout] 
[INFO] [stdout] 
[INFO] [stdout] error: aborting due to previous error
[INFO] [stdout] 
[INFO] [stdout] 
[INFO] [stderr] error: could not compile `serde_json` due to 2 previous errors
[INFO] [stdout] error: linking with `cc` failed: exit status: 1
[INFO] [stdout]   |
[INFO] [stdout]   = note: LC_ALL="C" PATH="/opt/rustwide/rustup-home/toolchains/1.69.0-x86_64-unknown-linux-gnu/lib/rustlib/x86_64-unknown-linux-gnu/bin:/opt/rustwide/cargo-home/bin:/usr/local/sbin:/usr/local/bin:/usr/sbin:/usr/bin:/sbin:/bin" VSLANG="1033" "cc" "-m64" "/tmp/rustcPHPocT/symbols.o" "/opt/rustwide/target/debug/build/serde_json-3b95d3c636ac38d1/build_script_build-3b95d3c636ac38d1.build_script_build.479044dd-cgu.0.rcgu.o" "/opt/rustwide/target/debug/build/serde_json-3b95d3c636ac38d1/build_script_build-3b95d3c636ac38d1.build_script_build.479044dd-cgu.1.rcgu.o" "/opt/rustwide/target/debug/build/serde_json-3b95d3c636ac38d1/build_script_build-3b95d3c636ac38d1.build_script_build.479044dd-cgu.10.rcgu.o" "/opt/rustwide/target/debug/build/serde_json-3b95d3c636ac38d1/build_script_build-3b95d3c636ac38d1.build_script_build.479044dd-cgu.11.rcgu.o" "/opt/rustwide/target/debug/build/serde_json-3b95d3c636ac38d1/build_script_build-3b95d3c636ac38d1.build_script_build.479044dd-cgu.12.rcgu.o" "/opt/rustwide/target/debug/build/serde_json-3b95d3c636ac38d1/build_script_build-3b95d3c636ac38d1.build_script_build.479044dd-cgu.13.rcgu.o" "/opt/rustwide/target/debug/build/serde_json-3b95d3c636ac38d1/build_script_build-3b95d3c636ac38d1.build_script_build.479044dd-cgu.14.rcgu.o" "/opt/rustwide/target/debug/build/serde_json-3b95d3c636ac38d1/build_script_build-3b95d3c636ac38d1.build_script_build.479044dd-cgu.15.rcgu.o" "/opt/rustwide/target/debug/build/serde_json-3b95d3c636ac38d1/build_script_build-3b95d3c636ac38d1.build_script_build.479044dd-cgu.2.rcgu.o" "/opt/rustwide/target/debug/build/serde_json-3b95d3c636ac38d1/build_script_build-3b95d3c636ac38d1.build_script_build.479044dd-cgu.3.rcgu.o" "/opt/rustwide/target/debug/build/serde_json-3b95d3c636ac38d1/build_script_build-3b95d3c636ac38d1.build_script_build.479044dd-cgu.4.rcgu.o" "/opt/rustwide/target/debug/build/serde_json-3b95d3c636ac38d1/build_script_build-3b95d3c636ac38d1.build_script_build.479044dd-cgu.5.rcgu.o" "/opt/rustwide/target/debug/build/serde_json-3b95d3c636ac38d1/build_script_build-3b95d3c636ac38d1.build_script_build.479044dd-cgu.6.rcgu.o" "/opt/rustwide/target/debug/build/serde_json-3b95d3c636ac38d1/build_script_build-3b95d3c636ac38d1.build_script_build.479044dd-cgu.7.rcgu.o" "/opt/rustwide/target/debug/build/serde_json-3b95d3c636ac38d1/build_script_build-3b95d3c636ac38d1.build_script_build.479044dd-cgu.8.rcgu.o" "/opt/rustwide/target/debug/build/serde_json-3b95d3c636ac38d1/build_script_build-3b95d3c636ac38d1.build_script_build.479044dd-cgu.9.rcgu.o" "/opt/rustwide/target/debug/build/serde_json-3b95d3c636ac38d1/build_script_build-3b95d3c636ac38d1.222o329sqysvk1x7.rcgu.o" "-Wl,--as-needed" "-L" "/opt/rustwide/target/debug/deps" "-L" "/opt/rustwide/rustup-home/toolchains/1.69.0-x86_64-unknown-linux-gnu/lib/rustlib/x86_64-unknown-linux-gnu/lib" "-Wl,-Bstatic" "/opt/rustwide/rustup-home/toolchains/1.69.0-x86_64-unknown-linux-gnu/lib/rustlib/x86_64-unknown-linux-gnu/lib/libstd-89bc084783fdc439.rlib" "/opt/rustwide/rustup-home/toolchains/1.69.0-x86_64-unknown-linux-gnu/lib/rustlib/x86_64-unknown-linux-gnu/lib/libpanic_unwind-8bee4b287d4367c1.rlib" "/opt/rustwide/rustup-home/toolchains/1.69.0-x86_64-unknown-linux-gnu/lib/rustlib/x86_64-unknown-linux-gnu/lib/libobject-d61707aed80694c0.rlib" "/opt/rustwide/rustup-home/toolchains/1.69.0-x86_64-unknown-linux-gnu/lib/rustlib/x86_64-unknown-linux-gnu/lib/libmemchr-d85366256f22345b.rlib" "/opt/rustwide/rustup-home/toolchains/1.69.0-x86_64-unknown-linux-gnu/lib/rustlib/x86_64-unknown-linux-gnu/lib/libaddr2line-96069b86b8a8cae9.rlib" "/opt/rustwide/rustup-home/toolchains/1.69.0-x86_64-unknown-linux-gnu/lib/rustlib/x86_64-unknown-linux-gnu/lib/libgimli-d19d53abf68dfa6c.rlib" "/opt/rustwide/rustup-home/toolchains/1.69.0-x86_64-unknown-linux-gnu/lib/rustlib/x86_64-unknown-linux-gnu/lib/librustc_demangle-787cbccd19d64ac6.rlib" "/opt/rustwide/rustup-home/toolchains/1.69.0-x86_64-unknown-linux-gnu/lib/rustlib/x86_64-unknown-linux-gnu/lib/libstd_detect-b3837a36b830e0d0.rlib" "/opt/rustwide/rustup-home/toolchains/1.69.0-x86_64-unknown-linux-gnu/lib/rustlib/x86_64-unknown-linux-gnu/lib/libhashbrown-e3deb0e7e3f04966.rlib" "/opt/rustwide/rustup-home/toolchains/1.69.0-x86_64-unknown-linux-gnu/lib/rustlib/x86_64-unknown-linux-gnu/lib/libminiz_oxide-dabbb79c9815def4.rlib" "/opt/rustwide/rustup-home/toolchains/1.69.0-x86_64-unknown-linux-gnu/lib/rustlib/x86_64-unknown-linux-gnu/lib/libadler-305b01f34c9409f2.rlib" "/opt/rustwide/rustup-home/toolchains/1.69.0-x86_64-unknown-linux-gnu/lib/rustlib/x86_64-unknown-linux-gnu/lib/librustc_std_workspace_alloc-f833521df6074e73.rlib" "/opt/rustwide/rustup-home/toolchains/1.69.0-x86_64-unknown-linux-gnu/lib/rustlib/x86_64-unknown-linux-gnu/lib/libunwind-9ac333113350d171.rlib" "/opt/rustwide/rustup-home/toolchains/1.69.0-x86_64-unknown-linux-gnu/lib/rustlib/x86_64-unknown-linux-gnu/lib/libcfg_if-1c126114322d0eee.rlib" "/opt/rustwide/rustup-home/toolchains/1.69.0-x86_64-unknown-linux-gnu/lib/rustlib/x86_64-unknown-linux-gnu/lib/liblibc-bad9164fdeeecf92.rlib" "/opt/rustwide/rustup-home/toolchains/1.69.0-x86_64-unknown-linux-gnu/lib/rustlib/x86_64-unknown-linux-gnu/lib/liballoc-f9374b1e480fa681.rlib" "/opt/rustwide/rustup-home/toolchains/1.69.0-x86_64-unknown-linux-gnu/lib/rustlib/x86_64-unknown-linux-gnu/lib/librustc_std_workspace_core-207f06e41d9603af.rlib" "/opt/rustwide/rustup-home/toolchains/1.69.0-x86_64-unknown-linux-gnu/lib/rustlib/x86_64-unknown-linux-gnu/lib/libcore-7e2768e66e984e85.rlib" "/opt/rustwide/rustup-home/toolchains/1.69.0-x86_64-unknown-linux-gnu/lib/rustlib/x86_64-unknown-linux-gnu/lib/libcompiler_builtins-957b4aff41f8cd46.rlib" "-Wl,-Bdynamic" "-lgcc_s" "-lutil" "-lrt" "-lpthread" "-lm" "-ldl" "-lc" "-Wl,--eh-frame-hdr" "-Wl,-z,noexecstack" "-L" "/opt/rustwide/rustup-home/toolchains/1.69.0-x86_64-unknown-linux-gnu/lib/rustlib/x86_64-unknown-linux-gnu/lib" "-o" "/opt/rustwide/target/debug/build/serde_json-3b95d3c636ac38d1/build_script_build-3b95d3c636ac38d1" "-Wl,--gc-sections" "-pie" "-Wl,-z,relro,-z,now" "-nodefaultlibs"
[INFO] [stdout]   = note: /usr/bin/ld: final link failed: No space left on device
[INFO] [stdout]           collect2: error: ld returned 1 exit status
[INFO] [stdout]           
[INFO] [stdout] 
[INFO] [stdout] 
[INFO] [stderr] error: could not compile `serde_derive` due to 2 previous errors
[INFO] [stdout] error: aborting due to previous error
[INFO] [stdout] 
[INFO] [stdout] 
[INFO] [stderr] LLVM ERROR: IO failure on output stream: No space left on device
[INFO] [stderr] LLVM ERROR: IO failure on output stream: No space left on device
[INFO] [stderr] error: could not compile `typenum`
[INFO] [stdout] error: linking with `cc` failed: exit status: 1
[INFO] [stdout]   |
[INFO] [stdout]   = note: LC_ALL="C" PATH="/opt/rustwide/rustup-home/toolchains/1.69.0-x86_64-unknown-linux-gnu/lib/rustlib/x86_64-unknown-linux-gnu/bin:/opt/rustwide/cargo-home/bin:/usr/local/sbin:/usr/local/bin:/usr/sbin:/usr/bin:/sbin:/bin" VSLANG="1033" "cc" "-m64" "/tmp/rustccoygph/symbols.o" "/opt/rustwide/target/debug/build/serde-16143b8fe9e911a5/build_script_build-16143b8fe9e911a5.build_script_build.0960e08a-cgu.0.rcgu.o" "/opt/rustwide/target/debug/build/serde-16143b8fe9e911a5/build_script_build-16143b8fe9e911a5.build_script_build.0960e08a-cgu.1.rcgu.o" "/opt/rustwide/target/debug/build/serde-16143b8fe9e911a5/build_script_build-16143b8fe9e911a5.build_script_build.0960e08a-cgu.10.rcgu.o" "/opt/rustwide/target/debug/build/serde-16143b8fe9e911a5/build_script_build-16143b8fe9e911a5.build_script_build.0960e08a-cgu.11.rcgu.o" "/opt/rustwide/target/debug/build/serde-16143b8fe9e911a5/build_script_build-16143b8fe9e911a5.build_script_build.0960e08a-cgu.12.rcgu.o" "/opt/rustwide/target/debug/build/serde-16143b8fe9e911a5/build_script_build-16143b8fe9e911a5.build_script_build.0960e08a-cgu.13.rcgu.o" "/opt/rustwide/target/debug/build/serde-16143b8fe9e911a5/build_script_build-16143b8fe9e911a5.build_script_build.0960e08a-cgu.14.rcgu.o" "/opt/rustwide/target/debug/build/serde-16143b8fe9e911a5/build_script_build-16143b8fe9e911a5.build_script_build.0960e08a-cgu.15.rcgu.o" "/opt/rustwide/target/debug/build/serde-16143b8fe9e911a5/build_script_build-16143b8fe9e911a5.build_script_build.0960e08a-cgu.2.rcgu.o" "/opt/rustwide/target/debug/build/serde-16143b8fe9e911a5/build_script_build-16143b8fe9e911a5.build_script_build.0960e08a-cgu.3.rcgu.o" "/opt/rustwide/target/debug/build/serde-16143b8fe9e911a5/build_script_build-16143b8fe9e911a5.build_script_build.0960e08a-cgu.4.rcgu.o" "/opt/rustwide/target/debug/build/serde-16143b8fe9e911a5/build_script_build-16143b8fe9e911a5.build_script_build.0960e08a-cgu.5.rcgu.o" "/opt/rustwide/target/debug/build/serde-16143b8fe9e911a5/build_script_build-16143b8fe9e911a5.build_script_build.0960e08a-cgu.6.rcgu.o" "/opt/rustwide/target/debug/build/serde-16143b8fe9e911a5/build_script_build-16143b8fe9e911a5.build_script_build.0960e08a-cgu.7.rcgu.o" "/opt/rustwide/target/debug/build/serde-16143b8fe9e911a5/build_script_build-16143b8fe9e911a5.build_script_build.0960e08a-cgu.8.rcgu.o" "/opt/rustwide/target/debug/build/serde-16143b8fe9e911a5/build_script_build-16143b8fe9e911a5.build_script_build.0960e08a-cgu.9.rcgu.o" "/opt/rustwide/target/debug/build/serde-16143b8fe9e911a5/build_script_build-16143b8fe9e911a5.25clhr2r0dys6an6.rcgu.o" "-Wl,--as-needed" "-L" "/opt/rustwide/target/debug/deps" "-L" "/opt/rustwide/rustup-home/toolchains/1.69.0-x86_64-unknown-linux-gnu/lib/rustlib/x86_64-unknown-linux-gnu/lib" "-Wl,-Bstatic" "/opt/rustwide/rustup-home/toolchains/1.69.0-x86_64-unknown-linux-gnu/lib/rustlib/x86_64-unknown-linux-gnu/lib/libstd-89bc084783fdc439.rlib" "/opt/rustwide/rustup-home/toolchains/1.69.0-x86_64-unknown-linux-gnu/lib/rustlib/x86_64-unknown-linux-gnu/lib/libpanic_unwind-8bee4b287d4367c1.rlib" "/opt/rustwide/rustup-home/toolchains/1.69.0-x86_64-unknown-linux-gnu/lib/rustlib/x86_64-unknown-linux-gnu/lib/libobject-d61707aed80694c0.rlib" "/opt/rustwide/rustup-home/toolchains/1.69.0-x86_64-unknown-linux-gnu/lib/rustlib/x86_64-unknown-linux-gnu/lib/libmemchr-d85366256f22345b.rlib" "/opt/rustwide/rustup-home/toolchains/1.69.0-x86_64-unknown-linux-gnu/lib/rustlib/x86_64-unknown-linux-gnu/lib/libaddr2line-96069b86b8a8cae9.rlib" "/opt/rustwide/rustup-home/toolchains/1.69.0-x86_64-unknown-linux-gnu/lib/rustlib/x86_64-unknown-linux-gnu/lib/libgimli-d19d53abf68dfa6c.rlib" "/opt/rustwide/rustup-home/toolchains/1.69.0-x86_64-unknown-linux-gnu/lib/rustlib/x86_64-unknown-linux-gnu/lib/librustc_demangle-787cbccd19d64ac6.rlib" "/opt/rustwide/rustup-home/toolchains/1.69.0-x86_64-unknown-linux-gnu/lib/rustlib/x86_64-unknown-linux-gnu/lib/libstd_detect-b3837a36b830e0d0.rlib" "/opt/rustwide/rustup-home/toolchains/1.69.0-x86_64-unknown-linux-gnu/lib/rustlib/x86_64-unknown-linux-gnu/lib/libhashbrown-e3deb0e7e3f04966.rlib" "/opt/rustwide/rustup-home/toolchains/1.69.0-x86_64-unknown-linux-gnu/lib/rustlib/x86_64-unknown-linux-gnu/lib/libminiz_oxide-dabbb79c9815def4.rlib" "/opt/rustwide/rustup-home/toolchains/1.69.0-x86_64-unknown-linux-gnu/lib/rustlib/x86_64-unknown-linux-gnu/lib/libadler-305b01f34c9409f2.rlib" "/opt/rustwide/rustup-home/toolchains/1.69.0-x86_64-unknown-linux-gnu/lib/rustlib/x86_64-unknown-linux-gnu/lib/librustc_std_workspace_alloc-f833521df6074e73.rlib" "/opt/rustwide/rustup-home/toolchains/1.69.0-x86_64-unknown-linux-gnu/lib/rustlib/x86_64-unknown-linux-gnu/lib/libunwind-9ac333113350d171.rlib" "/opt/rustwide/rustup-home/toolchains/1.69.0-x86_64-unknown-linux-gnu/lib/rustlib/x86_64-unknown-linux-gnu/lib/libcfg_if-1c126114322d0eee.rlib" "/opt/rustwide/rustup-home/toolchains/1.69.0-x86_64-unknown-linux-gnu/lib/rustlib/x86_64-unknown-linux-gnu/lib/liblibc-bad9164fdeeecf92.rlib" "/opt/rustwide/rustup-home/toolchains/1.69.0-x86_64-unknown-linux-gnu/lib/rustlib/x86_64-unknown-linux-gnu/lib/liballoc-f9374b1e480fa681.rlib" "/opt/rustwide/rustup-home/toolchains/1.69.0-x86_64-unknown-linux-gnu/lib/rustlib/x86_64-unknown-linux-gnu/lib/librustc_std_workspace_core-207f06e41d9603af.rlib" "/opt/rustwide/rustup-home/toolchains/1.69.0-x86_64-unknown-linux-gnu/lib/rustlib/x86_64-unknown-linux-gnu/lib/libcore-7e2768e66e984e85.rlib" "/opt/rustwide/rustup-home/toolchains/1.69.0-x86_64-unknown-linux-gnu/lib/rustlib/x86_64-unknown-linux-gnu/lib/libcompiler_builtins-957b4aff41f8cd46.rlib" "-Wl,-Bdynamic" "-lgcc_s" "-lutil" "-lrt" "-lpthread" "-lm" "-ldl" "-lc" "-Wl,--eh-frame-hdr" "-Wl,-z,noexecstack" "-L" "/opt/rustwide/rustup-home/toolchains/1.69.0-x86_64-unknown-linux-gnu/lib/rustlib/x86_64-unknown-linux-gnu/lib" "-o" "/opt/rustwide/target/debug/build/serde-16143b8fe9e911a5/build_script_build-16143b8fe9e911a5" "-Wl,--gc-sections" "-pie" "-Wl,-z,relro,-z,now" "-nodefaultlibs"
[INFO] [stdout]   = note: /usr/bin/ld: final link failed: No space left on device
[INFO] [stdout]           collect2: error: ld returned 1 exit status
[INFO] [stdout]           
[INFO] [stdout] 
[INFO] [stdout] 
[INFO] [stdout] error: aborting due to previous error
[INFO] [stdout] 
[INFO] [stdout] 
[INFO] [stdout] error: linking with `cc` failed: exit status: 1
[INFO] [stdout]   |
[INFO] [stdout]   = note: LC_ALL="C" PATH="/opt/rustwide/rustup-home/toolchains/1.69.0-x86_64-unknown-linux-gnu/lib/rustlib/x86_64-unknown-linux-gnu/bin:/opt/rustwide/cargo-home/bin:/usr/local/sbin:/usr/local/bin:/usr/sbin:/usr/bin:/sbin:/bin" VSLANG="1033" "cc" "-m64" "/tmp/rustcw5FZTP/symbols.o" "/opt/rustwide/target/debug/build/libc-cced699f5c746d03/build_script_build-cced699f5c746d03.build_script_build.a538eb77-cgu.0.rcgu.o" "/opt/rustwide/target/debug/build/libc-cced699f5c746d03/build_script_build-cced699f5c746d03.build_script_build.a538eb77-cgu.1.rcgu.o" "/opt/rustwide/target/debug/build/libc-cced699f5c746d03/build_script_build-cced699f5c746d03.build_script_build.a538eb77-cgu.10.rcgu.o" "/opt/rustwide/target/debug/build/libc-cced699f5c746d03/build_script_build-cced699f5c746d03.build_script_build.a538eb77-cgu.11.rcgu.o" "/opt/rustwide/target/debug/build/libc-cced699f5c746d03/build_script_build-cced699f5c746d03.build_script_build.a538eb77-cgu.12.rcgu.o" "/opt/rustwide/target/debug/build/libc-cced699f5c746d03/build_script_build-cced699f5c746d03.build_script_build.a538eb77-cgu.13.rcgu.o" "/opt/rustwide/target/debug/build/libc-cced699f5c746d03/build_script_build-cced699f5c746d03.build_script_build.a538eb77-cgu.14.rcgu.o" "/opt/rustwide/target/debug/build/libc-cced699f5c746d03/build_script_build-cced699f5c746d03.build_script_build.a538eb77-cgu.15.rcgu.o" "/opt/rustwide/target/debug/build/libc-cced699f5c746d03/build_script_build-cced699f5c746d03.build_script_build.a538eb77-cgu.2.rcgu.o" "/opt/rustwide/target/debug/build/libc-cced699f5c746d03/build_script_build-cced699f5c746d03.build_script_build.a538eb77-cgu.3.rcgu.o" "/opt/rustwide/target/debug/build/libc-cced699f5c746d03/build_script_build-cced699f5c746d03.build_script_build.a538eb77-cgu.4.rcgu.o" "/opt/rustwide/target/debug/build/libc-cced699f5c746d03/build_script_build-cced699f5c746d03.build_script_build.a538eb77-cgu.5.rcgu.o" "/opt/rustwide/target/debug/build/libc-cced699f5c746d03/build_script_build-cced699f5c746d03.build_script_build.a538eb77-cgu.6.rcgu.o" "/opt/rustwide/target/debug/build/libc-cced699f5c746d03/build_script_build-cced699f5c746d03.build_script_build.a538eb77-cgu.7.rcgu.o" "/opt/rustwide/target/debug/build/libc-cced699f5c746d03/build_script_build-cced699f5c746d03.build_script_build.a538eb77-cgu.8.rcgu.o" "/opt/rustwide/target/debug/build/libc-cced699f5c746d03/build_script_build-cced699f5c746d03.build_script_build.a538eb77-cgu.9.rcgu.o" "/opt/rustwide/target/debug/build/libc-cced699f5c746d03/build_script_build-cced699f5c746d03.1vshkc2ny6sm9x16.rcgu.o" "-Wl,--as-needed" "-L" "/opt/rustwide/target/debug/deps" "-L" "/opt/rustwide/rustup-home/toolchains/1.69.0-x86_64-unknown-linux-gnu/lib/rustlib/x86_64-unknown-linux-gnu/lib" "-Wl,-Bstatic" "/opt/rustwide/rustup-home/toolchains/1.69.0-x86_64-unknown-linux-gnu/lib/rustlib/x86_64-unknown-linux-gnu/lib/libstd-89bc084783fdc439.rlib" "/opt/rustwide/rustup-home/toolchains/1.69.0-x86_64-unknown-linux-gnu/lib/rustlib/x86_64-unknown-linux-gnu/lib/libpanic_unwind-8bee4b287d4367c1.rlib" "/opt/rustwide/rustup-home/toolchains/1.69.0-x86_64-unknown-linux-gnu/lib/rustlib/x86_64-unknown-linux-gnu/lib/libobject-d61707aed80694c0.rlib" "/opt/rustwide/rustup-home/toolchains/1.69.0-x86_64-unknown-linux-gnu/lib/rustlib/x86_64-unknown-linux-gnu/lib/libmemchr-d85366256f22345b.rlib" "/opt/rustwide/rustup-home/toolchains/1.69.0-x86_64-unknown-linux-gnu/lib/rustlib/x86_64-unknown-linux-gnu/lib/libaddr2line-96069b86b8a8cae9.rlib" "/opt/rustwide/rustup-home/toolchains/1.69.0-x86_64-unknown-linux-gnu/lib/rustlib/x86_64-unknown-linux-gnu/lib/libgimli-d19d53abf68dfa6c.rlib" "/opt/rustwide/rustup-home/toolchains/1.69.0-x86_64-unknown-linux-gnu/lib/rustlib/x86_64-unknown-linux-gnu/lib/librustc_demangle-787cbccd19d64ac6.rlib" "/opt/rustwide/rustup-home/toolchains/1.69.0-x86_64-unknown-linux-gnu/lib/rustlib/x86_64-unknown-linux-gnu/lib/libstd_detect-b3837a36b830e0d0.rlib" "/opt/rustwide/rustup-home/toolchains/1.69.0-x86_64-unknown-linux-gnu/lib/rustlib/x86_64-unknown-linux-gnu/lib/libhashbrown-e3deb0e7e3f04966.rlib" "/opt/rustwide/rustup-home/toolchains/1.69.0-x86_64-unknown-linux-gnu/lib/rustlib/x86_64-unknown-linux-gnu/lib/libminiz_oxide-dabbb79c9815def4.rlib" "/opt/rustwide/rustup-home/toolchains/1.69.0-x86_64-unknown-linux-gnu/lib/rustlib/x86_64-unknown-linux-gnu/lib/libadler-305b01f34c9409f2.rlib" "/opt/rustwide/rustup-home/toolchains/1.69.0-x86_64-unknown-linux-gnu/lib/rustlib/x86_64-unknown-linux-gnu/lib/librustc_std_workspace_alloc-f833521df6074e73.rlib" "/opt/rustwide/rustup-home/toolchains/1.69.0-x86_64-unknown-linux-gnu/lib/rustlib/x86_64-unknown-linux-gnu/lib/libunwind-9ac333113350d171.rlib" "/opt/rustwide/rustup-home/toolchains/1.69.0-x86_64-unknown-linux-gnu/lib/rustlib/x86_64-unknown-linux-gnu/lib/libcfg_if-1c126114322d0eee.rlib" "/opt/rustwide/rustup-home/toolchains/1.69.0-x86_64-unknown-linux-gnu/lib/rustlib/x86_64-unknown-linux-gnu/lib/liblibc-bad9164fdeeecf92.rlib" "/opt/rustwide/rustup-home/toolchains/1.69.0-x86_64-unknown-linux-gnu/lib/rustlib/x86_64-unknown-linux-gnu/lib/liballoc-f9374b1e480fa681.rlib" "/opt/rustwide/rustup-home/toolchains/1.69.0-x86_64-unknown-linux-gnu/lib/rustlib/x86_64-unknown-linux-gnu/lib/librustc_std_workspace_core-207f06e41d9603af.rlib" "/opt/rustwide/rustup-home/toolchains/1.69.0-x86_64-unknown-linux-gnu/lib/rustlib/x86_64-unknown-linux-gnu/lib/libcore-7e2768e66e984e85.rlib" "/opt/rustwide/rustup-home/toolchains/1.69.0-x86_64-unknown-linux-gnu/lib/rustlib/x86_64-unknown-linux-gnu/lib/libcompiler_builtins-957b4aff41f8cd46.rlib" "-Wl,-Bdynamic" "-lgcc_s" "-lutil" "-lrt" "-lpthread" "-lm" "-ldl" "-lc" "-Wl,--eh-frame-hdr" "-Wl,-z,noexecstack" "-L" "/opt/rustwide/rustup-home/toolchains/1.69.0-x86_64-unknown-linux-gnu/lib/rustlib/x86_64-unknown-linux-gnu/lib" "-o" "/opt/rustwide/target/debug/build/libc-cced699f5c746d03/build_script_build-cced699f5c746d03" "-Wl,--gc-sections" "-pie" "-Wl,-z,relro,-z,now" "-nodefaultlibs"
[INFO] [stdout]   = note: /usr/bin/ld: final link failed: No space left on device
[INFO] [stdout]           collect2: error: ld returned 1 exit status
[INFO] [stdout]           
[INFO] [stdout] 
[INFO] [stdout] 
[INFO] [stderr] error: could not compile `version_check`
[INFO] [stdout] error: aborting due to previous error
[INFO] [stdout] 
[INFO] [stdout] 
[INFO] [stdout] error: linking with `cc` failed: exit status: 1
[INFO] [stdout]   |
[INFO] [stdout]   = note: LC_ALL="C" PATH="/opt/rustwide/rustup-home/toolchains/1.69.0-x86_64-unknown-linux-gnu/lib/rustlib/x86_64-unknown-linux-gnu/bin:/opt/rustwide/cargo-home/bin:/usr/local/sbin:/usr/local/bin:/usr/sbin:/usr/bin:/sbin:/bin" VSLANG="1033" "cc" "-m64" "/tmp/rustcDZFNbo/symbols.o" "/opt/rustwide/target/debug/build/anyhow-465118c2f38a57a5/build_script_build-465118c2f38a57a5.build_script_build.e2be33b7-cgu.0.rcgu.o" "/opt/rustwide/target/debug/build/anyhow-465118c2f38a57a5/build_script_build-465118c2f38a57a5.build_script_build.e2be33b7-cgu.1.rcgu.o" "/opt/rustwide/target/debug/build/anyhow-465118c2f38a57a5/build_script_build-465118c2f38a57a5.build_script_build.e2be33b7-cgu.10.rcgu.o" "/opt/rustwide/target/debug/build/anyhow-465118c2f38a57a5/build_script_build-465118c2f38a57a5.build_script_build.e2be33b7-cgu.11.rcgu.o" "/opt/rustwide/target/debug/build/anyhow-465118c2f38a57a5/build_script_build-465118c2f38a57a5.build_script_build.e2be33b7-cgu.12.rcgu.o" "/opt/rustwide/target/debug/build/anyhow-465118c2f38a57a5/build_script_build-465118c2f38a57a5.build_script_build.e2be33b7-cgu.13.rcgu.o" "/opt/rustwide/target/debug/build/anyhow-465118c2f38a57a5/build_script_build-465118c2f38a57a5.build_script_build.e2be33b7-cgu.14.rcgu.o" "/opt/rustwide/target/debug/build/anyhow-465118c2f38a57a5/build_script_build-465118c2f38a57a5.build_script_build.e2be33b7-cgu.15.rcgu.o" "/opt/rustwide/target/debug/build/anyhow-465118c2f38a57a5/build_script_build-465118c2f38a57a5.build_script_build.e2be33b7-cgu.2.rcgu.o" "/opt/rustwide/target/debug/build/anyhow-465118c2f38a57a5/build_script_build-465118c2f38a57a5.build_script_build.e2be33b7-cgu.3.rcgu.o" "/opt/rustwide/target/debug/build/anyhow-465118c2f38a57a5/build_script_build-465118c2f38a57a5.build_script_build.e2be33b7-cgu.4.rcgu.o" "/opt/rustwide/target/debug/build/anyhow-465118c2f38a57a5/build_script_build-465118c2f38a57a5.build_script_build.e2be33b7-cgu.5.rcgu.o" "/opt/rustwide/target/debug/build/anyhow-465118c2f38a57a5/build_script_build-465118c2f38a57a5.build_script_build.e2be33b7-cgu.6.rcgu.o" "/opt/rustwide/target/debug/build/anyhow-465118c2f38a57a5/build_script_build-465118c2f38a57a5.build_script_build.e2be33b7-cgu.7.rcgu.o" "/opt/rustwide/target/debug/build/anyhow-465118c2f38a57a5/build_script_build-465118c2f38a57a5.build_script_build.e2be33b7-cgu.8.rcgu.o" "/opt/rustwide/target/debug/build/anyhow-465118c2f38a57a5/build_script_build-465118c2f38a57a5.build_script_build.e2be33b7-cgu.9.rcgu.o" "/opt/rustwide/target/debug/build/anyhow-465118c2f38a57a5/build_script_build-465118c2f38a57a5.48zfcxceglfba917.rcgu.o" "-Wl,--as-needed" "-L" "/opt/rustwide/target/debug/deps" "-L" "/opt/rustwide/rustup-home/toolchains/1.69.0-x86_64-unknown-linux-gnu/lib/rustlib/x86_64-unknown-linux-gnu/lib" "-Wl,-Bstatic" "/opt/rustwide/rustup-home/toolchains/1.69.0-x86_64-unknown-linux-gnu/lib/rustlib/x86_64-unknown-linux-gnu/lib/libstd-89bc084783fdc439.rlib" "/opt/rustwide/rustup-home/toolchains/1.69.0-x86_64-unknown-linux-gnu/lib/rustlib/x86_64-unknown-linux-gnu/lib/libpanic_unwind-8bee4b287d4367c1.rlib" "/opt/rustwide/rustup-home/toolchains/1.69.0-x86_64-unknown-linux-gnu/lib/rustlib/x86_64-unknown-linux-gnu/lib/libobject-d61707aed80694c0.rlib" "/opt/rustwide/rustup-home/toolchains/1.69.0-x86_64-unknown-linux-gnu/lib/rustlib/x86_64-unknown-linux-gnu/lib/libmemchr-d85366256f22345b.rlib" "/opt/rustwide/rustup-home/toolchains/1.69.0-x86_64-unknown-linux-gnu/lib/rustlib/x86_64-unknown-linux-gnu/lib/libaddr2line-96069b86b8a8cae9.rlib" "/opt/rustwide/rustup-home/toolchains/1.69.0-x86_64-unknown-linux-gnu/lib/rustlib/x86_64-unknown-linux-gnu/lib/libgimli-d19d53abf68dfa6c.rlib" "/opt/rustwide/rustup-home/toolchains/1.69.0-x86_64-unknown-linux-gnu/lib/rustlib/x86_64-unknown-linux-gnu/lib/librustc_demangle-787cbccd19d64ac6.rlib" "/opt/rustwide/rustup-home/toolchains/1.69.0-x86_64-unknown-linux-gnu/lib/rustlib/x86_64-unknown-linux-gnu/lib/libstd_detect-b3837a36b830e0d0.rlib" "/opt/rustwide/rustup-home/toolchains/1.69.0-x86_64-unknown-linux-gnu/lib/rustlib/x86_64-unknown-linux-gnu/lib/libhashbrown-e3deb0e7e3f04966.rlib" "/opt/rustwide/rustup-home/toolchains/1.69.0-x86_64-unknown-linux-gnu/lib/rustlib/x86_64-unknown-linux-gnu/lib/libminiz_oxide-dabbb79c9815def4.rlib" "/opt/rustwide/rustup-home/toolchains/1.69.0-x86_64-unknown-linux-gnu/lib/rustlib/x86_64-unknown-linux-gnu/lib/libadler-305b01f34c9409f2.rlib" "/opt/rustwide/rustup-home/toolchains/1.69.0-x86_64-unknown-linux-gnu/lib/rustlib/x86_64-unknown-linux-gnu/lib/librustc_std_workspace_alloc-f833521df6074e73.rlib" "/opt/rustwide/rustup-home/toolchains/1.69.0-x86_64-unknown-linux-gnu/lib/rustlib/x86_64-unknown-linux-gnu/lib/libunwind-9ac333113350d171.rlib" "/opt/rustwide/rustup-home/toolchains/1.69.0-x86_64-unknown-linux-gnu/lib/rustlib/x86_64-unknown-linux-gnu/lib/libcfg_if-1c126114322d0eee.rlib" "/opt/rustwide/rustup-home/toolchains/1.69.0-x86_64-unknown-linux-gnu/lib/rustlib/x86_64-unknown-linux-gnu/lib/liblibc-bad9164fdeeecf92.rlib" "/opt/rustwide/rustup-home/toolchains/1.69.0-x86_64-unknown-linux-gnu/lib/rustlib/x86_64-unknown-linux-gnu/lib/liballoc-f9374b1e480fa681.rlib" "/opt/rustwide/rustup-home/toolchains/1.69.0-x86_64-unknown-linux-gnu/lib/rustlib/x86_64-unknown-linux-gnu/lib/librustc_std_workspace_core-207f06e41d9603af.rlib" "/opt/rustwide/rustup-home/toolchains/1.69.0-x86_64-unknown-linux-gnu/lib/rustlib/x86_64-unknown-linux-gnu/lib/libcore-7e2768e66e984e85.rlib" "/opt/rustwide/rustup-home/toolchains/1.69.0-x86_64-unknown-linux-gnu/lib/rustlib/x86_64-unknown-linux-gnu/lib/libcompiler_builtins-957b4aff41f8cd46.rlib" "-Wl,-Bdynamic" "-lgcc_s" "-lutil" "-lrt" "-lpthread" "-lm" "-ldl" "-lc" "-Wl,--eh-frame-hdr" "-Wl,-z,noexecstack" "-L" "/opt/rustwide/rustup-home/toolchains/1.69.0-x86_64-unknown-linux-gnu/lib/rustlib/x86_64-unknown-linux-gnu/lib" "-o" "/opt/rustwide/target/debug/build/anyhow-465118c2f38a57a5/build_script_build-465118c2f38a57a5" "-Wl,--gc-sections" "-pie" "-Wl,-z,relro,-z,now" "-nodefaultlibs"
[INFO] [stdout]   = note: /usr/bin/ld: final link failed: No space left on device
[INFO] [stdout]           collect2: error: ld returned 1 exit status
[INFO] [stdout]           
[INFO] [stdout] 
[INFO] [stdout] 
[INFO] [stdout] error: aborting due to previous error
[INFO] [stdout] 
[INFO] [stdout] 
[INFO] [stdout] error: linking with `cc` failed: exit status: 1
[INFO] [stdout]   |
[INFO] [stdout]   = note: LC_ALL="C" PATH="/opt/rustwide/rustup-home/toolchains/1.69.0-x86_64-unknown-linux-gnu/lib/rustlib/x86_64-unknown-linux-gnu/bin:/opt/rustwide/cargo-home/bin:/usr/local/sbin:/usr/local/bin:/usr/sbin:/usr/bin:/sbin:/bin" VSLANG="1033" "cc" "-m64" "/tmp/rustcfUxYnX/symbols.o" "/opt/rustwide/target/debug/build/syn-9ceb4450ff6c8f0d/build_script_build-9ceb4450ff6c8f0d.build_script_build.d1ab9600-cgu.0.rcgu.o" "/opt/rustwide/target/debug/build/syn-9ceb4450ff6c8f0d/build_script_build-9ceb4450ff6c8f0d.build_script_build.d1ab9600-cgu.1.rcgu.o" "/opt/rustwide/target/debug/build/syn-9ceb4450ff6c8f0d/build_script_build-9ceb4450ff6c8f0d.build_script_build.d1ab9600-cgu.10.rcgu.o" "/opt/rustwide/target/debug/build/syn-9ceb4450ff6c8f0d/build_script_build-9ceb4450ff6c8f0d.build_script_build.d1ab9600-cgu.11.rcgu.o" "/opt/rustwide/target/debug/build/syn-9ceb4450ff6c8f0d/build_script_build-9ceb4450ff6c8f0d.build_script_build.d1ab9600-cgu.12.rcgu.o" "/opt/rustwide/target/debug/build/syn-9ceb4450ff6c8f0d/build_script_build-9ceb4450ff6c8f0d.build_script_build.d1ab9600-cgu.13.rcgu.o" "/opt/rustwide/target/debug/build/syn-9ceb4450ff6c8f0d/build_script_build-9ceb4450ff6c8f0d.build_script_build.d1ab9600-cgu.14.rcgu.o" "/opt/rustwide/target/debug/build/syn-9ceb4450ff6c8f0d/build_script_build-9ceb4450ff6c8f0d.build_script_build.d1ab9600-cgu.15.rcgu.o" "/opt/rustwide/target/debug/build/syn-9ceb4450ff6c8f0d/build_script_build-9ceb4450ff6c8f0d.build_script_build.d1ab9600-cgu.2.rcgu.o" "/opt/rustwide/target/debug/build/syn-9ceb4450ff6c8f0d/build_script_build-9ceb4450ff6c8f0d.build_script_build.d1ab9600-cgu.3.rcgu.o" "/opt/rustwide/target/debug/build/syn-9ceb4450ff6c8f0d/build_script_build-9ceb4450ff6c8f0d.build_script_build.d1ab9600-cgu.4.rcgu.o" "/opt/rustwide/target/debug/build/syn-9ceb4450ff6c8f0d/build_script_build-9ceb4450ff6c8f0d.build_script_build.d1ab9600-cgu.5.rcgu.o" "/opt/rustwide/target/debug/build/syn-9ceb4450ff6c8f0d/build_script_build-9ceb4450ff6c8f0d.build_script_build.d1ab9600-cgu.6.rcgu.o" "/opt/rustwide/target/debug/build/syn-9ceb4450ff6c8f0d/build_script_build-9ceb4450ff6c8f0d.build_script_build.d1ab9600-cgu.7.rcgu.o" "/opt/rustwide/target/debug/build/syn-9ceb4450ff6c8f0d/build_script_build-9ceb4450ff6c8f0d.build_script_build.d1ab9600-cgu.8.rcgu.o" "/opt/rustwide/target/debug/build/syn-9ceb4450ff6c8f0d/build_script_build-9ceb4450ff6c8f0d.build_script_build.d1ab9600-cgu.9.rcgu.o" "/opt/rustwide/target/debug/build/syn-9ceb4450ff6c8f0d/build_script_build-9ceb4450ff6c8f0d.ud4gn54h2f37k3d.rcgu.o" "-Wl,--as-needed" "-L" "/opt/rustwide/target/debug/deps" "-L" "/opt/rustwide/rustup-home/toolchains/1.69.0-x86_64-unknown-linux-gnu/lib/rustlib/x86_64-unknown-linux-gnu/lib" "-Wl,-Bstatic" "/opt/rustwide/rustup-home/toolchains/1.69.0-x86_64-unknown-linux-gnu/lib/rustlib/x86_64-unknown-linux-gnu/lib/libstd-89bc084783fdc439.rlib" "/opt/rustwide/rustup-home/toolchains/1.69.0-x86_64-unknown-linux-gnu/lib/rustlib/x86_64-unknown-linux-gnu/lib/libpanic_unwind-8bee4b287d4367c1.rlib" "/opt/rustwide/rustup-home/toolchains/1.69.0-x86_64-unknown-linux-gnu/lib/rustlib/x86_64-unknown-linux-gnu/lib/libobject-d61707aed80694c0.rlib" "/opt/rustwide/rustup-home/toolchains/1.69.0-x86_64-unknown-linux-gnu/lib/rustlib/x86_64-unknown-linux-gnu/lib/libmemchr-d85366256f22345b.rlib" "/opt/rustwide/rustup-home/toolchains/1.69.0-x86_64-unknown-linux-gnu/lib/rustlib/x86_64-unknown-linux-gnu/lib/libaddr2line-96069b86b8a8cae9.rlib" "/opt/rustwide/rustup-home/toolchains/1.69.0-x86_64-unknown-linux-gnu/lib/rustlib/x86_64-unknown-linux-gnu/lib/libgimli-d19d53abf68dfa6c.rlib" "/opt/rustwide/rustup-home/toolchains/1.69.0-x86_64-unknown-linux-gnu/lib/rustlib/x86_64-unknown-linux-gnu/lib/librustc_demangle-787cbccd19d64ac6.rlib" "/opt/rustwide/rustup-home/toolchains/1.69.0-x86_64-unknown-linux-gnu/lib/rustlib/x86_64-unknown-linux-gnu/lib/libstd_detect-b3837a36b830e0d0.rlib" "/opt/rustwide/rustup-home/toolchains/1.69.0-x86_64-unknown-linux-gnu/lib/rustlib/x86_64-unknown-linux-gnu/lib/libhashbrown-e3deb0e7e3f04966.rlib" "/opt/rustwide/rustup-home/toolchains/1.69.0-x86_64-unknown-linux-gnu/lib/rustlib/x86_64-unknown-linux-gnu/lib/libminiz_oxide-dabbb79c9815def4.rlib" "/opt/rustwide/rustup-home/toolchains/1.69.0-x86_64-unknown-linux-gnu/lib/rustlib/x86_64-unknown-linux-gnu/lib/libadler-305b01f34c9409f2.rlib" "/opt/rustwide/rustup-home/toolchains/1.69.0-x86_64-unknown-linux-gnu/lib/rustlib/x86_64-unknown-linux-gnu/lib/librustc_std_workspace_alloc-f833521df6074e73.rlib" "/opt/rustwide/rustup-home/toolchains/1.69.0-x86_64-unknown-linux-gnu/lib/rustlib/x86_64-unknown-linux-gnu/lib/libunwind-9ac333113350d171.rlib" "/opt/rustwide/rustup-home/toolchains/1.69.0-x86_64-unknown-linux-gnu/lib/rustlib/x86_64-unknown-linux-gnu/lib/libcfg_if-1c126114322d0eee.rlib" "/opt/rustwide/rustup-home/toolchains/1.69.0-x86_64-unknown-linux-gnu/lib/rustlib/x86_64-unknown-linux-gnu/lib/liblibc-bad9164fdeeecf92.rlib" "/opt/rustwide/rustup-home/toolchains/1.69.0-x86_64-unknown-linux-gnu/lib/rustlib/x86_64-unknown-linux-gnu/lib/liballoc-f9374b1e480fa681.rlib" "/opt/rustwide/rustup-home/toolchains/1.69.0-x86_64-unknown-linux-gnu/lib/rustlib/x86_64-unknown-linux-gnu/lib/librustc_std_workspace_core-207f06e41d9603af.rlib" "/opt/rustwide/rustup-home/toolchains/1.69.0-x86_64-unknown-linux-gnu/lib/rustlib/x86_64-unknown-linux-gnu/lib/libcore-7e2768e66e984e85.rlib" "/opt/rustwide/rustup-home/toolchains/1.69.0-x86_64-unknown-linux-gnu/lib/rustlib/x86_64-unknown-linux-gnu/lib/libcompiler_builtins-957b4aff41f8cd46.rlib" "-Wl,-Bdynamic" "-lgcc_s" "-lutil" "-lrt" "-lpthread" "-lm" "-ldl" "-lc" "-Wl,--eh-frame-hdr" "-Wl,-z,noexecstack" "-L" "/opt/rustwide/rustup-home/toolchains/1.69.0-x86_64-unknown-linux-gnu/lib/rustlib/x86_64-unknown-linux-gnu/lib" "-o" "/opt/rustwide/target/debug/build/syn-9ceb4450ff6c8f0d/build_script_build-9ceb4450ff6c8f0d" "-Wl,--gc-sections" "-pie" "-Wl,-z,relro,-z,now" "-nodefaultlibs"
[INFO] [stdout]   = note: /usr/bin/ld: final link failed: No space left on device
[INFO] [stdout]           collect2: error: ld returned 1 exit status
[INFO] [stdout]           
[INFO] [stdout] 
[INFO] [stdout] 
[INFO] [stdout] error: linking with `cc` failed: exit status: 1
[INFO] [stdout]   |
[INFO] [stdout]   = note: LC_ALL="C" PATH="/opt/rustwide/rustup-home/toolchains/1.69.0-x86_64-unknown-linux-gnu/lib/rustlib/x86_64-unknown-linux-gnu/bin:/opt/rustwide/cargo-home/bin:/usr/local/sbin:/usr/local/bin:/usr/sbin:/usr/bin:/sbin:/bin" VSLANG="1033" "cc" "-m64" "/tmp/rustcGp2y2x/symbols.o" "/opt/rustwide/target/debug/build/semver-68f1f48eda4fa3ff/build_script_build-68f1f48eda4fa3ff.build_script_build.b8710326-cgu.0.rcgu.o" "/opt/rustwide/target/debug/build/semver-68f1f48eda4fa3ff/build_script_build-68f1f48eda4fa3ff.build_script_build.b8710326-cgu.1.rcgu.o" "/opt/rustwide/target/debug/build/semver-68f1f48eda4fa3ff/build_script_build-68f1f48eda4fa3ff.build_script_build.b8710326-cgu.10.rcgu.o" "/opt/rustwide/target/debug/build/semver-68f1f48eda4fa3ff/build_script_build-68f1f48eda4fa3ff.build_script_build.b8710326-cgu.11.rcgu.o" "/opt/rustwide/target/debug/build/semver-68f1f48eda4fa3ff/build_script_build-68f1f48eda4fa3ff.build_script_build.b8710326-cgu.12.rcgu.o" "/opt/rustwide/target/debug/build/semver-68f1f48eda4fa3ff/build_script_build-68f1f48eda4fa3ff.build_script_build.b8710326-cgu.13.rcgu.o" "/opt/rustwide/target/debug/build/semver-68f1f48eda4fa3ff/build_script_build-68f1f48eda4fa3ff.build_script_build.b8710326-cgu.14.rcgu.o" "/opt/rustwide/target/debug/build/semver-68f1f48eda4fa3ff/build_script_build-68f1f48eda4fa3ff.build_script_build.b8710326-cgu.15.rcgu.o" "/opt/rustwide/target/debug/build/semver-68f1f48eda4fa3ff/build_script_build-68f1f48eda4fa3ff.build_script_build.b8710326-cgu.2.rcgu.o" "/opt/rustwide/target/debug/build/semver-68f1f48eda4fa3ff/build_script_build-68f1f48eda4fa3ff.build_script_build.b8710326-cgu.3.rcgu.o" "/opt/rustwide/target/debug/build/semver-68f1f48eda4fa3ff/build_script_build-68f1f48eda4fa3ff.build_script_build.b8710326-cgu.4.rcgu.o" "/opt/rustwide/target/debug/build/semver-68f1f48eda4fa3ff/build_script_build-68f1f48eda4fa3ff.build_script_build.b8710326-cgu.5.rcgu.o" "/opt/rustwide/target/debug/build/semver-68f1f48eda4fa3ff/build_script_build-68f1f48eda4fa3ff.build_script_build.b8710326-cgu.6.rcgu.o" "/opt/rustwide/target/debug/build/semver-68f1f48eda4fa3ff/build_script_build-68f1f48eda4fa3ff.build_script_build.b8710326-cgu.7.rcgu.o" "/opt/rustwide/target/debug/build/semver-68f1f48eda4fa3ff/build_script_build-68f1f48eda4fa3ff.build_script_build.b8710326-cgu.8.rcgu.o" "/opt/rustwide/target/debug/build/semver-68f1f48eda4fa3ff/build_script_build-68f1f48eda4fa3ff.build_script_build.b8710326-cgu.9.rcgu.o" "/opt/rustwide/target/debug/build/semver-68f1f48eda4fa3ff/build_script_build-68f1f48eda4fa3ff.1fy7q7k91rfpqd6c.rcgu.o" "-Wl,--as-needed" "-L" "/opt/rustwide/target/debug/deps" "-L" "/opt/rustwide/rustup-home/toolchains/1.69.0-x86_64-unknown-linux-gnu/lib/rustlib/x86_64-unknown-linux-gnu/lib" "-Wl,-Bstatic" "/opt/rustwide/rustup-home/toolchains/1.69.0-x86_64-unknown-linux-gnu/lib/rustlib/x86_64-unknown-linux-gnu/lib/libstd-89bc084783fdc439.rlib" "/opt/rustwide/rustup-home/toolchains/1.69.0-x86_64-unknown-linux-gnu/lib/rustlib/x86_64-unknown-linux-gnu/lib/libpanic_unwind-8bee4b287d4367c1.rlib" "/opt/rustwide/rustup-home/toolchains/1.69.0-x86_64-unknown-linux-gnu/lib/rustlib/x86_64-unknown-linux-gnu/lib/libobject-d61707aed80694c0.rlib" "/opt/rustwide/rustup-home/toolchains/1.69.0-x86_64-unknown-linux-gnu/lib/rustlib/x86_64-unknown-linux-gnu/lib/libmemchr-d85366256f22345b.rlib" "/opt/rustwide/rustup-home/toolchains/1.69.0-x86_64-unknown-linux-gnu/lib/rustlib/x86_64-unknown-linux-gnu/lib/libaddr2line-96069b86b8a8cae9.rlib" "/opt/rustwide/rustup-home/toolchains/1.69.0-x86_64-unknown-linux-gnu/lib/rustlib/x86_64-unknown-linux-gnu/lib/libgimli-d19d53abf68dfa6c.rlib" "/opt/rustwide/rustup-home/toolchains/1.69.0-x86_64-unknown-linux-gnu/lib/rustlib/x86_64-unknown-linux-gnu/lib/librustc_demangle-787cbccd19d64ac6.rlib" "/opt/rustwide/rustup-home/toolchains/1.69.0-x86_64-unknown-linux-gnu/lib/rustlib/x86_64-unknown-linux-gnu/lib/libstd_detect-b3837a36b830e0d0.rlib" "/opt/rustwide/rustup-home/toolchains/1.69.0-x86_64-unknown-linux-gnu/lib/rustlib/x86_64-unknown-linux-gnu/lib/libhashbrown-e3deb0e7e3f04966.rlib" "/opt/rustwide/rustup-home/toolchains/1.69.0-x86_64-unknown-linux-gnu/lib/rustlib/x86_64-unknown-linux-gnu/lib/libminiz_oxide-dabbb79c9815def4.rlib" "/opt/rustwide/rustup-home/toolchains/1.69.0-x86_64-unknown-linux-gnu/lib/rustlib/x86_64-unknown-linux-gnu/lib/libadler-305b01f34c9409f2.rlib" "/opt/rustwide/rustup-home/toolchains/1.69.0-x86_64-unknown-linux-gnu/lib/rustlib/x86_64-unknown-linux-gnu/lib/librustc_std_workspace_alloc-f833521df6074e73.rlib" "/opt/rustwide/rustup-home/toolchains/1.69.0-x86_64-unknown-linux-gnu/lib/rustlib/x86_64-unknown-linux-gnu/lib/libunwind-9ac333113350d171.rlib" "/opt/rustwide/rustup-home/toolchains/1.69.0-x86_64-unknown-linux-gnu/lib/rustlib/x86_64-unknown-linux-gnu/lib/libcfg_if-1c126114322d0eee.rlib" "/opt/rustwide/rustup-home/toolchains/1.69.0-x86_64-unknown-linux-gnu/lib/rustlib/x86_64-unknown-linux-gnu/lib/liblibc-bad9164fdeeecf92.rlib" "/opt/rustwide/rustup-home/toolchains/1.69.0-x86_64-unknown-linux-gnu/lib/rustlib/x86_64-unknown-linux-gnu/lib/liballoc-f9374b1e480fa681.rlib" "/opt/rustwide/rustup-home/toolchains/1.69.0-x86_64-unknown-linux-gnu/lib/rustlib/x86_64-unknown-linux-gnu/lib/librustc_std_workspace_core-207f06e41d9603af.rlib" "/opt/rustwide/rustup-home/toolchains/1.69.0-x86_64-unknown-linux-gnu/lib/rustlib/x86_64-unknown-linux-gnu/lib/libcore-7e2768e66e984e85.rlib" "/opt/rustwide/rustup-home/toolchains/1.69.0-x86_64-unknown-linux-gnu/lib/rustlib/x86_64-unknown-linux-gnu/lib/libcompiler_builtins-957b4aff41f8cd46.rlib" "-Wl,-Bdynamic" "-lgcc_s" "-lutil" "-lrt" "-lpthread" "-lm" "-ldl" "-lc" "-Wl,--eh-frame-hdr" "-Wl,-z,noexecstack" "-L" "/opt/rustwide/rustup-home/toolchains/1.69.0-x86_64-unknown-linux-gnu/lib/rustlib/x86_64-unknown-linux-gnu/lib" "-o" "/opt/rustwide/target/debug/build/semver-68f1f48eda4fa3ff/build_script_build-68f1f48eda4fa3ff" "-Wl,--gc-sections" "-pie" "-Wl,-z,relro,-z,now" "-nodefaultlibs"
[INFO] [stdout]   = note: /usr/bin/ld: final link failed: No space left on device
[INFO] [stdout]           collect2: error: ld returned 1 exit status
[INFO] [stdout]           
[INFO] [stdout] 
[INFO] [stdout] 
[INFO] [stderr] error: could not compile `serde` due to 2 previous errors
[INFO] [stdout] error: aborting due to previous error
[INFO] [stdout] 
[INFO] [stdout] 
[INFO] [stdout] error: aborting due to previous error
[INFO] [stdout] 
[INFO] [stdout] 
[INFO] [stderr] error: could not compile `libc` due to 2 previous errors
[INFO] [stderr] error: could not compile `anyhow` due to 2 previous errors
[INFO] [stderr] error: could not compile `syn` due to 2 previous errors
[INFO] [stderr] error: could not compile `semver` due to 2 previous errors
[INFO] [stdout] error: linking with `cc` failed: exit status: 1
[INFO] [stdout]   |
[INFO] [stdout]   = note: LC_ALL="C" PATH="/opt/rustwide/rustup-home/toolchains/1.69.0-x86_64-unknown-linux-gnu/lib/rustlib/x86_64-unknown-linux-gnu/bin:/opt/rustwide/cargo-home/bin:/usr/local/sbin:/usr/local/bin:/usr/sbin:/usr/bin:/sbin:/bin" VSLANG="1033" "cc" "-m64" "/tmp/rustc3cuCyB/symbols.o" "/opt/rustwide/target/debug/build/proc-macro2-d9a2a1a970edab89/build_script_build-d9a2a1a970edab89.build_script_build.564c9737-cgu.0.rcgu.o" "/opt/rustwide/target/debug/build/proc-macro2-d9a2a1a970edab89/build_script_build-d9a2a1a970edab89.build_script_build.564c9737-cgu.1.rcgu.o" "/opt/rustwide/target/debug/build/proc-macro2-d9a2a1a970edab89/build_script_build-d9a2a1a970edab89.build_script_build.564c9737-cgu.10.rcgu.o" "/opt/rustwide/target/debug/build/proc-macro2-d9a2a1a970edab89/build_script_build-d9a2a1a970edab89.build_script_build.564c9737-cgu.11.rcgu.o" "/opt/rustwide/target/debug/build/proc-macro2-d9a2a1a970edab89/build_script_build-d9a2a1a970edab89.build_script_build.564c9737-cgu.12.rcgu.o" "/opt/rustwide/target/debug/build/proc-macro2-d9a2a1a970edab89/build_script_build-d9a2a1a970edab89.build_script_build.564c9737-cgu.13.rcgu.o" "/opt/rustwide/target/debug/build/proc-macro2-d9a2a1a970edab89/build_script_build-d9a2a1a970edab89.build_script_build.564c9737-cgu.14.rcgu.o" "/opt/rustwide/target/debug/build/proc-macro2-d9a2a1a970edab89/build_script_build-d9a2a1a970edab89.build_script_build.564c9737-cgu.15.rcgu.o" "/opt/rustwide/target/debug/build/proc-macro2-d9a2a1a970edab89/build_script_build-d9a2a1a970edab89.build_script_build.564c9737-cgu.2.rcgu.o" "/opt/rustwide/target/debug/build/proc-macro2-d9a2a1a970edab89/build_script_build-d9a2a1a970edab89.build_script_build.564c9737-cgu.3.rcgu.o" "/opt/rustwide/target/debug/build/proc-macro2-d9a2a1a970edab89/build_script_build-d9a2a1a970edab89.build_script_build.564c9737-cgu.4.rcgu.o" "/opt/rustwide/target/debug/build/proc-macro2-d9a2a1a970edab89/build_script_build-d9a2a1a970edab89.build_script_build.564c9737-cgu.5.rcgu.o" "/opt/rustwide/target/debug/build/proc-macro2-d9a2a1a970edab89/build_script_build-d9a2a1a970edab89.build_script_build.564c9737-cgu.6.rcgu.o" "/opt/rustwide/target/debug/build/proc-macro2-d9a2a1a970edab89/build_script_build-d9a2a1a970edab89.build_script_build.564c9737-cgu.7.rcgu.o" "/opt/rustwide/target/debug/build/proc-macro2-d9a2a1a970edab89/build_script_build-d9a2a1a970edab89.build_script_build.564c9737-cgu.8.rcgu.o" "/opt/rustwide/target/debug/build/proc-macro2-d9a2a1a970edab89/build_script_build-d9a2a1a970edab89.build_script_build.564c9737-cgu.9.rcgu.o" "/opt/rustwide/target/debug/build/proc-macro2-d9a2a1a970edab89/build_script_build-d9a2a1a970edab89.4zrrcld5p4d2bzyz.rcgu.o" "-Wl,--as-needed" "-L" "/opt/rustwide/target/debug/deps" "-L" "/opt/rustwide/rustup-home/toolchains/1.69.0-x86_64-unknown-linux-gnu/lib/rustlib/x86_64-unknown-linux-gnu/lib" "-Wl,-Bstatic" "/opt/rustwide/rustup-home/toolchains/1.69.0-x86_64-unknown-linux-gnu/lib/rustlib/x86_64-unknown-linux-gnu/lib/libstd-89bc084783fdc439.rlib" "/opt/rustwide/rustup-home/toolchains/1.69.0-x86_64-unknown-linux-gnu/lib/rustlib/x86_64-unknown-linux-gnu/lib/libpanic_unwind-8bee4b287d4367c1.rlib" "/opt/rustwide/rustup-home/toolchains/1.69.0-x86_64-unknown-linux-gnu/lib/rustlib/x86_64-unknown-linux-gnu/lib/libobject-d61707aed80694c0.rlib" "/opt/rustwide/rustup-home/toolchains/1.69.0-x86_64-unknown-linux-gnu/lib/rustlib/x86_64-unknown-linux-gnu/lib/libmemchr-d85366256f22345b.rlib" "/opt/rustwide/rustup-home/toolchains/1.69.0-x86_64-unknown-linux-gnu/lib/rustlib/x86_64-unknown-linux-gnu/lib/libaddr2line-96069b86b8a8cae9.rlib" "/opt/rustwide/rustup-home/toolchains/1.69.0-x86_64-unknown-linux-gnu/lib/rustlib/x86_64-unknown-linux-gnu/lib/libgimli-d19d53abf68dfa6c.rlib" "/opt/rustwide/rustup-home/toolchains/1.69.0-x86_64-unknown-linux-gnu/lib/rustlib/x86_64-unknown-linux-gnu/lib/librustc_demangle-787cbccd19d64ac6.rlib" "/opt/rustwide/rustup-home/toolchains/1.69.0-x86_64-unknown-linux-gnu/lib/rustlib/x86_64-unknown-linux-gnu/lib/libstd_detect-b3837a36b830e0d0.rlib" "/opt/rustwide/rustup-home/toolchains/1.69.0-x86_64-unknown-linux-gnu/lib/rustlib/x86_64-unknown-linux-gnu/lib/libhashbrown-e3deb0e7e3f04966.rlib" "/opt/rustwide/rustup-home/toolchains/1.69.0-x86_64-unknown-linux-gnu/lib/rustlib/x86_64-unknown-linux-gnu/lib/libminiz_oxide-dabbb79c9815def4.rlib" "/opt/rustwide/rustup-home/toolchains/1.69.0-x86_64-unknown-linux-gnu/lib/rustlib/x86_64-unknown-linux-gnu/lib/libadler-305b01f34c9409f2.rlib" "/opt/rustwide/rustup-home/toolchains/1.69.0-x86_64-unknown-linux-gnu/lib/rustlib/x86_64-unknown-linux-gnu/lib/librustc_std_workspace_alloc-f833521df6074e73.rlib" "/opt/rustwide/rustup-home/toolchains/1.69.0-x86_64-unknown-linux-gnu/lib/rustlib/x86_64-unknown-linux-gnu/lib/libunwind-9ac333113350d171.rlib" "/opt/rustwide/rustup-home/toolchains/1.69.0-x86_64-unknown-linux-gnu/lib/rustlib/x86_64-unknown-linux-gnu/lib/libcfg_if-1c126114322d0eee.rlib" "/opt/rustwide/rustup-home/toolchains/1.69.0-x86_64-unknown-linux-gnu/lib/rustlib/x86_64-unknown-linux-gnu/lib/liblibc-bad9164fdeeecf92.rlib" "/opt/rustwide/rustup-home/toolchains/1.69.0-x86_64-unknown-linux-gnu/lib/rustlib/x86_64-unknown-linux-gnu/lib/liballoc-f9374b1e480fa681.rlib" "/opt/rustwide/rustup-home/toolchains/1.69.0-x86_64-unknown-linux-gnu/lib/rustlib/x86_64-unknown-linux-gnu/lib/librustc_std_workspace_core-207f06e41d9603af.rlib" "/opt/rustwide/rustup-home/toolchains/1.69.0-x86_64-unknown-linux-gnu/lib/rustlib/x86_64-unknown-linux-gnu/lib/libcore-7e2768e66e984e85.rlib" "/opt/rustwide/rustup-home/toolchains/1.69.0-x86_64-unknown-linux-gnu/lib/rustlib/x86_64-unknown-linux-gnu/lib/libcompiler_builtins-957b4aff41f8cd46.rlib" "-Wl,-Bdynamic" "-lgcc_s" "-lutil" "-lrt" "-lpthread" "-lm" "-ldl" "-lc" "-Wl,--eh-frame-hdr" "-Wl,-z,noexecstack" "-L" "/opt/rustwide/rustup-home/toolchains/1.69.0-x86_64-unknown-linux-gnu/lib/rustlib/x86_64-unknown-linux-gnu/lib" "-o" "/opt/rustwide/target/debug/build/proc-macro2-d9a2a1a970edab89/build_script_build-d9a2a1a970edab89" "-Wl,--gc-sections" "-pie" "-Wl,-z,relro,-z,now" "-nodefaultlibs"
[INFO] [stdout]   = note: /usr/bin/ld: final link failed: No space left on device
[INFO] [stdout]           collect2: error: ld returned 1 exit status
[INFO] [stdout]           
[INFO] [stdout] 
[INFO] [stdout] 
[INFO] [stdout] error: aborting due to previous error
[INFO] [stdout] 
[INFO] [stdout] 
[INFO] [stderr] error: could not compile `proc-macro2` due to 2 previous errors
[INFO] [stdout] error: linking with `cc` failed: exit status: 1
[INFO] [stdout]   |
[INFO] [stdout]   = note: LC_ALL="C" PATH="/opt/rustwide/rustup-home/toolchains/1.69.0-x86_64-unknown-linux-gnu/lib/rustlib/x86_64-unknown-linux-gnu/bin:/opt/rustwide/cargo-home/bin:/usr/local/sbin:/usr/local/bin:/usr/sbin:/usr/bin:/sbin:/bin" VSLANG="1033" "cc" "-m64" "/tmp/rustcU9pm9w/symbols.o" "/opt/rustwide/target/debug/build/log-dc4ab2b4de2cabb2/build_script_build-dc4ab2b4de2cabb2.build_script_build.23346dc7-cgu.0.rcgu.o" "/opt/rustwide/target/debug/build/log-dc4ab2b4de2cabb2/build_script_build-dc4ab2b4de2cabb2.build_script_build.23346dc7-cgu.1.rcgu.o" "/opt/rustwide/target/debug/build/log-dc4ab2b4de2cabb2/build_script_build-dc4ab2b4de2cabb2.build_script_build.23346dc7-cgu.10.rcgu.o" "/opt/rustwide/target/debug/build/log-dc4ab2b4de2cabb2/build_script_build-dc4ab2b4de2cabb2.build_script_build.23346dc7-cgu.11.rcgu.o" "/opt/rustwide/target/debug/build/log-dc4ab2b4de2cabb2/build_script_build-dc4ab2b4de2cabb2.build_script_build.23346dc7-cgu.12.rcgu.o" "/opt/rustwide/target/debug/build/log-dc4ab2b4de2cabb2/build_script_build-dc4ab2b4de2cabb2.build_script_build.23346dc7-cgu.13.rcgu.o" "/opt/rustwide/target/debug/build/log-dc4ab2b4de2cabb2/build_script_build-dc4ab2b4de2cabb2.build_script_build.23346dc7-cgu.14.rcgu.o" "/opt/rustwide/target/debug/build/log-dc4ab2b4de2cabb2/build_script_build-dc4ab2b4de2cabb2.build_script_build.23346dc7-cgu.15.rcgu.o" "/opt/rustwide/target/debug/build/log-dc4ab2b4de2cabb2/build_script_build-dc4ab2b4de2cabb2.build_script_build.23346dc7-cgu.2.rcgu.o" "/opt/rustwide/target/debug/build/log-dc4ab2b4de2cabb2/build_script_build-dc4ab2b4de2cabb2.build_script_build.23346dc7-cgu.3.rcgu.o" "/opt/rustwide/target/debug/build/log-dc4ab2b4de2cabb2/build_script_build-dc4ab2b4de2cabb2.build_script_build.23346dc7-cgu.4.rcgu.o" "/opt/rustwide/target/debug/build/log-dc4ab2b4de2cabb2/build_script_build-dc4ab2b4de2cabb2.build_script_build.23346dc7-cgu.5.rcgu.o" "/opt/rustwide/target/debug/build/log-dc4ab2b4de2cabb2/build_script_build-dc4ab2b4de2cabb2.build_script_build.23346dc7-cgu.6.rcgu.o" "/opt/rustwide/target/debug/build/log-dc4ab2b4de2cabb2/build_script_build-dc4ab2b4de2cabb2.build_script_build.23346dc7-cgu.7.rcgu.o" "/opt/rustwide/target/debug/build/log-dc4ab2b4de2cabb2/build_script_build-dc4ab2b4de2cabb2.build_script_build.23346dc7-cgu.8.rcgu.o" "/opt/rustwide/target/debug/build/log-dc4ab2b4de2cabb2/build_script_build-dc4ab2b4de2cabb2.build_script_build.23346dc7-cgu.9.rcgu.o" "/opt/rustwide/target/debug/build/log-dc4ab2b4de2cabb2/build_script_build-dc4ab2b4de2cabb2.260nr3tqq0f3xtux.rcgu.o" "-Wl,--as-needed" "-L" "/opt/rustwide/target/debug/deps" "-L" "/opt/rustwide/rustup-home/toolchains/1.69.0-x86_64-unknown-linux-gnu/lib/rustlib/x86_64-unknown-linux-gnu/lib" "-Wl,-Bstatic" "/opt/rustwide/rustup-home/toolchains/1.69.0-x86_64-unknown-linux-gnu/lib/rustlib/x86_64-unknown-linux-gnu/lib/libstd-89bc084783fdc439.rlib" "/opt/rustwide/rustup-home/toolchains/1.69.0-x86_64-unknown-linux-gnu/lib/rustlib/x86_64-unknown-linux-gnu/lib/libpanic_unwind-8bee4b287d4367c1.rlib" "/opt/rustwide/rustup-home/toolchains/1.69.0-x86_64-unknown-linux-gnu/lib/rustlib/x86_64-unknown-linux-gnu/lib/libobject-d61707aed80694c0.rlib" "/opt/rustwide/rustup-home/toolchains/1.69.0-x86_64-unknown-linux-gnu/lib/rustlib/x86_64-unknown-linux-gnu/lib/libmemchr-d85366256f22345b.rlib" "/opt/rustwide/rustup-home/toolchains/1.69.0-x86_64-unknown-linux-gnu/lib/rustlib/x86_64-unknown-linux-gnu/lib/libaddr2line-96069b86b8a8cae9.rlib" "/opt/rustwide/rustup-home/toolchains/1.69.0-x86_64-unknown-linux-gnu/lib/rustlib/x86_64-unknown-linux-gnu/lib/libgimli-d19d53abf68dfa6c.rlib" "/opt/rustwide/rustup-home/toolchains/1.69.0-x86_64-unknown-linux-gnu/lib/rustlib/x86_64-unknown-linux-gnu/lib/librustc_demangle-787cbccd19d64ac6.rlib" "/opt/rustwide/rustup-home/toolchains/1.69.0-x86_64-unknown-linux-gnu/lib/rustlib/x86_64-unknown-linux-gnu/lib/libstd_detect-b3837a36b830e0d0.rlib" "/opt/rustwide/rustup-home/toolchains/1.69.0-x86_64-unknown-linux-gnu/lib/rustlib/x86_64-unknown-linux-gnu/lib/libhashbrown-e3deb0e7e3f04966.rlib" "/opt/rustwide/rustup-home/toolchains/1.69.0-x86_64-unknown-linux-gnu/lib/rustlib/x86_64-unknown-linux-gnu/lib/libminiz_oxide-dabbb79c9815def4.rlib" "/opt/rustwide/rustup-home/toolchains/1.69.0-x86_64-unknown-linux-gnu/lib/rustlib/x86_64-unknown-linux-gnu/lib/libadler-305b01f34c9409f2.rlib" "/opt/rustwide/rustup-home/toolchains/1.69.0-x86_64-unknown-linux-gnu/lib/rustlib/x86_64-unknown-linux-gnu/lib/librustc_std_workspace_alloc-f833521df6074e73.rlib" "/opt/rustwide/rustup-home/toolchains/1.69.0-x86_64-unknown-linux-gnu/lib/rustlib/x86_64-unknown-linux-gnu/lib/libunwind-9ac333113350d171.rlib" "/opt/rustwide/rustup-home/toolchains/1.69.0-x86_64-unknown-linux-gnu/lib/rustlib/x86_64-unknown-linux-gnu/lib/libcfg_if-1c126114322d0eee.rlib" "/opt/rustwide/rustup-home/toolchains/1.69.0-x86_64-unknown-linux-gnu/lib/rustlib/x86_64-unknown-linux-gnu/lib/liblibc-bad9164fdeeecf92.rlib" "/opt/rustwide/rustup-home/toolchains/1.69.0-x86_64-unknown-linux-gnu/lib/rustlib/x86_64-unknown-linux-gnu/lib/liballoc-f9374b1e480fa681.rlib" "/opt/rustwide/rustup-home/toolchains/1.69.0-x86_64-unknown-linux-gnu/lib/rustlib/x86_64-unknown-linux-gnu/lib/librustc_std_workspace_core-207f06e41d9603af.rlib" "/opt/rustwide/rustup-home/toolchains/1.69.0-x86_64-unknown-linux-gnu/lib/rustlib/x86_64-unknown-linux-gnu/lib/libcore-7e2768e66e984e85.rlib" "/opt/rustwide/rustup-home/toolchains/1.69.0-x86_64-unknown-linux-gnu/lib/rustlib/x86_64-unknown-linux-gnu/lib/libcompiler_builtins-957b4aff41f8cd46.rlib" "-Wl,-Bdynamic" "-lgcc_s" "-lutil" "-lrt" "-lpthread" "-lm" "-ldl" "-lc" "-Wl,--eh-frame-hdr" "-Wl,-z,noexecstack" "-L" "/opt/rustwide/rustup-home/toolchains/1.69.0-x86_64-unknown-linux-gnu/lib/rustlib/x86_64-unknown-linux-gnu/lib" "-o" "/opt/rustwide/target/debug/build/log-dc4ab2b4de2cabb2/build_script_build-dc4ab2b4de2cabb2" "-Wl,--gc-sections" "-pie" "-Wl,-z,relro,-z,now" "-nodefaultlibs"
[INFO] [stdout]   = note: /usr/bin/ld: final link failed: No space left on device
[INFO] [stdout]           collect2: error: ld returned 1 exit status
[INFO] [stdout]           
[INFO] [stdout] 
[INFO] [stdout] 
[INFO] [stdout] error: aborting due to previous error
[INFO] [stdout] 
[INFO] [stdout] 
[INFO] [stderr] error: could not compile `log` due to 2 previous errors
[INFO] [stderr] LLVM ERROR: IO failure on output stream: No space left on device
[INFO] [stdout] error: linking with `cc` failed: exit status: 1
[INFO] [stdout]   |
[INFO] [stdout]   = note: LC_ALL="C" PATH="/opt/rustwide/rustup-home/toolchains/1.69.0-x86_64-unknown-linux-gnu/lib/rustlib/x86_64-unknown-linux-gnu/bin:/opt/rustwide/cargo-home/bin:/usr/local/sbin:/usr/local/bin:/usr/sbin:/usr/bin:/sbin:/bin" VSLANG="1033" "cc" "-m64" "/tmp/rustcfznOh4/symbols.o" "/opt/rustwide/target/debug/build/memchr-a307e17eaf48757f/build_script_build-a307e17eaf48757f.build_script_build.df567cbc-cgu.0.rcgu.o" "/opt/rustwide/target/debug/build/memchr-a307e17eaf48757f/build_script_build-a307e17eaf48757f.build_script_build.df567cbc-cgu.1.rcgu.o" "/opt/rustwide/target/debug/build/memchr-a307e17eaf48757f/build_script_build-a307e17eaf48757f.build_script_build.df567cbc-cgu.10.rcgu.o" "/opt/rustwide/target/debug/build/memchr-a307e17eaf48757f/build_script_build-a307e17eaf48757f.build_script_build.df567cbc-cgu.11.rcgu.o" "/opt/rustwide/target/debug/build/memchr-a307e17eaf48757f/build_script_build-a307e17eaf48757f.build_script_build.df567cbc-cgu.12.rcgu.o" "/opt/rustwide/target/debug/build/memchr-a307e17eaf48757f/build_script_build-a307e17eaf48757f.build_script_build.df567cbc-cgu.13.rcgu.o" "/opt/rustwide/target/debug/build/memchr-a307e17eaf48757f/build_script_build-a307e17eaf48757f.build_script_build.df567cbc-cgu.14.rcgu.o" "/opt/rustwide/target/debug/build/memchr-a307e17eaf48757f/build_script_build-a307e17eaf48757f.build_script_build.df567cbc-cgu.15.rcgu.o" "/opt/rustwide/target/debug/build/memchr-a307e17eaf48757f/build_script_build-a307e17eaf48757f.build_script_build.df567cbc-cgu.2.rcgu.o" "/opt/rustwide/target/debug/build/memchr-a307e17eaf48757f/build_script_build-a307e17eaf48757f.build_script_build.df567cbc-cgu.3.rcgu.o" "/opt/rustwide/target/debug/build/memchr-a307e17eaf48757f/build_script_build-a307e17eaf48757f.build_script_build.df567cbc-cgu.4.rcgu.o" "/opt/rustwide/target/debug/build/memchr-a307e17eaf48757f/build_script_build-a307e17eaf48757f.build_script_build.df567cbc-cgu.5.rcgu.o" "/opt/rustwide/target/debug/build/memchr-a307e17eaf48757f/build_script_build-a307e17eaf48757f.build_script_build.df567cbc-cgu.6.rcgu.o" "/opt/rustwide/target/debug/build/memchr-a307e17eaf48757f/build_script_build-a307e17eaf48757f.build_script_build.df567cbc-cgu.7.rcgu.o" "/opt/rustwide/target/debug/build/memchr-a307e17eaf48757f/build_script_build-a307e17eaf48757f.build_script_build.df567cbc-cgu.8.rcgu.o" "/opt/rustwide/target/debug/build/memchr-a307e17eaf48757f/build_script_build-a307e17eaf48757f.build_script_build.df567cbc-cgu.9.rcgu.o" "/opt/rustwide/target/debug/build/memchr-a307e17eaf48757f/build_script_build-a307e17eaf48757f.48uw4cpcv37a8kl2.rcgu.o" "-Wl,--as-needed" "-L" "/opt/rustwide/target/debug/deps" "-L" "/opt/rustwide/rustup-home/toolchains/1.69.0-x86_64-unknown-linux-gnu/lib/rustlib/x86_64-unknown-linux-gnu/lib" "-Wl,-Bstatic" "/opt/rustwide/rustup-home/toolchains/1.69.0-x86_64-unknown-linux-gnu/lib/rustlib/x86_64-unknown-linux-gnu/lib/libstd-89bc084783fdc439.rlib" "/opt/rustwide/rustup-home/toolchains/1.69.0-x86_64-unknown-linux-gnu/lib/rustlib/x86_64-unknown-linux-gnu/lib/libpanic_unwind-8bee4b287d4367c1.rlib" "/opt/rustwide/rustup-home/toolchains/1.69.0-x86_64-unknown-linux-gnu/lib/rustlib/x86_64-unknown-linux-gnu/lib/libobject-d61707aed80694c0.rlib" "/opt/rustwide/rustup-home/toolchains/1.69.0-x86_64-unknown-linux-gnu/lib/rustlib/x86_64-unknown-linux-gnu/lib/libmemchr-d85366256f22345b.rlib" "/opt/rustwide/rustup-home/toolchains/1.69.0-x86_64-unknown-linux-gnu/lib/rustlib/x86_64-unknown-linux-gnu/lib/libaddr2line-96069b86b8a8cae9.rlib" "/opt/rustwide/rustup-home/toolchains/1.69.0-x86_64-unknown-linux-gnu/lib/rustlib/x86_64-unknown-linux-gnu/lib/libgimli-d19d53abf68dfa6c.rlib" "/opt/rustwide/rustup-home/toolchains/1.69.0-x86_64-unknown-linux-gnu/lib/rustlib/x86_64-unknown-linux-gnu/lib/librustc_demangle-787cbccd19d64ac6.rlib" "/opt/rustwide/rustup-home/toolchains/1.69.0-x86_64-unknown-linux-gnu/lib/rustlib/x86_64-unknown-linux-gnu/lib/libstd_detect-b3837a36b830e0d0.rlib" "/opt/rustwide/rustup-home/toolchains/1.69.0-x86_64-unknown-linux-gnu/lib/rustlib/x86_64-unknown-linux-gnu/lib/libhashbrown-e3deb0e7e3f04966.rlib" "/opt/rustwide/rustup-home/toolchains/1.69.0-x86_64-unknown-linux-gnu/lib/rustlib/x86_64-unknown-linux-gnu/lib/libminiz_oxide-dabbb79c9815def4.rlib" "/opt/rustwide/rustup-home/toolchains/1.69.0-x86_64-unknown-linux-gnu/lib/rustlib/x86_64-unknown-linux-gnu/lib/libadler-305b01f34c9409f2.rlib" "/opt/rustwide/rustup-home/toolchains/1.69.0-x86_64-unknown-linux-gnu/lib/rustlib/x86_64-unknown-linux-gnu/lib/librustc_std_workspace_alloc-f833521df6074e73.rlib" "/opt/rustwide/rustup-home/toolchains/1.69.0-x86_64-unknown-linux-gnu/lib/rustlib/x86_64-unknown-linux-gnu/lib/libunwind-9ac333113350d171.rlib" "/opt/rustwide/rustup-home/toolchains/1.69.0-x86_64-unknown-linux-gnu/lib/rustlib/x86_64-unknown-linux-gnu/lib/libcfg_if-1c126114322d0eee.rlib" "/opt/rustwide/rustup-home/toolchains/1.69.0-x86_64-unknown-linux-gnu/lib/rustlib/x86_64-unknown-linux-gnu/lib/liblibc-bad9164fdeeecf92.rlib" "/opt/rustwide/rustup-home/toolchains/1.69.0-x86_64-unknown-linux-gnu/lib/rustlib/x86_64-unknown-linux-gnu/lib/liballoc-f9374b1e480fa681.rlib" "/opt/rustwide/rustup-home/toolchains/1.69.0-x86_64-unknown-linux-gnu/lib/rustlib/x86_64-unknown-linux-gnu/lib/librustc_std_workspace_core-207f06e41d9603af.rlib" "/opt/rustwide/rustup-home/toolchains/1.69.0-x86_64-unknown-linux-gnu/lib/rustlib/x86_64-unknown-linux-gnu/lib/libcore-7e2768e66e984e85.rlib" "/opt/rustwide/rustup-home/toolchains/1.69.0-x86_64-unknown-linux-gnu/lib/rustlib/x86_64-unknown-linux-gnu/lib/libcompiler_builtins-957b4aff41f8cd46.rlib" "-Wl,-Bdynamic" "-lgcc_s" "-lutil" "-lrt" "-lpthread" "-lm" "-ldl" "-lc" "-Wl,--eh-frame-hdr" "-Wl,-z,noexecstack" "-L" "/opt/rustwide/rustup-home/toolchains/1.69.0-x86_64-unknown-linux-gnu/lib/rustlib/x86_64-unknown-linux-gnu/lib" "-o" "/opt/rustwide/target/debug/build/memchr-a307e17eaf48757f/build_script_build-a307e17eaf48757f" "-Wl,--gc-sections" "-pie" "-Wl,-z,relro,-z,now" "-nodefaultlibs"
[INFO] [stdout]   = note: /usr/bin/ld: final link failed: No space left on device
[INFO] [stdout]           collect2: error: ld returned 1 exit status
[INFO] [stdout]           
[INFO] [stdout] 
[INFO] [stdout] 
[INFO] [stderr] error: could not compile `memchr` due to previous error
[INFO] [stderr] error: could not compile `unicode-segmentation`
[INFO] [stderr] 
[INFO] [stderr] Caused by:
[INFO] [stderr]   No space left on device (os error 28)
[INFO] [stderr] 
[INFO] [stderr] Caused by:
[INFO] [stderr]   failed to parse process output: `rustc --crate-name unicode_segmentation --edition=2018 /opt/rustwide/cargo-home/registry/src/github.com-1ecc6299db9ec823/unicode-segmentation-1.8.0/src/lib.rs --error-format=json --json=diagnostic-rendered-ansi,artifacts,future-incompat --crate-type lib --emit=dep-info,metadata,link -C embed-bitcode=no -C metadata=cad35a4cf6a6909a -C extra-filename=-cad35a4cf6a6909a --out-dir /opt/rustwide/target/debug/deps -L dependency=/opt/rustwide/target/debug/deps --cap-lints allow --cap-lints=warn` (signal: 11, SIGSEGV: invalid memory reference)
[INFO] running `Command { std: "docker" "inspect" "f79915d227023ae569e3d9126881744852e75b3d235d16480228ceb442ae6c1c", kill_on_drop: false }`
[INFO] running `Command { std: "docker" "rm" "-f" "f79915d227023ae569e3d9126881744852e75b3d235d16480228ceb442ae6c1c", kill_on_drop: false }`
[INFO] [stdout] f79915d227023ae569e3d9126881744852e75b3d235d16480228ceb442ae6c1c
